
INSERT IGNORE INTO instituicoes (nome_instituicao, sigla, identificador, id_tipo_instituicao, logo) 
VALUES ("Serviço Nacional de Aprendizagem Industrial", "SENAI", "senai", 
        (SELECT id_chave_tipo_instituicao FROM tipos_instituicoes WHERE nome_tipo_instituicao = "Sistema S - Privada"), "senai_logo.png");

INSERT IGNORE INTO tipos_classificacoes (nome_tipo_classificacao) VALUES ("R");
 INSERT IGNORE INTO tipos_classificacoes (nome_tipo_classificacao) VALUES ("MUNICÍPIO");
 INSERT IGNORE INTO tipos_classificacoes (nome_tipo_classificacao) VALUES ("CÓDIGO MUNICÍPIO");
 INSERT IGNORE INTO tipos_classificacoes (nome_tipo_classificacao) VALUES ("ESCOLA");
 INSERT IGNORE INTO tipos_classificacoes (nome_tipo_classificacao) VALUES ("LOCAL DE REALIZAÇÃO CURSO");
 INSERT IGNORE INTO tipos_classificacoes (nome_tipo_classificacao) VALUES ("CURSO");
 INSERT IGNORE INTO tipos_classificacoes (nome_tipo_classificacao) VALUES ("ÁREA TECNOLÓGICA (considerar novas áreas)");
 INSERT IGNORE INTO tipos_classificacoes (nome_tipo_classificacao) VALUES ("CÓDIGO TURMA");
 INSERT IGNORE INTO tipos_classificacoes (nome_tipo_classificacao) VALUES ("MODALIDADE 
(Qualificação ou Aperfeiçoamento)");
 INSERT IGNORE INTO tipos_classificacoes (nome_tipo_classificacao) VALUES ("TIPO OFERTA");
 INSERT IGNORE INTO tipos_classificacoes (nome_tipo_classificacao) VALUES ("TURNO");
 INSERT IGNORE INTO tipos_classificacoes (nome_tipo_classificacao) VALUES ("DATA INÍCIO");
 INSERT IGNORE INTO tipos_classificacoes (nome_tipo_classificacao) VALUES ("DATA FIM");
 INSERT IGNORE INTO tipos_classificacoes (nome_tipo_classificacao) VALUES ("PERÍODO DE MATRÍCULA");
 INSERT IGNORE INTO tipos_classificacoes (nome_tipo_classificacao) VALUES ("CARGA HORARIA");
 INSERT IGNORE INTO tipos_classificacoes (nome_tipo_classificacao) VALUES ("QUANTIDADE DE VAGAS");
 INSERT IGNORE INTO tipos_classificacoes (nome_tipo_classificacao) VALUES ("LINK MATRÍCULA ON LINE");
 INSERT IGNORE INTO tipos_classificacoes (nome_tipo_classificacao) VALUES ("ENDEREÇO ESCOLA");
 INSERT IGNORE INTO tipos_classificacoes (nome_tipo_classificacao) VALUES ("TELEFONE CONTATO ESCOLA");
 INSERT IGNORE INTO tipos_classificacoes (nome_tipo_classificacao) VALUES ("E-MAIL CONTATO ESCOLA");
 INSERT IGNORE INTO tokens (nome_token, acentuada, id_tipo_token) VALUES ("ricardofreitas", "ricardofreitas", (SELECT id_tipo_token FROM classificacoes_tokens WHERE BINARY nome_token = "ricardofreitas"));
  INSERT IGNORE INTO classificacoes_tokens (nome_token, id_tipo_token) VALUES ("5212501", (SELECT id_chave_tipo_token FROM tipos_tokens WHERE nome_tipo_token = "numeral"));
INSERT IGNORE INTO tokens (nome_token, acentuada, id_tipo_token) VALUES ("5212501", "5212501", (SELECT id_tipo_token FROM classificacoes_tokens WHERE BINARY nome_token = "5212501"));
  INSERT IGNORE INTO tokens (nome_token, acentuada, id_tipo_token) VALUES ("luziania", "luziânia", (SELECT id_tipo_token FROM classificacoes_tokens WHERE BINARY nome_token = "luziânia"));
  INSERT IGNORE INTO tokens (nome_token, acentuada, id_tipo_token) VALUES ("manutencao", "manutencao", (SELECT id_tipo_token FROM classificacoes_tokens WHERE BINARY nome_token = "manutencao"));
  INSERT IGNORE INTO classificacoes_tokens (nome_token, id_tipo_token) VALUES ("19168", (SELECT id_chave_tipo_token FROM tipos_tokens WHERE nome_tipo_token = "numeral"));
INSERT IGNORE INTO tokens (nome_token, acentuada, id_tipo_token) VALUES ("19168", "19168", (SELECT id_tipo_token FROM classificacoes_tokens WHERE BINARY nome_token = "19168"));
  INSERT IGNORE INTO tokens (nome_token, acentuada, id_tipo_token) VALUES ("aliana", "aliana", (SELECT id_tipo_token FROM classificacoes_tokens WHERE BINARY nome_token = "aliana"));
  INSERT IGNORE INTO classificacoes_tokens (nome_token, id_tipo_token) VALUES ("74415", (SELECT id_chave_tipo_token FROM tipos_tokens WHERE nome_tipo_token = "numeral"));
INSERT IGNORE INTO tokens (nome_token, acentuada, id_tipo_token) VALUES ("74415", "74415", (SELECT id_tipo_token FROM classificacoes_tokens WHERE BINARY nome_token = "74415"));
  INSERT IGNORE INTO tokens (nome_token, acentuada, id_tipo_token) VALUES ("lazaro", "lázaro", (SELECT id_tipo_token FROM classificacoes_tokens WHERE BINARY nome_token = "lázaro"));
  INSERT IGNORE INTO tokens (nome_token, acentuada, id_tipo_token) VALUES ("canaa", "canaã", (SELECT id_tipo_token FROM classificacoes_tokens WHERE BINARY nome_token = "canaã"));
  INSERT IGNORE INTO tokens (nome_token, acentuada, id_tipo_token) VALUES ("alexandrecosta", "alexandrecosta", (SELECT id_tipo_token FROM classificacoes_tokens WHERE BINARY nome_token = "alexandrecosta"));
  INSERT IGNORE INTO classificacoes_tokens (nome_token, id_tipo_token) VALUES ("3379", (SELECT id_chave_tipo_token FROM tipos_tokens WHERE nome_tipo_token = "numeral"));
INSERT IGNORE INTO tokens (nome_token, acentuada, id_tipo_token) VALUES ("3379", "3379", (SELECT id_tipo_token FROM classificacoes_tokens WHERE BINARY nome_token = "3379"));
  INSERT IGNORE INTO classificacoes_tokens (nome_token, id_tipo_token) VALUES ("76450", (SELECT id_chave_tipo_token FROM tipos_tokens WHERE nome_tipo_token = "numeral"));
INSERT IGNORE INTO tokens (nome_token, acentuada, id_tipo_token) VALUES ("76450", "76450", (SELECT id_tipo_token FROM classificacoes_tokens WHERE BINARY nome_token = "76450"));
  INSERT IGNORE INTO tokens (nome_token, acentuada, id_tipo_token) VALUES ("postal", "postal", (SELECT id_tipo_token FROM classificacoes_tokens WHERE BINARY nome_token = "postal"));
  INSERT IGNORE INTO tokens (nome_token, acentuada, id_tipo_token) VALUES ("caixa", "caixa", (SELECT id_tipo_token FROM classificacoes_tokens WHERE BINARY nome_token = "caixa"));
  INSERT IGNORE INTO tokens (nome_token, acentuada, id_tipo_token) VALUES ("brava", "brava", (SELECT id_tipo_token FROM classificacoes_tokens WHERE BINARY nome_token = "brava"));
  INSERT IGNORE INTO tokens (nome_token, acentuada, id_tipo_token) VALUES ("cana", "cana", (SELECT id_tipo_token FROM classificacoes_tokens WHERE BINARY nome_token = "cana"));
  INSERT IGNORE INTO tokens (nome_token, acentuada, id_tipo_token) VALUES ("mina", "mina", (SELECT id_tipo_token FROM classificacoes_tokens WHERE BINARY nome_token = "mina"));
  INSERT IGNORE INTO classificacoes_tokens (nome_token, id_tipo_token) VALUES ("5213087", (SELECT id_chave_tipo_token FROM tipos_tokens WHERE nome_tipo_token = "numeral"));
INSERT IGNORE INTO tokens (nome_token, acentuada, id_tipo_token) VALUES ("5213087", "5213087", (SELECT id_tipo_token FROM classificacoes_tokens WHERE BINARY nome_token = "5213087"));
  INSERT IGNORE INTO tokens (nome_token, acentuada, id_tipo_token) VALUES ("minacu", "minaçu", (SELECT id_tipo_token FROM classificacoes_tokens WHERE BINARY nome_token = "minaçu"));
  INSERT IGNORE INTO classificacoes_tokens (nome_token, id_tipo_token) VALUES ("19900", (SELECT id_chave_tipo_token FROM tipos_tokens WHERE nome_tipo_token = "numeral"));
INSERT IGNORE INTO tokens (nome_token, acentuada, id_tipo_token) VALUES ("19900", "19900", (SELECT id_tipo_token FROM classificacoes_tokens WHERE BINARY nome_token = "19900"));
  INSERT IGNORE INTO tokens (nome_token, acentuada, id_tipo_token) VALUES ("solidos", "sólidos", (SELECT id_tipo_token FROM classificacoes_tokens WHERE BINARY nome_token = "sólidos"));
  INSERT IGNORE INTO tokens (nome_token, acentuada, id_tipo_token) VALUES ("residuos", "resíduos", (SELECT id_tipo_token FROM classificacoes_tokens WHERE BINARY nome_token = "resíduos"));
  INSERT IGNORE INTO classificacoes_tokens (nome_token, id_tipo_token) VALUES ("8405", (SELECT id_chave_tipo_token FROM tipos_tokens WHERE nome_tipo_token = "numeral"));
INSERT IGNORE INTO tokens (nome_token, acentuada, id_tipo_token) VALUES ("8405", "8405", (SELECT id_tipo_token FROM classificacoes_tokens WHERE BINARY nome_token = "8405"));
  INSERT IGNORE INTO classificacoes_tokens (nome_token, id_tipo_token) VALUES ("19899", (SELECT id_chave_tipo_token FROM tipos_tokens WHERE nome_tipo_token = "numeral"));
INSERT IGNORE INTO tokens (nome_token, acentuada, id_tipo_token) VALUES ("19899", "19899", (SELECT id_tipo_token FROM classificacoes_tokens WHERE BINARY nome_token = "19899"));
  INSERT IGNORE INTO tokens (nome_token, acentuada, id_tipo_token) VALUES ("almoxerifado", "almoxerifado", (SELECT id_tipo_token FROM classificacoes_tokens WHERE BINARY nome_token = "almoxerifado"));
  INSERT IGNORE INTO classificacoes_tokens (nome_token, id_tipo_token) VALUES ("4400", (SELECT id_chave_tipo_token FROM tipos_tokens WHERE nome_tipo_token = "numeral"));
INSERT IGNORE INTO tokens (nome_token, acentuada, id_tipo_token) VALUES ("4400", "4400", (SELECT id_tipo_token FROM classificacoes_tokens WHERE BINARY nome_token = "4400"));
  INSERT IGNORE INTO classificacoes_tokens (nome_token, id_tipo_token) VALUES ("3624", (SELECT id_chave_tipo_token FROM tipos_tokens WHERE nome_tipo_token = "numeral"));
INSERT IGNORE INTO tokens (nome_token, acentuada, id_tipo_token) VALUES ("3624", "3624", (SELECT id_tipo_token FROM classificacoes_tokens WHERE BINARY nome_token = "3624"));
  INSERT IGNORE INTO classificacoes_tokens (nome_token, id_tipo_token) VALUES ("75904", (SELECT id_chave_tipo_token FROM tipos_tokens WHERE nome_tipo_token = "numeral"));
INSERT IGNORE INTO tokens (nome_token, acentuada, id_tipo_token) VALUES ("75904", "75904", (SELECT id_tipo_token FROM classificacoes_tokens WHERE BINARY nome_token = "75904"));
  INSERT IGNORE INTO tokens (nome_token, acentuada, id_tipo_token) VALUES ("pausanes", "pausanes", (SELECT id_tipo_token FROM classificacoes_tokens WHERE BINARY nome_token = "pausanes"));
  INSERT IGNORE INTO tokens (nome_token, acentuada, id_tipo_token) VALUES ("guanabara", "guanabara", (SELECT id_tipo_token FROM classificacoes_tokens WHERE BINARY nome_token = "guanabara"));
  INSERT IGNORE INTO classificacoes_tokens (nome_token, id_tipo_token) VALUES ("4481", (SELECT id_chave_tipo_token FROM tipos_tokens WHERE nome_tipo_token = "numeral"));
INSERT IGNORE INTO tokens (nome_token, acentuada, id_tipo_token) VALUES ("4481", "4481", (SELECT id_tipo_token FROM classificacoes_tokens WHERE BINARY nome_token = "4481"));
  INSERT IGNORE INTO classificacoes_tokens (nome_token, id_tipo_token) VALUES ("5218805", (SELECT id_chave_tipo_token FROM tipos_tokens WHERE nome_tipo_token = "numeral"));
INSERT IGNORE INTO tokens (nome_token, acentuada, id_tipo_token) VALUES ("5218805", "5218805", (SELECT id_tipo_token FROM classificacoes_tokens WHERE BINARY nome_token = "5218805"));
  INSERT IGNORE INTO classificacoes_tokens (nome_token, id_tipo_token) VALUES ("17053", (SELECT id_chave_tipo_token FROM tipos_tokens WHERE nome_tipo_token = "numeral"));
INSERT IGNORE INTO tokens (nome_token, acentuada, id_tipo_token) VALUES ("17053", "17053", (SELECT id_tipo_token FROM classificacoes_tokens WHERE BINARY nome_token = "17053"));
  INSERT IGNORE INTO tokens (nome_token, acentuada, id_tipo_token) VALUES ("informacoes", "informações", (SELECT id_tipo_token FROM classificacoes_tokens WHERE BINARY nome_token = "informações"));
  INSERT IGNORE INTO tokens (nome_token, acentuada, id_tipo_token) VALUES ("petroquimicos", "petroquimicos", (SELECT id_tipo_token FROM classificacoes_tokens WHERE BINARY nome_token = "petroquimicos"));
  INSERT IGNORE INTO tokens (nome_token, acentuada, id_tipo_token) VALUES ("quimicos", "quimicos", (SELECT id_tipo_token FROM classificacoes_tokens WHERE BINARY nome_token = "quimicos"));
  INSERT IGNORE INTO classificacoes_tokens (nome_token, id_tipo_token) VALUES ("19181", (SELECT id_chave_tipo_token FROM tipos_tokens WHERE nome_tipo_token = "numeral"));
INSERT IGNORE INTO tokens (nome_token, acentuada, id_tipo_token) VALUES ("19181", "19181", (SELECT id_tipo_token FROM classificacoes_tokens WHERE BINARY nome_token = "19181"));
  INSERT IGNORE INTO tokens (nome_token, acentuada, id_tipo_token) VALUES ("petroquimicos", "petroquímicos", (SELECT id_tipo_token FROM classificacoes_tokens WHERE BINARY nome_token = "petroquímicos"));
  INSERT IGNORE INTO tokens (nome_token, acentuada, id_tipo_token) VALUES ("oleos", "oleos", (SELECT id_tipo_token FROM classificacoes_tokens WHERE BINARY nome_token = "oleos"));
  INSERT IGNORE INTO tokens (nome_token, acentuada, id_tipo_token) VALUES ("graos", "graos", (SELECT id_tipo_token FROM classificacoes_tokens WHERE BINARY nome_token = "graos"));
  INSERT IGNORE INTO tokens (nome_token, acentuada, id_tipo_token) VALUES ("preparacao", "preparacao", (SELECT id_tipo_token FROM classificacoes_tokens WHERE BINARY nome_token = "preparacao"));
  INSERT IGNORE INTO classificacoes_tokens (nome_token, id_tipo_token) VALUES ("19186", (SELECT id_chave_tipo_token FROM tipos_tokens WHERE nome_tipo_token = "numeral"));
INSERT IGNORE INTO tokens (nome_token, acentuada, id_tipo_token) VALUES ("19186", "19186", (SELECT id_tipo_token FROM classificacoes_tokens WHERE BINARY nome_token = "19186"));
  INSERT IGNORE INTO tokens (nome_token, acentuada, id_tipo_token) VALUES ("gorduras", "gorduras", (SELECT id_tipo_token FROM classificacoes_tokens WHERE BINARY nome_token = "gorduras"));
  INSERT IGNORE INTO tokens (nome_token, acentuada, id_tipo_token) VALUES ("oleos", "óleos", (SELECT id_tipo_token FROM classificacoes_tokens WHERE BINARY nome_token = "óleos"));
  INSERT IGNORE INTO tokens (nome_token, acentuada, id_tipo_token) VALUES ("vegetais", "vegetais", (SELECT id_tipo_token FROM classificacoes_tokens WHERE BINARY nome_token = "vegetais"));
  INSERT IGNORE INTO tokens (nome_token, acentuada, id_tipo_token) VALUES ("graos", "grãos", (SELECT id_tipo_token FROM classificacoes_tokens WHERE BINARY nome_token = "grãos"));
  INSERT IGNORE INTO tokens (nome_token, acentuada, id_tipo_token) VALUES ("aguas", "aguas", (SELECT id_tipo_token FROM classificacoes_tokens WHERE BINARY nome_token = "aguas"));
  INSERT IGNORE INTO tokens (nome_token, acentuada, id_tipo_token) VALUES ("estacao", "estacao", (SELECT id_tipo_token FROM classificacoes_tokens WHERE BINARY nome_token = "estacao"));
  INSERT IGNORE INTO classificacoes_tokens (nome_token, id_tipo_token) VALUES ("15135", (SELECT id_chave_tipo_token FROM tipos_tokens WHERE nome_tipo_token = "numeral"));
INSERT IGNORE INTO tokens (nome_token, acentuada, id_tipo_token) VALUES ("15135", "15135", (SELECT id_tipo_token FROM classificacoes_tokens WHERE BINARY nome_token = "15135"));
  INSERT IGNORE INTO tokens (nome_token, acentuada, id_tipo_token) VALUES ("aguas", "águas", (SELECT id_tipo_token FROM classificacoes_tokens WHERE BINARY nome_token = "águas"));
  INSERT IGNORE INTO tokens (nome_token, acentuada, id_tipo_token) VALUES ("tratamento", "tratamento", (SELECT id_tipo_token FROM classificacoes_tokens WHERE BINARY nome_token = "tratamento"));
  INSERT IGNORE INTO tokens (nome_token, acentuada, id_tipo_token) VALUES ("estacao", "estação", (SELECT id_tipo_token FROM classificacoes_tokens WHERE BINARY nome_token = "estação"));
  INSERT IGNORE INTO tokens (nome_token, acentuada, id_tipo_token) VALUES ("eletronicos", "eletronicos", (SELECT id_tipo_token FROM classificacoes_tokens WHERE BINARY nome_token = "eletronicos"));
  INSERT IGNORE INTO classificacoes_tokens (nome_token, id_tipo_token) VALUES ("19894", (SELECT id_chave_tipo_token FROM tipos_tokens WHERE nome_tipo_token = "numeral"));
INSERT IGNORE INTO tokens (nome_token, acentuada, id_tipo_token) VALUES ("19894", "19894", (SELECT id_tipo_token FROM classificacoes_tokens WHERE BINARY nome_token = "19894"));
  INSERT IGNORE INTO classificacoes_tokens (nome_token, id_tipo_token) VALUES ("19189", (SELECT id_chave_tipo_token FROM tipos_tokens WHERE nome_tipo_token = "numeral"));
INSERT IGNORE INTO tokens (nome_token, acentuada, id_tipo_token) VALUES ("19189", "19189", (SELECT id_tipo_token FROM classificacoes_tokens WHERE BINARY nome_token = "19189"));
  INSERT IGNORE INTO tokens (nome_token, acentuada, id_tipo_token) VALUES ("automoveis", "automoveis", (SELECT id_tipo_token FROM classificacoes_tokens WHERE BINARY nome_token = "automoveis"));
  INSERT IGNORE INTO tokens (nome_token, acentuada, id_tipo_token) VALUES ("direcao", "direcao", (SELECT id_tipo_token FROM classificacoes_tokens WHERE BINARY nome_token = "direcao"));
  INSERT IGNORE INTO classificacoes_tokens (nome_token, id_tipo_token) VALUES ("19167", (SELECT id_chave_tipo_token FROM tipos_tokens WHERE nome_tipo_token = "numeral"));
INSERT IGNORE INTO tokens (nome_token, acentuada, id_tipo_token) VALUES ("19167", "19167", (SELECT id_tipo_token FROM classificacoes_tokens WHERE BINARY nome_token = "19167"));
  INSERT IGNORE INTO tokens (nome_token, acentuada, id_tipo_token) VALUES ("weysller", "weysller", (SELECT id_tipo_token FROM classificacoes_tokens WHERE BINARY nome_token = "weysller"));
  INSERT IGNORE INTO classificacoes_tokens (nome_token, id_tipo_token) VALUES ("1210", (SELECT id_chave_tipo_token FROM tipos_tokens WHERE nome_tipo_token = "numeral"));
INSERT IGNORE INTO tokens (nome_token, acentuada, id_tipo_token) VALUES ("1210", "1210", (SELECT id_tipo_token FROM classificacoes_tokens WHERE BINARY nome_token = "1210"));
  INSERT IGNORE INTO classificacoes_tokens (nome_token, id_tipo_token) VALUES ("3269", (SELECT id_chave_tipo_token FROM tipos_tokens WHERE nome_tipo_token = "numeral"));
INSERT IGNORE INTO tokens (nome_token, acentuada, id_tipo_token) VALUES ("3269", "3269", (SELECT id_tipo_token FROM classificacoes_tokens WHERE BINARY nome_token = "3269"));
  INSERT IGNORE INTO classificacoes_tokens (nome_token, id_tipo_token) VALUES ("74610", (SELECT id_chave_tipo_token FROM tipos_tokens WHERE nome_tipo_token = "numeral"));
INSERT IGNORE INTO tokens (nome_token, acentuada, id_tipo_token) VALUES ("74610", "74610", (SELECT id_tipo_token FROM classificacoes_tokens WHERE BINARY nome_token = "74610"));
  INSERT IGNORE INTO tokens (nome_token, acentuada, id_tipo_token) VALUES ("leste", "leste", (SELECT id_tipo_token FROM classificacoes_tokens WHERE BINARY nome_token = "leste"));
  INSERT IGNORE INTO classificacoes_tokens (nome_token, id_tipo_token) VALUES ("9902", (SELECT id_chave_tipo_token FROM tipos_tokens WHERE nome_tipo_token = "numeral"));
INSERT IGNORE INTO tokens (nome_token, acentuada, id_tipo_token) VALUES ("9902", "9902", (SELECT id_tipo_token FROM classificacoes_tokens WHERE BINARY nome_token = "9902"));
  INSERT IGNORE INTO tokens (nome_token, acentuada, id_tipo_token) VALUES ("tays", "tays", (SELECT id_tipo_token FROM classificacoes_tokens WHERE BINARY nome_token = "tays"));
  INSERT IGNORE INTO classificacoes_tokens (nome_token, id_tipo_token) VALUES ("9901", (SELECT id_chave_tipo_token FROM tipos_tokens WHERE nome_tipo_token = "numeral"));
INSERT IGNORE INTO tokens (nome_token, acentuada, id_tipo_token) VALUES ("9901", "9901", (SELECT id_tipo_token FROM classificacoes_tokens WHERE BINARY nome_token = "9901"));
  INSERT IGNORE INTO classificacoes_tokens (nome_token, id_tipo_token) VALUES ("3615", (SELECT id_chave_tipo_token FROM tipos_tokens WHERE nome_tipo_token = "numeral"));
INSERT IGNORE INTO tokens (nome_token, acentuada, id_tipo_token) VALUES ("3615", "3615", (SELECT id_tipo_token FROM classificacoes_tokens WHERE BINARY nome_token = "3615"));
  INSERT IGNORE INTO classificacoes_tokens (nome_token, id_tipo_token) VALUES ("75860", (SELECT id_chave_tipo_token FROM tipos_tokens WHERE nome_tipo_token = "numeral"));
INSERT IGNORE INTO tokens (nome_token, acentuada, id_tipo_token) VALUES ("75860", "75860", (SELECT id_tipo_token FROM classificacoes_tokens WHERE BINARY nome_token = "75860"));
  INSERT IGNORE INTO tokens (nome_token, acentuada, id_tipo_token) VALUES ("agroindustrial", "agroindustrial", (SELECT id_tipo_token FROM classificacoes_tokens WHERE BINARY nome_token = "agroindustrial"));
  INSERT IGNORE INTO tokens (nome_token, acentuada, id_tipo_token) VALUES ("progresso", "progresso", (SELECT id_tipo_token FROM classificacoes_tokens WHERE BINARY nome_token = "progresso"));
  INSERT IGNORE INTO classificacoes_tokens (nome_token, id_tipo_token) VALUES ("19174", (SELECT id_chave_tipo_token FROM tipos_tokens WHERE nome_tipo_token = "numeral"));
INSERT IGNORE INTO tokens (nome_token, acentuada, id_tipo_token) VALUES ("19174", "19174", (SELECT id_tipo_token FROM classificacoes_tokens WHERE BINARY nome_token = "19174"));
  INSERT IGNORE INTO classificacoes_tokens (nome_token, id_tipo_token) VALUES ("5218508", (SELECT id_chave_tipo_token FROM tipos_tokens WHERE nome_tipo_token = "numeral"));
INSERT IGNORE INTO tokens (nome_token, acentuada, id_tipo_token) VALUES ("5218508", "5218508", (SELECT id_tipo_token FROM classificacoes_tokens WHERE BINARY nome_token = "5218508"));
  INSERT IGNORE INTO tokens (nome_token, acentuada, id_tipo_token) VALUES ("quirinopolis", "quirinópolis", (SELECT id_tipo_token FROM classificacoes_tokens WHERE BINARY nome_token = "quirinópolis"));
  INSERT IGNORE INTO classificacoes_tokens (nome_token, id_tipo_token) VALUES ("1802", (SELECT id_chave_tipo_token FROM tipos_tokens WHERE nome_tipo_token = "numeral"));
INSERT IGNORE INTO tokens (nome_token, acentuada, id_tipo_token) VALUES ("1802", "1802", (SELECT id_tipo_token FROM classificacoes_tokens WHERE BINARY nome_token = "1802"));
  INSERT IGNORE INTO classificacoes_tokens (nome_token, id_tipo_token) VALUES ("76420", (SELECT id_chave_tipo_token FROM tipos_tokens WHERE nome_tipo_token = "numeral"));
INSERT IGNORE INTO tokens (nome_token, acentuada, id_tipo_token) VALUES ("76420", "76420", (SELECT id_tipo_token FROM classificacoes_tokens WHERE BINARY nome_token = "76420"));
  INSERT IGNORE INTO tokens (nome_token, acentuada, id_tipo_token) VALUES ("etapa", "etapa", (SELECT id_tipo_token FROM classificacoes_tokens WHERE BINARY nome_token = "etapa"));
  INSERT IGNORE INTO tokens (nome_token, acentuada, id_tipo_token) VALUES ("1ª", "1ª", (SELECT id_tipo_token FROM classificacoes_tokens WHERE BINARY nome_token = "1ª"));
  INSERT IGNORE INTO tokens (nome_token, acentuada, id_tipo_token) VALUES ("atlantico", "atlântico", (SELECT id_tipo_token FROM classificacoes_tokens WHERE BINARY nome_token = "atlântico"));
  INSERT IGNORE INTO tokens (nome_token, acentuada, id_tipo_token) VALUES ("codemin", "codemin", (SELECT id_tipo_token FROM classificacoes_tokens WHERE BINARY nome_token = "codemin"));
  INSERT IGNORE INTO tokens (nome_token, acentuada, id_tipo_token) VALUES ("quadras", "quadras", (SELECT id_tipo_token FROM classificacoes_tokens WHERE BINARY nome_token = "quadras"));
  INSERT IGNORE INTO classificacoes_tokens (nome_token, id_tipo_token) VALUES ("5214606", (SELECT id_chave_tipo_token FROM tipos_tokens WHERE nome_tipo_token = "numeral"));
INSERT IGNORE INTO tokens (nome_token, acentuada, id_tipo_token) VALUES ("5214606", "5214606", (SELECT id_tipo_token FROM classificacoes_tokens WHERE BINARY nome_token = "5214606"));
  INSERT IGNORE INTO tokens (nome_token, acentuada, id_tipo_token) VALUES ("niquelandia", "niquelândia", (SELECT id_tipo_token FROM classificacoes_tokens WHERE BINARY nome_token = "niquelândia"));
  INSERT IGNORE INTO classificacoes_tokens (nome_token, id_tipo_token) VALUES ("9434", (SELECT id_chave_tipo_token FROM tipos_tokens WHERE nome_tipo_token = "numeral"));
INSERT IGNORE INTO tokens (nome_token, acentuada, id_tipo_token) VALUES ("9434", "9434", (SELECT id_tipo_token FROM classificacoes_tokens WHERE BINARY nome_token = "9434"));
  INSERT IGNORE INTO classificacoes_tokens (nome_token, id_tipo_token) VALUES ("3661", (SELECT id_chave_tipo_token FROM tipos_tokens WHERE nome_tipo_token = "numeral"));
INSERT IGNORE INTO tokens (nome_token, acentuada, id_tipo_token) VALUES ("3661", "3661", (SELECT id_tipo_token FROM classificacoes_tokens WHERE BINARY nome_token = "3661"));
  INSERT IGNORE INTO classificacoes_tokens (nome_token, id_tipo_token) VALUES ("75836", (SELECT id_chave_tipo_token FROM tipos_tokens WHERE nome_tipo_token = "numeral"));
INSERT IGNORE INTO tokens (nome_token, acentuada, id_tipo_token) VALUES ("75836", "75836", (SELECT id_tipo_token FROM classificacoes_tokens WHERE BINARY nome_token = "75836"));
  INSERT IGNORE INTO tokens (nome_token, acentuada, id_tipo_token) VALUES ("pecuaria", "pecuária", (SELECT id_tipo_token FROM classificacoes_tokens WHERE BINARY nome_token = "pecuária"));
  INSERT IGNORE INTO tokens (nome_token, acentuada, id_tipo_token) VALUES ("01a", "01a", (SELECT id_tipo_token FROM classificacoes_tokens WHERE BINARY nome_token = "01a"));
  INSERT IGNORE INTO tokens (nome_token, acentuada, id_tipo_token) VALUES ("paniago", "paniago", (SELECT id_tipo_token FROM classificacoes_tokens WHERE BINARY nome_token = "paniago"));
  INSERT IGNORE INTO classificacoes_tokens (nome_token, id_tipo_token) VALUES ("17049", (SELECT id_chave_tipo_token FROM tipos_tokens WHERE nome_tipo_token = "numeral"));
INSERT IGNORE INTO tokens (nome_token, acentuada, id_tipo_token) VALUES ("17049", "17049", (SELECT id_tipo_token FROM classificacoes_tokens WHERE BINARY nome_token = "17049"));
  INSERT IGNORE INTO classificacoes_tokens (nome_token, id_tipo_token) VALUES ("5213103", (SELECT id_chave_tipo_token FROM tipos_tokens WHERE nome_tipo_token = "numeral"));
INSERT IGNORE INTO tokens (nome_token, acentuada, id_tipo_token) VALUES ("5213103", "5213103", (SELECT id_tipo_token FROM classificacoes_tokens WHERE BINARY nome_token = "5213103"));
  INSERT IGNORE INTO tokens (nome_token, acentuada, id_tipo_token) VALUES ("mineiros", "mineiros", (SELECT id_tipo_token FROM classificacoes_tokens WHERE BINARY nome_token = "mineiros"));
  INSERT IGNORE INTO classificacoes_tokens (nome_token, id_tipo_token) VALUES ("4028", (SELECT id_chave_tipo_token FROM tipos_tokens WHERE nome_tipo_token = "numeral"));
INSERT IGNORE INTO tokens (nome_token, acentuada, id_tipo_token) VALUES ("4028", "4028", (SELECT id_tipo_token FROM classificacoes_tokens WHERE BINARY nome_token = "4028"));
  INSERT IGNORE INTO tokens (nome_token, acentuada, id_tipo_token) VALUES ("albinoandrade", "albinoandrade", (SELECT id_tipo_token FROM classificacoes_tokens WHERE BINARY nome_token = "albinoandrade"));
  INSERT IGNORE INTO classificacoes_tokens (nome_token, id_tipo_token) VALUES ("4027", (SELECT id_chave_tipo_token FROM tipos_tokens WHERE nome_tipo_token = "numeral"));
INSERT IGNORE INTO tokens (nome_token, acentuada, id_tipo_token) VALUES ("4027", "4027", (SELECT id_tipo_token FROM classificacoes_tokens WHERE BINARY nome_token = "4027"));
  INSERT IGNORE INTO classificacoes_tokens (nome_token, id_tipo_token) VALUES ("3632", (SELECT id_chave_tipo_token FROM tipos_tokens WHERE nome_tipo_token = "numeral"));
INSERT IGNORE INTO tokens (nome_token, acentuada, id_tipo_token) VALUES ("3632", "3632", (SELECT id_tipo_token FROM classificacoes_tokens WHERE BINARY nome_token = "3632"));
  INSERT IGNORE INTO classificacoes_tokens (nome_token, id_tipo_token) VALUES ("75804", (SELECT id_chave_tipo_token FROM tipos_tokens WHERE nome_tipo_token = "numeral"));
INSERT IGNORE INTO tokens (nome_token, acentuada, id_tipo_token) VALUES ("75804", "75804", (SELECT id_tipo_token FROM classificacoes_tokens WHERE BINARY nome_token = "75804"));
  INSERT IGNORE INTO tokens (nome_token, acentuada, id_tipo_token) VALUES ("graham", "graham", (SELECT id_tipo_token FROM classificacoes_tokens WHERE BINARY nome_token = "graham"));
  INSERT IGNORE INTO tokens (nome_token, acentuada, id_tipo_token) VALUES ("samuel", "samuel", (SELECT id_tipo_token FROM classificacoes_tokens WHERE BINARY nome_token = "samuel"));
  INSERT IGNORE INTO classificacoes_tokens (nome_token, id_tipo_token) VALUES ("1861", (SELECT id_chave_tipo_token FROM tipos_tokens WHERE nome_tipo_token = "numeral"));
INSERT IGNORE INTO tokens (nome_token, acentuada, id_tipo_token) VALUES ("1861", "1861", (SELECT id_tipo_token FROM classificacoes_tokens WHERE BINARY nome_token = "1861"));
  INSERT IGNORE INTO tokens (nome_token, acentuada, id_tipo_token) VALUES ("veriano", "veriano", (SELECT id_tipo_token FROM classificacoes_tokens WHERE BINARY nome_token = "veriano"));
  INSERT IGNORE INTO tokens (nome_token, acentuada, id_tipo_token) VALUES ("operecoes", "opereções", (SELECT id_tipo_token FROM classificacoes_tokens WHERE BINARY nome_token = "opereções"));
  INSERT IGNORE INTO classificacoes_tokens (nome_token, id_tipo_token) VALUES ("5211909", (SELECT id_chave_tipo_token FROM tipos_tokens WHERE nome_tipo_token = "numeral"));
INSERT IGNORE INTO tokens (nome_token, acentuada, id_tipo_token) VALUES ("5211909", "5211909", (SELECT id_tipo_token FROM classificacoes_tokens WHERE BINARY nome_token = "5211909"));
  INSERT IGNORE INTO tokens (nome_token, acentuada, id_tipo_token) VALUES ("jatai", "jataí", (SELECT id_tipo_token FROM classificacoes_tokens WHERE BINARY nome_token = "jataí"));
  INSERT IGNORE INTO tokens (nome_token, acentuada, id_tipo_token) VALUES ("rodrigoss", "rodrigoss", (SELECT id_tipo_token FROM classificacoes_tokens WHERE BINARY nome_token = "rodrigoss"));
  INSERT IGNORE INTO classificacoes_tokens (nome_token, id_tipo_token) VALUES ("2500", (SELECT id_chave_tipo_token FROM tipos_tokens WHERE nome_tipo_token = "numeral"));
INSERT IGNORE INTO tokens (nome_token, acentuada, id_tipo_token) VALUES ("2500", "2500", (SELECT id_tipo_token FROM classificacoes_tokens WHERE BINARY nome_token = "2500"));
  INSERT IGNORE INTO classificacoes_tokens (nome_token, id_tipo_token) VALUES ("3432", (SELECT id_chave_tipo_token FROM tipos_tokens WHERE nome_tipo_token = "numeral"));
INSERT IGNORE INTO tokens (nome_token, acentuada, id_tipo_token) VALUES ("3432", "3432", (SELECT id_tipo_token FROM classificacoes_tokens WHERE BINARY nome_token = "3432"));
  INSERT IGNORE INTO classificacoes_tokens (nome_token, id_tipo_token) VALUES ("478", (SELECT id_chave_tipo_token FROM tipos_tokens WHERE nome_tipo_token = "numeral"));
INSERT IGNORE INTO tokens (nome_token, acentuada, id_tipo_token) VALUES ("478", "478", (SELECT id_tipo_token FROM classificacoes_tokens WHERE BINARY nome_token = "478"));
  INSERT IGNORE INTO classificacoes_tokens (nome_token, id_tipo_token) VALUES ("75526", (SELECT id_chave_tipo_token FROM tipos_tokens WHERE nome_tipo_token = "numeral"));
INSERT IGNORE INTO tokens (nome_token, acentuada, id_tipo_token) VALUES ("75526", "75526", (SELECT id_tipo_token FROM classificacoes_tokens WHERE BINARY nome_token = "75526"));
  INSERT IGNORE INTO tokens (nome_token, acentuada, id_tipo_token) VALUES ("fagundes", "fagundes", (SELECT id_tipo_token FROM classificacoes_tokens WHERE BINARY nome_token = "fagundes"));
  INSERT IGNORE INTO tokens (nome_token, acentuada, id_tipo_token) VALUES ("olivia", "olívia", (SELECT id_tipo_token FROM classificacoes_tokens WHERE BINARY nome_token = "olívia"));
  INSERT IGNORE INTO classificacoes_tokens (nome_token, id_tipo_token) VALUES ("5211503", (SELECT id_chave_tipo_token FROM tipos_tokens WHERE nome_tipo_token = "numeral"));
INSERT IGNORE INTO tokens (nome_token, acentuada, id_tipo_token) VALUES ("5211503", "5211503", (SELECT id_tipo_token FROM classificacoes_tokens WHERE BINARY nome_token = "5211503"));
  INSERT IGNORE INTO tokens (nome_token, acentuada, id_tipo_token) VALUES ("itumbiara", "itumbiara", (SELECT id_tipo_token FROM classificacoes_tokens WHERE BINARY nome_token = "itumbiara"));
  INSERT IGNORE INTO classificacoes_tokens (nome_token, id_tipo_token) VALUES ("567", (SELECT id_chave_tipo_token FROM tipos_tokens WHERE nome_tipo_token = "numeral"));
INSERT IGNORE INTO tokens (nome_token, acentuada, id_tipo_token) VALUES ("567", "567", (SELECT id_tipo_token FROM classificacoes_tokens WHERE BINARY nome_token = "567"));
  INSERT IGNORE INTO classificacoes_tokens (nome_token, id_tipo_token) VALUES ("566", (SELECT id_chave_tipo_token FROM tipos_tokens WHERE nome_tipo_token = "numeral"));
INSERT IGNORE INTO tokens (nome_token, acentuada, id_tipo_token) VALUES ("566", "566", (SELECT id_tipo_token FROM classificacoes_tokens WHERE BINARY nome_token = "566"));
  INSERT IGNORE INTO classificacoes_tokens (nome_token, id_tipo_token) VALUES ("565", (SELECT id_chave_tipo_token FROM tipos_tokens WHERE nome_tipo_token = "numeral"));
INSERT IGNORE INTO tokens (nome_token, acentuada, id_tipo_token) VALUES ("565", "565", (SELECT id_tipo_token FROM classificacoes_tokens WHERE BINARY nome_token = "565"));
  INSERT IGNORE INTO classificacoes_tokens (nome_token, id_tipo_token) VALUES ("559", (SELECT id_chave_tipo_token FROM tipos_tokens WHERE nome_tipo_token = "numeral"));
INSERT IGNORE INTO tokens (nome_token, acentuada, id_tipo_token) VALUES ("559", "559", (SELECT id_tipo_token FROM classificacoes_tokens WHERE BINARY nome_token = "559"));
  INSERT IGNORE INTO classificacoes_tokens (nome_token, id_tipo_token) VALUES ("15133", (SELECT id_chave_tipo_token FROM tipos_tokens WHERE nome_tipo_token = "numeral"));
INSERT IGNORE INTO tokens (nome_token, acentuada, id_tipo_token) VALUES ("15133", "15133", (SELECT id_tipo_token FROM classificacoes_tokens WHERE BINARY nome_token = "15133"));
  INSERT IGNORE INTO classificacoes_tokens (nome_token, id_tipo_token) VALUES ("557", (SELECT id_chave_tipo_token FROM tipos_tokens WHERE nome_tipo_token = "numeral"));
INSERT IGNORE INTO tokens (nome_token, acentuada, id_tipo_token) VALUES ("557", "557", (SELECT id_tipo_token FROM classificacoes_tokens WHERE BINARY nome_token = "557"));
  INSERT IGNORE INTO tokens (nome_token, acentuada, id_tipo_token) VALUES ("alcoolicas", "alcoolicas", (SELECT id_tipo_token FROM classificacoes_tokens WHERE BINARY nome_token = "alcoolicas"));
  INSERT IGNORE INTO tokens (nome_token, acentuada, id_tipo_token) VALUES ("nao", "nao", (SELECT id_tipo_token FROM classificacoes_tokens WHERE BINARY nome_token = "nao"));
  INSERT IGNORE INTO classificacoes_tokens (nome_token, id_tipo_token) VALUES ("19185", (SELECT id_chave_tipo_token FROM tipos_tokens WHERE nome_tipo_token = "numeral"));
INSERT IGNORE INTO tokens (nome_token, acentuada, id_tipo_token) VALUES ("19185", "19185", (SELECT id_tipo_token FROM classificacoes_tokens WHERE BINARY nome_token = "19185"));
  INSERT IGNORE INTO tokens (nome_token, acentuada, id_tipo_token) VALUES ("alcoolicas", "alcoólicas", (SELECT id_tipo_token FROM classificacoes_tokens WHERE BINARY nome_token = "alcoólicas"));
  INSERT IGNORE INTO classificacoes_tokens (nome_token, id_tipo_token) VALUES ("19886", (SELECT id_chave_tipo_token FROM tipos_tokens WHERE nome_tipo_token = "numeral"));
INSERT IGNORE INTO tokens (nome_token, acentuada, id_tipo_token) VALUES ("19886", "19886", (SELECT id_tipo_token FROM classificacoes_tokens WHERE BINARY nome_token = "19886"));
  INSERT IGNORE INTO tokens (nome_token, acentuada, id_tipo_token) VALUES ("polidor", "polidor", (SELECT id_tipo_token FROM classificacoes_tokens WHERE BINARY nome_token = "polidor"));
  INSERT IGNORE INTO classificacoes_tokens (nome_token, id_tipo_token) VALUES ("554", (SELECT id_chave_tipo_token FROM tipos_tokens WHERE nome_tipo_token = "numeral"));
INSERT IGNORE INTO tokens (nome_token, acentuada, id_tipo_token) VALUES ("554", "554", (SELECT id_tipo_token FROM classificacoes_tokens WHERE BINARY nome_token = "554"));
  INSERT IGNORE INTO classificacoes_tokens (nome_token, id_tipo_token) VALUES ("553", (SELECT id_chave_tipo_token FROM tipos_tokens WHERE nome_tipo_token = "numeral"));
INSERT IGNORE INTO tokens (nome_token, acentuada, id_tipo_token) VALUES ("553", "553", (SELECT id_tipo_token FROM classificacoes_tokens WHERE BINARY nome_token = "553"));
  INSERT IGNORE INTO classificacoes_tokens (nome_token, id_tipo_token) VALUES ("552", (SELECT id_chave_tipo_token FROM tipos_tokens WHERE nome_tipo_token = "numeral"));
INSERT IGNORE INTO tokens (nome_token, acentuada, id_tipo_token) VALUES ("552", "552", (SELECT id_tipo_token FROM classificacoes_tokens WHERE BINARY nome_token = "552"));
  INSERT IGNORE INTO classificacoes_tokens (nome_token, id_tipo_token) VALUES ("551", (SELECT id_chave_tipo_token FROM tipos_tokens WHERE nome_tipo_token = "numeral"));
INSERT IGNORE INTO tokens (nome_token, acentuada, id_tipo_token) VALUES ("551", "551", (SELECT id_tipo_token FROM classificacoes_tokens WHERE BINARY nome_token = "551"));
  INSERT IGNORE INTO tokens (nome_token, acentuada, id_tipo_token) VALUES ("dario", "dario", (SELECT id_tipo_token FROM classificacoes_tokens WHERE BINARY nome_token = "dario"));
  INSERT IGNORE INTO classificacoes_tokens (nome_token, id_tipo_token) VALUES ("4500", (SELECT id_chave_tipo_token FROM tipos_tokens WHERE nome_tipo_token = "numeral"));
INSERT IGNORE INTO tokens (nome_token, acentuada, id_tipo_token) VALUES ("4500", "4500", (SELECT id_tipo_token FROM classificacoes_tokens WHERE BINARY nome_token = "4500"));
  INSERT IGNORE INTO classificacoes_tokens (nome_token, id_tipo_token) VALUES ("3226", (SELECT id_chave_tipo_token FROM tipos_tokens WHERE nome_tipo_token = "numeral"));
INSERT IGNORE INTO tokens (nome_token, acentuada, id_tipo_token) VALUES ("3226", "3226", (SELECT id_tipo_token FROM classificacoes_tokens WHERE BINARY nome_token = "3226"));
  INSERT IGNORE INTO classificacoes_tokens (nome_token, id_tipo_token) VALUES ("74560", (SELECT id_chave_tipo_token FROM tipos_tokens WHERE nome_tipo_token = "numeral"));
INSERT IGNORE INTO tokens (nome_token, acentuada, id_tipo_token) VALUES ("74560", "74560", (SELECT id_tipo_token FROM classificacoes_tokens WHERE BINARY nome_token = "74560"));
  INSERT IGNORE INTO classificacoes_tokens (nome_token, id_tipo_token) VALUES ("612", (SELECT id_chave_tipo_token FROM tipos_tokens WHERE nome_tipo_token = "numeral"));
INSERT IGNORE INTO tokens (nome_token, acentuada, id_tipo_token) VALUES ("612", "612", (SELECT id_tipo_token FROM classificacoes_tokens WHERE BINARY nome_token = "612"));
  INSERT IGNORE INTO tokens (nome_token, acentuada, id_tipo_token) VALUES ("armogaste", "armogaste", (SELECT id_tipo_token FROM classificacoes_tokens WHERE BINARY nome_token = "armogaste"));
  INSERT IGNORE INTO tokens (nome_token, acentuada, id_tipo_token) VALUES ("italo", "ítalo", (SELECT id_tipo_token FROM classificacoes_tokens WHERE BINARY nome_token = "ítalo"));
  INSERT IGNORE INTO classificacoes_tokens (nome_token, id_tipo_token) VALUES ("19902", (SELECT id_chave_tipo_token FROM tipos_tokens WHERE nome_tipo_token = "numeral"));
INSERT IGNORE INTO tokens (nome_token, acentuada, id_tipo_token) VALUES ("19902", "19902", (SELECT id_tipo_token FROM classificacoes_tokens WHERE BINARY nome_token = "19902"));
  INSERT IGNORE INTO tokens (nome_token, acentuada, id_tipo_token) VALUES ("mineiro", "mineiro", (SELECT id_tipo_token FROM classificacoes_tokens WHERE BINARY nome_token = "mineiro"));
  INSERT IGNORE INTO tokens (nome_token, acentuada, id_tipo_token) VALUES ("marcelo", "marcelo", (SELECT id_tipo_token FROM classificacoes_tokens WHERE BINARY nome_token = "marcelo"));
  INSERT IGNORE INTO tokens (nome_token, acentuada, id_tipo_token) VALUES ("fone", "fone", (SELECT id_tipo_token FROM classificacoes_tokens WHERE BINARY nome_token = "fone"));
  INSERT IGNORE INTO classificacoes_tokens (nome_token, id_tipo_token) VALUES ("74474", (SELECT id_chave_tipo_token FROM tipos_tokens WHERE nome_tipo_token = "numeral"));
INSERT IGNORE INTO tokens (nome_token, acentuada, id_tipo_token) VALUES ("74474", "74474", (SELECT id_tipo_token FROM classificacoes_tokens WHERE BINARY nome_token = "74474"));
  INSERT IGNORE INTO tokens (nome_token, acentuada, id_tipo_token) VALUES ("colorado", "colorado", (SELECT id_tipo_token FROM classificacoes_tokens WHERE BINARY nome_token = "colorado"));
  INSERT IGNORE INTO classificacoes_tokens (nome_token, id_tipo_token) VALUES ("5208707", (SELECT id_chave_tipo_token FROM tipos_tokens WHERE nome_tipo_token = "numeral"));
INSERT IGNORE INTO tokens (nome_token, acentuada, id_tipo_token) VALUES ("5208707", "5208707", (SELECT id_tipo_token FROM classificacoes_tokens WHERE BINARY nome_token = "5208707"));
  INSERT IGNORE INTO tokens (nome_token, acentuada, id_tipo_token) VALUES ("eletromecanica", "eletromecanica", (SELECT id_tipo_token FROM classificacoes_tokens WHERE BINARY nome_token = "eletromecanica"));
  INSERT IGNORE INTO tokens (nome_token, acentuada, id_tipo_token) VALUES ("topografo", "topografo", (SELECT id_tipo_token FROM classificacoes_tokens WHERE BINARY nome_token = "topografo"));
  INSERT IGNORE INTO classificacoes_tokens (nome_token, id_tipo_token) VALUES ("19179", (SELECT id_chave_tipo_token FROM tipos_tokens WHERE nome_tipo_token = "numeral"));
INSERT IGNORE INTO tokens (nome_token, acentuada, id_tipo_token) VALUES ("19179", "19179", (SELECT id_tipo_token FROM classificacoes_tokens WHERE BINARY nome_token = "19179"));
  INSERT IGNORE INTO tokens (nome_token, acentuada, id_tipo_token) VALUES ("extracao", "extração", (SELECT id_tipo_token FROM classificacoes_tokens WHERE BINARY nome_token = "extração"));
  INSERT IGNORE INTO tokens (nome_token, acentuada, id_tipo_token) VALUES ("mineracao", "mineração", (SELECT id_tipo_token FROM classificacoes_tokens WHERE BINARY nome_token = "mineração"));
  INSERT IGNORE INTO tokens (nome_token, acentuada, id_tipo_token) VALUES ("topografo", "topógrafo", (SELECT id_tipo_token FROM classificacoes_tokens WHERE BINARY nome_token = "topógrafo"));
  INSERT IGNORE INTO tokens (nome_token, acentuada, id_tipo_token) VALUES ("eletronica", "eletronica", (SELECT id_tipo_token FROM classificacoes_tokens WHERE BINARY nome_token = "eletronica"));
  INSERT IGNORE INTO classificacoes_tokens (nome_token, id_tipo_token) VALUES ("17370", (SELECT id_chave_tipo_token FROM tipos_tokens WHERE nome_tipo_token = "numeral"));
INSERT IGNORE INTO tokens (nome_token, acentuada, id_tipo_token) VALUES ("17370", "17370", (SELECT id_tipo_token FROM classificacoes_tokens WHERE BINARY nome_token = "17370"));
  INSERT IGNORE INTO classificacoes_tokens (nome_token, id_tipo_token) VALUES ("19183", (SELECT id_chave_tipo_token FROM tipos_tokens WHERE nome_tipo_token = "numeral"));
INSERT IGNORE INTO tokens (nome_token, acentuada, id_tipo_token) VALUES ("19183", "19183", (SELECT id_tipo_token FROM classificacoes_tokens WHERE BINARY nome_token = "19183"));
  INSERT IGNORE INTO classificacoes_tokens (nome_token, id_tipo_token) VALUES ("15130", (SELECT id_chave_tipo_token FROM tipos_tokens WHERE nome_tipo_token = "numeral"));
INSERT IGNORE INTO tokens (nome_token, acentuada, id_tipo_token) VALUES ("15130", "15130", (SELECT id_tipo_token FROM classificacoes_tokens WHERE BINARY nome_token = "15130"));
  INSERT IGNORE INTO tokens (nome_token, acentuada, id_tipo_token) VALUES ("inovador", "inovador", (SELECT id_tipo_token FROM classificacoes_tokens WHERE BINARY nome_token = "inovador"));
  INSERT IGNORE INTO classificacoes_tokens (nome_token, id_tipo_token) VALUES ("17054", (SELECT id_chave_tipo_token FROM tipos_tokens WHERE nome_tipo_token = "numeral"));
INSERT IGNORE INTO tokens (nome_token, acentuada, id_tipo_token) VALUES ("17054", "17054", (SELECT id_tipo_token FROM classificacoes_tokens WHERE BINARY nome_token = "17054"));
  INSERT IGNORE INTO tokens (nome_token, acentuada, id_tipo_token) VALUES ("consultor", "consultor", (SELECT id_tipo_token FROM classificacoes_tokens WHERE BINARY nome_token = "consultor"));
  INSERT IGNORE INTO tokens (nome_token, acentuada, id_tipo_token) VALUES ("danilo", "danilo", (SELECT id_tipo_token FROM classificacoes_tokens WHERE BINARY nome_token = "danilo"));
  INSERT IGNORE INTO classificacoes_tokens (nome_token, id_tipo_token) VALUES ("1700", (SELECT id_chave_tipo_token FROM tipos_tokens WHERE nome_tipo_token = "numeral"));
INSERT IGNORE INTO tokens (nome_token, acentuada, id_tipo_token) VALUES ("1700", "1700", (SELECT id_tipo_token FROM classificacoes_tokens WHERE BINARY nome_token = "1700"));
  INSERT IGNORE INTO classificacoes_tokens (nome_token, id_tipo_token) VALUES ("3445", (SELECT id_chave_tipo_token FROM tipos_tokens WHERE nome_tipo_token = "numeral"));
INSERT IGNORE INTO tokens (nome_token, acentuada, id_tipo_token) VALUES ("3445", "3445", (SELECT id_tipo_token FROM classificacoes_tokens WHERE BINARY nome_token = "3445"));
  INSERT IGNORE INTO classificacoes_tokens (nome_token, id_tipo_token) VALUES ("75704", (SELECT id_chave_tipo_token FROM tipos_tokens WHERE nome_tipo_token = "numeral"));
INSERT IGNORE INTO tokens (nome_token, acentuada, id_tipo_token) VALUES ("75704", "75704", (SELECT id_tipo_token FROM classificacoes_tokens WHERE BINARY nome_token = "75704"));
  INSERT IGNORE INTO tokens (nome_token, acentuada, id_tipo_token) VALUES ("avelar", "avelar", (SELECT id_tipo_token FROM classificacoes_tokens WHERE BINARY nome_token = "avelar"));
  INSERT IGNORE INTO tokens (nome_token, acentuada, id_tipo_token) VALUES ("lamartine", "lamartine", (SELECT id_tipo_token FROM classificacoes_tokens WHERE BINARY nome_token = "lamartine"));
  INSERT IGNORE INTO classificacoes_tokens (nome_token, id_tipo_token) VALUES ("5205109", (SELECT id_chave_tipo_token FROM tipos_tokens WHERE nome_tipo_token = "numeral"));
INSERT IGNORE INTO tokens (nome_token, acentuada, id_tipo_token) VALUES ("5205109", "5205109", (SELECT id_tipo_token FROM classificacoes_tokens WHERE BINARY nome_token = "5205109"));
  INSERT IGNORE INTO tokens (nome_token, acentuada, id_tipo_token) VALUES ("catalao", "catalão", (SELECT id_tipo_token FROM classificacoes_tokens WHERE BINARY nome_token = "catalão"));
  INSERT IGNORE INTO classificacoes_tokens (nome_token, id_tipo_token) VALUES ("19171", (SELECT id_chave_tipo_token FROM tipos_tokens WHERE nome_tipo_token = "numeral"));
INSERT IGNORE INTO tokens (nome_token, acentuada, id_tipo_token) VALUES ("19171", "19171", (SELECT id_tipo_token FROM classificacoes_tokens WHERE BINARY nome_token = "19171"));
  INSERT IGNORE INTO tokens (nome_token, acentuada, id_tipo_token) VALUES ("animacao", "animacao", (SELECT id_tipo_token FROM classificacoes_tokens WHERE BINARY nome_token = "animacao"));
  INSERT IGNORE INTO tokens (nome_token, acentuada, id_tipo_token) VALUES ("grafico", "grafico", (SELECT id_tipo_token FROM classificacoes_tokens WHERE BINARY nome_token = "grafico"));
  INSERT IGNORE INTO classificacoes_tokens (nome_token, id_tipo_token) VALUES ("19909", (SELECT id_chave_tipo_token FROM tipos_tokens WHERE nome_tipo_token = "numeral"));
INSERT IGNORE INTO tokens (nome_token, acentuada, id_tipo_token) VALUES ("19909", "19909", (SELECT id_tipo_token FROM classificacoes_tokens WHERE BINARY nome_token = "19909"));
  INSERT IGNORE INTO tokens (nome_token, acentuada, id_tipo_token) VALUES ("identidade", "identidade", (SELECT id_tipo_token FROM classificacoes_tokens WHERE BINARY nome_token = "identidade"));
  INSERT IGNORE INTO classificacoes_tokens (nome_token, id_tipo_token) VALUES ("19170", (SELECT id_chave_tipo_token FROM tipos_tokens WHERE nome_tipo_token = "numeral"));
INSERT IGNORE INTO tokens (nome_token, acentuada, id_tipo_token) VALUES ("19170", "19170", (SELECT id_tipo_token FROM classificacoes_tokens WHERE BINARY nome_token = "19170"));
  INSERT IGNORE INTO classificacoes_tokens (nome_token, id_tipo_token) VALUES ("19889", (SELECT id_chave_tipo_token FROM tipos_tokens WHERE nome_tipo_token = "numeral"));
INSERT IGNORE INTO tokens (nome_token, acentuada, id_tipo_token) VALUES ("19889", "19889", (SELECT id_tipo_token FROM classificacoes_tokens WHERE BINARY nome_token = "19889"));
  INSERT IGNORE INTO tokens (nome_token, acentuada, id_tipo_token) VALUES ("construcao", "construcao", (SELECT id_tipo_token FROM classificacoes_tokens WHERE BINARY nome_token = "construcao"));
  INSERT IGNORE INTO classificacoes_tokens (nome_token, id_tipo_token) VALUES ("19887", (SELECT id_chave_tipo_token FROM tipos_tokens WHERE nome_tipo_token = "numeral"));
INSERT IGNORE INTO tokens (nome_token, acentuada, id_tipo_token) VALUES ("19887", "19887", (SELECT id_tipo_token FROM classificacoes_tokens WHERE BINARY nome_token = "19887"));
  INSERT IGNORE INTO classificacoes_tokens (nome_token, id_tipo_token) VALUES ("19888", (SELECT id_chave_tipo_token FROM tipos_tokens WHERE nome_tipo_token = "numeral"));
INSERT IGNORE INTO tokens (nome_token, acentuada, id_tipo_token) VALUES ("19888", "19888", (SELECT id_tipo_token FROM classificacoes_tokens WHERE BINARY nome_token = "19888"));
  INSERT IGNORE INTO tokens (nome_token, acentuada, id_tipo_token) VALUES ("refrigeracao", "refrigeracao", (SELECT id_tipo_token FROM classificacoes_tokens WHERE BINARY nome_token = "refrigeracao"));
  INSERT IGNORE INTO classificacoes_tokens (nome_token, id_tipo_token) VALUES ("19184", (SELECT id_chave_tipo_token FROM tipos_tokens WHERE nome_tipo_token = "numeral"));
INSERT IGNORE INTO tokens (nome_token, acentuada, id_tipo_token) VALUES ("19184", "19184", (SELECT id_tipo_token FROM classificacoes_tokens WHERE BINARY nome_token = "19184"));
  INSERT IGNORE INTO tokens (nome_token, acentuada, id_tipo_token) VALUES ("instalacoes", "instalacoes", (SELECT id_tipo_token FROM classificacoes_tokens WHERE BINARY nome_token = "instalacoes"));
  INSERT IGNORE INTO tokens (nome_token, acentuada, id_tipo_token) VALUES ("tecnico", "tecnico", (SELECT id_tipo_token FROM classificacoes_tokens WHERE BINARY nome_token = "tecnico"));
  INSERT IGNORE INTO classificacoes_tokens (nome_token, id_tipo_token) VALUES ("19190", (SELECT id_chave_tipo_token FROM tipos_tokens WHERE nome_tipo_token = "numeral"));
INSERT IGNORE INTO tokens (nome_token, acentuada, id_tipo_token) VALUES ("19190", "19190", (SELECT id_tipo_token FROM classificacoes_tokens WHERE BINARY nome_token = "19190"));
  INSERT IGNORE INTO tokens (nome_token, acentuada, id_tipo_token) VALUES ("fiscalizacao", "fiscalizacao", (SELECT id_tipo_token FROM classificacoes_tokens WHERE BINARY nome_token = "fiscalizacao"));
  INSERT IGNORE INTO classificacoes_tokens (nome_token, id_tipo_token) VALUES ("19176", (SELECT id_chave_tipo_token FROM tipos_tokens WHERE nome_tipo_token = "numeral"));
INSERT IGNORE INTO tokens (nome_token, acentuada, id_tipo_token) VALUES ("19176", "19176", (SELECT id_tipo_token FROM classificacoes_tokens WHERE BINARY nome_token = "19176"));
  INSERT IGNORE INTO tokens (nome_token, acentuada, id_tipo_token) VALUES ("fiscalizacao", "fiscalização", (SELECT id_tipo_token FROM classificacoes_tokens WHERE BINARY nome_token = "fiscalização"));
  INSERT IGNORE INTO classificacoes_tokens (nome_token, id_tipo_token) VALUES ("6201", (SELECT id_chave_tipo_token FROM tipos_tokens WHERE nome_tipo_token = "numeral"));
INSERT IGNORE INTO tokens (nome_token, acentuada, id_tipo_token) VALUES ("6201", "6201", (SELECT id_tipo_token FROM classificacoes_tokens WHERE BINARY nome_token = "6201"));
  INSERT IGNORE INTO tokens (nome_token, acentuada, id_tipo_token) VALUES ("expedicao", "expedicao", (SELECT id_tipo_token FROM classificacoes_tokens WHERE BINARY nome_token = "expedicao"));
  INSERT IGNORE INTO classificacoes_tokens (nome_token, id_tipo_token) VALUES ("19175", (SELECT id_chave_tipo_token FROM tipos_tokens WHERE nome_tipo_token = "numeral"));
INSERT IGNORE INTO tokens (nome_token, acentuada, id_tipo_token) VALUES ("19175", "19175", (SELECT id_tipo_token FROM classificacoes_tokens WHERE BINARY nome_token = "19175"));
  INSERT IGNORE INTO tokens (nome_token, acentuada, id_tipo_token) VALUES ("expedicao", "expedição", (SELECT id_tipo_token FROM classificacoes_tokens WHERE BINARY nome_token = "expedição"));
  INSERT IGNORE INTO tokens (nome_token, acentuada, id_tipo_token) VALUES ("producao", "producao", (SELECT id_tipo_token FROM classificacoes_tokens WHERE BINARY nome_token = "producao"));
  INSERT IGNORE INTO classificacoes_tokens (nome_token, id_tipo_token) VALUES ("16407", (SELECT id_chave_tipo_token FROM tipos_tokens WHERE nome_tipo_token = "numeral"));
INSERT IGNORE INTO tokens (nome_token, acentuada, id_tipo_token) VALUES ("16407", "16407", (SELECT id_tipo_token FROM classificacoes_tokens WHERE BINARY nome_token = "16407"));
  INSERT IGNORE INTO classificacoes_tokens (nome_token, id_tipo_token) VALUES ("16405", (SELECT id_chave_tipo_token FROM tipos_tokens WHERE nome_tipo_token = "numeral"));
INSERT IGNORE INTO tokens (nome_token, acentuada, id_tipo_token) VALUES ("16405", "16405", (SELECT id_tipo_token FROM classificacoes_tokens WHERE BINARY nome_token = "16405"));
  INSERT IGNORE INTO tokens (nome_token, acentuada, id_tipo_token) VALUES ("logisticas", "logisticas", (SELECT id_tipo_token FROM classificacoes_tokens WHERE BINARY nome_token = "logisticas"));
  INSERT IGNORE INTO tokens (nome_token, acentuada, id_tipo_token) VALUES ("operacoes", "operacoes", (SELECT id_tipo_token FROM classificacoes_tokens WHERE BINARY nome_token = "operacoes"));
  INSERT IGNORE INTO classificacoes_tokens (nome_token, id_tipo_token) VALUES ("15132", (SELECT id_chave_tipo_token FROM tipos_tokens WHERE nome_tipo_token = "numeral"));
INSERT IGNORE INTO tokens (nome_token, acentuada, id_tipo_token) VALUES ("15132", "15132", (SELECT id_tipo_token FROM classificacoes_tokens WHERE BINARY nome_token = "15132"));
  INSERT IGNORE INTO tokens (nome_token, acentuada, id_tipo_token) VALUES ("sustentavel", "sustentavel", (SELECT id_tipo_token FROM classificacoes_tokens WHERE BINARY nome_token = "sustentavel"));
  INSERT IGNORE INTO classificacoes_tokens (nome_token, id_tipo_token) VALUES ("19896", (SELECT id_chave_tipo_token FROM tipos_tokens WHERE nome_tipo_token = "numeral"));
INSERT IGNORE INTO tokens (nome_token, acentuada, id_tipo_token) VALUES ("19896", "19896", (SELECT id_tipo_token FROM classificacoes_tokens WHERE BINARY nome_token = "19896"));
  INSERT IGNORE INTO tokens (nome_token, acentuada, id_tipo_token) VALUES ("misclay", "misclay", (SELECT id_tipo_token FROM classificacoes_tokens WHERE BINARY nome_token = "misclay"));
  INSERT IGNORE INTO classificacoes_tokens (nome_token, id_tipo_token) VALUES ("6200", (SELECT id_chave_tipo_token FROM tipos_tokens WHERE nome_tipo_token = "numeral"));
INSERT IGNORE INTO tokens (nome_token, acentuada, id_tipo_token) VALUES ("6200", "6200", (SELECT id_tipo_token FROM classificacoes_tokens WHERE BINARY nome_token = "6200"));
  INSERT IGNORE INTO classificacoes_tokens (nome_token, id_tipo_token) VALUES ("3902", (SELECT id_chave_tipo_token FROM tipos_tokens WHERE nome_tipo_token = "numeral"));
INSERT IGNORE INTO tokens (nome_token, acentuada, id_tipo_token) VALUES ("3902", "3902", (SELECT id_tipo_token FROM classificacoes_tokens WHERE BINARY nome_token = "3902"));
  INSERT IGNORE INTO classificacoes_tokens (nome_token, id_tipo_token) VALUES ("630", (SELECT id_chave_tipo_token FROM tipos_tokens WHERE nome_tipo_token = "numeral"));
INSERT IGNORE INTO tokens (nome_token, acentuada, id_tipo_token) VALUES ("630", "630", (SELECT id_tipo_token FROM classificacoes_tokens WHERE BINARY nome_token = "630"));
  INSERT IGNORE INTO classificacoes_tokens (nome_token, id_tipo_token) VALUES ("75113", (SELECT id_chave_tipo_token FROM tipos_tokens WHERE nome_tipo_token = "numeral"));
INSERT IGNORE INTO tokens (nome_token, acentuada, id_tipo_token) VALUES ("75113", "75113", (SELECT id_tipo_token FROM classificacoes_tokens WHERE BINARY nome_token = "75113"));
  INSERT IGNORE INTO tokens (nome_token, acentuada, id_tipo_token) VALUES ("engenheiro", "engenheiro", (SELECT id_tipo_token FROM classificacoes_tokens WHERE BINARY nome_token = "engenheiro"));
  INSERT IGNORE INTO classificacoes_tokens (nome_token, id_tipo_token) VALUES ("5201108", (SELECT id_chave_tipo_token FROM tipos_tokens WHERE nome_tipo_token = "numeral"));
INSERT IGNORE INTO tokens (nome_token, acentuada, id_tipo_token) VALUES ("5201108", "5201108", (SELECT id_tipo_token FROM classificacoes_tokens WHERE BINARY nome_token = "5201108"));
  INSERT IGNORE INTO tokens (nome_token, acentuada, id_tipo_token) VALUES ("anapolis", "anápolis", (SELECT id_tipo_token FROM classificacoes_tokens WHERE BINARY nome_token = "anápolis"));
  INSERT IGNORE INTO tokens (nome_token, acentuada, id_tipo_token) VALUES ("niquelandia", "niquelandia", (SELECT id_tipo_token FROM classificacoes_tokens WHERE BINARY nome_token = "niquelandia"));
  INSERT IGNORE INTO classificacoes_tokens (nome_token, id_tipo_token) VALUES ("6151", (SELECT id_chave_tipo_token FROM tipos_tokens WHERE nome_tipo_token = "numeral"));
INSERT IGNORE INTO tokens (nome_token, acentuada, id_tipo_token) VALUES ("6151", "6151", (SELECT id_tipo_token FROM classificacoes_tokens WHERE BINARY nome_token = "6151"));
  INSERT IGNORE INTO tokens (nome_token, acentuada, id_tipo_token) VALUES ("goias", "goiás", (SELECT id_tipo_token FROM classificacoes_tokens WHERE BINARY nome_token = "goiás"));
  INSERT IGNORE INTO classificacoes_tokens (nome_token, id_tipo_token) VALUES ("76390", (SELECT id_chave_tipo_token FROM tipos_tokens WHERE nome_tipo_token = "numeral"));
INSERT IGNORE INTO tokens (nome_token, acentuada, id_tipo_token) VALUES ("76390", "76390", (SELECT id_tipo_token FROM classificacoes_tokens WHERE BINARY nome_token = "76390"));
  INSERT IGNORE INTO tokens (nome_token, acentuada, id_tipo_token) VALUES ("fogo", "fogo", (SELECT id_tipo_token FROM classificacoes_tokens WHERE BINARY nome_token = "fogo"));
  INSERT IGNORE INTO tokens (nome_token, acentuada, id_tipo_token) VALUES ("pedra", "pedra", (SELECT id_tipo_token FROM classificacoes_tokens WHERE BINARY nome_token = "pedra"));
  INSERT IGNORE INTO tokens (nome_token, acentuada, id_tipo_token) VALUES ("distribuicao", "distribuicao", (SELECT id_tipo_token FROM classificacoes_tokens WHERE BINARY nome_token = "distribuicao"));
  INSERT IGNORE INTO classificacoes_tokens (nome_token, id_tipo_token) VALUES ("16409", (SELECT id_chave_tipo_token FROM tipos_tokens WHERE nome_tipo_token = "numeral"));
INSERT IGNORE INTO tokens (nome_token, acentuada, id_tipo_token) VALUES ("16409", "16409", (SELECT id_tipo_token FROM classificacoes_tokens WHERE BINARY nome_token = "16409"));
  INSERT IGNORE INTO classificacoes_tokens (nome_token, id_tipo_token) VALUES ("5203203", (SELECT id_chave_tipo_token FROM tipos_tokens WHERE nome_tipo_token = "numeral"));
INSERT IGNORE INTO tokens (nome_token, acentuada, id_tipo_token) VALUES ("5203203", "5203203", (SELECT id_tipo_token FROM classificacoes_tokens WHERE BINARY nome_token = "5203203"));
  INSERT IGNORE INTO classificacoes_tokens (nome_token, id_tipo_token) VALUES ("6901", (SELECT id_chave_tipo_token FROM tipos_tokens WHERE nome_tipo_token = "numeral"));
INSERT IGNORE INTO tokens (nome_token, acentuada, id_tipo_token) VALUES ("6901", "6901", (SELECT id_tipo_token FROM classificacoes_tokens WHERE BINARY nome_token = "6901"));
  INSERT IGNORE INTO classificacoes_tokens (nome_token, id_tipo_token) VALUES ("17051", (SELECT id_chave_tipo_token FROM tipos_tokens WHERE nome_tipo_token = "numeral"));
INSERT IGNORE INTO tokens (nome_token, acentuada, id_tipo_token) VALUES ("17051", "17051", (SELECT id_tipo_token FROM classificacoes_tokens WHERE BINARY nome_token = "17051"));
  INSERT IGNORE INTO tokens (nome_token, acentuada, id_tipo_token) VALUES ("fieg", "fieg", (SELECT id_tipo_token FROM classificacoes_tokens WHERE BINARY nome_token = "fieg"));
  INSERT IGNORE INTO tokens (nome_token, acentuada, id_tipo_token) VALUES ("volneicesar", "volneicesar", (SELECT id_tipo_token FROM classificacoes_tokens WHERE BINARY nome_token = "volneicesar"));
  INSERT IGNORE INTO classificacoes_tokens (nome_token, id_tipo_token) VALUES ("3236", (SELECT id_chave_tipo_token FROM tipos_tokens WHERE nome_tipo_token = "numeral"));
INSERT IGNORE INTO tokens (nome_token, acentuada, id_tipo_token) VALUES ("3236", "3236", (SELECT id_tipo_token FROM classificacoes_tokens WHERE BINARY nome_token = "3236"));
  INSERT IGNORE INTO classificacoes_tokens (nome_token, id_tipo_token) VALUES ("539", (SELECT id_chave_tipo_token FROM tipos_tokens WHERE nome_tipo_token = "numeral"));
INSERT IGNORE INTO tokens (nome_token, acentuada, id_tipo_token) VALUES ("539", "539", (SELECT id_tipo_token FROM classificacoes_tokens WHERE BINARY nome_token = "539"));
  INSERT IGNORE INTO classificacoes_tokens (nome_token, id_tipo_token) VALUES ("74968", (SELECT id_chave_tipo_token FROM tipos_tokens WHERE nome_tipo_token = "numeral"));
INSERT IGNORE INTO tokens (nome_token, acentuada, id_tipo_token) VALUES ("74968", "74968", (SELECT id_tipo_token FROM classificacoes_tokens WHERE BINARY nome_token = "74968"));
  INSERT IGNORE INTO tokens (nome_token, acentuada, id_tipo_token) VALUES ("garavelo", "garavelo", (SELECT id_tipo_token FROM classificacoes_tokens WHERE BINARY nome_token = "garavelo"));
  INSERT IGNORE INTO tokens (nome_token, acentuada, id_tipo_token) VALUES ("pirineus", "pirineus", (SELECT id_tipo_token FROM classificacoes_tokens WHERE BINARY nome_token = "pirineus"));
  INSERT IGNORE INTO tokens (nome_token, acentuada, id_tipo_token) VALUES ("gestao", "gestao", (SELECT id_tipo_token FROM classificacoes_tokens WHERE BINARY nome_token = "gestao"));
  INSERT IGNORE INTO tokens (nome_token, acentuada, id_tipo_token) VALUES ("eadcursos", "eadcursos", (SELECT id_tipo_token FROM classificacoes_tokens WHERE BINARY nome_token = "eadcursos"));
  INSERT IGNORE INTO tokens (nome_token, acentuada, id_tipo_token) VALUES ("senaigoias", "senaigoias", (SELECT id_tipo_token FROM classificacoes_tokens WHERE BINARY nome_token = "senaigoias"));
  INSERT IGNORE INTO classificacoes_tokens (nome_token, id_tipo_token) VALUES ("19897", (SELECT id_chave_tipo_token FROM tipos_tokens WHERE nome_tipo_token = "numeral"));
INSERT IGNORE INTO tokens (nome_token, acentuada, id_tipo_token) VALUES ("19897", "19897", (SELECT id_tipo_token FROM classificacoes_tokens WHERE BINARY nome_token = "19897"));
  INSERT IGNORE INTO tokens (nome_token, acentuada, id_tipo_token) VALUES ("financeira", "financeira", (SELECT id_tipo_token FROM classificacoes_tokens WHERE BINARY nome_token = "financeira"));
  INSERT IGNORE INTO classificacoes_tokens (nome_token, id_tipo_token) VALUES ("5201405", (SELECT id_chave_tipo_token FROM tipos_tokens WHERE nome_tipo_token = "numeral"));
INSERT IGNORE INTO tokens (nome_token, acentuada, id_tipo_token) VALUES ("5201405", "5201405", (SELECT id_tipo_token FROM classificacoes_tokens WHERE BINARY nome_token = "5201405"));
  INSERT IGNORE INTO tokens (nome_token, acentuada, id_tipo_token) VALUES ("goiania", "goiânia", (SELECT id_tipo_token FROM classificacoes_tokens WHERE BINARY nome_token = "goiânia"));
  INSERT IGNORE INTO tokens (nome_token, acentuada, id_tipo_token) VALUES ("f_python", "f_python", (SELECT id_tipo_token FROM classificacoes_tokens WHERE BINARY nome_token = "f_python"));
  INSERT IGNORE INTO tokens (nome_token, acentuada, id_tipo_token) VALUES ("ms_office", "ms_office", (SELECT id_tipo_token FROM classificacoes_tokens WHERE BINARY nome_token = "ms_office"));
  INSERT IGNORE INTO tokens (nome_token, acentuada, id_tipo_token) VALUES ("c_segur", "c_segur", (SELECT id_tipo_token FROM classificacoes_tokens WHERE BINARY nome_token = "c_segur"));
  INSERT IGNORE INTO tokens (nome_token, acentuada, id_tipo_token) VALUES ("inter_web", "inter_web", (SELECT id_tipo_token FROM classificacoes_tokens WHERE BINARY nome_token = "inter_web"));
  INSERT IGNORE INTO tokens (nome_token, acentuada, id_tipo_token) VALUES ("ux_ui", "ux_ui", (SELECT id_tipo_token FROM classificacoes_tokens WHERE BINARY nome_token = "ux_ui"));
  INSERT IGNORE INTO tokens (nome_token, acentuada, id_tipo_token) VALUES ("c_trac", "c_trac", (SELECT id_tipo_token FROM classificacoes_tokens WHERE BINARY nome_token = "c_trac"));
  INSERT IGNORE INTO tokens (nome_token, acentuada, id_tipo_token) VALUES ("estilim", "estilim", (SELECT id_tipo_token FROM classificacoes_tokens WHERE BINARY nome_token = "estilim"));
  INSERT IGNORE INTO tokens (nome_token, acentuada, id_tipo_token) VALUES ("c_otto", "c_otto", (SELECT id_tipo_token FROM classificacoes_tokens WHERE BINARY nome_token = "c_otto"));
  INSERT IGNORE INTO tokens (nome_token, acentuada, id_tipo_token) VALUES ("bedouian", "bedouian", (SELECT id_tipo_token FROM classificacoes_tokens WHERE BINARY nome_token = "bedouian"));
  INSERT IGNORE INTO tokens (nome_token, acentuada, id_tipo_token) VALUES ("avak", "avak", (SELECT id_tipo_token FROM classificacoes_tokens WHERE BINARY nome_token = "avak"));
  INSERT IGNORE INTO tokens (nome_token, acentuada, id_tipo_token) VALUES ("birigui", "birigüi", (SELECT id_tipo_token FROM classificacoes_tokens WHERE BINARY nome_token = "birigüi"));
  INSERT IGNORE INTO tokens (nome_token, acentuada, id_tipo_token) VALUES ("iot3", "iot3", (SELECT id_tipo_token FROM classificacoes_tokens WHERE BINARY nome_token = "iot3"));
  INSERT IGNORE INTO tokens (nome_token, acentuada, id_tipo_token) VALUES ("iot2", "iot2", (SELECT id_tipo_token FROM classificacoes_tokens WHERE BINARY nome_token = "iot2"));
  INSERT IGNORE INTO tokens (nome_token, acentuada, id_tipo_token) VALUES ("nishimura", "nishimura", (SELECT id_tipo_token FROM classificacoes_tokens WHERE BINARY nome_token = "nishimura"));
  INSERT IGNORE INTO tokens (nome_token, acentuada, id_tipo_token) VALUES ("shunji", "shunji", (SELECT id_tipo_token FROM classificacoes_tokens WHERE BINARY nome_token = "shunji"));
  INSERT IGNORE INTO classificacoes_tokens (nome_token, id_tipo_token) VALUES ("928", (SELECT id_chave_tipo_token FROM tipos_tokens WHERE nome_tipo_token = "numeral"));
INSERT IGNORE INTO tokens (nome_token, acentuada, id_tipo_token) VALUES ("928", "928", (SELECT id_tipo_token FROM classificacoes_tokens WHERE BINARY nome_token = "928"));
  INSERT IGNORE INTO tokens (nome_token, acentuada, id_tipo_token) VALUES ("pompeia", "pompeia", (SELECT id_tipo_token FROM classificacoes_tokens WHERE BINARY nome_token = "pompeia"));
  INSERT IGNORE INTO tokens (nome_token, acentuada, id_tipo_token) VALUES ("pacpas", "pacpas", (SELECT id_tipo_token FROM classificacoes_tokens WHERE BINARY nome_token = "pacpas"));
  INSERT IGNORE INTO tokens (nome_token, acentuada, id_tipo_token) VALUES ("red", "red", (SELECT id_tipo_token FROM classificacoes_tokens WHERE BINARY nome_token = "red"));
  INSERT IGNORE INTO tokens (nome_token, acentuada, id_tipo_token) VALUES ("pacof", "pacof", (SELECT id_tipo_token FROM classificacoes_tokens WHERE BINARY nome_token = "pacof"));
  INSERT IGNORE INTO tokens (nome_token, acentuada, id_tipo_token) VALUES ("mmm", "mmm", (SELECT id_tipo_token FROM classificacoes_tokens WHERE BINARY nome_token = "mmm"));
  INSERT IGNORE INTO tokens (nome_token, acentuada, id_tipo_token) VALUES ("polizotto", "polizotto", (SELECT id_tipo_token FROM classificacoes_tokens WHERE BINARY nome_token = "polizotto"));
  INSERT IGNORE INTO classificacoes_tokens (nome_token, id_tipo_token) VALUES ("927", (SELECT id_chave_tipo_token FROM tipos_tokens WHERE nome_tipo_token = "numeral"));
INSERT IGNORE INTO tokens (nome_token, acentuada, id_tipo_token) VALUES ("927", "927", (SELECT id_tipo_token FROM classificacoes_tokens WHERE BINARY nome_token = "927"));
  INSERT IGNORE INTO tokens (nome_token, acentuada, id_tipo_token) VALUES ("marilia", "marília", (SELECT id_tipo_token FROM classificacoes_tokens WHERE BINARY nome_token = "marília"));
  INSERT IGNORE INTO tokens (nome_token, acentuada, id_tipo_token) VALUES ("mo", "mo", (SELECT id_tipo_token FROM classificacoes_tokens WHERE BINARY nome_token = "mo"));
  INSERT IGNORE INTO tokens (nome_token, acentuada, id_tipo_token) VALUES ("rasp", "rasp", (SELECT id_tipo_token FROM classificacoes_tokens WHERE BINARY nome_token = "rasp"));
  INSERT IGNORE INTO tokens (nome_token, acentuada, id_tipo_token) VALUES ("gt_drc_bolo2025", "gt_drc_bolo2025", (SELECT id_tipo_token FROM classificacoes_tokens WHERE BINARY nome_token = "gt_drc_bolo2025"));
  INSERT IGNORE INTO tokens (nome_token, acentuada, id_tipo_token) VALUES ("fresa", "fresa", (SELECT id_tipo_token FROM classificacoes_tokens WHERE BINARY nome_token = "fresa"));
  INSERT IGNORE INTO tokens (nome_token, acentuada, id_tipo_token) VALUES ("python1", "python1", (SELECT id_tipo_token FROM classificacoes_tokens WHERE BINARY nome_token = "python1"));
  INSERT IGNORE INTO tokens (nome_token, acentuada, id_tipo_token) VALUES ("dev2b", "dev2b", (SELECT id_tipo_token FROM classificacoes_tokens WHERE BINARY nome_token = "dev2b"));
  INSERT IGNORE INTO tokens (nome_token, acentuada, id_tipo_token) VALUES ("datad", "datad", (SELECT id_tipo_token FROM classificacoes_tokens WHERE BINARY nome_token = "datad"));
  INSERT IGNORE INTO tokens (nome_token, acentuada, id_tipo_token) VALUES ("dev1a", "dev1a", (SELECT id_tipo_token FROM classificacoes_tokens WHERE BINARY nome_token = "dev1a"));
  INSERT IGNORE INTO tokens (nome_token, acentuada, id_tipo_token) VALUES ("wire", "wire", (SELECT id_tipo_token FROM classificacoes_tokens WHERE BINARY nome_token = "wire"));
  INSERT IGNORE INTO tokens (nome_token, acentuada, id_tipo_token) VALUES ("dev2a", "dev2a", (SELECT id_tipo_token FROM classificacoes_tokens WHERE BINARY nome_token = "dev2a"));
  INSERT IGNORE INTO tokens (nome_token, acentuada, id_tipo_token) VALUES ("udata", "udata", (SELECT id_tipo_token FROM classificacoes_tokens WHERE BINARY nome_token = "udata"));
  INSERT IGNORE INTO tokens (nome_token, acentuada, id_tipo_token) VALUES ("upower", "upower", (SELECT id_tipo_token FROM classificacoes_tokens WHERE BINARY nome_token = "upower"));
  INSERT IGNORE INTO tokens (nome_token, acentuada, id_tipo_token) VALUES ("iwb", "iwb", (SELECT id_tipo_token FROM classificacoes_tokens WHERE BINARY nome_token = "iwb"));
  INSERT IGNORE INTO tokens (nome_token, acentuada, id_tipo_token) VALUES ("e1", "e1", (SELECT id_tipo_token FROM classificacoes_tokens WHERE BINARY nome_token = "e1"));
  INSERT IGNORE INTO tokens (nome_token, acentuada, id_tipo_token) VALUES ("d1", "d1", (SELECT id_tipo_token FROM classificacoes_tokens WHERE BINARY nome_token = "d1"));
  INSERT IGNORE INTO tokens (nome_token, acentuada, id_tipo_token) VALUES ("h1", "h1", (SELECT id_tipo_token FROM classificacoes_tokens WHERE BINARY nome_token = "h1"));
  INSERT IGNORE INTO tokens (nome_token, acentuada, id_tipo_token) VALUES ("g1", "g1", (SELECT id_tipo_token FROM classificacoes_tokens WHERE BINARY nome_token = "g1"));
  INSERT IGNORE INTO tokens (nome_token, acentuada, id_tipo_token) VALUES ("f1", "f1", (SELECT id_tipo_token FROM classificacoes_tokens WHERE BINARY nome_token = "f1"));
  INSERT IGNORE INTO tokens (nome_token, acentuada, id_tipo_token) VALUES ("g2", "g2", (SELECT id_tipo_token FROM classificacoes_tokens WHERE BINARY nome_token = "g2"));
  INSERT IGNORE INTO tokens (nome_token, acentuada, id_tipo_token) VALUES ("f2", "f2", (SELECT id_tipo_token FROM classificacoes_tokens WHERE BINARY nome_token = "f2"));
  INSERT IGNORE INTO tokens (nome_token, acentuada, id_tipo_token) VALUES ("e2", "e2", (SELECT id_tipo_token FROM classificacoes_tokens WHERE BINARY nome_token = "e2"));
  INSERT IGNORE INTO tokens (nome_token, acentuada, id_tipo_token) VALUES ("fiag", "fiag", (SELECT id_tipo_token FROM classificacoes_tokens WHERE BINARY nome_token = "fiag"));
  INSERT IGNORE INTO tokens (nome_token, acentuada, id_tipo_token) VALUES ("fpetit", "fpetit", (SELECT id_tipo_token FROM classificacoes_tokens WHERE BINARY nome_token = "fpetit"));
  INSERT IGNORE INTO tokens (nome_token, acentuada, id_tipo_token) VALUES ("progpy", "progpy", (SELECT id_tipo_token FROM classificacoes_tokens WHERE BINARY nome_token = "progpy"));
  INSERT IGNORE INTO tokens (nome_token, acentuada, id_tipo_token) VALUES ("piagen", "piagen", (SELECT id_tipo_token FROM classificacoes_tokens WHERE BINARY nome_token = "piagen"));
  INSERT IGNORE INTO tokens (nome_token, acentuada, id_tipo_token) VALUES ("mmotto", "mmotto", (SELECT id_tipo_token FROM classificacoes_tokens WHERE BINARY nome_token = "mmotto"));
  INSERT IGNORE INTO tokens (nome_token, acentuada, id_tipo_token) VALUES ("arc", "arc", (SELECT id_tipo_token FROM classificacoes_tokens WHERE BINARY nome_token = "arc"));
  INSERT IGNORE INTO tokens (nome_token, acentuada, id_tipo_token) VALUES ("d2", "d2", (SELECT id_tipo_token FROM classificacoes_tokens WHERE BINARY nome_token = "d2"));
  INSERT IGNORE INTO tokens (nome_token, acentuada, id_tipo_token) VALUES ("dev1b", "dev1b", (SELECT id_tipo_token FROM classificacoes_tokens WHERE BINARY nome_token = "dev1b"));
  INSERT IGNORE INTO tokens (nome_token, acentuada, id_tipo_token) VALUES ("c1", "c1", (SELECT id_tipo_token FROM classificacoes_tokens WHERE BINARY nome_token = "c1"));
  INSERT IGNORE INTO tokens (nome_token, acentuada, id_tipo_token) VALUES ("a1", "a1", (SELECT id_tipo_token FROM classificacoes_tokens WHERE BINARY nome_token = "a1"));
  INSERT IGNORE INTO tokens (nome_token, acentuada, id_tipo_token) VALUES ("upython", "upython", (SELECT id_tipo_token FROM classificacoes_tokens WHERE BINARY nome_token = "upython"));
  INSERT IGNORE INTO tokens (nome_token, acentuada, id_tipo_token) VALUES ("reg", "reg", (SELECT id_tipo_token FROM classificacoes_tokens WHERE BINARY nome_token = "reg"));
  INSERT IGNORE INTO tokens (nome_token, acentuada, id_tipo_token) VALUES ("mac", "mac", (SELECT id_tipo_token FROM classificacoes_tokens WHERE BINARY nome_token = "mac"));
  INSERT IGNORE INTO tokens (nome_token, acentuada, id_tipo_token) VALUES ("epi", "epi", (SELECT id_tipo_token FROM classificacoes_tokens WHERE BINARY nome_token = "epi"));
  INSERT IGNORE INTO tokens (nome_token, acentuada, id_tipo_token) VALUES ("tdgc", "tdgc", (SELECT id_tipo_token FROM classificacoes_tokens WHERE BINARY nome_token = "tdgc"));
  INSERT IGNORE INTO tokens (nome_token, acentuada, id_tipo_token) VALUES ("b2", "b2", (SELECT id_tipo_token FROM classificacoes_tokens WHERE BINARY nome_token = "b2"));
  INSERT IGNORE INTO tokens (nome_token, acentuada, id_tipo_token) VALUES ("microai", "microai", (SELECT id_tipo_token FROM classificacoes_tokens WHERE BINARY nome_token = "microai"));
  INSERT IGNORE INTO tokens (nome_token, acentuada, id_tipo_token) VALUES ("uaws", "uaws", (SELECT id_tipo_token FROM classificacoes_tokens WHERE BINARY nome_token = "uaws"));
  INSERT IGNORE INTO tokens (nome_token, acentuada, id_tipo_token) VALUES ("ufiag", "ufiag", (SELECT id_tipo_token FROM classificacoes_tokens WHERE BINARY nome_token = "ufiag"));
  INSERT IGNORE INTO tokens (nome_token, acentuada, id_tipo_token) VALUES ("ufcd", "ufcd", (SELECT id_tipo_token FROM classificacoes_tokens WHERE BINARY nome_token = "ufcd"));
  INSERT IGNORE INTO tokens (nome_token, acentuada, id_tipo_token) VALUES ("a2", "a2", (SELECT id_tipo_token FROM classificacoes_tokens WHERE BINARY nome_token = "a2"));
  INSERT IGNORE INTO tokens (nome_token, acentuada, id_tipo_token) VALUES ("udash", "udash", (SELECT id_tipo_token FROM classificacoes_tokens WHERE BINARY nome_token = "udash"));
  INSERT IGNORE INTO tokens (nome_token, acentuada, id_tipo_token) VALUES ("c2", "c2", (SELECT id_tipo_token FROM classificacoes_tokens WHERE BINARY nome_token = "c2"));
  INSERT IGNORE INTO tokens (nome_token, acentuada, id_tipo_token) VALUES ("dash", "dash", (SELECT id_tipo_token FROM classificacoes_tokens WHERE BINARY nome_token = "dash"));
  INSERT IGNORE INTO tokens (nome_token, acentuada, id_tipo_token) VALUES ("crepaldi", "crepaldi", (SELECT id_tipo_token FROM classificacoes_tokens WHERE BINARY nome_token = "crepaldi"));
  INSERT IGNORE INTO tokens (nome_token, acentuada, id_tipo_token) VALUES ("paschoal", "paschoal", (SELECT id_tipo_token FROM classificacoes_tokens WHERE BINARY nome_token = "paschoal"));
  INSERT IGNORE INTO tokens (nome_token, acentuada, id_tipo_token) VALUES ("prudente", "prudente", (SELECT id_tipo_token FROM classificacoes_tokens WHERE BINARY nome_token = "prudente"));
  INSERT IGNORE INTO tokens (nome_token, acentuada, id_tipo_token) VALUES ("costrfg", "costrfg", (SELECT id_tipo_token FROM classificacoes_tokens WHERE BINARY nome_token = "costrfg"));
  INSERT IGNORE INTO tokens (nome_token, acentuada, id_tipo_token) VALUES ("rhg", "rhg", (SELECT id_tipo_token FROM classificacoes_tokens WHERE BINARY nome_token = "rhg"));
  INSERT IGNORE INTO tokens (nome_token, acentuada, id_tipo_token) VALUES ("soluint", "soluint", (SELECT id_tipo_token FROM classificacoes_tokens WHERE BINARY nome_token = "soluint"));
  INSERT IGNORE INTO tokens (nome_token, acentuada, id_tipo_token) VALUES ("oracfou", "oracfou", (SELECT id_tipo_token FROM classificacoes_tokens WHERE BINARY nome_token = "oracfou"));
  INSERT IGNORE INTO tokens (nome_token, acentuada, id_tipo_token) VALUES ("atendcg", "atendcg", (SELECT id_tipo_token FROM classificacoes_tokens WHERE BINARY nome_token = "atendcg"));
  INSERT IGNORE INTO tokens (nome_token, acentuada, id_tipo_token) VALUES ("constmg", "constmg", (SELECT id_tipo_token FROM classificacoes_tokens WHERE BINARY nome_token = "constmg"));
  INSERT IGNORE INTO tokens (nome_token, acentuada, id_tipo_token) VALUES ("pade", "pade", (SELECT id_tipo_token FROM classificacoes_tokens WHERE BINARY nome_token = "pade"));
  INSERT IGNORE INTO tokens (nome_token, acentuada, id_tipo_token) VALUES ("dashgoo", "dashgoo", (SELECT id_tipo_token FROM classificacoes_tokens WHERE BINARY nome_token = "dashgoo"));
  INSERT IGNORE INTO tokens (nome_token, acentuada, id_tipo_token) VALUES ("offspec", "offspec", (SELECT id_tipo_token FROM classificacoes_tokens WHERE BINARY nome_token = "offspec"));
  INSERT IGNORE INTO tokens (nome_token, acentuada, id_tipo_token) VALUES ("panetog", "panetog", (SELECT id_tipo_token FROM classificacoes_tokens WHERE BINARY nome_token = "panetog"));
  INSERT IGNORE INTO tokens (nome_token, acentuada, id_tipo_token) VALUES ("folhadg", "folhadg", (SELECT id_tipo_token FROM classificacoes_tokens WHERE BINARY nome_token = "folhadg"));
  INSERT IGNORE INTO tokens (nome_token, acentuada, id_tipo_token) VALUES ("rotadmg", "rotadmg", (SELECT id_tipo_token FROM classificacoes_tokens WHERE BINARY nome_token = "rotadmg"));
  INSERT IGNORE INTO tokens (nome_token, acentuada, id_tipo_token) VALUES ("folpagt", "folpagt", (SELECT id_tipo_token FROM classificacoes_tokens WHERE BINARY nome_token = "folpagt"));
  INSERT IGNORE INTO tokens (nome_token, acentuada, id_tipo_token) VALUES ("plf", "plf", (SELECT id_tipo_token FROM classificacoes_tokens WHERE BINARY nome_token = "plf"));
  INSERT IGNORE INTO tokens (nome_token, acentuada, id_tipo_token) VALUES ("mipowbi", "mipowbi", (SELECT id_tipo_token FROM classificacoes_tokens WHERE BINARY nome_token = "mipowbi"));
  INSERT IGNORE INTO tokens (nome_token, acentuada, id_tipo_token) VALUES ("lideing", "lideing", (SELECT id_tipo_token FROM classificacoes_tokens WHERE BINARY nome_token = "lideing"));
  INSERT IGNORE INTO tokens (nome_token, acentuada, id_tipo_token) VALUES ("paesp", "paesp", (SELECT id_tipo_token FROM classificacoes_tokens WHERE BINARY nome_token = "paesp"));
  INSERT IGNORE INTO tokens (nome_token, acentuada, id_tipo_token) VALUES ("paespag", "paespag", (SELECT id_tipo_token FROM classificacoes_tokens WHERE BINARY nome_token = "paespag"));
  INSERT IGNORE INTO tokens (nome_token, acentuada, id_tipo_token) VALUES ("folh", "folh", (SELECT id_tipo_token FROM classificacoes_tokens WHERE BINARY nome_token = "folh"));
  INSERT IGNORE INTO tokens (nome_token, acentuada, id_tipo_token) VALUES ("descapg", "descapg", (SELECT id_tipo_token FROM classificacoes_tokens WHERE BINARY nome_token = "descapg"));
  INSERT IGNORE INTO tokens (nome_token, acentuada, id_tipo_token) VALUES ("socioemocionais", "socioemocionais", (SELECT id_tipo_token FROM classificacoes_tokens WHERE BINARY nome_token = "socioemocionais"));
  INSERT IGNORE INTO tokens (nome_token, acentuada, id_tipo_token) VALUES ("capacidades", "capacidades", (SELECT id_tipo_token FROM classificacoes_tokens WHERE BINARY nome_token = "capacidades"));
  INSERT IGNORE INTO tokens (nome_token, acentuada, id_tipo_token) VALUES ("adapblu", "adapblu", (SELECT id_tipo_token FROM classificacoes_tokens WHERE BINARY nome_token = "adapblu"));
  INSERT IGNORE INTO tokens (nome_token, acentuada, id_tipo_token) VALUES ("modelag", "modelag", (SELECT id_tipo_token FROM classificacoes_tokens WHERE BINARY nome_token = "modelag"));
  INSERT IGNORE INTO tokens (nome_token, acentuada, id_tipo_token) VALUES ("confeig", "confeig", (SELECT id_tipo_token FROM classificacoes_tokens WHERE BINARY nome_token = "confeig"));
  INSERT IGNORE INTO tokens (nome_token, acentuada, id_tipo_token) VALUES ("cg", "cg", (SELECT id_tipo_token FROM classificacoes_tokens WHERE BINARY nome_token = "cg"));
  INSERT IGNORE INTO tokens (nome_token, acentuada, id_tipo_token) VALUES ("confei", "confei", (SELECT id_tipo_token FROM classificacoes_tokens WHERE BINARY nome_token = "confei"));
  INSERT IGNORE INTO tokens (nome_token, acentuada, id_tipo_token) VALUES ("costmg", "costmg", (SELECT id_tipo_token FROM classificacoes_tokens WHERE BINARY nome_token = "costmg"));
  INSERT IGNORE INTO tokens (nome_token, acentuada, id_tipo_token) VALUES ("fmassal", "fmassal", (SELECT id_tipo_token FROM classificacoes_tokens WHERE BINARY nome_token = "fmassal"));
  INSERT IGNORE INTO tokens (nome_token, acentuada, id_tipo_token) VALUES ("salgadg", "salgadg", (SELECT id_tipo_token FROM classificacoes_tokens WHERE BINARY nome_token = "salgadg"));
  INSERT IGNORE INTO tokens (nome_token, acentuada, id_tipo_token) VALUES ("biconag", "biconag", (SELECT id_tipo_token FROM classificacoes_tokens WHERE BINARY nome_token = "biconag"));
  INSERT IGNORE INTO tokens (nome_token, acentuada, id_tipo_token) VALUES ("aracatuba", "araçatuba", (SELECT id_tipo_token FROM classificacoes_tokens WHERE BINARY nome_token = "araçatuba"));
  INSERT IGNORE INTO tokens (nome_token, acentuada, id_tipo_token) VALUES ("bxx25fupyttst1a", "bxx25fupyttst1a", (SELECT id_tipo_token FROM classificacoes_tokens WHERE BINARY nome_token = "bxx25fupyttst1a"));
  INSERT IGNORE INTO tokens (nome_token, acentuada, id_tipo_token) VALUES ("bxx25fupytt1coz", "bxx25fupytt1coz", (SELECT id_tipo_token FROM classificacoes_tokens WHERE BINARY nome_token = "bxx25fupytt1coz"));
  INSERT IGNORE INTO tokens (nome_token, acentuada, id_tipo_token) VALUES ("bxx25fupytelt1a", "bxx25fupytelt1a", (SELECT id_tipo_token FROM classificacoes_tokens WHERE BINARY nome_token = "bxx25fupytelt1a"));
  INSERT IGNORE INTO tokens (nome_token, acentuada, id_tipo_token) VALUES ("bxx25fupytmet1a", "bxx25fupytmet1a", (SELECT id_tipo_token FROM classificacoes_tokens WHERE BINARY nome_token = "bxx25fupytmet1a"));
  INSERT IGNORE INTO tokens (nome_token, acentuada, id_tipo_token) VALUES ("bxx25fupytmot1a", "bxx25fupytmot1a", (SELECT id_tipo_token FROM classificacoes_tokens WHERE BINARY nome_token = "bxx25fupytmot1a"));
  INSERT IGNORE INTO tokens (nome_token, acentuada, id_tipo_token) VALUES ("bxx25mpwrtsot1", "bxx25mpwrtsot1", (SELECT id_tipo_token FROM classificacoes_tokens WHERE BINARY nome_token = "bxx25mpwrtsot1"));
  INSERT IGNORE INTO tokens (nome_token, acentuada, id_tipo_token) VALUES ("bxx25mpwrt1coz", "bxx25mpwrt1coz", (SELECT id_tipo_token FROM classificacoes_tokens WHERE BINARY nome_token = "bxx25mpwrt1coz"));
  INSERT IGNORE INTO tokens (nome_token, acentuada, id_tipo_token) VALUES ("bxx25mpwrelt1a", "bxx25mpwrelt1a", (SELECT id_tipo_token FROM classificacoes_tokens WHERE BINARY nome_token = "bxx25mpwrelt1a"));
  INSERT IGNORE INTO tokens (nome_token, acentuada, id_tipo_token) VALUES ("bxx25mpwrmet1a", "bxx25mpwrmet1a", (SELECT id_tipo_token FROM classificacoes_tokens WHERE BINARY nome_token = "bxx25mpwrmet1a"));
  INSERT IGNORE INTO tokens (nome_token, acentuada, id_tipo_token) VALUES ("bxx25mpwrmot1a", "bxx25mpwrmot1a", (SELECT id_tipo_token FROM classificacoes_tokens WHERE BINARY nome_token = "bxx25mpwrmot1a"));
  INSERT IGNORE INTO tokens (nome_token, acentuada, id_tipo_token) VALUES ("bxx25mpwralt1b", "bxx25mpwralt1b", (SELECT id_tipo_token FROM classificacoes_tokens WHERE BINARY nome_token = "bxx25mpwralt1b"));
  INSERT IGNORE INTO tokens (nome_token, acentuada, id_tipo_token) VALUES ("bxx25fupytalm1d", "bxx25fupytalm1d", (SELECT id_tipo_token FROM classificacoes_tokens WHERE BINARY nome_token = "bxx25fupytalm1d"));
  INSERT IGNORE INTO tokens (nome_token, acentuada, id_tipo_token) VALUES ("bxx25fupytalm1c", "bxx25fupytalm1c", (SELECT id_tipo_token FROM classificacoes_tokens WHERE BINARY nome_token = "bxx25fupytalm1c"));
  INSERT IGNORE INTO tokens (nome_token, acentuada, id_tipo_token) VALUES ("bxx25fupytalm1b", "bxx25fupytalm1b", (SELECT id_tipo_token FROM classificacoes_tokens WHERE BINARY nome_token = "bxx25fupytalm1b"));
  INSERT IGNORE INTO tokens (nome_token, acentuada, id_tipo_token) VALUES ("bxx25fupytcozm1", "bxx25fupytcozm1", (SELECT id_tipo_token FROM classificacoes_tokens WHERE BINARY nome_token = "bxx25fupytcozm1"));
  INSERT IGNORE INTO tokens (nome_token, acentuada, id_tipo_token) VALUES ("bxx25fupytmem1a", "bxx25fupytmem1a", (SELECT id_tipo_token FROM classificacoes_tokens WHERE BINARY nome_token = "bxx25fupytmem1a"));
  INSERT IGNORE INTO tokens (nome_token, acentuada, id_tipo_token) VALUES ("bxx25fupytmom1a", "bxx25fupytmom1a", (SELECT id_tipo_token FROM classificacoes_tokens WHERE BINARY nome_token = "bxx25fupytmom1a"));
  INSERT IGNORE INTO tokens (nome_token, acentuada, id_tipo_token) VALUES ("bxx25mpwralm1d", "bxx25mpwralm1d", (SELECT id_tipo_token FROM classificacoes_tokens WHERE BINARY nome_token = "bxx25mpwralm1d"));
  INSERT IGNORE INTO tokens (nome_token, acentuada, id_tipo_token) VALUES ("bxx25mpwralm1c", "bxx25mpwralm1c", (SELECT id_tipo_token FROM classificacoes_tokens WHERE BINARY nome_token = "bxx25mpwralm1c"));
  INSERT IGNORE INTO tokens (nome_token, acentuada, id_tipo_token) VALUES ("bxx25mpwralm1b", "bxx25mpwralm1b", (SELECT id_tipo_token FROM classificacoes_tokens WHERE BINARY nome_token = "bxx25mpwralm1b"));
  INSERT IGNORE INTO tokens (nome_token, acentuada, id_tipo_token) VALUES ("bxx25mpwrm1coz", "bxx25mpwrm1coz", (SELECT id_tipo_token FROM classificacoes_tokens WHERE BINARY nome_token = "bxx25mpwrm1coz"));
  INSERT IGNORE INTO tokens (nome_token, acentuada, id_tipo_token) VALUES ("bxx25mpwrmem1a", "bxx25mpwrmem1a", (SELECT id_tipo_token FROM classificacoes_tokens WHERE BINARY nome_token = "bxx25mpwrmem1a"));
  INSERT IGNORE INTO tokens (nome_token, acentuada, id_tipo_token) VALUES ("bxx25mpwrmom1a", "bxx25mpwrmom1a", (SELECT id_tipo_token FROM classificacoes_tokens WHERE BINARY nome_token = "bxx25mpwrmom1a"));
  INSERT IGNORE INTO tokens (nome_token, acentuada, id_tipo_token) VALUES ("bxx25progpron01", "bxx25progpron01", (SELECT id_tipo_token FROM classificacoes_tokens WHERE BINARY nome_token = "bxx25progpron01"));
  INSERT IGNORE INTO tokens (nome_token, acentuada, id_tipo_token) VALUES ("bxx24modimoin1", "bxx24modimoin1", (SELECT id_tipo_token FROM classificacoes_tokens WHERE BINARY nome_token = "bxx24modimoin1"));
  INSERT IGNORE INTO tokens (nome_token, acentuada, id_tipo_token) VALUES ("bxx24progrc", "bxx24progrc", (SELECT id_tipo_token FROM classificacoes_tokens WHERE BINARY nome_token = "bxx24progrc"));
  INSERT IGNORE INTO tokens (nome_token, acentuada, id_tipo_token) VALUES ("bxx24progcncn1", "bxx24progcncn1", (SELECT id_tipo_token FROM classificacoes_tokens WHERE BINARY nome_token = "bxx24progcncn1"));
  INSERT IGNORE INTO tokens (nome_token, acentuada, id_tipo_token) VALUES ("bxx25fabrichon6", "bxx25fabrichon6", (SELECT id_tipo_token FROM classificacoes_tokens WHERE BINARY nome_token = "bxx25fabrichon6"));
  INSERT IGNORE INTO tokens (nome_token, acentuada, id_tipo_token) VALUES ("bxx25fabrichon5", "bxx25fabrichon5", (SELECT id_tipo_token FROM classificacoes_tokens WHERE BINARY nome_token = "bxx25fabrichon5"));
  INSERT IGNORE INTO tokens (nome_token, acentuada, id_tipo_token) VALUES ("bxx25fabrichon4", "bxx25fabrichon4", (SELECT id_tipo_token FROM classificacoes_tokens WHERE BINARY nome_token = "bxx25fabrichon4"));
  INSERT IGNORE INTO tokens (nome_token, acentuada, id_tipo_token) VALUES ("bxx25fabrichon3", "bxx25fabrichon3", (SELECT id_tipo_token FROM classificacoes_tokens WHERE BINARY nome_token = "bxx25fabrichon3"));
  INSERT IGNORE INTO tokens (nome_token, acentuada, id_tipo_token) VALUES ("bxx25fabrichon2", "bxx25fabrichon2", (SELECT id_tipo_token FROM classificacoes_tokens WHERE BINARY nome_token = "bxx25fabrichon2"));
  INSERT IGNORE INTO tokens (nome_token, acentuada, id_tipo_token) VALUES ("chocolate", "chocolate", (SELECT id_tipo_token FROM classificacoes_tokens WHERE BINARY nome_token = "chocolate"));
  INSERT IGNORE INTO tokens (nome_token, acentuada, id_tipo_token) VALUES ("bxx25goolokelt1", "bxx25goolokelt1", (SELECT id_tipo_token FROM classificacoes_tokens WHERE BINARY nome_token = "bxx25goolokelt1"));
  INSERT IGNORE INTO tokens (nome_token, acentuada, id_tipo_token) VALUES ("bxx25goolokst1b", "bxx25goolokst1b", (SELECT id_tipo_token FROM classificacoes_tokens WHERE BINARY nome_token = "bxx25goolokst1b"));
  INSERT IGNORE INTO tokens (nome_token, acentuada, id_tipo_token) VALUES ("bxx25goolokst1a", "bxx25goolokst1a", (SELECT id_tipo_token FROM classificacoes_tokens WHERE BINARY nome_token = "bxx25goolokst1a"));
  INSERT IGNORE INTO tokens (nome_token, acentuada, id_tipo_token) VALUES ("bxx25gooaielt1a", "bxx25gooaielt1a", (SELECT id_tipo_token FROM classificacoes_tokens WHERE BINARY nome_token = "bxx25gooaielt1a"));
  INSERT IGNORE INTO tokens (nome_token, acentuada, id_tipo_token) VALUES ("bxx25googlaist1", "bxx25googlaist1", (SELECT id_tipo_token FROM classificacoes_tokens WHERE BINARY nome_token = "bxx25googlaist1"));
  INSERT IGNORE INTO tokens (nome_token, acentuada, id_tipo_token) VALUES ("bxx25goocfelt1a", "bxx25goocfelt1a", (SELECT id_tipo_token FROM classificacoes_tokens WHERE BINARY nome_token = "bxx25goocfelt1a"));
  INSERT IGNORE INTO tokens (nome_token, acentuada, id_tipo_token) VALUES ("bxx25fabripizt6", "bxx25fabripizt6", (SELECT id_tipo_token FROM classificacoes_tokens WHERE BINARY nome_token = "bxx25fabripizt6"));
  INSERT IGNORE INTO tokens (nome_token, acentuada, id_tipo_token) VALUES ("bxx25fabripizt5", "bxx25fabripizt5", (SELECT id_tipo_token FROM classificacoes_tokens WHERE BINARY nome_token = "bxx25fabripizt5"));
  INSERT IGNORE INTO tokens (nome_token, acentuada, id_tipo_token) VALUES ("bxx25fabripizt4", "bxx25fabripizt4", (SELECT id_tipo_token FROM classificacoes_tokens WHERE BINARY nome_token = "bxx25fabripizt4"));
  INSERT IGNORE INTO tokens (nome_token, acentuada, id_tipo_token) VALUES ("bxx24modimoit1", "bxx24modimoit1", (SELECT id_tipo_token FROM classificacoes_tokens WHERE BINARY nome_token = "bxx24modimoit1"));
  INSERT IGNORE INTO tokens (nome_token, acentuada, id_tipo_token) VALUES ("bxx25fabripizt3", "bxx25fabripizt3", (SELECT id_tipo_token FROM classificacoes_tokens WHERE BINARY nome_token = "bxx25fabripizt3"));
  INSERT IGNORE INTO tokens (nome_token, acentuada, id_tipo_token) VALUES ("bxx25fabripizt2", "bxx25fabripizt2", (SELECT id_tipo_token FROM classificacoes_tokens WHERE BINARY nome_token = "bxx25fabripizt2"));
  INSERT IGNORE INTO tokens (nome_token, acentuada, id_tipo_token) VALUES ("bxx25eleinstrn2", "bxx25eleinstrn2", (SELECT id_tipo_token FROM classificacoes_tokens WHERE BINARY nome_token = "bxx25eleinstrn2"));
  INSERT IGNORE INTO tokens (nome_token, acentuada, id_tipo_token) VALUES ("bxx25progpron2", "bxx25progpron2", (SELECT id_tipo_token FROM classificacoes_tokens WHERE BINARY nome_token = "bxx25progpron2"));
  INSERT IGNORE INTO tokens (nome_token, acentuada, id_tipo_token) VALUES ("bxx25auxmecmn1", "bxx25auxmecmn1", (SELECT id_tipo_token FROM classificacoes_tokens WHERE BINARY nome_token = "bxx25auxmecmn1"));
  INSERT IGNORE INTO tokens (nome_token, acentuada, id_tipo_token) VALUES ("bxx25auxadminn1", "bxx25auxadminn1", (SELECT id_tipo_token FROM classificacoes_tokens WHERE BINARY nome_token = "bxx25auxadminn1"));
  INSERT IGNORE INTO tokens (nome_token, acentuada, id_tipo_token) VALUES ("bxx25soldadorn1", "bxx25soldadorn1", (SELECT id_tipo_token FROM classificacoes_tokens WHERE BINARY nome_token = "bxx25soldadorn1"));
  INSERT IGNORE INTO tokens (nome_token, acentuada, id_tipo_token) VALUES ("bxx25auxalmon1", "bxx25auxalmon1", (SELECT id_tipo_token FROM classificacoes_tokens WHERE BINARY nome_token = "bxx25auxalmon1"));
  INSERT IGNORE INTO tokens (nome_token, acentuada, id_tipo_token) VALUES ("mirassol", "mirassol", (SELECT id_tipo_token FROM classificacoes_tokens WHERE BINARY nome_token = "mirassol"));
  INSERT IGNORE INTO tokens (nome_token, acentuada, id_tipo_token) VALUES ("bs_usinagem", "bs_usinagem", (SELECT id_tipo_token FROM classificacoes_tokens WHERE BINARY nome_token = "bs_usinagem"));
  INSERT IGNORE INTO tokens (nome_token, acentuada, id_tipo_token) VALUES ("pwbi_tmv2", "pwbi_tmv2", (SELECT id_tipo_token FROM classificacoes_tokens WHERE BINARY nome_token = "pwbi_tmv2"));
  INSERT IGNORE INTO tokens (nome_token, acentuada, id_tipo_token) VALUES ("pwbi_top2a", "pwbi_top2a", (SELECT id_tipo_token FROM classificacoes_tokens WHERE BINARY nome_token = "pwbi_top2a"));
  INSERT IGNORE INTO tokens (nome_token, acentuada, id_tipo_token) VALUES ("pwbi_tamvp2", "pwbi_tamvp2", (SELECT id_tipo_token FROM classificacoes_tokens WHERE BINARY nome_token = "pwbi_tamvp2"));
  INSERT IGNORE INTO tokens (nome_token, acentuada, id_tipo_token) VALUES ("pwbi_s1", "pwbi_s1", (SELECT id_tipo_token FROM classificacoes_tokens WHERE BINARY nome_token = "pwbi_s1"));
  INSERT IGNORE INTO tokens (nome_token, acentuada, id_tipo_token) VALUES ("pwbi_mmavp3", "pwbi_mmavp3", (SELECT id_tipo_token FROM classificacoes_tokens WHERE BINARY nome_token = "pwbi_mmavp3"));
  INSERT IGNORE INTO tokens (nome_token, acentuada, id_tipo_token) VALUES ("goog_nuv_n1", "goog_nuv_n1", (SELECT id_tipo_token FROM classificacoes_tokens WHERE BINARY nome_token = "goog_nuv_n1"));
  INSERT IGNORE INTO tokens (nome_token, acentuada, id_tipo_token) VALUES ("ti_aws_n1", "ti_aws_n1", (SELECT id_tipo_token FROM classificacoes_tokens WHERE BINARY nome_token = "ti_aws_n1"));
  INSERT IGNORE INTO tokens (nome_token, acentuada, id_tipo_token) VALUES ("bs_costsobmed", "bs_costsobmed", (SELECT id_tipo_token FROM classificacoes_tokens WHERE BINARY nome_token = "bs_costsobmed"));
  INSERT IGNORE INTO tokens (nome_token, acentuada, id_tipo_token) VALUES ("pwbi_n5", "pwbi_n5", (SELECT id_tipo_token FROM classificacoes_tokens WHERE BINARY nome_token = "pwbi_n5"));
  INSERT IGNORE INTO tokens (nome_token, acentuada, id_tipo_token) VALUES ("pwbi_tts2b", "pwbi_tts2b", (SELECT id_tipo_token FROM classificacoes_tokens WHERE BINARY nome_token = "pwbi_tts2b"));
  INSERT IGNORE INTO tokens (nome_token, acentuada, id_tipo_token) VALUES ("pwbi_tts2a", "pwbi_tts2a", (SELECT id_tipo_token FROM classificacoes_tokens WHERE BINARY nome_token = "pwbi_tts2a"));
  INSERT IGNORE INTO tokens (nome_token, acentuada, id_tipo_token) VALUES ("pwbi_top2b", "pwbi_top2b", (SELECT id_tipo_token FROM classificacoes_tokens WHERE BINARY nome_token = "pwbi_top2b"));
  INSERT IGNORE INTO tokens (nome_token, acentuada, id_tipo_token) VALUES ("pwbi_tf2", "pwbi_tf2", (SELECT id_tipo_token FROM classificacoes_tokens WHERE BINARY nome_token = "pwbi_tf2"));
  INSERT IGNORE INTO tokens (nome_token, acentuada, id_tipo_token) VALUES ("pwbi_tts3b", "pwbi_tts3b", (SELECT id_tipo_token FROM classificacoes_tokens WHERE BINARY nome_token = "pwbi_tts3b"));
  INSERT IGNORE INTO tokens (nome_token, acentuada, id_tipo_token) VALUES ("pwbi_s3", "pwbi_s3", (SELECT id_tipo_token FROM classificacoes_tokens WHERE BINARY nome_token = "pwbi_s3"));
  INSERT IGNORE INTO tokens (nome_token, acentuada, id_tipo_token) VALUES ("ai900_s1", "ai900_s1", (SELECT id_tipo_token FROM classificacoes_tokens WHERE BINARY nome_token = "ai900_s1"));
  INSERT IGNORE INTO tokens (nome_token, acentuada, id_tipo_token) VALUES ("pwbi_s2", "pwbi_s2", (SELECT id_tipo_token FROM classificacoes_tokens WHERE BINARY nome_token = "pwbi_s2"));
  INSERT IGNORE INTO tokens (nome_token, acentuada, id_tipo_token) VALUES ("az900_s1", "az900_s1", (SELECT id_tipo_token FROM classificacoes_tokens WHERE BINARY nome_token = "az900_s1"));
  INSERT IGNORE INTO tokens (nome_token, acentuada, id_tipo_token) VALUES ("goog_nuv_s1", "goog_nuv_s1", (SELECT id_tipo_token FROM classificacoes_tokens WHERE BINARY nome_token = "goog_nuv_s1"));
  INSERT IGNORE INTO tokens (nome_token, acentuada, id_tipo_token) VALUES ("goog_ia_n2", "goog_ia_n2", (SELECT id_tipo_token FROM classificacoes_tokens WHERE BINARY nome_token = "goog_ia_n2"));
  INSERT IGNORE INTO tokens (nome_token, acentuada, id_tipo_token) VALUES ("pwbi_n4", "pwbi_n4", (SELECT id_tipo_token FROM classificacoes_tokens WHERE BINARY nome_token = "pwbi_n4"));
  INSERT IGNORE INTO tokens (nome_token, acentuada, id_tipo_token) VALUES ("goog_nuv_n3", "goog_nuv_n3", (SELECT id_tipo_token FROM classificacoes_tokens WHERE BINARY nome_token = "goog_nuv_n3"));
  INSERT IGNORE INTO tokens (nome_token, acentuada, id_tipo_token) VALUES ("pwbi_n3", "pwbi_n3", (SELECT id_tipo_token FROM classificacoes_tokens WHERE BINARY nome_token = "pwbi_n3"));
  INSERT IGNORE INTO tokens (nome_token, acentuada, id_tipo_token) VALUES ("ai900_n1", "ai900_n1", (SELECT id_tipo_token FROM classificacoes_tokens WHERE BINARY nome_token = "ai900_n1"));
  INSERT IGNORE INTO tokens (nome_token, acentuada, id_tipo_token) VALUES ("goog_ia_n1", "goog_ia_n1", (SELECT id_tipo_token FROM classificacoes_tokens WHERE BINARY nome_token = "goog_ia_n1"));
  INSERT IGNORE INTO tokens (nome_token, acentuada, id_tipo_token) VALUES ("ti_aws_n2", "ti_aws_n2", (SELECT id_tipo_token FROM classificacoes_tokens WHERE BINARY nome_token = "ti_aws_n2"));
  INSERT IGNORE INTO tokens (nome_token, acentuada, id_tipo_token) VALUES ("goog_nuv_n2", "goog_nuv_n2", (SELECT id_tipo_token FROM classificacoes_tokens WHERE BINARY nome_token = "goog_nuv_n2"));
  INSERT IGNORE INTO tokens (nome_token, acentuada, id_tipo_token) VALUES ("ti_javfun_n1", "ti_javfun_n1", (SELECT id_tipo_token FROM classificacoes_tokens WHERE BINARY nome_token = "ti_javfun_n1"));
  INSERT IGNORE INTO tokens (nome_token, acentuada, id_tipo_token) VALUES ("az900_n1", "az900_n1", (SELECT id_tipo_token FROM classificacoes_tokens WHERE BINARY nome_token = "az900_n1"));
  INSERT IGNORE INTO tokens (nome_token, acentuada, id_tipo_token) VALUES ("pwbi_n2", "pwbi_n2", (SELECT id_tipo_token FROM classificacoes_tokens WHERE BINARY nome_token = "pwbi_n2"));
  INSERT IGNORE INTO tokens (nome_token, acentuada, id_tipo_token) VALUES ("pwbi_ni", "pwbi_ni", (SELECT id_tipo_token FROM classificacoes_tokens WHERE BINARY nome_token = "pwbi_ni"));
  INSERT IGNORE INTO tokens (nome_token, acentuada, id_tipo_token) VALUES ("bs_const_mov_2", "bs_const_mov_2", (SELECT id_tipo_token FROM classificacoes_tokens WHERE BINARY nome_token = "bs_const_mov_2"));
  INSERT IGNORE INTO tokens (nome_token, acentuada, id_tipo_token) VALUES ("bs_const_mov_1", "bs_const_mov_1", (SELECT id_tipo_token FROM classificacoes_tokens WHERE BINARY nome_token = "bs_const_mov_1"));
  INSERT IGNORE INTO tokens (nome_token, acentuada, id_tipo_token) VALUES ("facchini", "facchini", (SELECT id_tipo_token FROM classificacoes_tokens WHERE BINARY nome_token = "facchini"));
  INSERT IGNORE INTO tokens (nome_token, acentuada, id_tipo_token) VALUES ("euclides", "euclides", (SELECT id_tipo_token FROM classificacoes_tokens WHERE BINARY nome_token = "euclides"));
  INSERT IGNORE INTO tokens (nome_token, acentuada, id_tipo_token) VALUES ("votuporanga", "votuporanga", (SELECT id_tipo_token FROM classificacoes_tokens WHERE BINARY nome_token = "votuporanga"));
  INSERT IGNORE INTO tokens (nome_token, acentuada, id_tipo_token) VALUES ("projefoto", "projefoto", (SELECT id_tipo_token FROM classificacoes_tokens WHERE BINARY nome_token = "projefoto"));
  INSERT IGNORE INTO tokens (nome_token, acentuada, id_tipo_token) VALUES ("mievl", "mievl", (SELECT id_tipo_token FROM classificacoes_tokens WHERE BINARY nome_token = "mievl"));
  INSERT IGNORE INTO tokens (nome_token, acentuada, id_tipo_token) VALUES ("invers", "invers", (SELECT id_tipo_token FROM classificacoes_tokens WHERE BINARY nome_token = "invers"));
  INSERT IGNORE INTO tokens (nome_token, acentuada, id_tipo_token) VALUES ("mdscvl", "mdscvl", (SELECT id_tipo_token FROM classificacoes_tokens WHERE BINARY nome_token = "mdscvl"));
  INSERT IGNORE INTO tokens (nome_token, acentuada, id_tipo_token) VALUES ("mpe", "mpe", (SELECT id_tipo_token FROM classificacoes_tokens WHERE BINARY nome_token = "mpe"));
  INSERT IGNORE INTO tokens (nome_token, acentuada, id_tipo_token) VALUES ("csm", "csm", (SELECT id_tipo_token FROM classificacoes_tokens WHERE BINARY nome_token = "csm"));
  INSERT IGNORE INTO tokens (nome_token, acentuada, id_tipo_token) VALUES ("tig3", "tig3", (SELECT id_tipo_token FROM classificacoes_tokens WHERE BINARY nome_token = "tig3"));
  INSERT IGNORE INTO tokens (nome_token, acentuada, id_tipo_token) VALUES ("tig2", "tig2", (SELECT id_tipo_token FROM classificacoes_tokens WHERE BINARY nome_token = "tig2"));
  INSERT IGNORE INTO tokens (nome_token, acentuada, id_tipo_token) VALUES ("thlcar", "thlcar", (SELECT id_tipo_token FROM classificacoes_tokens WHERE BINARY nome_token = "thlcar"));
  INSERT IGNORE INTO tokens (nome_token, acentuada, id_tipo_token) VALUES ("elme", "elme", (SELECT id_tipo_token FROM classificacoes_tokens WHERE BINARY nome_token = "elme"));
  INSERT IGNORE INTO tokens (nome_token, acentuada, id_tipo_token) VALUES ("mdscc", "mdscc", (SELECT id_tipo_token FROM classificacoes_tokens WHERE BINARY nome_token = "mdscc"));
  INSERT IGNORE INTO tokens (nome_token, acentuada, id_tipo_token) VALUES ("conveniencia", "conveniência", (SELECT id_tipo_token FROM classificacoes_tokens WHERE BINARY nome_token = "conveniência"));
  INSERT IGNORE INTO tokens (nome_token, acentuada, id_tipo_token) VALUES ("conforto", "conforto", (SELECT id_tipo_token FROM classificacoes_tokens WHERE BINARY nome_token = "conforto"));
  INSERT IGNORE INTO tokens (nome_token, acentuada, id_tipo_token) VALUES ("mdtmavl", "mdtmavl", (SELECT id_tipo_token FROM classificacoes_tokens WHERE BINARY nome_token = "mdtmavl"));
  INSERT IGNORE INTO tokens (nome_token, acentuada, id_tipo_token) VALUES ("usiap", "usiap", (SELECT id_tipo_token FROM classificacoes_tokens WHERE BINARY nome_token = "usiap"));
  INSERT IGNORE INTO tokens (nome_token, acentuada, id_tipo_token) VALUES ("precisao", "precisão", (SELECT id_tipo_token FROM classificacoes_tokens WHERE BINARY nome_token = "precisão"));
  INSERT IGNORE INTO tokens (nome_token, acentuada, id_tipo_token) VALUES ("pocu", "pocu", (SELECT id_tipo_token FROM classificacoes_tokens WHERE BINARY nome_token = "pocu"));
  INSERT IGNORE INTO tokens (nome_token, acentuada, id_tipo_token) VALUES ("ajust", "ajust", (SELECT id_tipo_token FROM classificacoes_tokens WHERE BINARY nome_token = "ajust"));
  INSERT IGNORE INTO tokens (nome_token, acentuada, id_tipo_token) VALUES ("mmcd", "mmcd", (SELECT id_tipo_token FROM classificacoes_tokens WHERE BINARY nome_token = "mmcd"));
  INSERT IGNORE INTO tokens (nome_token, acentuada, id_tipo_token) VALUES ("fsa2", "fsa2", (SELECT id_tipo_token FROM classificacoes_tokens WHERE BINARY nome_token = "fsa2"));
  INSERT IGNORE INTO tokens (nome_token, acentuada, id_tipo_token) VALUES ("fsa1", "fsa1", (SELECT id_tipo_token FROM classificacoes_tokens WHERE BINARY nome_token = "fsa1"));
  INSERT IGNORE INTO tokens (nome_token, acentuada, id_tipo_token) VALUES ("bpfma2", "bpfma2", (SELECT id_tipo_token FROM classificacoes_tokens WHERE BINARY nome_token = "bpfma2"));
  INSERT IGNORE INTO tokens (nome_token, acentuada, id_tipo_token) VALUES ("bpfma1", "bpfma1", (SELECT id_tipo_token FROM classificacoes_tokens WHERE BINARY nome_token = "bpfma1"));
  INSERT IGNORE INTO tokens (nome_token, acentuada, id_tipo_token) VALUES ("fdf2", "fdf2", (SELECT id_tipo_token FROM classificacoes_tokens WHERE BINARY nome_token = "fdf2"));
  INSERT IGNORE INTO tokens (nome_token, acentuada, id_tipo_token) VALUES ("fdf1", "fdf1", (SELECT id_tipo_token FROM classificacoes_tokens WHERE BINARY nome_token = "fdf1"));
  INSERT IGNORE INTO tokens (nome_token, acentuada, id_tipo_token) VALUES ("fpe2", "fpe2", (SELECT id_tipo_token FROM classificacoes_tokens WHERE BINARY nome_token = "fpe2"));
  INSERT IGNORE INTO tokens (nome_token, acentuada, id_tipo_token) VALUES ("fpe1", "fpe1", (SELECT id_tipo_token FROM classificacoes_tokens WHERE BINARY nome_token = "fpe1"));
  INSERT IGNORE INTO tokens (nome_token, acentuada, id_tipo_token) VALUES ("ardn", "ardn", (SELECT id_tipo_token FROM classificacoes_tokens WHERE BINARY nome_token = "ardn"));
  INSERT IGNORE INTO tokens (nome_token, acentuada, id_tipo_token) VALUES ("solman", "solman", (SELECT id_tipo_token FROM classificacoes_tokens WHERE BINARY nome_token = "solman"));
  INSERT IGNORE INTO tokens (nome_token, acentuada, id_tipo_token) VALUES ("foto", "foto", (SELECT id_tipo_token FROM classificacoes_tokens WHERE BINARY nome_token = "foto"));
  INSERT IGNORE INTO tokens (nome_token, acentuada, id_tipo_token) VALUES ("dmied", "dmied", (SELECT id_tipo_token FROM classificacoes_tokens WHERE BINARY nome_token = "dmied"));
  INSERT IGNORE INTO tokens (nome_token, acentuada, id_tipo_token) VALUES ("invent", "invent", (SELECT id_tipo_token FROM classificacoes_tokens WHERE BINARY nome_token = "invent"));
  INSERT IGNORE INTO tokens (nome_token, acentuada, id_tipo_token) VALUES ("la", "la", (SELECT id_tipo_token FROM classificacoes_tokens WHERE BINARY nome_token = "la"));
  INSERT IGNORE INTO tokens (nome_token, acentuada, id_tipo_token) VALUES ("aidi", "aidi", (SELECT id_tipo_token FROM classificacoes_tokens WHERE BINARY nome_token = "aidi"));
  INSERT IGNORE INTO tokens (nome_token, acentuada, id_tipo_token) VALUES ("csmed1", "csmed1", (SELECT id_tipo_token FROM classificacoes_tokens WHERE BINARY nome_token = "csmed1"));
  INSERT IGNORE INTO tokens (nome_token, acentuada, id_tipo_token) VALUES ("csmed2", "csmed2", (SELECT id_tipo_token FROM classificacoes_tokens WHERE BINARY nome_token = "csmed2"));
  INSERT IGNORE INTO tokens (nome_token, acentuada, id_tipo_token) VALUES ("cmro2", "cmro2", (SELECT id_tipo_token FROM classificacoes_tokens WHERE BINARY nome_token = "cmro2"));
  INSERT IGNORE INTO tokens (nome_token, acentuada, id_tipo_token) VALUES ("cmro1", "cmro1", (SELECT id_tipo_token FROM classificacoes_tokens WHERE BINARY nome_token = "cmro1"));
  INSERT IGNORE INTO tokens (nome_token, acentuada, id_tipo_token) VALUES ("cmro3", "cmro3", (SELECT id_tipo_token FROM classificacoes_tokens WHERE BINARY nome_token = "cmro3"));
  INSERT IGNORE INTO tokens (nome_token, acentuada, id_tipo_token) VALUES ("amir3", "amir3", (SELECT id_tipo_token FROM classificacoes_tokens WHERE BINARY nome_token = "amir3"));
  INSERT IGNORE INTO tokens (nome_token, acentuada, id_tipo_token) VALUES ("amir1", "amir1", (SELECT id_tipo_token FROM classificacoes_tokens WHERE BINARY nome_token = "amir1"));
  INSERT IGNORE INTO tokens (nome_token, acentuada, id_tipo_token) VALUES ("amir2", "amir2", (SELECT id_tipo_token FROM classificacoes_tokens WHERE BINARY nome_token = "amir2"));
  INSERT IGNORE INTO tokens (nome_token, acentuada, id_tipo_token) VALUES ("amr4", "amr4", (SELECT id_tipo_token FROM classificacoes_tokens WHERE BINARY nome_token = "amr4"));
  INSERT IGNORE INTO tokens (nome_token, acentuada, id_tipo_token) VALUES ("csb3", "csb3", (SELECT id_tipo_token FROM classificacoes_tokens WHERE BINARY nome_token = "csb3"));
  INSERT IGNORE INTO tokens (nome_token, acentuada, id_tipo_token) VALUES ("amir5", "amir5", (SELECT id_tipo_token FROM classificacoes_tokens WHERE BINARY nome_token = "amir5"));
  INSERT IGNORE INTO tokens (nome_token, acentuada, id_tipo_token) VALUES ("cmro4", "cmro4", (SELECT id_tipo_token FROM classificacoes_tokens WHERE BINARY nome_token = "cmro4"));
  INSERT IGNORE INTO tokens (nome_token, acentuada, id_tipo_token) VALUES ("pac", "pac", (SELECT id_tipo_token FROM classificacoes_tokens WHERE BINARY nome_token = "pac"));
  INSERT IGNORE INTO tokens (nome_token, acentuada, id_tipo_token) VALUES ("devisate", "devisate", (SELECT id_tipo_token FROM classificacoes_tokens WHERE BINARY nome_token = "devisate"));
  INSERT IGNORE INTO tokens (nome_token, acentuada, id_tipo_token) VALUES ("rotativo", "rotativo", (SELECT id_tipo_token FROM classificacoes_tokens WHERE BINARY nome_token = "rotativo"));
  INSERT IGNORE INTO tokens (nome_token, acentuada, id_tipo_token) VALUES ("equipamento", "equipamento", (SELECT id_tipo_token FROM classificacoes_tokens WHERE BINARY nome_token = "equipamento"));
  INSERT IGNORE INTO classificacoes_tokens (nome_token, id_tipo_token) VALUES ("0029", (SELECT id_chave_tipo_token FROM tipos_tokens WHERE nome_tipo_token = "numeral"));
INSERT IGNORE INTO tokens (nome_token, acentuada, id_tipo_token) VALUES ("0029", "0029", (SELECT id_tipo_token FROM classificacoes_tokens WHERE BINARY nome_token = "0029"));
  INSERT IGNORE INTO classificacoes_tokens (nome_token, id_tipo_token) VALUES ("0008", (SELECT id_chave_tipo_token FROM tipos_tokens WHERE nome_tipo_token = "numeral"));
INSERT IGNORE INTO tokens (nome_token, acentuada, id_tipo_token) VALUES ("0008", "0008", (SELECT id_tipo_token FROM classificacoes_tokens WHERE BINARY nome_token = "0008"));
  INSERT IGNORE INTO classificacoes_tokens (nome_token, id_tipo_token) VALUES ("0017", (SELECT id_chave_tipo_token FROM tipos_tokens WHERE nome_tipo_token = "numeral"));
INSERT IGNORE INTO tokens (nome_token, acentuada, id_tipo_token) VALUES ("0017", "0017", (SELECT id_tipo_token FROM classificacoes_tokens WHERE BINARY nome_token = "0017"));
  INSERT IGNORE INTO classificacoes_tokens (nome_token, id_tipo_token) VALUES ("0013", (SELECT id_chave_tipo_token FROM tipos_tokens WHERE nome_tipo_token = "numeral"));
INSERT IGNORE INTO tokens (nome_token, acentuada, id_tipo_token) VALUES ("0013", "0013", (SELECT id_tipo_token FROM classificacoes_tokens WHERE BINARY nome_token = "0013"));
  INSERT IGNORE INTO classificacoes_tokens (nome_token, id_tipo_token) VALUES ("0027", (SELECT id_chave_tipo_token FROM tipos_tokens WHERE nome_tipo_token = "numeral"));
INSERT IGNORE INTO tokens (nome_token, acentuada, id_tipo_token) VALUES ("0027", "0027", (SELECT id_tipo_token FROM classificacoes_tokens WHERE BINARY nome_token = "0027"));
  INSERT IGNORE INTO classificacoes_tokens (nome_token, id_tipo_token) VALUES ("0026", (SELECT id_chave_tipo_token FROM tipos_tokens WHERE nome_tipo_token = "numeral"));
INSERT IGNORE INTO tokens (nome_token, acentuada, id_tipo_token) VALUES ("0026", "0026", (SELECT id_tipo_token FROM classificacoes_tokens WHERE BINARY nome_token = "0026"));
  INSERT IGNORE INTO classificacoes_tokens (nome_token, id_tipo_token) VALUES ("0025", (SELECT id_chave_tipo_token FROM tipos_tokens WHERE nome_tipo_token = "numeral"));
INSERT IGNORE INTO tokens (nome_token, acentuada, id_tipo_token) VALUES ("0025", "0025", (SELECT id_tipo_token FROM classificacoes_tokens WHERE BINARY nome_token = "0025"));
  INSERT IGNORE INTO classificacoes_tokens (nome_token, id_tipo_token) VALUES ("0028", (SELECT id_chave_tipo_token FROM tipos_tokens WHERE nome_tipo_token = "numeral"));
INSERT IGNORE INTO tokens (nome_token, acentuada, id_tipo_token) VALUES ("0028", "0028", (SELECT id_tipo_token FROM classificacoes_tokens WHERE BINARY nome_token = "0028"));
  INSERT IGNORE INTO tokens (nome_token, acentuada, id_tipo_token) VALUES ("florestais", "florestais", (SELECT id_tipo_token FROM classificacoes_tokens WHERE BINARY nome_token = "florestais"));
  INSERT IGNORE INTO classificacoes_tokens (nome_token, id_tipo_token) VALUES ("0030", (SELECT id_chave_tipo_token FROM tipos_tokens WHERE nome_tipo_token = "numeral"));
INSERT IGNORE INTO tokens (nome_token, acentuada, id_tipo_token) VALUES ("0030", "0030", (SELECT id_tipo_token FROM classificacoes_tokens WHERE BINARY nome_token = "0030"));
  INSERT IGNORE INTO classificacoes_tokens (nome_token, id_tipo_token) VALUES ("0051", (SELECT id_chave_tipo_token FROM tipos_tokens WHERE nome_tipo_token = "numeral"));
INSERT IGNORE INTO tokens (nome_token, acentuada, id_tipo_token) VALUES ("0051", "0051", (SELECT id_tipo_token FROM classificacoes_tokens WHERE BINARY nome_token = "0051"));
  INSERT IGNORE INTO classificacoes_tokens (nome_token, id_tipo_token) VALUES ("0050", (SELECT id_chave_tipo_token FROM tipos_tokens WHERE nome_tipo_token = "numeral"));
INSERT IGNORE INTO tokens (nome_token, acentuada, id_tipo_token) VALUES ("0050", "0050", (SELECT id_tipo_token FROM classificacoes_tokens WHERE BINARY nome_token = "0050"));
  INSERT IGNORE INTO classificacoes_tokens (nome_token, id_tipo_token) VALUES ("0049", (SELECT id_chave_tipo_token FROM tipos_tokens WHERE nome_tipo_token = "numeral"));
INSERT IGNORE INTO tokens (nome_token, acentuada, id_tipo_token) VALUES ("0049", "0049", (SELECT id_tipo_token FROM classificacoes_tokens WHERE BINARY nome_token = "0049"));
  INSERT IGNORE INTO classificacoes_tokens (nome_token, id_tipo_token) VALUES ("0048", (SELECT id_chave_tipo_token FROM tipos_tokens WHERE nome_tipo_token = "numeral"));
INSERT IGNORE INTO tokens (nome_token, acentuada, id_tipo_token) VALUES ("0048", "0048", (SELECT id_tipo_token FROM classificacoes_tokens WHERE BINARY nome_token = "0048"));
  INSERT IGNORE INTO classificacoes_tokens (nome_token, id_tipo_token) VALUES ("0047", (SELECT id_chave_tipo_token FROM tipos_tokens WHERE nome_tipo_token = "numeral"));
INSERT IGNORE INTO tokens (nome_token, acentuada, id_tipo_token) VALUES ("0047", "0047", (SELECT id_tipo_token FROM classificacoes_tokens WHERE BINARY nome_token = "0047"));
  INSERT IGNORE INTO classificacoes_tokens (nome_token, id_tipo_token) VALUES ("0046", (SELECT id_chave_tipo_token FROM tipos_tokens WHERE nome_tipo_token = "numeral"));
INSERT IGNORE INTO tokens (nome_token, acentuada, id_tipo_token) VALUES ("0046", "0046", (SELECT id_tipo_token FROM classificacoes_tokens WHERE BINARY nome_token = "0046"));
  INSERT IGNORE INTO classificacoes_tokens (nome_token, id_tipo_token) VALUES ("0045", (SELECT id_chave_tipo_token FROM tipos_tokens WHERE nome_tipo_token = "numeral"));
INSERT IGNORE INTO tokens (nome_token, acentuada, id_tipo_token) VALUES ("0045", "0045", (SELECT id_tipo_token FROM classificacoes_tokens WHERE BINARY nome_token = "0045"));
  INSERT IGNORE INTO classificacoes_tokens (nome_token, id_tipo_token) VALUES ("0044", (SELECT id_chave_tipo_token FROM tipos_tokens WHERE nome_tipo_token = "numeral"));
INSERT IGNORE INTO tokens (nome_token, acentuada, id_tipo_token) VALUES ("0044", "0044", (SELECT id_tipo_token FROM classificacoes_tokens WHERE BINARY nome_token = "0044"));
  INSERT IGNORE INTO classificacoes_tokens (nome_token, id_tipo_token) VALUES ("0043", (SELECT id_chave_tipo_token FROM tipos_tokens WHERE nome_tipo_token = "numeral"));
INSERT IGNORE INTO tokens (nome_token, acentuada, id_tipo_token) VALUES ("0043", "0043", (SELECT id_tipo_token FROM classificacoes_tokens WHERE BINARY nome_token = "0043"));
  INSERT IGNORE INTO classificacoes_tokens (nome_token, id_tipo_token) VALUES ("0042", (SELECT id_chave_tipo_token FROM tipos_tokens WHERE nome_tipo_token = "numeral"));
INSERT IGNORE INTO tokens (nome_token, acentuada, id_tipo_token) VALUES ("0042", "0042", (SELECT id_tipo_token FROM classificacoes_tokens WHERE BINARY nome_token = "0042"));
  INSERT IGNORE INTO classificacoes_tokens (nome_token, id_tipo_token) VALUES ("0041", (SELECT id_chave_tipo_token FROM tipos_tokens WHERE nome_tipo_token = "numeral"));
INSERT IGNORE INTO tokens (nome_token, acentuada, id_tipo_token) VALUES ("0041", "0041", (SELECT id_tipo_token FROM classificacoes_tokens WHERE BINARY nome_token = "0041"));
  INSERT IGNORE INTO classificacoes_tokens (nome_token, id_tipo_token) VALUES ("0040", (SELECT id_chave_tipo_token FROM tipos_tokens WHERE nome_tipo_token = "numeral"));
INSERT IGNORE INTO tokens (nome_token, acentuada, id_tipo_token) VALUES ("0040", "0040", (SELECT id_tipo_token FROM classificacoes_tokens WHERE BINARY nome_token = "0040"));
  INSERT IGNORE INTO classificacoes_tokens (nome_token, id_tipo_token) VALUES ("0039", (SELECT id_chave_tipo_token FROM tipos_tokens WHERE nome_tipo_token = "numeral"));
INSERT IGNORE INTO tokens (nome_token, acentuada, id_tipo_token) VALUES ("0039", "0039", (SELECT id_tipo_token FROM classificacoes_tokens WHERE BINARY nome_token = "0039"));
  INSERT IGNORE INTO classificacoes_tokens (nome_token, id_tipo_token) VALUES ("0038", (SELECT id_chave_tipo_token FROM tipos_tokens WHERE nome_tipo_token = "numeral"));
INSERT IGNORE INTO tokens (nome_token, acentuada, id_tipo_token) VALUES ("0038", "0038", (SELECT id_tipo_token FROM classificacoes_tokens WHERE BINARY nome_token = "0038"));
  INSERT IGNORE INTO classificacoes_tokens (nome_token, id_tipo_token) VALUES ("0037", (SELECT id_chave_tipo_token FROM tipos_tokens WHERE nome_tipo_token = "numeral"));
INSERT IGNORE INTO tokens (nome_token, acentuada, id_tipo_token) VALUES ("0037", "0037", (SELECT id_tipo_token FROM classificacoes_tokens WHERE BINARY nome_token = "0037"));
  INSERT IGNORE INTO classificacoes_tokens (nome_token, id_tipo_token) VALUES ("0035", (SELECT id_chave_tipo_token FROM tipos_tokens WHERE nome_tipo_token = "numeral"));
INSERT IGNORE INTO tokens (nome_token, acentuada, id_tipo_token) VALUES ("0035", "0035", (SELECT id_tipo_token FROM classificacoes_tokens WHERE BINARY nome_token = "0035"));
  INSERT IGNORE INTO classificacoes_tokens (nome_token, id_tipo_token) VALUES ("0034", (SELECT id_chave_tipo_token FROM tipos_tokens WHERE nome_tipo_token = "numeral"));
INSERT IGNORE INTO tokens (nome_token, acentuada, id_tipo_token) VALUES ("0034", "0034", (SELECT id_tipo_token FROM classificacoes_tokens WHERE BINARY nome_token = "0034"));
  INSERT IGNORE INTO classificacoes_tokens (nome_token, id_tipo_token) VALUES ("0032", (SELECT id_chave_tipo_token FROM tipos_tokens WHERE nome_tipo_token = "numeral"));
INSERT IGNORE INTO tokens (nome_token, acentuada, id_tipo_token) VALUES ("0032", "0032", (SELECT id_tipo_token FROM classificacoes_tokens WHERE BINARY nome_token = "0032"));
  INSERT IGNORE INTO classificacoes_tokens (nome_token, id_tipo_token) VALUES ("0061", (SELECT id_chave_tipo_token FROM tipos_tokens WHERE nome_tipo_token = "numeral"));
INSERT IGNORE INTO tokens (nome_token, acentuada, id_tipo_token) VALUES ("0061", "0061", (SELECT id_tipo_token FROM classificacoes_tokens WHERE BINARY nome_token = "0061"));
  INSERT IGNORE INTO classificacoes_tokens (nome_token, id_tipo_token) VALUES ("0059", (SELECT id_chave_tipo_token FROM tipos_tokens WHERE nome_tipo_token = "numeral"));
INSERT IGNORE INTO tokens (nome_token, acentuada, id_tipo_token) VALUES ("0059", "0059", (SELECT id_tipo_token FROM classificacoes_tokens WHERE BINARY nome_token = "0059"));
  INSERT IGNORE INTO classificacoes_tokens (nome_token, id_tipo_token) VALUES ("0057", (SELECT id_chave_tipo_token FROM tipos_tokens WHERE nome_tipo_token = "numeral"));
INSERT IGNORE INTO tokens (nome_token, acentuada, id_tipo_token) VALUES ("0057", "0057", (SELECT id_tipo_token FROM classificacoes_tokens WHERE BINARY nome_token = "0057"));
  INSERT IGNORE INTO classificacoes_tokens (nome_token, id_tipo_token) VALUES ("0055", (SELECT id_chave_tipo_token FROM tipos_tokens WHERE nome_tipo_token = "numeral"));
INSERT IGNORE INTO tokens (nome_token, acentuada, id_tipo_token) VALUES ("0055", "0055", (SELECT id_tipo_token FROM classificacoes_tokens WHERE BINARY nome_token = "0055"));
  INSERT IGNORE INTO classificacoes_tokens (nome_token, id_tipo_token) VALUES ("0036", (SELECT id_chave_tipo_token FROM tipos_tokens WHERE nome_tipo_token = "numeral"));
INSERT IGNORE INTO tokens (nome_token, acentuada, id_tipo_token) VALUES ("0036", "0036", (SELECT id_tipo_token FROM classificacoes_tokens WHERE BINARY nome_token = "0036"));
  INSERT IGNORE INTO classificacoes_tokens (nome_token, id_tipo_token) VALUES ("0033", (SELECT id_chave_tipo_token FROM tipos_tokens WHERE nome_tipo_token = "numeral"));
INSERT IGNORE INTO tokens (nome_token, acentuada, id_tipo_token) VALUES ("0033", "0033", (SELECT id_tipo_token FROM classificacoes_tokens WHERE BINARY nome_token = "0033"));
  INSERT IGNORE INTO classificacoes_tokens (nome_token, id_tipo_token) VALUES ("0054", (SELECT id_chave_tipo_token FROM tipos_tokens WHERE nome_tipo_token = "numeral"));
INSERT IGNORE INTO tokens (nome_token, acentuada, id_tipo_token) VALUES ("0054", "0054", (SELECT id_tipo_token FROM classificacoes_tokens WHERE BINARY nome_token = "0054"));
  INSERT IGNORE INTO classificacoes_tokens (nome_token, id_tipo_token) VALUES ("0053", (SELECT id_chave_tipo_token FROM tipos_tokens WHERE nome_tipo_token = "numeral"));
INSERT IGNORE INTO tokens (nome_token, acentuada, id_tipo_token) VALUES ("0053", "0053", (SELECT id_tipo_token FROM classificacoes_tokens WHERE BINARY nome_token = "0053"));
  INSERT IGNORE INTO classificacoes_tokens (nome_token, id_tipo_token) VALUES ("0052", (SELECT id_chave_tipo_token FROM tipos_tokens WHERE nome_tipo_token = "numeral"));
INSERT IGNORE INTO tokens (nome_token, acentuada, id_tipo_token) VALUES ("0052", "0052", (SELECT id_tipo_token FROM classificacoes_tokens WHERE BINARY nome_token = "0052"));
  INSERT IGNORE INTO classificacoes_tokens (nome_token, id_tipo_token) VALUES ("0060", (SELECT id_chave_tipo_token FROM tipos_tokens WHERE nome_tipo_token = "numeral"));
INSERT IGNORE INTO tokens (nome_token, acentuada, id_tipo_token) VALUES ("0060", "0060", (SELECT id_tipo_token FROM classificacoes_tokens WHERE BINARY nome_token = "0060"));
  INSERT IGNORE INTO classificacoes_tokens (nome_token, id_tipo_token) VALUES ("0058", (SELECT id_chave_tipo_token FROM tipos_tokens WHERE nome_tipo_token = "numeral"));
INSERT IGNORE INTO tokens (nome_token, acentuada, id_tipo_token) VALUES ("0058", "0058", (SELECT id_tipo_token FROM classificacoes_tokens WHERE BINARY nome_token = "0058"));
  INSERT IGNORE INTO classificacoes_tokens (nome_token, id_tipo_token) VALUES ("0056", (SELECT id_chave_tipo_token FROM tipos_tokens WHERE nome_tipo_token = "numeral"));
INSERT IGNORE INTO tokens (nome_token, acentuada, id_tipo_token) VALUES ("0056", "0056", (SELECT id_tipo_token FROM classificacoes_tokens WHERE BINARY nome_token = "0056"));
  INSERT IGNORE INTO classificacoes_tokens (nome_token, id_tipo_token) VALUES ("0031", (SELECT id_chave_tipo_token FROM tipos_tokens WHERE nome_tipo_token = "numeral"));
INSERT IGNORE INTO tokens (nome_token, acentuada, id_tipo_token) VALUES ("0031", "0031", (SELECT id_tipo_token FROM classificacoes_tokens WHERE BINARY nome_token = "0031"));
  INSERT IGNORE INTO classificacoes_tokens (nome_token, id_tipo_token) VALUES ("0010", (SELECT id_chave_tipo_token FROM tipos_tokens WHERE nome_tipo_token = "numeral"));
INSERT IGNORE INTO tokens (nome_token, acentuada, id_tipo_token) VALUES ("0010", "0010", (SELECT id_tipo_token FROM classificacoes_tokens WHERE BINARY nome_token = "0010"));
  INSERT IGNORE INTO classificacoes_tokens (nome_token, id_tipo_token) VALUES ("0006", (SELECT id_chave_tipo_token FROM tipos_tokens WHERE nome_tipo_token = "numeral"));
INSERT IGNORE INTO tokens (nome_token, acentuada, id_tipo_token) VALUES ("0006", "0006", (SELECT id_tipo_token FROM classificacoes_tokens WHERE BINARY nome_token = "0006"));
  INSERT IGNORE INTO classificacoes_tokens (nome_token, id_tipo_token) VALUES ("0007", (SELECT id_chave_tipo_token FROM tipos_tokens WHERE nome_tipo_token = "numeral"));
INSERT IGNORE INTO tokens (nome_token, acentuada, id_tipo_token) VALUES ("0007", "0007", (SELECT id_tipo_token FROM classificacoes_tokens WHERE BINARY nome_token = "0007"));
  INSERT IGNORE INTO tokens (nome_token, acentuada, id_tipo_token) VALUES ("eg", "eg", (SELECT id_tipo_token FROM classificacoes_tokens WHERE BINARY nome_token = "eg"));
  INSERT IGNORE INTO tokens (nome_token, acentuada, id_tipo_token) VALUES ("fc", "fc", (SELECT id_tipo_token FROM classificacoes_tokens WHERE BINARY nome_token = "fc"));
  INSERT IGNORE INTO tokens (nome_token, acentuada, id_tipo_token) VALUES ("lencois", "lencois", (SELECT id_tipo_token FROM classificacoes_tokens WHERE BINARY nome_token = "lencois"));
  INSERT IGNORE INTO tokens (nome_token, acentuada, id_tipo_token) VALUES ("lencois", "lençois", (SELECT id_tipo_token FROM classificacoes_tokens WHERE BINARY nome_token = "lençois"));
  INSERT IGNORE INTO tokens (nome_token, acentuada, id_tipo_token) VALUES ("site_mectransm", "site_mectransm", (SELECT id_tipo_token FROM classificacoes_tokens WHERE BINARY nome_token = "site_mectransm"));
  INSERT IGNORE INTO tokens (nome_token, acentuada, id_tipo_token) VALUES ("automatica", "automática", (SELECT id_tipo_token FROM classificacoes_tokens WHERE BINARY nome_token = "automática"));
  INSERT IGNORE INTO tokens (nome_token, acentuada, id_tipo_token) VALUES ("site_injelet", "site_injelet", (SELECT id_tipo_token FROM classificacoes_tokens WHERE BINARY nome_token = "site_injelet"));
  INSERT IGNORE INTO tokens (nome_token, acentuada, id_tipo_token) VALUES ("site_bomba", "site_bomba", (SELECT id_tipo_token FROM classificacoes_tokens WHERE BINARY nome_token = "site_bomba"));
  INSERT IGNORE INTO tokens (nome_token, acentuada, id_tipo_token) VALUES ("distribuidora", "distribuidora", (SELECT id_tipo_token FROM classificacoes_tokens WHERE BINARY nome_token = "distribuidora"));
  INSERT IGNORE INTO tokens (nome_token, acentuada, id_tipo_token) VALUES ("combustivel", "combustível", (SELECT id_tipo_token FROM classificacoes_tokens WHERE BINARY nome_token = "combustível"));
  INSERT IGNORE INTO tokens (nome_token, acentuada, id_tipo_token) VALUES ("bombas", "bombas", (SELECT id_tipo_token FROM classificacoes_tokens WHERE BINARY nome_token = "bombas"));
  INSERT IGNORE INTO tokens (nome_token, acentuada, id_tipo_token) VALUES ("site_desprojmec", "site_desprojmec", (SELECT id_tipo_token FROM classificacoes_tokens WHERE BINARY nome_token = "site_desprojmec"));
  INSERT IGNORE INTO tokens (nome_token, acentuada, id_tipo_token) VALUES ("site_cortecnc", "site_cortecnc", (SELECT id_tipo_token FROM classificacoes_tokens WHERE BINARY nome_token = "site_cortecnc"));
  INSERT IGNORE INTO tokens (nome_token, acentuada, id_tipo_token) VALUES ("automatizado", "automatizado", (SELECT id_tipo_token FROM classificacoes_tokens WHERE BINARY nome_token = "automatizado"));
  INSERT IGNORE INTO tokens (nome_token, acentuada, id_tipo_token) VALUES ("site_alin", "site_alin", (SELECT id_tipo_token FROM classificacoes_tokens WHERE BINARY nome_token = "site_alin"));
  INSERT IGNORE INTO tokens (nome_token, acentuada, id_tipo_token) VALUES ("alinhador", "alinhador", (SELECT id_tipo_token FROM classificacoes_tokens WHERE BINARY nome_token = "alinhador"));
  INSERT IGNORE INTO tokens (nome_token, acentuada, id_tipo_token) VALUES ("site_progcam", "site_progcam", (SELECT id_tipo_token FROM classificacoes_tokens WHERE BINARY nome_token = "site_progcam"));
  INSERT IGNORE INTO tokens (nome_token, acentuada, id_tipo_token) VALUES ("site_modcalc", "site_modcalc", (SELECT id_tipo_token FROM classificacoes_tokens WHERE BINARY nome_token = "site_modcalc"));
  INSERT IGNORE INTO tokens (nome_token, acentuada, id_tipo_token) VALUES ("pepl", "pepl", (SELECT id_tipo_token FROM classificacoes_tokens WHERE BINARY nome_token = "pepl"));
  INSERT IGNORE INTO tokens (nome_token, acentuada, id_tipo_token) VALUES ("site_pizza", "site_pizza", (SELECT id_tipo_token FROM classificacoes_tokens WHERE BINARY nome_token = "site_pizza"));
  INSERT IGNORE INTO tokens (nome_token, acentuada, id_tipo_token) VALUES ("site_excbas", "site_excbas", (SELECT id_tipo_token FROM classificacoes_tokens WHERE BINARY nome_token = "site_excbas"));
  INSERT IGNORE INTO tokens (nome_token, acentuada, id_tipo_token) VALUES ("site_excavanc", "site_excavanc", (SELECT id_tipo_token FROM classificacoes_tokens WHERE BINARY nome_token = "site_excavanc"));
  INSERT IGNORE INTO tokens (nome_token, acentuada, id_tipo_token) VALUES ("site_enersol", "site_enersol", (SELECT id_tipo_token FROM classificacoes_tokens WHERE BINARY nome_token = "site_enersol"));
  INSERT IGNORE INTO tokens (nome_token, acentuada, id_tipo_token) VALUES ("site_empre", "site_empre", (SELECT id_tipo_token FROM classificacoes_tokens WHERE BINARY nome_token = "site_empre"));
  INSERT IGNORE INTO tokens (nome_token, acentuada, id_tipo_token) VALUES ("site_eletrop", "site_eletrop", (SELECT id_tipo_token FROM classificacoes_tokens WHERE BINARY nome_token = "site_eletrop"));
  INSERT IGNORE INTO tokens (nome_token, acentuada, id_tipo_token) VALUES ("site_eletdig", "site_eletdig", (SELECT id_tipo_token FROM classificacoes_tokens WHERE BINARY nome_token = "site_eletdig"));
  INSERT IGNORE INTO tokens (nome_token, acentuada, id_tipo_token) VALUES ("site_eletanalog", "site_eletanalog", (SELECT id_tipo_token FROM classificacoes_tokens WHERE BINARY nome_token = "site_eletanalog"));
  INSERT IGNORE INTO tokens (nome_token, acentuada, id_tipo_token) VALUES ("site_eletrohid", "site_eletrohid", (SELECT id_tipo_token FROM classificacoes_tokens WHERE BINARY nome_token = "site_eletrohid"));
  INSERT IGNORE INTO tokens (nome_token, acentuada, id_tipo_token) VALUES ("eletrohidraulica", "eletrohidráulica", (SELECT id_tipo_token FROM classificacoes_tokens WHERE BINARY nome_token = "eletrohidráulica"));
  INSERT IGNORE INTO tokens (nome_token, acentuada, id_tipo_token) VALUES ("site_premiere", "site_premiere", (SELECT id_tipo_token FROM classificacoes_tokens WHERE BINARY nome_token = "site_premiere"));
  INSERT IGNORE INTO tokens (nome_token, acentuada, id_tipo_token) VALUES ("site_oscilocp", "site_oscilocp", (SELECT id_tipo_token FROM classificacoes_tokens WHERE BINARY nome_token = "site_oscilocp"));
  INSERT IGNORE INTO tokens (nome_token, acentuada, id_tipo_token) VALUES ("site_diaginjdie", "site_diaginjdie", (SELECT id_tipo_token FROM classificacoes_tokens WHERE BINARY nome_token = "site_diaginjdie"));
  INSERT IGNORE INTO tokens (nome_token, acentuada, id_tipo_token) VALUES ("site_diaginj", "site_diaginj", (SELECT id_tipo_token FROM classificacoes_tokens WHERE BINARY nome_token = "site_diaginj"));
  INSERT IGNORE INTO tokens (nome_token, acentuada, id_tipo_token) VALUES ("site_despubdig", "site_despubdig", (SELECT id_tipo_token FROM classificacoes_tokens WHERE BINARY nome_token = "site_despubdig"));
  INSERT IGNORE INTO tokens (nome_token, acentuada, id_tipo_token) VALUES ("publicacoes", "publicações", (SELECT id_tipo_token FROM classificacoes_tokens WHERE BINARY nome_token = "publicações"));
  INSERT IGNORE INTO tokens (nome_token, acentuada, id_tipo_token) VALUES ("site_dashexc", "site_dashexc", (SELECT id_tipo_token FROM classificacoes_tokens WHERE BINARY nome_token = "site_dashexc"));
  INSERT IGNORE INTO tokens (nome_token, acentuada, id_tipo_token) VALUES ("site_criacao", "site_criacao", (SELECT id_tipo_token FROM classificacoes_tokens WHERE BINARY nome_token = "site_criacao"));
  INSERT IGNORE INTO tokens (nome_token, acentuada, id_tipo_token) VALUES ("colecao", "coleção", (SELECT id_tipo_token FROM classificacoes_tokens WHERE BINARY nome_token = "coleção"));
  INSERT IGNORE INTO tokens (nome_token, acentuada, id_tipo_token) VALUES ("site_corel", "site_corel", (SELECT id_tipo_token FROM classificacoes_tokens WHERE BINARY nome_token = "site_corel"));
  INSERT IGNORE INTO tokens (nome_token, acentuada, id_tipo_token) VALUES ("site_comelet", "site_comelet", (SELECT id_tipo_token FROM classificacoes_tokens WHERE BINARY nome_token = "site_comelet"));
  INSERT IGNORE INTO tokens (nome_token, acentuada, id_tipo_token) VALUES ("site_clp", "site_clp", (SELECT id_tipo_token FROM classificacoes_tokens WHERE BINARY nome_token = "site_clp"));
  INSERT IGNORE INTO tokens (nome_token, acentuada, id_tipo_token) VALUES ("step", "step", (SELECT id_tipo_token FROM classificacoes_tokens WHERE BINARY nome_token = "step"));
  INSERT IGNORE INTO tokens (nome_token, acentuada, id_tipo_token) VALUES ("site_fortinet", "site_fortinet", (SELECT id_tipo_token FROM classificacoes_tokens WHERE BINARY nome_token = "site_fortinet"));
  INSERT IGNORE INTO tokens (nome_token, acentuada, id_tipo_token) VALUES ("site_ccna", "site_ccna", (SELECT id_tipo_token FROM classificacoes_tokens WHERE BINARY nome_token = "site_ccna"));
  INSERT IGNORE INTO tokens (nome_token, acentuada, id_tipo_token) VALUES ("site_folhapagto", "site_folhapagto", (SELECT id_tipo_token FROM classificacoes_tokens WHERE BINARY nome_token = "site_folhapagto"));
  INSERT IGNORE INTO tokens (nome_token, acentuada, id_tipo_token) VALUES ("site_autpred", "site_autpred", (SELECT id_tipo_token FROM classificacoes_tokens WHERE BINARY nome_token = "site_autpred"));
  INSERT IGNORE INTO tokens (nome_token, acentuada, id_tipo_token) VALUES ("site_autpneu", "site_autpneu", (SELECT id_tipo_token FROM classificacoes_tokens WHERE BINARY nome_token = "site_autpneu"));
  INSERT IGNORE INTO tokens (nome_token, acentuada, id_tipo_token) VALUES ("site_authid", "site_authid", (SELECT id_tipo_token FROM classificacoes_tokens WHERE BINARY nome_token = "site_authid"));
  INSERT IGNORE INTO tokens (nome_token, acentuada, id_tipo_token) VALUES ("site_3d", "site_3d", (SELECT id_tipo_token FROM classificacoes_tokens WHERE BINARY nome_token = "site_3d"));
  INSERT IGNORE INTO tokens (nome_token, acentuada, id_tipo_token) VALUES ("site_cad2d", "site_cad2d", (SELECT id_tipo_token FROM classificacoes_tokens WHERE BINARY nome_token = "site_cad2d"));
  INSERT IGNORE INTO tokens (nome_token, acentuada, id_tipo_token) VALUES ("site_ard", "site_ard", (SELECT id_tipo_token FROM classificacoes_tokens WHERE BINARY nome_token = "site_ard"));
  INSERT IGNORE INTO tokens (nome_token, acentuada, id_tipo_token) VALUES ("site_alimfunc", "site_alimfunc", (SELECT id_tipo_token FROM classificacoes_tokens WHERE BINARY nome_token = "site_alimfunc"));
  INSERT IGNORE INTO tokens (nome_token, acentuada, id_tipo_token) VALUES ("site_photo", "site_photo", (SELECT id_tipo_token FROM classificacoes_tokens WHERE BINARY nome_token = "site_photo"));
  INSERT IGNORE INTO tokens (nome_token, acentuada, id_tipo_token) VALUES ("site_5s", "site_5s", (SELECT id_tipo_token FROM classificacoes_tokens WHERE BINARY nome_token = "site_5s"));
  INSERT IGNORE INTO tokens (nome_token, acentuada, id_tipo_token) VALUES ("site_word", "site_word", (SELECT id_tipo_token FROM classificacoes_tokens WHERE BINARY nome_token = "site_word"));
  INSERT IGNORE INTO tokens (nome_token, acentuada, id_tipo_token) VALUES ("site_imp3d", "site_imp3d", (SELECT id_tipo_token FROM classificacoes_tokens WHERE BINARY nome_token = "site_imp3d"));
  INSERT IGNORE INTO tokens (nome_token, acentuada, id_tipo_token) VALUES ("site_solid", "site_solid", (SELECT id_tipo_token FROM classificacoes_tokens WHERE BINARY nome_token = "site_solid"));
  INSERT IGNORE INTO tokens (nome_token, acentuada, id_tipo_token) VALUES ("site_soldarobo", "site_soldarobo", (SELECT id_tipo_token FROM classificacoes_tokens WHERE BINARY nome_token = "site_soldarobo"));
  INSERT IGNORE INTO tokens (nome_token, acentuada, id_tipo_token) VALUES ("site_sas", "site_sas", (SELECT id_tipo_token FROM classificacoes_tokens WHERE BINARY nome_token = "site_sas"));
  INSERT IGNORE INTO tokens (nome_token, acentuada, id_tipo_token) VALUES ("submerso", "submerso", (SELECT id_tipo_token FROM classificacoes_tokens WHERE BINARY nome_token = "submerso"));
  INSERT IGNORE INTO tokens (nome_token, acentuada, id_tipo_token) VALUES ("site_tigalum", "site_tigalum", (SELECT id_tipo_token FROM classificacoes_tokens WHERE BINARY nome_token = "site_tigalum"));
  INSERT IGNORE INTO tokens (nome_token, acentuada, id_tipo_token) VALUES ("site_tigaco", "site_tigaco", (SELECT id_tipo_token FROM classificacoes_tokens WHERE BINARY nome_token = "site_tigaco"));
  INSERT IGNORE INTO tokens (nome_token, acentuada, id_tipo_token) VALUES ("site_soldamag", "site_soldamag", (SELECT id_tipo_token FROM classificacoes_tokens WHERE BINARY nome_token = "site_soldamag"));
  INSERT IGNORE INTO tokens (nome_token, acentuada, id_tipo_token) VALUES ("site_sistsup", "site_sistsup", (SELECT id_tipo_token FROM classificacoes_tokens WHERE BINARY nome_token = "site_sistsup"));
  INSERT IGNORE INTO tokens (nome_token, acentuada, id_tipo_token) VALUES ("site_scai", "site_scai", (SELECT id_tipo_token FROM classificacoes_tokens WHERE BINARY nome_token = "site_scai"));
  INSERT IGNORE INTO tokens (nome_token, acentuada, id_tipo_token) VALUES ("site_regmototto", "site_regmototto", (SELECT id_tipo_token FROM classificacoes_tokens WHERE BINARY nome_token = "site_regmototto"));
  INSERT IGNORE INTO tokens (nome_token, acentuada, id_tipo_token) VALUES ("regulagens", "regulagens", (SELECT id_tipo_token FROM classificacoes_tokens WHERE BINARY nome_token = "regulagens"));
  INSERT IGNORE INTO tokens (nome_token, acentuada, id_tipo_token) VALUES ("site_redes", "site_redes", (SELECT id_tipo_token FROM classificacoes_tokens WHERE BINARY nome_token = "site_redes"));
  INSERT IGNORE INTO tokens (nome_token, acentuada, id_tipo_token) VALUES ("site_tornocnc", "site_tornocnc", (SELECT id_tipo_token FROM classificacoes_tokens WHERE BINARY nome_token = "site_tornocnc"));
  INSERT IGNORE INTO tokens (nome_token, acentuada, id_tipo_token) VALUES ("site_centusin", "site_centusin", (SELECT id_tipo_token FROM classificacoes_tokens WHERE BINARY nome_token = "site_centusin"));
  INSERT IGNORE INTO tokens (nome_token, acentuada, id_tipo_token) VALUES ("site_progrobind", "site_progrobind", (SELECT id_tipo_token FROM classificacoes_tokens WHERE BINARY nome_token = "site_progrobind"));
  INSERT IGNORE INTO tokens (nome_token, acentuada, id_tipo_token) VALUES ("site_ppt", "site_ppt", (SELECT id_tipo_token FROM classificacoes_tokens WHERE BINARY nome_token = "site_ppt"));
  INSERT IGNORE INTO tokens (nome_token, acentuada, id_tipo_token) VALUES ("site_pacoff", "site_pacoff", (SELECT id_tipo_token FROM classificacoes_tokens WHERE BINARY nome_token = "site_pacoff"));
  INSERT IGNORE INTO tokens (nome_token, acentuada, id_tipo_token) VALUES ("site_nr11", "site_nr11", (SELECT id_tipo_token FROM classificacoes_tokens WHERE BINARY nome_token = "site_nr11"));
  INSERT IGNORE INTO tokens (nome_token, acentuada, id_tipo_token) VALUES ("site_mmcomp", "site_mmcomp", (SELECT id_tipo_token FROM classificacoes_tokens WHERE BINARY nome_token = "site_mmcomp"));
  INSERT IGNORE INTO tokens (nome_token, acentuada, id_tipo_token) VALUES ("site_monpadent", "site_monpadent", (SELECT id_tipo_token FROM classificacoes_tokens WHERE BINARY nome_token = "site_monpadent"));
  INSERT IGNORE INTO tokens (nome_token, acentuada, id_tipo_token) VALUES ("site_modcad", "site_modcad", (SELECT id_tipo_token FROM classificacoes_tokens WHERE BINARY nome_token = "site_modcad"));
  INSERT IGNORE INTO tokens (nome_token, acentuada, id_tipo_token) VALUES ("site_pl900", "site_pl900", (SELECT id_tipo_token FROM classificacoes_tokens WHERE BINARY nome_token = "site_pl900"));
  INSERT IGNORE INTO tokens (nome_token, acentuada, id_tipo_token) VALUES ("site_powerbi", "site_powerbi", (SELECT id_tipo_token FROM classificacoes_tokens WHERE BINARY nome_token = "site_powerbi"));
  INSERT IGNORE INTO tokens (nome_token, acentuada, id_tipo_token) VALUES ("site_metmec", "site_metmec", (SELECT id_tipo_token FROM classificacoes_tokens WHERE BINARY nome_token = "site_metmec"));
  INSERT IGNORE INTO tokens (nome_token, acentuada, id_tipo_token) VALUES ("site_destec", "site_destec", (SELECT id_tipo_token FROM classificacoes_tokens WHERE BINARY nome_token = "site_destec"));
  INSERT IGNORE INTO tokens (nome_token, acentuada, id_tipo_token) VALUES ("site_kaizen", "site_kaizen", (SELECT id_tipo_token FROM classificacoes_tokens WHERE BINARY nome_token = "site_kaizen"));
  INSERT IGNORE INTO tokens (nome_token, acentuada, id_tipo_token) VALUES ("site_jitkanb", "site_jitkanb", (SELECT id_tipo_token FROM classificacoes_tokens WHERE BINARY nome_token = "site_jitkanb"));
  INSERT IGNORE INTO tokens (nome_token, acentuada, id_tipo_token) VALUES ("site_invers", "site_invers", (SELECT id_tipo_token FROM classificacoes_tokens WHERE BINARY nome_token = "site_invers"));
  INSERT IGNORE INTO tokens (nome_token, acentuada, id_tipo_token) VALUES ("site_invent", "site_invent", (SELECT id_tipo_token FROM classificacoes_tokens WHERE BINARY nome_token = "site_invent"));
  INSERT IGNORE INTO tokens (nome_token, acentuada, id_tipo_token) VALUES ("site_roboclp", "site_roboclp", (SELECT id_tipo_token FROM classificacoes_tokens WHERE BINARY nome_token = "site_roboclp"));
  INSERT IGNORE INTO tokens (nome_token, acentuada, id_tipo_token) VALUES ("site_sistfoto", "site_sistfoto", (SELECT id_tipo_token FROM classificacoes_tokens WHERE BINARY nome_token = "site_sistfoto"));
  INSERT IGNORE INTO tokens (nome_token, acentuada, id_tipo_token) VALUES ("site_arsplit", "site_arsplit", (SELECT id_tipo_token FROM classificacoes_tokens WHERE BINARY nome_token = "site_arsplit"));
  INSERT IGNORE INTO tokens (nome_token, acentuada, id_tipo_token) VALUES ("site_arauto", "site_arauto", (SELECT id_tipo_token FROM classificacoes_tokens WHERE BINARY nome_token = "site_arauto"));
  INSERT IGNORE INTO tokens (nome_token, acentuada, id_tipo_token) VALUES ("site_dp900", "site_dp900", (SELECT id_tipo_token FROM classificacoes_tokens WHERE BINARY nome_token = "site_dp900"));
  INSERT IGNORE INTO tokens (nome_token, acentuada, id_tipo_token) VALUES ("site_az900", "site_az900", (SELECT id_tipo_token FROM classificacoes_tokens WHERE BINARY nome_token = "site_az900"));
  INSERT IGNORE INTO tokens (nome_token, acentuada, id_tipo_token) VALUES ("site_aws", "site_aws", (SELECT id_tipo_token FROM classificacoes_tokens WHERE BINARY nome_token = "site_aws"));
  INSERT IGNORE INTO tokens (nome_token, acentuada, id_tipo_token) VALUES ("site_ai900", "site_ai900", (SELECT id_tipo_token FROM classificacoes_tokens WHERE BINARY nome_token = "site_ai900"));
  INSERT IGNORE INTO tokens (nome_token, acentuada, id_tipo_token) VALUES ("site_google", "site_google", (SELECT id_tipo_token FROM classificacoes_tokens WHERE BINARY nome_token = "site_google"));
  INSERT IGNORE INTO tokens (nome_token, acentuada, id_tipo_token) VALUES ("site_wirelless", "site_wirelless", (SELECT id_tipo_token FROM classificacoes_tokens WHERE BINARY nome_token = "site_wirelless"));
  INSERT IGNORE INTO tokens (nome_token, acentuada, id_tipo_token) VALUES ("site_hidpneum", "site_hidpneum", (SELECT id_tipo_token FROM classificacoes_tokens WHERE BINARY nome_token = "site_hidpneum"));
  INSERT IGNORE INTO tokens (nome_token, acentuada, id_tipo_token) VALUES ("site_sc900", "site_sc900", (SELECT id_tipo_token FROM classificacoes_tokens WHERE BINARY nome_token = "site_sc900"));
  INSERT IGNORE INTO tokens (nome_token, acentuada, id_tipo_token) VALUES ("site_lider", "site_lider", (SELECT id_tipo_token FROM classificacoes_tokens WHERE BINARY nome_token = "site_lider"));
  INSERT IGNORE INTO tokens (nome_token, acentuada, id_tipo_token) VALUES ("mpebt", "mpebt", (SELECT id_tipo_token FROM classificacoes_tokens WHERE BINARY nome_token = "mpebt"));
  INSERT IGNORE INTO tokens (nome_token, acentuada, id_tipo_token) VALUES ("dsidmo", "dsidmo", (SELECT id_tipo_token FROM classificacoes_tokens WHERE BINARY nome_token = "dsidmo"));
  INSERT IGNORE INTO tokens (nome_token, acentuada, id_tipo_token) VALUES ("direta", "direta", (SELECT id_tipo_token FROM classificacoes_tokens WHERE BINARY nome_token = "direta"));
  INSERT IGNORE INTO tokens (nome_token, acentuada, id_tipo_token) VALUES ("n28", "n28", (SELECT id_tipo_token FROM classificacoes_tokens WHERE BINARY nome_token = "n28"));
  INSERT IGNORE INTO tokens (nome_token, acentuada, id_tipo_token) VALUES ("irpclp", "irpclp", (SELECT id_tipo_token FROM classificacoes_tokens WHERE BINARY nome_token = "irpclp"));
  INSERT IGNORE INTO tokens (nome_token, acentuada, id_tipo_token) VALUES ("n27", "n27", (SELECT id_tipo_token FROM classificacoes_tokens WHERE BINARY nome_token = "n27"));
  INSERT IGNORE INTO tokens (nome_token, acentuada, id_tipo_token) VALUES ("dcpl", "dcpl", (SELECT id_tipo_token FROM classificacoes_tokens WHERE BINARY nome_token = "dcpl"));
  INSERT IGNORE INTO tokens (nome_token, acentuada, id_tipo_token) VALUES ("site_conf", "site_conf", (SELECT id_tipo_token FROM classificacoes_tokens WHERE BINARY nome_token = "site_conf"));
  INSERT IGNORE INTO tokens (nome_token, acentuada, id_tipo_token) VALUES ("site_confcalc", "site_confcalc", (SELECT id_tipo_token FROM classificacoes_tokens WHERE BINARY nome_token = "site_confcalc"));
  INSERT IGNORE INTO tokens (nome_token, acentuada, id_tipo_token) VALUES ("manual", "manual", (SELECT id_tipo_token FROM classificacoes_tokens WHERE BINARY nome_token = "manual"));
  INSERT IGNORE INTO tokens (nome_token, acentuada, id_tipo_token) VALUES ("site_confbolsa", "site_confbolsa", (SELECT id_tipo_token FROM classificacoes_tokens WHERE BINARY nome_token = "site_confbolsa"));
  INSERT IGNORE INTO tokens (nome_token, acentuada, id_tipo_token) VALUES ("site_caldtrac", "site_caldtrac", (SELECT id_tipo_token FROM classificacoes_tokens WHERE BINARY nome_token = "site_caldtrac"));
  INSERT IGNORE INTO tokens (nome_token, acentuada, id_tipo_token) VALUES ("site_auxadm", "site_auxadm", (SELECT id_tipo_token FROM classificacoes_tokens WHERE BINARY nome_token = "site_auxadm"));
  INSERT IGNORE INTO tokens (nome_token, acentuada, id_tipo_token) VALUES ("site_assrh", "site_assrh", (SELECT id_tipo_token FROM classificacoes_tokens WHERE BINARY nome_token = "site_assrh"));
  INSERT IGNORE INTO tokens (nome_token, acentuada, id_tipo_token) VALUES ("site_ajumec", "site_ajumec", (SELECT id_tipo_token FROM classificacoes_tokens WHERE BINARY nome_token = "site_ajumec"));
  INSERT IGNORE INTO tokens (nome_token, acentuada, id_tipo_token) VALUES ("site_tornmec", "site_tornmec", (SELECT id_tipo_token FROM classificacoes_tokens WHERE BINARY nome_token = "site_tornmec"));
  INSERT IGNORE INTO tokens (nome_token, acentuada, id_tipo_token) VALUES ("site_saeo", "site_saeo", (SELECT id_tipo_token FROM classificacoes_tokens WHERE BINARY nome_token = "site_saeo"));
  INSERT IGNORE INTO tokens (nome_token, acentuada, id_tipo_token) VALUES ("site_pespcalc", "site_pespcalc", (SELECT id_tipo_token FROM classificacoes_tokens WHERE BINARY nome_token = "site_pespcalc"));
  INSERT IGNORE INTO tokens (nome_token, acentuada, id_tipo_token) VALUES ("site_pad", "site_pad", (SELECT id_tipo_token FROM classificacoes_tokens WHERE BINARY nome_token = "site_pad"));
  INSERT IGNORE INTO tokens (nome_token, acentuada, id_tipo_token) VALUES ("site_opmic", "site_opmic", (SELECT id_tipo_token FROM classificacoes_tokens WHERE BINARY nome_token = "site_opmic"));
  INSERT IGNORE INTO tokens (nome_token, acentuada, id_tipo_token) VALUES ("site_opmaqusi", "site_opmaqusi", (SELECT id_tipo_token FROM classificacoes_tokens WHERE BINARY nome_token = "site_opmaqusi"));
  INSERT IGNORE INTO tokens (nome_token, acentuada, id_tipo_token) VALUES ("site_montmov", "site_montmov", (SELECT id_tipo_token FROM classificacoes_tokens WHERE BINARY nome_token = "site_montmov"));
  INSERT IGNORE INTO tokens (nome_token, acentuada, id_tipo_token) VALUES ("site_montmaqagr", "site_montmaqagr", (SELECT id_tipo_token FROM classificacoes_tokens WHERE BINARY nome_token = "site_montmaqagr"));
  INSERT IGNORE INTO tokens (nome_token, acentuada, id_tipo_token) VALUES ("agricolas", "agrícolas", (SELECT id_tipo_token FROM classificacoes_tokens WHERE BINARY nome_token = "agrícolas"));
  INSERT IGNORE INTO tokens (nome_token, acentuada, id_tipo_token) VALUES ("site_mecsusp", "site_mecsusp", (SELECT id_tipo_token FROM classificacoes_tokens WHERE BINARY nome_token = "site_mecsusp"));
  INSERT IGNORE INTO tokens (nome_token, acentuada, id_tipo_token) VALUES ("site_mecotto", "site_mecotto", (SELECT id_tipo_token FROM classificacoes_tokens WHERE BINARY nome_token = "site_mecotto"));
  INSERT IGNORE INTO tokens (nome_token, acentuada, id_tipo_token) VALUES ("site_mecdiesel", "site_mecdiesel", (SELECT id_tipo_token FROM classificacoes_tokens WHERE BINARY nome_token = "site_mecdiesel"));
  INSERT IGNORE INTO tokens (nome_token, acentuada, id_tipo_token) VALUES ("site_mecmanuind", "site_mecmanuind", (SELECT id_tipo_token FROM classificacoes_tokens WHERE BINARY nome_token = "site_mecmanuind"));
  INSERT IGNORE INTO tokens (nome_token, acentuada, id_tipo_token) VALUES ("site_mecauxauto", "site_mecauxauto", (SELECT id_tipo_token FROM classificacoes_tokens WHERE BINARY nome_token = "site_mecauxauto"));
  INSERT IGNORE INTO tokens (nome_token, acentuada, id_tipo_token) VALUES ("site_manuasscom", "site_manuasscom", (SELECT id_tipo_token FROM classificacoes_tokens WHERE BINARY nome_token = "site_manuasscom"));
  INSERT IGNORE INTO tokens (nome_token, acentuada, id_tipo_token) VALUES ("microcomputadores", "microcomputadores", (SELECT id_tipo_token FROM classificacoes_tokens WHERE BINARY nome_token = "microcomputadores"));
  INSERT IGNORE INTO tokens (nome_token, acentuada, id_tipo_token) VALUES ("site_instrum", "site_instrum", (SELECT id_tipo_token FROM classificacoes_tokens WHERE BINARY nome_token = "site_instrum"));
  INSERT IGNORE INTO tokens (nome_token, acentuada, id_tipo_token) VALUES ("site_insqua", "site_insqua", (SELECT id_tipo_token FROM classificacoes_tokens WHERE BINARY nome_token = "site_insqua"));
  INSERT IGNORE INTO tokens (nome_token, acentuada, id_tipo_token) VALUES ("site_estcalc", "site_estcalc", (SELECT id_tipo_token FROM classificacoes_tokens WHERE BINARY nome_token = "site_estcalc"));
  INSERT IGNORE INTO tokens (nome_token, acentuada, id_tipo_token) VALUES ("estilista", "estilista", (SELECT id_tipo_token FROM classificacoes_tokens WHERE BINARY nome_token = "estilista"));
  INSERT IGNORE INTO tokens (nome_token, acentuada, id_tipo_token) VALUES ("site_eletinst", "site_eletinst", (SELECT id_tipo_token FROM classificacoes_tokens WHERE BINARY nome_token = "site_eletinst"));
  INSERT IGNORE INTO tokens (nome_token, acentuada, id_tipo_token) VALUES ("site_eletind", "site_eletind", (SELECT id_tipo_token FROM classificacoes_tokens WHERE BINARY nome_token = "site_eletind"));
  INSERT IGNORE INTO tokens (nome_token, acentuada, id_tipo_token) VALUES ("site_eletautos", "site_eletautos", (SELECT id_tipo_token FROM classificacoes_tokens WHERE BINARY nome_token = "site_eletautos"));
  INSERT IGNORE INTO tokens (nome_token, acentuada, id_tipo_token) VALUES ("savio", "sávio", (SELECT id_tipo_token FROM classificacoes_tokens WHERE BINARY nome_token = "sávio"));
  INSERT IGNORE INTO tokens (nome_token, acentuada, id_tipo_token) VALUES ("edward", "edward", (SELECT id_tipo_token FROM classificacoes_tokens WHERE BINARY nome_token = "edward"));
  INSERT IGNORE INTO classificacoes_tokens (nome_token, id_tipo_token) VALUES ("790", (SELECT id_chave_tipo_token FROM tipos_tokens WHERE nome_tipo_token = "numeral"));
INSERT IGNORE INTO tokens (nome_token, acentuada, id_tipo_token) VALUES ("790", "790", (SELECT id_tipo_token FROM classificacoes_tokens WHERE BINARY nome_token = "790"));
  INSERT IGNORE INTO tokens (nome_token, acentuada, id_tipo_token) VALUES ("jau", "jaú", (SELECT id_tipo_token FROM classificacoes_tokens WHERE BINARY nome_token = "jaú"));
  INSERT IGNORE INTO tokens (nome_token, acentuada, id_tipo_token) VALUES ("boloscas25", "boloscas25", (SELECT id_tipo_token FROM classificacoes_tokens WHERE BINARY nome_token = "boloscas25"));
  INSERT IGNORE INTO tokens (nome_token, acentuada, id_tipo_token) VALUES ("t25", "t25", (SELECT id_tipo_token FROM classificacoes_tokens WHERE BINARY nome_token = "t25"));
  INSERT IGNORE INTO tokens (nome_token, acentuada, id_tipo_token) VALUES ("n25", "n25", (SELECT id_tipo_token FROM classificacoes_tokens WHERE BINARY nome_token = "n25"));
  INSERT IGNORE INTO tokens (nome_token, acentuada, id_tipo_token) VALUES ("assenrev25", "assenrev25", (SELECT id_tipo_token FROM classificacoes_tokens WHERE BINARY nome_token = "assenrev25"));
  INSERT IGNORE INTO tokens (nome_token, acentuada, id_tipo_token) VALUES ("retaover25", "retaover25", (SELECT id_tipo_token FROM classificacoes_tokens WHERE BINARY nome_token = "retaover25"));
  INSERT IGNORE INTO tokens (nome_token, acentuada, id_tipo_token) VALUES ("auxmapr25", "auxmapr25", (SELECT id_tipo_token FROM classificacoes_tokens WHERE BINARY nome_token = "auxmapr25"));
  INSERT IGNORE INTO tokens (nome_token, acentuada, id_tipo_token) VALUES ("fadofi25", "fadofi25", (SELECT id_tipo_token FROM classificacoes_tokens WHERE BINARY nome_token = "fadofi25"));
  INSERT IGNORE INTO tokens (nome_token, acentuada, id_tipo_token) VALUES ("fabpiz25", "fabpiz25", (SELECT id_tipo_token FROM classificacoes_tokens WHERE BINARY nome_token = "fabpiz25"));
  INSERT IGNORE INTO tokens (nome_token, acentuada, id_tipo_token) VALUES ("faboco25", "faboco25", (SELECT id_tipo_token FROM classificacoes_tokens WHERE BINARY nome_token = "faboco25"));
  INSERT IGNORE INTO tokens (nome_token, acentuada, id_tipo_token) VALUES ("faboca25", "faboca25", (SELECT id_tipo_token FROM classificacoes_tokens WHERE BINARY nome_token = "faboca25"));
  INSERT IGNORE INTO tokens (nome_token, acentuada, id_tipo_token) VALUES ("faovpa25", "faovpa25", (SELECT id_tipo_token FROM classificacoes_tokens WHERE BINARY nome_token = "faovpa25"));
  INSERT IGNORE INTO tokens (nome_token, acentuada, id_tipo_token) VALUES ("fabsal25", "fabsal25", (SELECT id_tipo_token FROM classificacoes_tokens WHERE BINARY nome_token = "fabsal25"));
  INSERT IGNORE INTO tokens (nome_token, acentuada, id_tipo_token) VALUES ("esfta25", "esfta25", (SELECT id_tipo_token FROM classificacoes_tokens WHERE BINARY nome_token = "esfta25"));
  INSERT IGNORE INTO tokens (nome_token, acentuada, id_tipo_token) VALUES ("elauve25", "elauve25", (SELECT id_tipo_token FROM classificacoes_tokens WHERE BINARY nome_token = "elauve25"));
  INSERT IGNORE INTO tokens (nome_token, acentuada, id_tipo_token) VALUES ("pespon25", "pespon25", (SELECT id_tipo_token FROM classificacoes_tokens WHERE BINARY nome_token = "pespon25"));
  INSERT IGNORE INTO tokens (nome_token, acentuada, id_tipo_token) VALUES ("li", "li", (SELECT id_tipo_token FROM classificacoes_tokens WHERE BINARY nome_token = "li"));
  INSERT IGNORE INTO tokens (nome_token, acentuada, id_tipo_token) VALUES ("coube", "coube", (SELECT id_tipo_token FROM classificacoes_tokens WHERE BINARY nome_token = "coube"));
  INSERT IGNORE INTO tokens (nome_token, acentuada, id_tipo_token) VALUES ("bauru", "bauru", (SELECT id_tipo_token FROM classificacoes_tokens WHERE BINARY nome_token = "bauru"));
  INSERT IGNORE INTO tokens (nome_token, acentuada, id_tipo_token) VALUES ("baldan", "baldan", (SELECT id_tipo_token FROM classificacoes_tokens WHERE BINARY nome_token = "baldan"));
  INSERT IGNORE INTO tokens (nome_token, acentuada, id_tipo_token) VALUES ("lucio", "lucio", (SELECT id_tipo_token FROM classificacoes_tokens WHERE BINARY nome_token = "lucio"));
  INSERT IGNORE INTO classificacoes_tokens (nome_token, id_tipo_token) VALUES ("662", (SELECT id_chave_tipo_token FROM tipos_tokens WHERE nome_tipo_token = "numeral"));
INSERT IGNORE INTO tokens (nome_token, acentuada, id_tipo_token) VALUES ("662", "662", (SELECT id_tipo_token FROM classificacoes_tokens WHERE BINARY nome_token = "662"));
  INSERT IGNORE INTO tokens (nome_token, acentuada, id_tipo_token) VALUES ("matao", "matão", (SELECT id_tipo_token FROM classificacoes_tokens WHERE BINARY nome_token = "matão"));
  INSERT IGNORE INTO tokens (nome_token, acentuada, id_tipo_token) VALUES ("f2ecomn", "f2ecomn", (SELECT id_tipo_token FROM classificacoes_tokens WHERE BINARY nome_token = "f2ecomn"));
  INSERT IGNORE INTO tokens (nome_token, acentuada, id_tipo_token) VALUES ("f2lidtmi", "f2lidtmi", (SELECT id_tipo_token FROM classificacoes_tokens WHERE BINARY nome_token = "f2lidtmi"));
  INSERT IGNORE INTO tokens (nome_token, acentuada, id_tipo_token) VALUES ("f2iagpti", "f2iagpti", (SELECT id_tipo_token FROM classificacoes_tokens WHERE BINARY nome_token = "f2iagpti"));
  INSERT IGNORE INTO tokens (nome_token, acentuada, id_tipo_token) VALUES ("f2ecomi", "f2ecomi", (SELECT id_tipo_token FROM classificacoes_tokens WHERE BINARY nome_token = "f2ecomi"));
  INSERT IGNORE INTO tokens (nome_token, acentuada, id_tipo_token) VALUES ("f2pcucnci", "f2pcucnci", (SELECT id_tipo_token FROM classificacoes_tokens WHERE BINARY nome_token = "f2pcucnci"));
  INSERT IGNORE INTO tokens (nome_token, acentuada, id_tipo_token) VALUES ("f1cei", "f1cei", (SELECT id_tipo_token FROM classificacoes_tokens WHERE BINARY nome_token = "f1cei"));
  INSERT IGNORE INTO tokens (nome_token, acentuada, id_tipo_token) VALUES ("faqlqm", "faqlqm", (SELECT id_tipo_token FROM classificacoes_tokens WHERE BINARY nome_token = "faqlqm"));
  INSERT IGNORE INTO tokens (nome_token, acentuada, id_tipo_token) VALUES ("faqlqt", "faqlqt", (SELECT id_tipo_token FROM classificacoes_tokens WHERE BINARY nome_token = "faqlqt"));
  INSERT IGNORE INTO tokens (nome_token, acentuada, id_tipo_token) VALUES ("f1empei", "f1empei", (SELECT id_tipo_token FROM classificacoes_tokens WHERE BINARY nome_token = "f1empei"));
  INSERT IGNORE INTO tokens (nome_token, acentuada, id_tipo_token) VALUES ("f1ecomn", "f1ecomn", (SELECT id_tipo_token FROM classificacoes_tokens WHERE BINARY nome_token = "f1ecomn"));
  INSERT IGNORE INTO tokens (nome_token, acentuada, id_tipo_token) VALUES ("fimpsngn", "fimpsngn", (SELECT id_tipo_token FROM classificacoes_tokens WHERE BINARY nome_token = "fimpsngn"));
  INSERT IGNORE INTO tokens (nome_token, acentuada, id_tipo_token) VALUES ("f1redecn", "f1redecn", (SELECT id_tipo_token FROM classificacoes_tokens WHERE BINARY nome_token = "f1redecn"));
  INSERT IGNORE INTO tokens (nome_token, acentuada, id_tipo_token) VALUES ("f1ram", "f1ram", (SELECT id_tipo_token FROM classificacoes_tokens WHERE BINARY nome_token = "f1ram"));
  INSERT IGNORE INTO tokens (nome_token, acentuada, id_tipo_token) VALUES ("f1ppytt", "f1ppytt", (SELECT id_tipo_token FROM classificacoes_tokens WHERE BINARY nome_token = "f1ppytt"));
  INSERT IGNORE INTO tokens (nome_token, acentuada, id_tipo_token) VALUES ("fecomert", "fecomert", (SELECT id_tipo_token FROM classificacoes_tokens WHERE BINARY nome_token = "fecomert"));
  INSERT IGNORE INTO tokens (nome_token, acentuada, id_tipo_token) VALUES ("fimpsngi", "fimpsngi", (SELECT id_tipo_token FROM classificacoes_tokens WHERE BINARY nome_token = "fimpsngi"));
  INSERT IGNORE INTO tokens (nome_token, acentuada, id_tipo_token) VALUES ("f1redeci", "f1redeci", (SELECT id_tipo_token FROM classificacoes_tokens WHERE BINARY nome_token = "f1redeci"));
  INSERT IGNORE INTO tokens (nome_token, acentuada, id_tipo_token) VALUES ("f1ppyti", "f1ppyti", (SELECT id_tipo_token FROM classificacoes_tokens WHERE BINARY nome_token = "f1ppyti"));
  INSERT IGNORE INTO tokens (nome_token, acentuada, id_tipo_token) VALUES ("f1ecomi", "f1ecomi", (SELECT id_tipo_token FROM classificacoes_tokens WHERE BINARY nome_token = "f1ecomi"));
  INSERT IGNORE INTO tokens (nome_token, acentuada, id_tipo_token) VALUES ("f1amect", "f1amect", (SELECT id_tipo_token FROM classificacoes_tokens WHERE BINARY nome_token = "f1amect"));
  INSERT IGNORE INTO tokens (nome_token, acentuada, id_tipo_token) VALUES ("f1aalmm", "f1aalmm", (SELECT id_tipo_token FROM classificacoes_tokens WHERE BINARY nome_token = "f1aalmm"));
  INSERT IGNORE INTO tokens (nome_token, acentuada, id_tipo_token) VALUES ("f2ecomt", "f2ecomt", (SELECT id_tipo_token FROM classificacoes_tokens WHERE BINARY nome_token = "f2ecomt"));
  INSERT IGNORE INTO tokens (nome_token, acentuada, id_tipo_token) VALUES ("f1ecomt", "f1ecomt", (SELECT id_tipo_token FROM classificacoes_tokens WHERE BINARY nome_token = "f1ecomt"));
  INSERT IGNORE INTO tokens (nome_token, acentuada, id_tipo_token) VALUES ("f2pacoft", "f2pacoft", (SELECT id_tipo_token FROM classificacoes_tokens WHERE BINARY nome_token = "f2pacoft"));
  INSERT IGNORE INTO tokens (nome_token, acentuada, id_tipo_token) VALUES ("f1pacoft", "f1pacoft", (SELECT id_tipo_token FROM classificacoes_tokens WHERE BINARY nome_token = "f1pacoft"));
  INSERT IGNORE INTO tokens (nome_token, acentuada, id_tipo_token) VALUES ("f2iagptn", "f2iagptn", (SELECT id_tipo_token FROM classificacoes_tokens WHERE BINARY nome_token = "f2iagptn"));
  INSERT IGNORE INTO tokens (nome_token, acentuada, id_tipo_token) VALUES ("f2iagptt", "f2iagptt", (SELECT id_tipo_token FROM classificacoes_tokens WHERE BINARY nome_token = "f2iagptt"));
  INSERT IGNORE INTO tokens (nome_token, acentuada, id_tipo_token) VALUES ("f1acadi", "f1acadi", (SELECT id_tipo_token FROM classificacoes_tokens WHERE BINARY nome_token = "f1acadi"));
  INSERT IGNORE INTO tokens (nome_token, acentuada, id_tipo_token) VALUES ("f1iqsi", "f1iqsi", (SELECT id_tipo_token FROM classificacoes_tokens WHERE BINARY nome_token = "f1iqsi"));
  INSERT IGNORE INTO tokens (nome_token, acentuada, id_tipo_token) VALUES ("f1espaatn", "f1espaatn", (SELECT id_tipo_token FROM classificacoes_tokens WHERE BINARY nome_token = "f1espaatn"));
  INSERT IGNORE INTO tokens (nome_token, acentuada, id_tipo_token) VALUES ("f2clpavn", "f2clpavn", (SELECT id_tipo_token FROM classificacoes_tokens WHERE BINARY nome_token = "f2clpavn"));
  INSERT IGNORE INTO tokens (nome_token, acentuada, id_tipo_token) VALUES ("24r", "24r", (SELECT id_tipo_token FROM classificacoes_tokens WHERE BINARY nome_token = "24r"));
  INSERT IGNORE INTO tokens (nome_token, acentuada, id_tipo_token) VALUES ("f2cen", "f2cen", (SELECT id_tipo_token FROM classificacoes_tokens WHERE BINARY nome_token = "f2cen"));
  INSERT IGNORE INTO tokens (nome_token, acentuada, id_tipo_token) VALUES ("f2mmein", "f2mmein", (SELECT id_tipo_token FROM classificacoes_tokens WHERE BINARY nome_token = "f2mmein"));
  INSERT IGNORE INTO tokens (nome_token, acentuada, id_tipo_token) VALUES ("f2iqn", "f2iqn", (SELECT id_tipo_token FROM classificacoes_tokens WHERE BINARY nome_token = "f2iqn"));
  INSERT IGNORE INTO tokens (nome_token, acentuada, id_tipo_token) VALUES ("f2iqi", "f2iqi", (SELECT id_tipo_token FROM classificacoes_tokens WHERE BINARY nome_token = "f2iqi"));
  INSERT IGNORE INTO tokens (nome_token, acentuada, id_tipo_token) VALUES ("f2aadmm", "f2aadmm", (SELECT id_tipo_token FROM classificacoes_tokens WHERE BINARY nome_token = "f2aadmm"));
  INSERT IGNORE INTO tokens (nome_token, acentuada, id_tipo_token) VALUES ("f1saeeri", "f1saeeri", (SELECT id_tipo_token FROM classificacoes_tokens WHERE BINARY nome_token = "f1saeeri"));
  INSERT IGNORE INTO tokens (nome_token, acentuada, id_tipo_token) VALUES ("f2empei", "f2empei", (SELECT id_tipo_token FROM classificacoes_tokens WHERE BINARY nome_token = "f2empei"));
  INSERT IGNORE INTO tokens (nome_token, acentuada, id_tipo_token) VALUES ("f2amect", "f2amect", (SELECT id_tipo_token FROM classificacoes_tokens WHERE BINARY nome_token = "f2amect"));
  INSERT IGNORE INTO tokens (nome_token, acentuada, id_tipo_token) VALUES ("f1insti", "f1insti", (SELECT id_tipo_token FROM classificacoes_tokens WHERE BINARY nome_token = "f1insti"));
  INSERT IGNORE INTO tokens (nome_token, acentuada, id_tipo_token) VALUES ("f1saemag", "f1saemag", (SELECT id_tipo_token FROM classificacoes_tokens WHERE BINARY nome_token = "f1saemag"));
  INSERT IGNORE INTO tokens (nome_token, acentuada, id_tipo_token) VALUES ("f1saetign", "f1saetign", (SELECT id_tipo_token FROM classificacoes_tokens WHERE BINARY nome_token = "f1saetign"));
  INSERT IGNORE INTO tokens (nome_token, acentuada, id_tipo_token) VALUES ("f2instn", "f2instn", (SELECT id_tipo_token FROM classificacoes_tokens WHERE BINARY nome_token = "f2instn"));
  INSERT IGNORE INTO tokens (nome_token, acentuada, id_tipo_token) VALUES ("25r", "25r", (SELECT id_tipo_token FROM classificacoes_tokens WHERE BINARY nome_token = "25r"));
  INSERT IGNORE INTO tokens (nome_token, acentuada, id_tipo_token) VALUES ("f2tmn", "f2tmn", (SELECT id_tipo_token FROM classificacoes_tokens WHERE BINARY nome_token = "f2tmn"));
  INSERT IGNORE INTO tokens (nome_token, acentuada, id_tipo_token) VALUES ("f2rcilcn", "f2rcilcn", (SELECT id_tipo_token FROM classificacoes_tokens WHERE BINARY nome_token = "f2rcilcn"));
  INSERT IGNORE INTO tokens (nome_token, acentuada, id_tipo_token) VALUES ("f1mpbin", "f1mpbin", (SELECT id_tipo_token FROM classificacoes_tokens WHERE BINARY nome_token = "f1mpbin"));
  INSERT IGNORE INTO tokens (nome_token, acentuada, id_tipo_token) VALUES ("f1funpyi", "f1funpyi", (SELECT id_tipo_token FROM classificacoes_tokens WHERE BINARY nome_token = "f1funpyi"));
  INSERT IGNORE INTO tokens (nome_token, acentuada, id_tipo_token) VALUES ("f2rcilci", "f2rcilci", (SELECT id_tipo_token FROM classificacoes_tokens WHERE BINARY nome_token = "f2rcilci"));
  INSERT IGNORE INTO tokens (nome_token, acentuada, id_tipo_token) VALUES ("infraestruturas", "infraestruturas", (SELECT id_tipo_token FROM classificacoes_tokens WHERE BINARY nome_token = "infraestruturas"));
  INSERT IGNORE INTO tokens (nome_token, acentuada, id_tipo_token) VALUES ("f2ppyti", "f2ppyti", (SELECT id_tipo_token FROM classificacoes_tokens WHERE BINARY nome_token = "f2ppyti"));
  INSERT IGNORE INTO tokens (nome_token, acentuada, id_tipo_token) VALUES ("fiapim", "fiapim", (SELECT id_tipo_token FROM classificacoes_tokens WHERE BINARY nome_token = "fiapim"));
  INSERT IGNORE INTO tokens (nome_token, acentuada, id_tipo_token) VALUES ("f2rotadm", "f2rotadm", (SELECT id_tipo_token FROM classificacoes_tokens WHERE BINARY nome_token = "f2rotadm"));
  INSERT IGNORE INTO tokens (nome_token, acentuada, id_tipo_token) VALUES ("f2iapim", "f2iapim", (SELECT id_tipo_token FROM classificacoes_tokens WHERE BINARY nome_token = "f2iapim"));
  INSERT IGNORE INTO tokens (nome_token, acentuada, id_tipo_token) VALUES ("f1mpbit", "f1mpbit", (SELECT id_tipo_token FROM classificacoes_tokens WHERE BINARY nome_token = "f1mpbit"));
  INSERT IGNORE INTO tokens (nome_token, acentuada, id_tipo_token) VALUES ("f1mpbii", "f1mpbii", (SELECT id_tipo_token FROM classificacoes_tokens WHERE BINARY nome_token = "f1mpbii"));
  INSERT IGNORE INTO tokens (nome_token, acentuada, id_tipo_token) VALUES ("f2ppytt", "f2ppytt", (SELECT id_tipo_token FROM classificacoes_tokens WHERE BINARY nome_token = "f2ppytt"));
  INSERT IGNORE INTO tokens (nome_token, acentuada, id_tipo_token) VALUES ("f2funpyt", "f2funpyt", (SELECT id_tipo_token FROM classificacoes_tokens WHERE BINARY nome_token = "f2funpyt"));
  INSERT IGNORE INTO tokens (nome_token, acentuada, id_tipo_token) VALUES ("f1funpyt", "f1funpyt", (SELECT id_tipo_token FROM classificacoes_tokens WHERE BINARY nome_token = "f1funpyt"));
  INSERT IGNORE INTO tokens (nome_token, acentuada, id_tipo_token) VALUES ("f2alfqmm", "f2alfqmm", (SELECT id_tipo_token FROM classificacoes_tokens WHERE BINARY nome_token = "f2alfqmm"));
  INSERT IGNORE INTO tokens (nome_token, acentuada, id_tipo_token) VALUES ("f1alfqmm", "f1alfqmm", (SELECT id_tipo_token FROM classificacoes_tokens WHERE BINARY nome_token = "f1alfqmm"));
  INSERT IGNORE INTO tokens (nome_token, acentuada, id_tipo_token) VALUES ("f2alfqmt", "f2alfqmt", (SELECT id_tipo_token FROM classificacoes_tokens WHERE BINARY nome_token = "f2alfqmt"));
  INSERT IGNORE INTO tokens (nome_token, acentuada, id_tipo_token) VALUES ("25g", "25g", (SELECT id_tipo_token FROM classificacoes_tokens WHERE BINARY nome_token = "25g"));
  INSERT IGNORE INTO tokens (nome_token, acentuada, id_tipo_token) VALUES ("f1alfqmt", "f1alfqmt", (SELECT id_tipo_token FROM classificacoes_tokens WHERE BINARY nome_token = "f1alfqmt"));
  INSERT IGNORE INTO tokens (nome_token, acentuada, id_tipo_token) VALUES ("zanini", "zanini", (SELECT id_tipo_token FROM classificacoes_tokens WHERE BINARY nome_token = "zanini"));
  INSERT IGNORE INTO tokens (nome_token, acentuada, id_tipo_token) VALUES ("ettore", "ettore", (SELECT id_tipo_token FROM classificacoes_tokens WHERE BINARY nome_token = "ettore"));
  INSERT IGNORE INTO classificacoes_tokens (nome_token, id_tipo_token) VALUES ("661", (SELECT id_chave_tipo_token FROM tipos_tokens WHERE nome_tipo_token = "numeral"));
INSERT IGNORE INTO tokens (nome_token, acentuada, id_tipo_token) VALUES ("661", "661", (SELECT id_tipo_token FROM classificacoes_tokens WHERE BINARY nome_token = "661"));
  INSERT IGNORE INTO tokens (nome_token, acentuada, id_tipo_token) VALUES ("sertaozinho", "sertãozinho", (SELECT id_tipo_token FROM classificacoes_tokens WHERE BINARY nome_token = "sertãozinho"));
  INSERT IGNORE INTO tokens (nome_token, acentuada, id_tipo_token) VALUES ("071mpbi", "071mpbi", (SELECT id_tipo_token FROM classificacoes_tokens WHERE BINARY nome_token = "071mpbi"));
  INSERT IGNORE INTO tokens (nome_token, acentuada, id_tipo_token) VALUES ("048modca", "048modca", (SELECT id_tipo_token FROM classificacoes_tokens WHERE BINARY nome_token = "048modca"));
  INSERT IGNORE INTO tokens (nome_token, acentuada, id_tipo_token) VALUES ("062ecom", "062ecom", (SELECT id_tipo_token FROM classificacoes_tokens WHERE BINARY nome_token = "062ecom"));
  INSERT IGNORE INTO tokens (nome_token, acentuada, id_tipo_token) VALUES ("055mosa", "055mosa", (SELECT id_tipo_token FROM classificacoes_tokens WHERE BINARY nome_token = "055mosa"));
  INSERT IGNORE INTO tokens (nome_token, acentuada, id_tipo_token) VALUES ("054nr10", "054nr10", (SELECT id_tipo_token FROM classificacoes_tokens WHERE BINARY nome_token = "054nr10"));
  INSERT IGNORE INTO tokens (nome_token, acentuada, id_tipo_token) VALUES ("052mosa", "052mosa", (SELECT id_tipo_token FROM classificacoes_tokens WHERE BINARY nome_token = "052mosa"));
  INSERT IGNORE INTO tokens (nome_token, acentuada, id_tipo_token) VALUES ("002exbas", "002exbas", (SELECT id_tipo_token FROM classificacoes_tokens WHERE BINARY nome_token = "002exbas"));
  INSERT IGNORE INTO tokens (nome_token, acentuada, id_tipo_token) VALUES ("001exbas", "001exbas", (SELECT id_tipo_token FROM classificacoes_tokens WHERE BINARY nome_token = "001exbas"));
  INSERT IGNORE INTO tokens (nome_token, acentuada, id_tipo_token) VALUES ("004mpbi", "004mpbi", (SELECT id_tipo_token FROM classificacoes_tokens WHERE BINARY nome_token = "004mpbi"));
  INSERT IGNORE INTO tokens (nome_token, acentuada, id_tipo_token) VALUES ("027pyth", "027pyth", (SELECT id_tipo_token FROM classificacoes_tokens WHERE BINARY nome_token = "027pyth"));
  INSERT IGNORE INTO tokens (nome_token, acentuada, id_tipo_token) VALUES ("003mpbi", "003mpbi", (SELECT id_tipo_token FROM classificacoes_tokens WHERE BINARY nome_token = "003mpbi"));
  INSERT IGNORE INTO tokens (nome_token, acentuada, id_tipo_token) VALUES ("gri", "gri", (SELECT id_tipo_token FROM classificacoes_tokens WHERE BINARY nome_token = "gri"));
  INSERT IGNORE INTO tokens (nome_token, acentuada, id_tipo_token) VALUES ("036mcag", "036mcag", (SELECT id_tipo_token FROM classificacoes_tokens WHERE BINARY nome_token = "036mcag"));
  INSERT IGNORE INTO tokens (nome_token, acentuada, id_tipo_token) VALUES ("028java", "028java", (SELECT id_tipo_token FROM classificacoes_tokens WHERE BINARY nome_token = "028java"));
  INSERT IGNORE INTO tokens (nome_token, acentuada, id_tipo_token) VALUES ("024mpbi", "024mpbi", (SELECT id_tipo_token FROM classificacoes_tokens WHERE BINARY nome_token = "024mpbi"));
  INSERT IGNORE INTO tokens (nome_token, acentuada, id_tipo_token) VALUES ("016ldtm", "016ldtm", (SELECT id_tipo_token FROM classificacoes_tokens WHERE BINARY nome_token = "016ldtm"));
  INSERT IGNORE INTO tokens (nome_token, acentuada, id_tipo_token) VALUES ("005nr10", "005nr10", (SELECT id_tipo_token FROM classificacoes_tokens WHERE BINARY nome_token = "005nr10"));
  INSERT IGNORE INTO tokens (nome_token, acentuada, id_tipo_token) VALUES ("030ccna1", "030ccna1", (SELECT id_tipo_token FROM classificacoes_tokens WHERE BINARY nome_token = "030ccna1"));
  INSERT IGNORE INTO tokens (nome_token, acentuada, id_tipo_token) VALUES ("049auxad", "049auxad", (SELECT id_tipo_token FROM classificacoes_tokens WHERE BINARY nome_token = "049auxad"));
  INSERT IGNORE INTO tokens (nome_token, acentuada, id_tipo_token) VALUES ("046conf", "046conf", (SELECT id_tipo_token FROM classificacoes_tokens WHERE BINARY nome_token = "046conf"));
  INSERT IGNORE INTO tokens (nome_token, acentuada, id_tipo_token) VALUES ("065maux", "065maux", (SELECT id_tipo_token FROM classificacoes_tokens WHERE BINARY nome_token = "065maux"));
  INSERT IGNORE INTO tokens (nome_token, acentuada, id_tipo_token) VALUES ("015mecsu", "015mecsu", (SELECT id_tipo_token FROM classificacoes_tokens WHERE BINARY nome_token = "015mecsu"));
  INSERT IGNORE INTO tokens (nome_token, acentuada, id_tipo_token) VALUES ("077gcai", "077gcai", (SELECT id_tipo_token FROM classificacoes_tokens WHERE BINARY nome_token = "077gcai"));
  INSERT IGNORE INTO tokens (nome_token, acentuada, id_tipo_token) VALUES ("076gocl", "076gocl", (SELECT id_tipo_token FROM classificacoes_tokens WHERE BINARY nome_token = "076gocl"));
  INSERT IGNORE INTO tokens (nome_token, acentuada, id_tipo_token) VALUES ("074gocl", "074gocl", (SELECT id_tipo_token FROM classificacoes_tokens WHERE BINARY nome_token = "074gocl"));
  INSERT IGNORE INTO tokens (nome_token, acentuada, id_tipo_token) VALUES ("073gocl", "073gocl", (SELECT id_tipo_token FROM classificacoes_tokens WHERE BINARY nome_token = "073gocl"));
  INSERT IGNORE INTO tokens (nome_token, acentuada, id_tipo_token) VALUES ("072gocl", "072gocl", (SELECT id_tipo_token FROM classificacoes_tokens WHERE BINARY nome_token = "072gocl"));
  INSERT IGNORE INTO tokens (nome_token, acentuada, id_tipo_token) VALUES ("008mosa", "008mosa", (SELECT id_tipo_token FROM classificacoes_tokens WHERE BINARY nome_token = "008mosa"));
  INSERT IGNORE INTO tokens (nome_token, acentuada, id_tipo_token) VALUES ("038mcag", "038mcag", (SELECT id_tipo_token FROM classificacoes_tokens WHERE BINARY nome_token = "038mcag"));
  INSERT IGNORE INTO tokens (nome_token, acentuada, id_tipo_token) VALUES ("041mfit", "041mfit", (SELECT id_tipo_token FROM classificacoes_tokens WHERE BINARY nome_token = "041mfit"));
  INSERT IGNORE INTO tokens (nome_token, acentuada, id_tipo_token) VALUES ("042mimp", "042mimp", (SELECT id_tipo_token FROM classificacoes_tokens WHERE BINARY nome_token = "042mimp"));
  INSERT IGNORE INTO tokens (nome_token, acentuada, id_tipo_token) VALUES ("grt", "grt", (SELECT id_tipo_token FROM classificacoes_tokens WHERE BINARY nome_token = "grt"));
  INSERT IGNORE INTO tokens (nome_token, acentuada, id_tipo_token) VALUES ("007mosa", "007mosa", (SELECT id_tipo_token FROM classificacoes_tokens WHERE BINARY nome_token = "007mosa"));
  INSERT IGNORE INTO tokens (nome_token, acentuada, id_tipo_token) VALUES ("grm", "grm", (SELECT id_tipo_token FROM classificacoes_tokens WHERE BINARY nome_token = "grm"));
  INSERT IGNORE INTO tokens (nome_token, acentuada, id_tipo_token) VALUES ("029mpbi", "029mpbi", (SELECT id_tipo_token FROM classificacoes_tokens WHERE BINARY nome_token = "029mpbi"));
  INSERT IGNORE INTO tokens (nome_token, acentuada, id_tipo_token) VALUES ("grs", "grs", (SELECT id_tipo_token FROM classificacoes_tokens WHERE BINARY nome_token = "grs"));
  INSERT IGNORE INTO tokens (nome_token, acentuada, id_tipo_token) VALUES ("031ccna2", "031ccna2", (SELECT id_tipo_token FROM classificacoes_tokens WHERE BINARY nome_token = "031ccna2"));
  INSERT IGNORE INTO tokens (nome_token, acentuada, id_tipo_token) VALUES ("033ctinj", "033ctinj", (SELECT id_tipo_token FROM classificacoes_tokens WHERE BINARY nome_token = "033ctinj"));
  INSERT IGNORE INTO tokens (nome_token, acentuada, id_tipo_token) VALUES ("035mfit", "035mfit", (SELECT id_tipo_token FROM classificacoes_tokens WHERE BINARY nome_token = "035mfit"));
  INSERT IGNORE INTO tokens (nome_token, acentuada, id_tipo_token) VALUES ("fitness", "fitness", (SELECT id_tipo_token FROM classificacoes_tokens WHERE BINARY nome_token = "fitness"));
  INSERT IGNORE INTO tokens (nome_token, acentuada, id_tipo_token) VALUES ("020ser", "020ser", (SELECT id_tipo_token FROM classificacoes_tokens WHERE BINARY nome_token = "020ser"));
  INSERT IGNORE INTO tokens (nome_token, acentuada, id_tipo_token) VALUES ("018ldtm", "018ldtm", (SELECT id_tipo_token FROM classificacoes_tokens WHERE BINARY nome_token = "018ldtm"));
  INSERT IGNORE INTO tokens (nome_token, acentuada, id_tipo_token) VALUES ("075gocl", "075gocl", (SELECT id_tipo_token FROM classificacoes_tokens WHERE BINARY nome_token = "075gocl"));
  INSERT IGNORE INTO tokens (nome_token, acentuada, id_tipo_token) VALUES ("068ecom", "068ecom", (SELECT id_tipo_token FROM classificacoes_tokens WHERE BINARY nome_token = "068ecom"));
  INSERT IGNORE INTO tokens (nome_token, acentuada, id_tipo_token) VALUES ("067ecom", "067ecom", (SELECT id_tipo_token FROM classificacoes_tokens WHERE BINARY nome_token = "067ecom"));
  INSERT IGNORE INTO tokens (nome_token, acentuada, id_tipo_token) VALUES ("070mpbi", "070mpbi", (SELECT id_tipo_token FROM classificacoes_tokens WHERE BINARY nome_token = "070mpbi"));
  INSERT IGNORE INTO tokens (nome_token, acentuada, id_tipo_token) VALUES ("grn", "grn", (SELECT id_tipo_token FROM classificacoes_tokens WHERE BINARY nome_token = "grn"));
  INSERT IGNORE INTO tokens (nome_token, acentuada, id_tipo_token) VALUES ("032mmco", "032mmco", (SELECT id_tipo_token FROM classificacoes_tokens WHERE BINARY nome_token = "032mmco"));
  INSERT IGNORE INTO tokens (nome_token, acentuada, id_tipo_token) VALUES ("019utorm", "019utorm", (SELECT id_tipo_token FROM classificacoes_tokens WHERE BINARY nome_token = "019utorm"));
  INSERT IGNORE INTO tokens (nome_token, acentuada, id_tipo_token) VALUES ("059ele", "059ele", (SELECT id_tipo_token FROM classificacoes_tokens WHERE BINARY nome_token = "059ele"));
  INSERT IGNORE INTO tokens (nome_token, acentuada, id_tipo_token) VALUES ("058ele", "058ele", (SELECT id_tipo_token FROM classificacoes_tokens WHERE BINARY nome_token = "058ele"));
  INSERT IGNORE INTO tokens (nome_token, acentuada, id_tipo_token) VALUES ("bagueira", "bagueira", (SELECT id_tipo_token FROM classificacoes_tokens WHERE BINARY nome_token = "bagueira"));
  INSERT IGNORE INTO tokens (nome_token, acentuada, id_tipo_token) VALUES ("marcio", "marcio", (SELECT id_tipo_token FROM classificacoes_tokens WHERE BINARY nome_token = "marcio"));
  INSERT IGNORE INTO classificacoes_tokens (nome_token, id_tipo_token) VALUES ("604", (SELECT id_chave_tipo_token FROM tipos_tokens WHERE nome_tipo_token = "numeral"));
INSERT IGNORE INTO tokens (nome_token, acentuada, id_tipo_token) VALUES ("604", "604", (SELECT id_tipo_token FROM classificacoes_tokens WHERE BINARY nome_token = "604"));
  INSERT IGNORE INTO tokens (nome_token, acentuada, id_tipo_token) VALUES ("franca", "franca", (SELECT id_tipo_token FROM classificacoes_tokens WHERE BINARY nome_token = "franca"));
  INSERT IGNORE INTO tokens (nome_token, acentuada, id_tipo_token) VALUES ("1h25", "1h25", (SELECT id_tipo_token FROM classificacoes_tokens WHERE BINARY nome_token = "1h25"));
  INSERT IGNORE INTO tokens (nome_token, acentuada, id_tipo_token) VALUES ("1j25", "1j25", (SELECT id_tipo_token FROM classificacoes_tokens WHERE BINARY nome_token = "1j25"));
  INSERT IGNORE INTO tokens (nome_token, acentuada, id_tipo_token) VALUES ("1r25", "1r25", (SELECT id_tipo_token FROM classificacoes_tokens WHERE BINARY nome_token = "1r25"));
  INSERT IGNORE INTO tokens (nome_token, acentuada, id_tipo_token) VALUES ("1q25", "1q25", (SELECT id_tipo_token FROM classificacoes_tokens WHERE BINARY nome_token = "1q25"));
  INSERT IGNORE INTO tokens (nome_token, acentuada, id_tipo_token) VALUES ("1p25", "1p25", (SELECT id_tipo_token FROM classificacoes_tokens WHERE BINARY nome_token = "1p25"));
  INSERT IGNORE INTO tokens (nome_token, acentuada, id_tipo_token) VALUES ("1o25", "1o25", (SELECT id_tipo_token FROM classificacoes_tokens WHERE BINARY nome_token = "1o25"));
  INSERT IGNORE INTO tokens (nome_token, acentuada, id_tipo_token) VALUES ("1n25", "1n25", (SELECT id_tipo_token FROM classificacoes_tokens WHERE BINARY nome_token = "1n25"));
  INSERT IGNORE INTO tokens (nome_token, acentuada, id_tipo_token) VALUES ("1m25", "1m25", (SELECT id_tipo_token FROM classificacoes_tokens WHERE BINARY nome_token = "1m25"));
  INSERT IGNORE INTO tokens (nome_token, acentuada, id_tipo_token) VALUES ("1l25", "1l25", (SELECT id_tipo_token FROM classificacoes_tokens WHERE BINARY nome_token = "1l25"));
  INSERT IGNORE INTO tokens (nome_token, acentuada, id_tipo_token) VALUES ("1k25", "1k25", (SELECT id_tipo_token FROM classificacoes_tokens WHERE BINARY nome_token = "1k25"));
  INSERT IGNORE INTO tokens (nome_token, acentuada, id_tipo_token) VALUES ("1g25", "1g25", (SELECT id_tipo_token FROM classificacoes_tokens WHERE BINARY nome_token = "1g25"));
  INSERT IGNORE INTO tokens (nome_token, acentuada, id_tipo_token) VALUES ("1f25", "1f25", (SELECT id_tipo_token FROM classificacoes_tokens WHERE BINARY nome_token = "1f25"));
  INSERT IGNORE INTO tokens (nome_token, acentuada, id_tipo_token) VALUES ("2k25", "2k25", (SELECT id_tipo_token FROM classificacoes_tokens WHERE BINARY nome_token = "2k25"));
  INSERT IGNORE INTO tokens (nome_token, acentuada, id_tipo_token) VALUES ("2j25", "2j25", (SELECT id_tipo_token FROM classificacoes_tokens WHERE BINARY nome_token = "2j25"));
  INSERT IGNORE INTO tokens (nome_token, acentuada, id_tipo_token) VALUES ("2i25", "2i25", (SELECT id_tipo_token FROM classificacoes_tokens WHERE BINARY nome_token = "2i25"));
  INSERT IGNORE INTO tokens (nome_token, acentuada, id_tipo_token) VALUES ("2h25", "2h25", (SELECT id_tipo_token FROM classificacoes_tokens WHERE BINARY nome_token = "2h25"));
  INSERT IGNORE INTO tokens (nome_token, acentuada, id_tipo_token) VALUES ("2g25", "2g25", (SELECT id_tipo_token FROM classificacoes_tokens WHERE BINARY nome_token = "2g25"));
  INSERT IGNORE INTO tokens (nome_token, acentuada, id_tipo_token) VALUES ("cla", "cla", (SELECT id_tipo_token FROM classificacoes_tokens WHERE BINARY nome_token = "cla"));
  INSERT IGNORE INTO tokens (nome_token, acentuada, id_tipo_token) VALUES ("1e25", "1e25", (SELECT id_tipo_token FROM classificacoes_tokens WHERE BINARY nome_token = "1e25"));
  INSERT IGNORE INTO tokens (nome_token, acentuada, id_tipo_token) VALUES ("1d25", "1d25", (SELECT id_tipo_token FROM classificacoes_tokens WHERE BINARY nome_token = "1d25"));
  INSERT IGNORE INTO tokens (nome_token, acentuada, id_tipo_token) VALUES ("1c25", "1c25", (SELECT id_tipo_token FROM classificacoes_tokens WHERE BINARY nome_token = "1c25"));
  INSERT IGNORE INTO tokens (nome_token, acentuada, id_tipo_token) VALUES ("2f25", "2f25", (SELECT id_tipo_token FROM classificacoes_tokens WHERE BINARY nome_token = "2f25"));
  INSERT IGNORE INTO tokens (nome_token, acentuada, id_tipo_token) VALUES ("2e25", "2e25", (SELECT id_tipo_token FROM classificacoes_tokens WHERE BINARY nome_token = "2e25"));
  INSERT IGNORE INTO tokens (nome_token, acentuada, id_tipo_token) VALUES ("2d25", "2d25", (SELECT id_tipo_token FROM classificacoes_tokens WHERE BINARY nome_token = "2d25"));
  INSERT IGNORE INTO tokens (nome_token, acentuada, id_tipo_token) VALUES ("2c25", "2c25", (SELECT id_tipo_token FROM classificacoes_tokens WHERE BINARY nome_token = "2c25"));
  INSERT IGNORE INTO tokens (nome_token, acentuada, id_tipo_token) VALUES ("2b25", "2b25", (SELECT id_tipo_token FROM classificacoes_tokens WHERE BINARY nome_token = "2b25"));
  INSERT IGNORE INTO tokens (nome_token, acentuada, id_tipo_token) VALUES ("2u25", "2u25", (SELECT id_tipo_token FROM classificacoes_tokens WHERE BINARY nome_token = "2u25"));
  INSERT IGNORE INTO tokens (nome_token, acentuada, id_tipo_token) VALUES ("2t25", "2t25", (SELECT id_tipo_token FROM classificacoes_tokens WHERE BINARY nome_token = "2t25"));
  INSERT IGNORE INTO tokens (nome_token, acentuada, id_tipo_token) VALUES ("2r25", "2r25", (SELECT id_tipo_token FROM classificacoes_tokens WHERE BINARY nome_token = "2r25"));
  INSERT IGNORE INTO tokens (nome_token, acentuada, id_tipo_token) VALUES ("2q25", "2q25", (SELECT id_tipo_token FROM classificacoes_tokens WHERE BINARY nome_token = "2q25"));
  INSERT IGNORE INTO tokens (nome_token, acentuada, id_tipo_token) VALUES ("2p25", "2p25", (SELECT id_tipo_token FROM classificacoes_tokens WHERE BINARY nome_token = "2p25"));
  INSERT IGNORE INTO tokens (nome_token, acentuada, id_tipo_token) VALUES ("2o25", "2o25", (SELECT id_tipo_token FROM classificacoes_tokens WHERE BINARY nome_token = "2o25"));
  INSERT IGNORE INTO tokens (nome_token, acentuada, id_tipo_token) VALUES ("2n25", "2n25", (SELECT id_tipo_token FROM classificacoes_tokens WHERE BINARY nome_token = "2n25"));
  INSERT IGNORE INTO tokens (nome_token, acentuada, id_tipo_token) VALUES ("2m25", "2m25", (SELECT id_tipo_token FROM classificacoes_tokens WHERE BINARY nome_token = "2m25"));
  INSERT IGNORE INTO tokens (nome_token, acentuada, id_tipo_token) VALUES ("2l25", "2l25", (SELECT id_tipo_token FROM classificacoes_tokens WHERE BINARY nome_token = "2l25"));
  INSERT IGNORE INTO tokens (nome_token, acentuada, id_tipo_token) VALUES ("1y25", "1y25", (SELECT id_tipo_token FROM classificacoes_tokens WHERE BINARY nome_token = "1y25"));
  INSERT IGNORE INTO tokens (nome_token, acentuada, id_tipo_token) VALUES ("1w25", "1w25", (SELECT id_tipo_token FROM classificacoes_tokens WHERE BINARY nome_token = "1w25"));
  INSERT IGNORE INTO tokens (nome_token, acentuada, id_tipo_token) VALUES ("1z25", "1z25", (SELECT id_tipo_token FROM classificacoes_tokens WHERE BINARY nome_token = "1z25"));
  INSERT IGNORE INTO tokens (nome_token, acentuada, id_tipo_token) VALUES ("1x25", "1x25", (SELECT id_tipo_token FROM classificacoes_tokens WHERE BINARY nome_token = "1x25"));
  INSERT IGNORE INTO tokens (nome_token, acentuada, id_tipo_token) VALUES ("1v25", "1v25", (SELECT id_tipo_token FROM classificacoes_tokens WHERE BINARY nome_token = "1v25"));
  INSERT IGNORE INTO tokens (nome_token, acentuada, id_tipo_token) VALUES ("1u25", "1u25", (SELECT id_tipo_token FROM classificacoes_tokens WHERE BINARY nome_token = "1u25"));
  INSERT IGNORE INTO tokens (nome_token, acentuada, id_tipo_token) VALUES ("1t25", "1t25", (SELECT id_tipo_token FROM classificacoes_tokens WHERE BINARY nome_token = "1t25"));
  INSERT IGNORE INTO tokens (nome_token, acentuada, id_tipo_token) VALUES ("2v25", "2v25", (SELECT id_tipo_token FROM classificacoes_tokens WHERE BINARY nome_token = "2v25"));
  INSERT IGNORE INTO tokens (nome_token, acentuada, id_tipo_token) VALUES ("s2a25", "s2a25", (SELECT id_tipo_token FROM classificacoes_tokens WHERE BINARY nome_token = "s2a25"));
  INSERT IGNORE INTO tokens (nome_token, acentuada, id_tipo_token) VALUES ("1a25", "1a25", (SELECT id_tipo_token FROM classificacoes_tokens WHERE BINARY nome_token = "1a25"));
  INSERT IGNORE INTO tokens (nome_token, acentuada, id_tipo_token) VALUES ("2a25", "2a25", (SELECT id_tipo_token FROM classificacoes_tokens WHERE BINARY nome_token = "2a25"));
  INSERT IGNORE INTO tokens (nome_token, acentuada, id_tipo_token) VALUES ("1b25", "1b25", (SELECT id_tipo_token FROM classificacoes_tokens WHERE BINARY nome_token = "1b25"));
  INSERT IGNORE INTO tokens (nome_token, acentuada, id_tipo_token) VALUES ("tr", "tr", (SELECT id_tipo_token FROM classificacoes_tokens WHERE BINARY nome_token = "tr"));
  INSERT IGNORE INTO tokens (nome_token, acentuada, id_tipo_token) VALUES ("lupo", "lupo", (SELECT id_tipo_token FROM classificacoes_tokens WHERE BINARY nome_token = "lupo"));
  INSERT IGNORE INTO classificacoes_tokens (nome_token, id_tipo_token) VALUES ("603", (SELECT id_chave_tipo_token FROM tipos_tokens WHERE nome_tipo_token = "numeral"));
INSERT IGNORE INTO tokens (nome_token, acentuada, id_tipo_token) VALUES ("603", "603", (SELECT id_tipo_token FROM classificacoes_tokens WHERE BINARY nome_token = "603"));
  INSERT IGNORE INTO tokens (nome_token, acentuada, id_tipo_token) VALUES ("araraquara", "araraquara", (SELECT id_tipo_token FROM classificacoes_tokens WHERE BINARY nome_token = "araraquara"));
  INSERT IGNORE INTO tokens (nome_token, acentuada, id_tipo_token) VALUES ("powerbi06i", "powerbi06i", (SELECT id_tipo_token FROM classificacoes_tokens WHERE BINARY nome_token = "powerbi06i"));
  INSERT IGNORE INTO tokens (nome_token, acentuada, id_tipo_token) VALUES ("04i", "04i", (SELECT id_tipo_token FROM classificacoes_tokens WHERE BINARY nome_token = "04i"));
  INSERT IGNORE INTO tokens (nome_token, acentuada, id_tipo_token) VALUES ("03i", "03i", (SELECT id_tipo_token FROM classificacoes_tokens WHERE BINARY nome_token = "03i"));
  INSERT IGNORE INTO tokens (nome_token, acentuada, id_tipo_token) VALUES ("ivas", "ivas", (SELECT id_tipo_token FROM classificacoes_tokens WHERE BINARY nome_token = "ivas"));
  INSERT IGNORE INTO tokens (nome_token, acentuada, id_tipo_token) VALUES ("powerbi07i", "powerbi07i", (SELECT id_tipo_token FROM classificacoes_tokens WHERE BINARY nome_token = "powerbi07i"));
  INSERT IGNORE INTO tokens (nome_token, acentuada, id_tipo_token) VALUES ("05i", "05i", (SELECT id_tipo_token FROM classificacoes_tokens WHERE BINARY nome_token = "05i"));
  INSERT IGNORE INTO tokens (nome_token, acentuada, id_tipo_token) VALUES ("micrpowerbi", "micrpowerbi", (SELECT id_tipo_token FROM classificacoes_tokens WHERE BINARY nome_token = "micrpowerbi"));
  INSERT IGNORE INTO tokens (nome_token, acentuada, id_tipo_token) VALUES ("02i", "02i", (SELECT id_tipo_token FROM classificacoes_tokens WHERE BINARY nome_token = "02i"));
  INSERT IGNORE INTO tokens (nome_token, acentuada, id_tipo_token) VALUES ("powerbi03i", "powerbi03i", (SELECT id_tipo_token FROM classificacoes_tokens WHERE BINARY nome_token = "powerbi03i"));
  INSERT IGNORE INTO tokens (nome_token, acentuada, id_tipo_token) VALUES ("1i", "1i", (SELECT id_tipo_token FROM classificacoes_tokens WHERE BINARY nome_token = "1i"));
  INSERT IGNORE INTO tokens (nome_token, acentuada, id_tipo_token) VALUES ("powerbi08i", "powerbi08i", (SELECT id_tipo_token FROM classificacoes_tokens WHERE BINARY nome_token = "powerbi08i"));
  INSERT IGNORE INTO tokens (nome_token, acentuada, id_tipo_token) VALUES ("micr", "micr", (SELECT id_tipo_token FROM classificacoes_tokens WHERE BINARY nome_token = "micr"));
  INSERT IGNORE INTO tokens (nome_token, acentuada, id_tipo_token) VALUES ("octavio", "octavio", (SELECT id_tipo_token FROM classificacoes_tokens WHERE BINARY nome_token = "octavio"));
  INSERT IGNORE INTO classificacoes_tokens (nome_token, id_tipo_token) VALUES ("602", (SELECT id_chave_tipo_token FROM tipos_tokens WHERE nome_tipo_token = "numeral"));
INSERT IGNORE INTO tokens (nome_token, acentuada, id_tipo_token) VALUES ("602", "602", (SELECT id_tipo_token FROM classificacoes_tokens WHERE BINARY nome_token = "602"));
  INSERT IGNORE INTO tokens (nome_token, acentuada, id_tipo_token) VALUES ("preto", "preto", (SELECT id_tipo_token FROM classificacoes_tokens WHERE BINARY nome_token = "preto"));
  INSERT IGNORE INTO tokens (nome_token, acentuada, id_tipo_token) VALUES ("ribeirao", "ribeirão", (SELECT id_tipo_token FROM classificacoes_tokens WHERE BINARY nome_token = "ribeirão"));
  INSERT IGNORE INTO tokens (nome_token, acentuada, id_tipo_token) VALUES ("plan_1_srpq", "plan_1_srpq", (SELECT id_tipo_token FROM classificacoes_tokens WHERE BINARY nome_token = "plan_1_srpq"));
  INSERT IGNORE INTO tokens (nome_token, acentuada, id_tipo_token) VALUES ("plan_2_desc", "plan_2_desc", (SELECT id_tipo_token FROM classificacoes_tokens WHERE BINARY nome_token = "plan_2_desc"));
  INSERT IGNORE INTO tokens (nome_token, acentuada, id_tipo_token) VALUES ("plan_1_desc", "plan_1_desc", (SELECT id_tipo_token FROM classificacoes_tokens WHERE BINARY nome_token = "plan_1_desc"));
  INSERT IGNORE INTO tokens (nome_token, acentuada, id_tipo_token) VALUES ("f_be_pwbi_srpq", "f_be_pwbi_srpq", (SELECT id_tipo_token FROM classificacoes_tokens WHERE BINARY nome_token = "f_be_pwbi_srpq"));
  INSERT IGNORE INTO tokens (nome_token, acentuada, id_tipo_token) VALUES ("f_be_mosa_25_3", "f_be_mosa_25_3", (SELECT id_tipo_token FROM classificacoes_tokens WHERE BINARY nome_token = "f_be_mosa_25_3"));
  INSERT IGNORE INTO tokens (nome_token, acentuada, id_tipo_token) VALUES ("f_be_pwbl_25_4", "f_be_pwbl_25_4", (SELECT id_tipo_token FROM classificacoes_tokens WHERE BINARY nome_token = "f_be_pwbl_25_4"));
  INSERT IGNORE INTO tokens (nome_token, acentuada, id_tipo_token) VALUES ("f_be_fpyt_25_2", "f_be_fpyt_25_2", (SELECT id_tipo_token FROM classificacoes_tokens WHERE BINARY nome_token = "f_be_fpyt_25_2"));
  INSERT IGNORE INTO tokens (nome_token, acentuada, id_tipo_token) VALUES ("f_be_mosa_25_4", "f_be_mosa_25_4", (SELECT id_tipo_token FROM classificacoes_tokens WHERE BINARY nome_token = "f_be_mosa_25_4"));
  INSERT IGNORE INTO tokens (nome_token, acentuada, id_tipo_token) VALUES ("f_be_pwbl_25_2", "f_be_pwbl_25_2", (SELECT id_tipo_token FROM classificacoes_tokens WHERE BINARY nome_token = "f_be_pwbl_25_2"));
  INSERT IGNORE INTO tokens (nome_token, acentuada, id_tipo_token) VALUES ("lobbe", "lobbe", (SELECT id_tipo_token FROM classificacoes_tokens WHERE BINARY nome_token = "lobbe"));
  INSERT IGNORE INTO tokens (nome_token, acentuada, id_tipo_token) VALUES ("grmimp", "grmimp", (SELECT id_tipo_token FROM classificacoes_tokens WHERE BINARY nome_token = "grmimp"));
  INSERT IGNORE INTO tokens (nome_token, acentuada, id_tipo_token) VALUES ("grclp", "grclp", (SELECT id_tipo_token FROM classificacoes_tokens WHERE BINARY nome_token = "grclp"));
  INSERT IGNORE INTO tokens (nome_token, acentuada, id_tipo_token) VALUES ("grdjd", "grdjd", (SELECT id_tipo_token FROM classificacoes_tokens WHERE BINARY nome_token = "grdjd"));
  INSERT IGNORE INTO tokens (nome_token, acentuada, id_tipo_token) VALUES ("grpof", "grpof", (SELECT id_tipo_token FROM classificacoes_tokens WHERE BINARY nome_token = "grpof"));
  INSERT IGNORE INTO tokens (nome_token, acentuada, id_tipo_token) VALUES ("grmimps", "grmimps", (SELECT id_tipo_token FROM classificacoes_tokens WHERE BINARY nome_token = "grmimps"));
  INSERT IGNORE INTO tokens (nome_token, acentuada, id_tipo_token) VALUES ("grinsqua", "grinsqua", (SELECT id_tipo_token FROM classificacoes_tokens WHERE BINARY nome_token = "grinsqua"));
  INSERT IGNORE INTO tokens (nome_token, acentuada, id_tipo_token) VALUES ("greaut", "greaut", (SELECT id_tipo_token FROM classificacoes_tokens WHERE BINARY nome_token = "greaut"));
  INSERT IGNORE INTO tokens (nome_token, acentuada, id_tipo_token) VALUES ("grcalv", "grcalv", (SELECT id_tipo_token FROM classificacoes_tokens WHERE BINARY nome_token = "grcalv"));
  INSERT IGNORE INTO tokens (nome_token, acentuada, id_tipo_token) VALUES ("grtmec", "grtmec", (SELECT id_tipo_token FROM classificacoes_tokens WHERE BINARY nome_token = "grtmec"));
  INSERT IGNORE INTO tokens (nome_token, acentuada, id_tipo_token) VALUES ("groplog", "groplog", (SELECT id_tipo_token FROM classificacoes_tokens WHERE BINARY nome_token = "groplog"));
  INSERT IGNORE INTO tokens (nome_token, acentuada, id_tipo_token) VALUES ("ometto", "ometto", (SELECT id_tipo_token FROM classificacoes_tokens WHERE BINARY nome_token = "ometto"));
  INSERT IGNORE INTO tokens (nome_token, acentuada, id_tipo_token) VALUES ("sabino", "sabino", (SELECT id_tipo_token FROM classificacoes_tokens WHERE BINARY nome_token = "sabino"));
  INSERT IGNORE INTO classificacoes_tokens (nome_token, id_tipo_token) VALUES ("594", (SELECT id_chave_tipo_token FROM tipos_tokens WHERE nome_tipo_token = "numeral"));
INSERT IGNORE INTO tokens (nome_token, acentuada, id_tipo_token) VALUES ("594", "594", (SELECT id_tipo_token FROM classificacoes_tokens WHERE BINARY nome_token = "594"));
  INSERT IGNORE INTO tokens (nome_token, acentuada, id_tipo_token) VALUES ("iracemapolis", "iracemapolis", (SELECT id_tipo_token FROM classificacoes_tokens WHERE BINARY nome_token = "iracemapolis"));
  INSERT IGNORE INTO tokens (nome_token, acentuada, id_tipo_token) VALUES ("fma", "fma", (SELECT id_tipo_token FROM classificacoes_tokens WHERE BINARY nome_token = "fma"));
  INSERT IGNORE INTO tokens (nome_token, acentuada, id_tipo_token) VALUES ("fdp", "fdp", (SELECT id_tipo_token FROM classificacoes_tokens WHERE BINARY nome_token = "fdp"));
  INSERT IGNORE INTO tokens (nome_token, acentuada, id_tipo_token) VALUES ("sao", "sao", (SELECT id_tipo_token FROM classificacoes_tokens WHERE BINARY nome_token = "sao"));
  INSERT IGNORE INTO classificacoes_tokens (nome_token, id_tipo_token) VALUES ("592", (SELECT id_chave_tipo_token FROM tipos_tokens WHERE nome_tipo_token = "numeral"));
INSERT IGNORE INTO tokens (nome_token, acentuada, id_tipo_token) VALUES ("592", "592", (SELECT id_tipo_token FROM classificacoes_tokens WHERE BINARY nome_token = "592"));
  INSERT IGNORE INTO tokens (nome_token, acentuada, id_tipo_token) VALUES ("apex", "apex", (SELECT id_tipo_token FROM classificacoes_tokens WHERE BINARY nome_token = "apex"));
  INSERT IGNORE INTO tokens (nome_token, acentuada, id_tipo_token) VALUES ("code", "code", (SELECT id_tipo_token FROM classificacoes_tokens WHERE BINARY nome_token = "code"));
  INSERT IGNORE INTO tokens (nome_token, acentuada, id_tipo_token) VALUES ("low", "low", (SELECT id_tipo_token FROM classificacoes_tokens WHERE BINARY nome_token = "low"));
  INSERT IGNORE INTO tokens (nome_token, acentuada, id_tipo_token) VALUES ("aplicativos", "aplicativos", (SELECT id_tipo_token FROM classificacoes_tokens WHERE BINARY nome_token = "aplicativos"));
  INSERT IGNORE INTO tokens (nome_token, acentuada, id_tipo_token) VALUES ("arduino", "arduíno", (SELECT id_tipo_token FROM classificacoes_tokens WHERE BINARY nome_token = "arduíno"));
  INSERT IGNORE INTO tokens (nome_token, acentuada, id_tipo_token) VALUES ("rotary", "rotary", (SELECT id_tipo_token FROM classificacoes_tokens WHERE BINARY nome_token = "rotary"));
  INSERT IGNORE INTO tokens (nome_token, acentuada, id_tipo_token) VALUES ("pm", "pm", (SELECT id_tipo_token FROM classificacoes_tokens WHERE BINARY nome_token = "pm"));
  INSERT IGNORE INTO tokens (nome_token, acentuada, id_tipo_token) VALUES ("fic", "fic", (SELECT id_tipo_token FROM classificacoes_tokens WHERE BINARY nome_token = "fic"));
  INSERT IGNORE INTO tokens (nome_token, acentuada, id_tipo_token) VALUES ("braganca", "braganca", (SELECT id_tipo_token FROM classificacoes_tokens WHERE BINARY nome_token = "braganca"));
  INSERT IGNORE INTO classificacoes_tokens (nome_token, id_tipo_token) VALUES ("591", (SELECT id_chave_tipo_token FROM tipos_tokens WHERE nome_tipo_token = "numeral"));
INSERT IGNORE INTO tokens (nome_token, acentuada, id_tipo_token) VALUES ("591", "591", (SELECT id_tipo_token FROM classificacoes_tokens WHERE BINARY nome_token = "591"));
  INSERT IGNORE INTO tokens (nome_token, acentuada, id_tipo_token) VALUES ("eman", "eman", (SELECT id_tipo_token FROM classificacoes_tokens WHERE BINARY nome_token = "eman"));
  INSERT IGNORE INTO tokens (nome_token, acentuada, id_tipo_token) VALUES ("fuclo", "fuclo", (SELECT id_tipo_token FROM classificacoes_tokens WHERE BINARY nome_token = "fuclo"));
  INSERT IGNORE INTO tokens (nome_token, acentuada, id_tipo_token) VALUES ("dlook", "dlook", (SELECT id_tipo_token FROM classificacoes_tokens WHERE BINARY nome_token = "dlook"));
  INSERT IGNORE INTO tokens (nome_token, acentuada, id_tipo_token) VALUES ("awsnu", "awsnu", (SELECT id_tipo_token FROM classificacoes_tokens WHERE BINARY nome_token = "awsnu"));
  INSERT IGNORE INTO tokens (nome_token, acentuada, id_tipo_token) VALUES ("recop", "recop", (SELECT id_tipo_token FROM classificacoes_tokens WHERE BINARY nome_token = "recop"));
  INSERT IGNORE INTO tokens (nome_token, acentuada, id_tipo_token) VALUES ("micof", "micof", (SELECT id_tipo_token FROM classificacoes_tokens WHERE BINARY nome_token = "micof"));
  INSERT IGNORE INTO tokens (nome_token, acentuada, id_tipo_token) VALUES ("cmdel", "cmdel", (SELECT id_tipo_token FROM classificacoes_tokens WHERE BINARY nome_token = "cmdel"));
  INSERT IGNORE INTO tokens (nome_token, acentuada, id_tipo_token) VALUES ("powbi", "powbi", (SELECT id_tipo_token FROM classificacoes_tokens WHERE BINARY nome_token = "powbi"));
  INSERT IGNORE INTO tokens (nome_token, acentuada, id_tipo_token) VALUES ("hipe", "hipe", (SELECT id_tipo_token FROM classificacoes_tokens WHERE BINARY nome_token = "hipe"));
  INSERT IGNORE INTO tokens (nome_token, acentuada, id_tipo_token) VALUES ("mapm", "mapm", (SELECT id_tipo_token FROM classificacoes_tokens WHERE BINARY nome_token = "mapm"));
  INSERT IGNORE INTO tokens (nome_token, acentuada, id_tipo_token) VALUES ("plq", "plq", (SELECT id_tipo_token FROM classificacoes_tokens WHERE BINARY nome_token = "plq"));
  INSERT IGNORE INTO tokens (nome_token, acentuada, id_tipo_token) VALUES ("calm", "calm", (SELECT id_tipo_token FROM classificacoes_tokens WHERE BINARY nome_token = "calm"));
  INSERT IGNORE INTO tokens (nome_token, acentuada, id_tipo_token) VALUES ("axman", "axman", (SELECT id_tipo_token FROM classificacoes_tokens WHERE BINARY nome_token = "axman"));
  INSERT IGNORE INTO tokens (nome_token, acentuada, id_tipo_token) VALUES ("axqua", "axqua", (SELECT id_tipo_token FROM classificacoes_tokens WHERE BINARY nome_token = "axqua"));
  INSERT IGNORE INTO tokens (nome_token, acentuada, id_tipo_token) VALUES ("axadm", "axadm", (SELECT id_tipo_token FROM classificacoes_tokens WHERE BINARY nome_token = "axadm"));
  INSERT IGNORE INTO tokens (nome_token, acentuada, id_tipo_token) VALUES ("pebd", "pebd", (SELECT id_tipo_token FROM classificacoes_tokens WHERE BINARY nome_token = "pebd"));
  INSERT IGNORE INTO tokens (nome_token, acentuada, id_tipo_token) VALUES ("javsc", "javsc", (SELECT id_tipo_token FROM classificacoes_tokens WHERE BINARY nome_token = "javsc"));
  INSERT IGNORE INTO tokens (nome_token, acentuada, id_tipo_token) VALUES ("ppfr", "ppfr", (SELECT id_tipo_token FROM classificacoes_tokens WHERE BINARY nome_token = "ppfr"));
  INSERT IGNORE INTO classificacoes_tokens (nome_token, id_tipo_token) VALUES ("0125", (SELECT id_chave_tipo_token FROM tipos_tokens WHERE nome_tipo_token = "numeral"));
INSERT IGNORE INTO tokens (nome_token, acentuada, id_tipo_token) VALUES ("0125", "0125", (SELECT id_tipo_token FROM classificacoes_tokens WHERE BINARY nome_token = "0125"));
  INSERT IGNORE INTO tokens (nome_token, acentuada, id_tipo_token) VALUES ("ppyth", "ppyth", (SELECT id_tipo_token FROM classificacoes_tokens WHERE BINARY nome_token = "ppyth"));
  INSERT IGNORE INTO tokens (nome_token, acentuada, id_tipo_token) VALUES ("5f5g", "5f5g", (SELECT id_tipo_token FROM classificacoes_tokens WHERE BINARY nome_token = "5f5g"));
  INSERT IGNORE INTO tokens (nome_token, acentuada, id_tipo_token) VALUES ("5g", "5g", (SELECT id_tipo_token FROM classificacoes_tokens WHERE BINARY nome_token = "5g"));
  INSERT IGNORE INTO tokens (nome_token, acentuada, id_tipo_token) VALUES ("5f", "5f", (SELECT id_tipo_token FROM classificacoes_tokens WHERE BINARY nome_token = "5f"));
  INSERT IGNORE INTO tokens (nome_token, acentuada, id_tipo_token) VALUES ("4f4g", "4f4g", (SELECT id_tipo_token FROM classificacoes_tokens WHERE BINARY nome_token = "4f4g"));
  INSERT IGNORE INTO tokens (nome_token, acentuada, id_tipo_token) VALUES ("4f", "4f", (SELECT id_tipo_token FROM classificacoes_tokens WHERE BINARY nome_token = "4f"));
  INSERT IGNORE INTO tokens (nome_token, acentuada, id_tipo_token) VALUES ("3f13", "3f13", (SELECT id_tipo_token FROM classificacoes_tokens WHERE BINARY nome_token = "3f13"));
  INSERT IGNORE INTO tokens (nome_token, acentuada, id_tipo_token) VALUES ("3g", "3g", (SELECT id_tipo_token FROM classificacoes_tokens WHERE BINARY nome_token = "3g"));
  INSERT IGNORE INTO tokens (nome_token, acentuada, id_tipo_token) VALUES ("3f", "3f", (SELECT id_tipo_token FROM classificacoes_tokens WHERE BINARY nome_token = "3f"));
  INSERT IGNORE INTO tokens (nome_token, acentuada, id_tipo_token) VALUES ("2f2g", "2f2g", (SELECT id_tipo_token FROM classificacoes_tokens WHERE BINARY nome_token = "2f2g"));
  INSERT IGNORE INTO tokens (nome_token, acentuada, id_tipo_token) VALUES ("2g", "2g", (SELECT id_tipo_token FROM classificacoes_tokens WHERE BINARY nome_token = "2g"));
  INSERT IGNORE INTO tokens (nome_token, acentuada, id_tipo_token) VALUES ("2f", "2f", (SELECT id_tipo_token FROM classificacoes_tokens WHERE BINARY nome_token = "2f"));
  INSERT IGNORE INTO tokens (nome_token, acentuada, id_tipo_token) VALUES ("1f1g", "1f1g", (SELECT id_tipo_token FROM classificacoes_tokens WHERE BINARY nome_token = "1f1g"));
  INSERT IGNORE INTO tokens (nome_token, acentuada, id_tipo_token) VALUES ("1g", "1g", (SELECT id_tipo_token FROM classificacoes_tokens WHERE BINARY nome_token = "1g"));
  INSERT IGNORE INTO tokens (nome_token, acentuada, id_tipo_token) VALUES ("1f", "1f", (SELECT id_tipo_token FROM classificacoes_tokens WHERE BINARY nome_token = "1f"));
  INSERT IGNORE INTO tokens (nome_token, acentuada, id_tipo_token) VALUES ("eflu", "eflu", (SELECT id_tipo_token FROM classificacoes_tokens WHERE BINARY nome_token = "eflu"));
  INSERT IGNORE INTO tokens (nome_token, acentuada, id_tipo_token) VALUES ("biologicos", "biológicos", (SELECT id_tipo_token FROM classificacoes_tokens WHERE BINARY nome_token = "biológicos"));
  INSERT IGNORE INTO tokens (nome_token, acentuada, id_tipo_token) VALUES ("fisicos", "físicos", (SELECT id_tipo_token FROM classificacoes_tokens WHERE BINARY nome_token = "físicos"));
  INSERT IGNORE INTO tokens (nome_token, acentuada, id_tipo_token) VALUES ("efluentes", "efluentes", (SELECT id_tipo_token FROM classificacoes_tokens WHERE BINARY nome_token = "efluentes"));
  INSERT IGNORE INTO classificacoes_tokens (nome_token, id_tipo_token) VALUES ("0225", (SELECT id_chave_tipo_token FROM tipos_tokens WHERE nome_tipo_token = "numeral"));
INSERT IGNORE INTO tokens (nome_token, acentuada, id_tipo_token) VALUES ("0225", "0225", (SELECT id_tipo_token FROM classificacoes_tokens WHERE BINARY nome_token = "0225"));
  INSERT IGNORE INTO tokens (nome_token, acentuada, id_tipo_token) VALUES ("isntr", "isntr", (SELECT id_tipo_token FROM classificacoes_tokens WHERE BINARY nome_token = "isntr"));
  INSERT IGNORE INTO tokens (nome_token, acentuada, id_tipo_token) VALUES ("terra", "terra", (SELECT id_tipo_token FROM classificacoes_tokens WHERE BINARY nome_token = "terra"));
  INSERT IGNORE INTO classificacoes_tokens (nome_token, id_tipo_token) VALUES ("569", (SELECT id_chave_tipo_token FROM tipos_tokens WHERE nome_tipo_token = "numeral"));
INSERT IGNORE INTO tokens (nome_token, acentuada, id_tipo_token) VALUES ("569", "569", (SELECT id_tipo_token FROM classificacoes_tokens WHERE BINARY nome_token = "569"));
  INSERT IGNORE INTO tokens (nome_token, acentuada, id_tipo_token) VALUES ("paulinia", "paulínia", (SELECT id_tipo_token FROM classificacoes_tokens WHERE BINARY nome_token = "paulínia"));
  INSERT IGNORE INTO classificacoes_tokens (nome_token, id_tipo_token) VALUES ("262", (SELECT id_chave_tipo_token FROM tipos_tokens WHERE nome_tipo_token = "numeral"));
INSERT IGNORE INTO tokens (nome_token, acentuada, id_tipo_token) VALUES ("262", "262", (SELECT id_tipo_token FROM classificacoes_tokens WHERE BINARY nome_token = "262"));
  INSERT IGNORE INTO classificacoes_tokens (nome_token, id_tipo_token) VALUES ("261", (SELECT id_chave_tipo_token FROM tipos_tokens WHERE nome_tipo_token = "numeral"));
INSERT IGNORE INTO tokens (nome_token, acentuada, id_tipo_token) VALUES ("261", "261", (SELECT id_tipo_token FROM classificacoes_tokens WHERE BINARY nome_token = "261"));
  INSERT IGNORE INTO tokens (nome_token, acentuada, id_tipo_token) VALUES ("gluten", "glúten", (SELECT id_tipo_token FROM classificacoes_tokens WHERE BINARY nome_token = "glúten"));
  INSERT IGNORE INTO tokens (nome_token, acentuada, id_tipo_token) VALUES ("isentos", "isentos", (SELECT id_tipo_token FROM classificacoes_tokens WHERE BINARY nome_token = "isentos"));
  INSERT IGNORE INTO classificacoes_tokens (nome_token, id_tipo_token) VALUES ("193", (SELECT id_chave_tipo_token FROM tipos_tokens WHERE nome_tipo_token = "numeral"));
INSERT IGNORE INTO tokens (nome_token, acentuada, id_tipo_token) VALUES ("193", "193", (SELECT id_tipo_token FROM classificacoes_tokens WHERE BINARY nome_token = "193"));
  INSERT IGNORE INTO tokens (nome_token, acentuada, id_tipo_token) VALUES ("gd", "gd", (SELECT id_tipo_token FROM classificacoes_tokens WHERE BINARY nome_token = "gd"));
  INSERT IGNORE INTO tokens (nome_token, acentuada, id_tipo_token) VALUES ("geometrica", "geométrica", (SELECT id_tipo_token FROM classificacoes_tokens WHERE BINARY nome_token = "geométrica"));
  INSERT IGNORE INTO tokens (nome_token, acentuada, id_tipo_token) VALUES ("tolerancia", "tolerância", (SELECT id_tipo_token FROM classificacoes_tokens WHERE BINARY nome_token = "tolerância"));
  INSERT IGNORE INTO tokens (nome_token, acentuada, id_tipo_token) VALUES ("folhadas", "folhadas", (SELECT id_tipo_token FROM classificacoes_tokens WHERE BINARY nome_token = "folhadas"));
  INSERT IGNORE INTO classificacoes_tokens (nome_token, id_tipo_token) VALUES ("266", (SELECT id_chave_tipo_token FROM tipos_tokens WHERE nome_tipo_token = "numeral"));
INSERT IGNORE INTO tokens (nome_token, acentuada, id_tipo_token) VALUES ("266", "266", (SELECT id_tipo_token FROM classificacoes_tokens WHERE BINARY nome_token = "266"));
  INSERT IGNORE INTO classificacoes_tokens (nome_token, id_tipo_token) VALUES ("265", (SELECT id_chave_tipo_token FROM tipos_tokens WHERE nome_tipo_token = "numeral"));
INSERT IGNORE INTO tokens (nome_token, acentuada, id_tipo_token) VALUES ("265", "265", (SELECT id_tipo_token FROM classificacoes_tokens WHERE BINARY nome_token = "265"));
  INSERT IGNORE INTO tokens (nome_token, acentuada, id_tipo_token) VALUES ("krupp", "krupp", (SELECT id_tipo_token FROM classificacoes_tokens WHERE BINARY nome_token = "krupp"));
  INSERT IGNORE INTO tokens (nome_token, acentuada, id_tipo_token) VALUES ("alfried", "alfried", (SELECT id_tipo_token FROM classificacoes_tokens WHERE BINARY nome_token = "alfried"));
  INSERT IGNORE INTO classificacoes_tokens (nome_token, id_tipo_token) VALUES ("568", (SELECT id_chave_tipo_token FROM tipos_tokens WHERE nome_tipo_token = "numeral"));
INSERT IGNORE INTO tokens (nome_token, acentuada, id_tipo_token) VALUES ("568", "568", (SELECT id_tipo_token FROM classificacoes_tokens WHERE BINARY nome_token = "568"));
  INSERT IGNORE INTO tokens (nome_token, acentuada, id_tipo_token) VALUES ("funpyt25", "funpyt25", (SELECT id_tipo_token FROM classificacoes_tokens WHERE BINARY nome_token = "funpyt25"));
  INSERT IGNORE INTO tokens (nome_token, acentuada, id_tipo_token) VALUES ("gener25", "gener25", (SELECT id_tipo_token FROM classificacoes_tokens WHERE BINARY nome_token = "gener25"));
  INSERT IGNORE INTO tokens (nome_token, acentuada, id_tipo_token) VALUES ("goia25", "goia25", (SELECT id_tipo_token FROM classificacoes_tokens WHERE BINARY nome_token = "goia25"));
  INSERT IGNORE INTO tokens (nome_token, acentuada, id_tipo_token) VALUES ("google25", "google25", (SELECT id_tipo_token FROM classificacoes_tokens WHERE BINARY nome_token = "google25"));
  INSERT IGNORE INTO tokens (nome_token, acentuada, id_tipo_token) VALUES ("solar25", "solar25", (SELECT id_tipo_token FROM classificacoes_tokens WHERE BINARY nome_token = "solar25"));
  INSERT IGNORE INTO tokens (nome_token, acentuada, id_tipo_token) VALUES ("asb", "asb", (SELECT id_tipo_token FROM classificacoes_tokens WHERE BINARY nome_token = "asb"));
  INSERT IGNORE INTO tokens (nome_token, acentuada, id_tipo_token) VALUES ("white25", "white25", (SELECT id_tipo_token FROM classificacoes_tokens WHERE BINARY nome_token = "white25"));
  INSERT IGNORE INTO tokens (nome_token, acentuada, id_tipo_token) VALUES ("mpowbi25", "mpowbi25", (SELECT id_tipo_token FROM classificacoes_tokens WHERE BINARY nome_token = "mpowbi25"));
  INSERT IGNORE INTO tokens (nome_token, acentuada, id_tipo_token) VALUES ("dp90025", "dp90025", (SELECT id_tipo_token FROM classificacoes_tokens WHERE BINARY nome_token = "dp90025"));
  INSERT IGNORE INTO tokens (nome_token, acentuada, id_tipo_token) VALUES ("dados25", "dados25", (SELECT id_tipo_token FROM classificacoes_tokens WHERE BINARY nome_token = "dados25"));
  INSERT IGNORE INTO tokens (nome_token, acentuada, id_tipo_token) VALUES ("pl90025", "pl90025", (SELECT id_tipo_token FROM classificacoes_tokens WHERE BINARY nome_token = "pl90025"));
  INSERT IGNORE INTO tokens (nome_token, acentuada, id_tipo_token) VALUES ("anb", "anb", (SELECT id_tipo_token FROM classificacoes_tokens WHERE BINARY nome_token = "anb"));
  INSERT IGNORE INTO classificacoes_tokens (nome_token, id_tipo_token) VALUES ("564", (SELECT id_chave_tipo_token FROM tipos_tokens WHERE nome_tipo_token = "numeral"));
INSERT IGNORE INTO tokens (nome_token, acentuada, id_tipo_token) VALUES ("564", "564", (SELECT id_tipo_token FROM classificacoes_tokens WHERE BINARY nome_token = "564"));
  INSERT IGNORE INTO tokens (nome_token, acentuada, id_tipo_token) VALUES ("valinhos", "valinhos", (SELECT id_tipo_token FROM classificacoes_tokens WHERE BINARY nome_token = "valinhos"));
  INSERT IGNORE INTO tokens (nome_token, acentuada, id_tipo_token) VALUES ("np1", "np1", (SELECT id_tipo_token FROM classificacoes_tokens WHERE BINARY nome_token = "np1"));
  INSERT IGNORE INTO tokens (nome_token, acentuada, id_tipo_token) VALUES ("grat32", "grat32", (SELECT id_tipo_token FROM classificacoes_tokens WHERE BINARY nome_token = "grat32"));
  INSERT IGNORE INTO tokens (nome_token, acentuada, id_tipo_token) VALUES ("nam1", "nam1", (SELECT id_tipo_token FROM classificacoes_tokens WHERE BINARY nome_token = "nam1"));
  INSERT IGNORE INTO tokens (nome_token, acentuada, id_tipo_token) VALUES ("grat30", "grat30", (SELECT id_tipo_token FROM classificacoes_tokens WHERE BINARY nome_token = "grat30"));
  INSERT IGNORE INTO tokens (nome_token, acentuada, id_tipo_token) VALUES ("tp1", "tp1", (SELECT id_tipo_token FROM classificacoes_tokens WHERE BINARY nome_token = "tp1"));
  INSERT IGNORE INTO tokens (nome_token, acentuada, id_tipo_token) VALUES ("grat31", "grat31", (SELECT id_tipo_token FROM classificacoes_tokens WHERE BINARY nome_token = "grat31"));
  INSERT IGNORE INTO tokens (nome_token, acentuada, id_tipo_token) VALUES ("nfs", "nfs", (SELECT id_tipo_token FROM classificacoes_tokens WHERE BINARY nome_token = "nfs"));
  INSERT IGNORE INTO tokens (nome_token, acentuada, id_tipo_token) VALUES ("grat44", "grat44", (SELECT id_tipo_token FROM classificacoes_tokens WHERE BINARY nome_token = "grat44"));
  INSERT IGNORE INTO tokens (nome_token, acentuada, id_tipo_token) VALUES ("nfo", "nfo", (SELECT id_tipo_token FROM classificacoes_tokens WHERE BINARY nome_token = "nfo"));
  INSERT IGNORE INTO tokens (nome_token, acentuada, id_tipo_token) VALUES ("grat41", "grat41", (SELECT id_tipo_token FROM classificacoes_tokens WHERE BINARY nome_token = "grat41"));
  INSERT IGNORE INTO tokens (nome_token, acentuada, id_tipo_token) VALUES ("grat18ncbl", "grat18ncbl", (SELECT id_tipo_token FROM classificacoes_tokens WHERE BINARY nome_token = "grat18ncbl"));
  INSERT IGNORE INTO tokens (nome_token, acentuada, id_tipo_token) VALUES ("tfs", "tfs", (SELECT id_tipo_token FROM classificacoes_tokens WHERE BINARY nome_token = "tfs"));
  INSERT IGNORE INTO tokens (nome_token, acentuada, id_tipo_token) VALUES ("grat43", "grat43", (SELECT id_tipo_token FROM classificacoes_tokens WHERE BINARY nome_token = "grat43"));
  INSERT IGNORE INTO tokens (nome_token, acentuada, id_tipo_token) VALUES ("top", "top", (SELECT id_tipo_token FROM classificacoes_tokens WHERE BINARY nome_token = "top"));
  INSERT IGNORE INTO tokens (nome_token, acentuada, id_tipo_token) VALUES ("grat40", "grat40", (SELECT id_tipo_token FROM classificacoes_tokens WHERE BINARY nome_token = "grat40"));
  INSERT IGNORE INTO tokens (nome_token, acentuada, id_tipo_token) VALUES ("tcoe1", "tcoe1", (SELECT id_tipo_token FROM classificacoes_tokens WHERE BINARY nome_token = "tcoe1"));
  INSERT IGNORE INTO tokens (nome_token, acentuada, id_tipo_token) VALUES ("grat24", "grat24", (SELECT id_tipo_token FROM classificacoes_tokens WHERE BINARY nome_token = "grat24"));
  INSERT IGNORE INTO tokens (nome_token, acentuada, id_tipo_token) VALUES ("tclp1", "tclp1", (SELECT id_tipo_token FROM classificacoes_tokens WHERE BINARY nome_token = "tclp1"));
  INSERT IGNORE INTO tokens (nome_token, acentuada, id_tipo_token) VALUES ("grat33", "grat33", (SELECT id_tipo_token FROM classificacoes_tokens WHERE BINARY nome_token = "grat33"));
  INSERT IGNORE INTO tokens (nome_token, acentuada, id_tipo_token) VALUES ("niq1", "niq1", (SELECT id_tipo_token FROM classificacoes_tokens WHERE BINARY nome_token = "niq1"));
  INSERT IGNORE INTO tokens (nome_token, acentuada, id_tipo_token) VALUES ("grat25", "grat25", (SELECT id_tipo_token FROM classificacoes_tokens WHERE BINARY nome_token = "grat25"));
  INSERT IGNORE INTO tokens (nome_token, acentuada, id_tipo_token) VALUES ("temp1", "temp1", (SELECT id_tipo_token FROM classificacoes_tokens WHERE BINARY nome_token = "temp1"));
  INSERT IGNORE INTO tokens (nome_token, acentuada, id_tipo_token) VALUES ("grat19", "grat19", (SELECT id_tipo_token FROM classificacoes_tokens WHERE BINARY nome_token = "grat19"));
  INSERT IGNORE INTO tokens (nome_token, acentuada, id_tipo_token) VALUES ("tiq", "tiq", (SELECT id_tipo_token FROM classificacoes_tokens WHERE BINARY nome_token = "tiq"));
  INSERT IGNORE INTO tokens (nome_token, acentuada, id_tipo_token) VALUES ("grat23", "grat23", (SELECT id_tipo_token FROM classificacoes_tokens WHERE BINARY nome_token = "grat23"));
  INSERT IGNORE INTO tokens (nome_token, acentuada, id_tipo_token) VALUES ("talp1", "talp1", (SELECT id_tipo_token FROM classificacoes_tokens WHERE BINARY nome_token = "talp1"));
  INSERT IGNORE INTO tokens (nome_token, acentuada, id_tipo_token) VALUES ("grat20", "grat20", (SELECT id_tipo_token FROM classificacoes_tokens WHERE BINARY nome_token = "grat20"));
  INSERT IGNORE INTO tokens (nome_token, acentuada, id_tipo_token) VALUES ("sc1", "sc1", (SELECT id_tipo_token FROM classificacoes_tokens WHERE BINARY nome_token = "sc1"));
  INSERT IGNORE INTO tokens (nome_token, acentuada, id_tipo_token) VALUES ("grat21", "grat21", (SELECT id_tipo_token FROM classificacoes_tokens WHERE BINARY nome_token = "grat21"));
  INSERT IGNORE INTO tokens (nome_token, acentuada, id_tipo_token) VALUES ("som1", "som1", (SELECT id_tipo_token FROM classificacoes_tokens WHERE BINARY nome_token = "som1"));
  INSERT IGNORE INTO tokens (nome_token, acentuada, id_tipo_token) VALUES ("grat22", "grat22", (SELECT id_tipo_token FROM classificacoes_tokens WHERE BINARY nome_token = "grat22"));
  INSERT IGNORE INTO tokens (nome_token, acentuada, id_tipo_token) VALUES ("n6oe", "n6oe", (SELECT id_tipo_token FROM classificacoes_tokens WHERE BINARY nome_token = "n6oe"));
  INSERT IGNORE INTO tokens (nome_token, acentuada, id_tipo_token) VALUES ("n5oe", "n5oe", (SELECT id_tipo_token FROM classificacoes_tokens WHERE BINARY nome_token = "n5oe"));
  INSERT IGNORE INTO tokens (nome_token, acentuada, id_tipo_token) VALUES ("n4oe", "n4oe", (SELECT id_tipo_token FROM classificacoes_tokens WHERE BINARY nome_token = "n4oe"));
  INSERT IGNORE INTO tokens (nome_token, acentuada, id_tipo_token) VALUES ("guacu", "guacu", (SELECT id_tipo_token FROM classificacoes_tokens WHERE BINARY nome_token = "guacu"));
  INSERT IGNORE INTO classificacoes_tokens (nome_token, id_tipo_token) VALUES ("563", (SELECT id_chave_tipo_token FROM tipos_tokens WHERE nome_tipo_token = "numeral"));
INSERT IGNORE INTO tokens (nome_token, acentuada, id_tipo_token) VALUES ("563", "563", (SELECT id_tipo_token FROM classificacoes_tokens WHERE BINARY nome_token = "563"));
  INSERT IGNORE INTO tokens (nome_token, acentuada, id_tipo_token) VALUES ("guacu", "guaçu", (SELECT id_tipo_token FROM classificacoes_tokens WHERE BINARY nome_token = "guaçu"));
  INSERT IGNORE INTO tokens (nome_token, acentuada, id_tipo_token) VALUES ("djava", "djava", (SELECT id_tipo_token FROM classificacoes_tokens WHERE BINARY nome_token = "djava"));
  INSERT IGNORE INTO tokens (nome_token, acentuada, id_tipo_token) VALUES ("eins", "eins", (SELECT id_tipo_token FROM classificacoes_tokens WHERE BINARY nome_token = "eins"));
  INSERT IGNORE INTO tokens (nome_token, acentuada, id_tipo_token) VALUES ("mirone", "mirone", (SELECT id_tipo_token FROM classificacoes_tokens WHERE BINARY nome_token = "mirone"));
  INSERT IGNORE INTO tokens (nome_token, acentuada, id_tipo_token) VALUES ("santoro", "santoro", (SELECT id_tipo_token FROM classificacoes_tokens WHERE BINARY nome_token = "santoro"));
  INSERT IGNORE INTO classificacoes_tokens (nome_token, id_tipo_token) VALUES ("562", (SELECT id_chave_tipo_token FROM tipos_tokens WHERE nome_tipo_token = "numeral"));
INSERT IGNORE INTO tokens (nome_token, acentuada, id_tipo_token) VALUES ("562", "562", (SELECT id_tipo_token FROM classificacoes_tokens WHERE BINARY nome_token = "562"));
  INSERT IGNORE INTO tokens (nome_token, acentuada, id_tipo_token) VALUES ("indaiatuba", "indaiatuba", (SELECT id_tipo_token FROM classificacoes_tokens WHERE BINARY nome_token = "indaiatuba"));
  INSERT IGNORE INTO tokens (nome_token, acentuada, id_tipo_token) VALUES ("grat", "grat", (SELECT id_tipo_token FROM classificacoes_tokens WHERE BINARY nome_token = "grat"));
  INSERT IGNORE INTO classificacoes_tokens (nome_token, id_tipo_token) VALUES ("561", (SELECT id_chave_tipo_token FROM tipos_tokens WHERE nome_tipo_token = "numeral"));
INSERT IGNORE INTO tokens (nome_token, acentuada, id_tipo_token) VALUES ("561", "561", (SELECT id_tipo_token FROM classificacoes_tokens WHERE BINARY nome_token = "561"));
  INSERT IGNORE INTO tokens (nome_token, acentuada, id_tipo_token) VALUES ("rafard", "rafard", (SELECT id_tipo_token FROM classificacoes_tokens WHERE BINARY nome_token = "rafard"));
  INSERT IGNORE INTO tokens (nome_token, acentuada, id_tipo_token) VALUES ("msp", "msp", (SELECT id_tipo_token FROM classificacoes_tokens WHERE BINARY nome_token = "msp"));
  INSERT IGNORE INTO tokens (nome_token, acentuada, id_tipo_token) VALUES ("gta", "gta", (SELECT id_tipo_token FROM classificacoes_tokens WHERE BINARY nome_token = "gta"));
  INSERT IGNORE INTO tokens (nome_token, acentuada, id_tipo_token) VALUES ("dis", "dis", (SELECT id_tipo_token FROM classificacoes_tokens WHERE BINARY nome_token = "dis"));
  INSERT IGNORE INTO tokens (nome_token, acentuada, id_tipo_token) VALUES ("mr", "mr", (SELECT id_tipo_token FROM classificacoes_tokens WHERE BINARY nome_token = "mr"));
  INSERT IGNORE INTO tokens (nome_token, acentuada, id_tipo_token) VALUES ("romi", "romi", (SELECT id_tipo_token FROM classificacoes_tokens WHERE BINARY nome_token = "romi"));
  INSERT IGNORE INTO tokens (nome_token, acentuada, id_tipo_token) VALUES ("alvares", "alvares", (SELECT id_tipo_token FROM classificacoes_tokens WHERE BINARY nome_token = "alvares"));
  INSERT IGNORE INTO classificacoes_tokens (nome_token, id_tipo_token) VALUES ("514", (SELECT id_chave_tipo_token FROM tipos_tokens WHERE nome_tipo_token = "numeral"));
INSERT IGNORE INTO tokens (nome_token, acentuada, id_tipo_token) VALUES ("514", "514", (SELECT id_tipo_token FROM classificacoes_tokens WHERE BINARY nome_token = "514"));
  INSERT IGNORE INTO tokens (nome_token, acentuada, id_tipo_token) VALUES ("d'oeste", "d'oeste", (SELECT id_tipo_token FROM classificacoes_tokens WHERE BINARY nome_token = "d'oeste"));
  INSERT IGNORE INTO tokens (nome_token, acentuada, id_tipo_token) VALUES ("barbara", "barbara", (SELECT id_tipo_token FROM classificacoes_tokens WHERE BINARY nome_token = "barbara"));
  INSERT IGNORE INTO tokens (nome_token, acentuada, id_tipo_token) VALUES ("monpai1", "monpai1", (SELECT id_tipo_token FROM classificacoes_tokens WHERE BINARY nome_token = "monpai1"));
  INSERT IGNORE INTO tokens (nome_token, acentuada, id_tipo_token) VALUES ("nr35_1", "nr35_1", (SELECT id_tipo_token FROM classificacoes_tokens WHERE BINARY nome_token = "nr35_1"));
  INSERT IGNORE INTO tokens (nome_token, acentuada, id_tipo_token) VALUES ("bigr4", "bigr4", (SELECT id_tipo_token FROM classificacoes_tokens WHERE BINARY nome_token = "bigr4"));
  INSERT IGNORE INTO tokens (nome_token, acentuada, id_tipo_token) VALUES ("admmangr1", "admmangr1", (SELECT id_tipo_token FROM classificacoes_tokens WHERE BINARY nome_token = "admmangr1"));
  INSERT IGNORE INTO tokens (nome_token, acentuada, id_tipo_token) VALUES ("gr3", "gr3", (SELECT id_tipo_token FROM classificacoes_tokens WHERE BINARY nome_token = "gr3"));
  INSERT IGNORE INTO tokens (nome_token, acentuada, id_tipo_token) VALUES ("deintgr1", "deintgr1", (SELECT id_tipo_token FROM classificacoes_tokens WHERE BINARY nome_token = "deintgr1"));
  INSERT IGNORE INTO tokens (nome_token, acentuada, id_tipo_token) VALUES ("tecexmogr1", "tecexmogr1", (SELECT id_tipo_token FROM classificacoes_tokens WHERE BINARY nome_token = "tecexmogr1"));
  INSERT IGNORE INTO tokens (nome_token, acentuada, id_tipo_token) VALUES ("empsen_gr_ect", "empsen_gr_ect", (SELECT id_tipo_token FROM classificacoes_tokens WHERE BINARY nome_token = "empsen_gr_ect"));
  INSERT IGNORE INTO tokens (nome_token, acentuada, id_tipo_token) VALUES ("empreender", "empreender", (SELECT id_tipo_token FROM classificacoes_tokens WHERE BINARY nome_token = "empreender"));
  INSERT IGNORE INTO tokens (nome_token, acentuada, id_tipo_token) VALUES ("oploggr1", "oploggr1", (SELECT id_tipo_token FROM classificacoes_tokens WHERE BINARY nome_token = "oploggr1"));
  INSERT IGNORE INTO tokens (nome_token, acentuada, id_tipo_token) VALUES ("auxadmgr1", "auxadmgr1", (SELECT id_tipo_token FROM classificacoes_tokens WHERE BINARY nome_token = "auxadmgr1"));
  INSERT IGNORE INTO classificacoes_tokens (nome_token, id_tipo_token) VALUES ("513", (SELECT id_chave_tipo_token FROM tipos_tokens WHERE nome_tipo_token = "numeral"));
INSERT IGNORE INTO tokens (nome_token, acentuada, id_tipo_token) VALUES ("513", "513", (SELECT id_tipo_token FROM classificacoes_tokens WHERE BINARY nome_token = "513"));
  INSERT IGNORE INTO tokens (nome_token, acentuada, id_tipo_token) VALUES ("jaguariuna", "jaguariúna", (SELECT id_tipo_token FROM classificacoes_tokens WHERE BINARY nome_token = "jaguariúna"));
  INSERT IGNORE INTO tokens (nome_token, acentuada, id_tipo_token) VALUES ("goo", "goo", (SELECT id_tipo_token FROM classificacoes_tokens WHERE BINARY nome_token = "goo"));
  INSERT IGNORE INTO tokens (nome_token, acentuada, id_tipo_token) VALUES ("t8", "t8", (SELECT id_tipo_token FROM classificacoes_tokens WHERE BINARY nome_token = "t8"));
  INSERT IGNORE INTO tokens (nome_token, acentuada, id_tipo_token) VALUES ("weg", "weg", (SELECT id_tipo_token FROM classificacoes_tokens WHERE BINARY nome_token = "weg"));
  INSERT IGNORE INTO tokens (nome_token, acentuada, id_tipo_token) VALUES ("gpt", "gpt", (SELECT id_tipo_token FROM classificacoes_tokens WHERE BINARY nome_token = "gpt"));
  INSERT IGNORE INTO tokens (nome_token, acentuada, id_tipo_token) VALUES ("ga", "ga", (SELECT id_tipo_token FROM classificacoes_tokens WHERE BINARY nome_token = "ga"));
  INSERT IGNORE INTO tokens (nome_token, acentuada, id_tipo_token) VALUES ("t9", "t9", (SELECT id_tipo_token FROM classificacoes_tokens WHERE BINARY nome_token = "t9"));
  INSERT IGNORE INTO tokens (nome_token, acentuada, id_tipo_token) VALUES ("t7", "t7", (SELECT id_tipo_token FROM classificacoes_tokens WHERE BINARY nome_token = "t7"));
  INSERT IGNORE INTO tokens (nome_token, acentuada, id_tipo_token) VALUES ("pcm", "pcm", (SELECT id_tipo_token FROM classificacoes_tokens WHERE BINARY nome_token = "pcm"));
  INSERT IGNORE INTO tokens (nome_token, acentuada, id_tipo_token) VALUES ("ag", "ag", (SELECT id_tipo_token FROM classificacoes_tokens WHERE BINARY nome_token = "ag"));
  INSERT IGNORE INTO tokens (nome_token, acentuada, id_tipo_token) VALUES ("au", "au", (SELECT id_tipo_token FROM classificacoes_tokens WHERE BINARY nome_token = "au"));
  INSERT IGNORE INTO tokens (nome_token, acentuada, id_tipo_token) VALUES ("gq", "gq", (SELECT id_tipo_token FROM classificacoes_tokens WHERE BINARY nome_token = "gq"));
  INSERT IGNORE INTO tokens (nome_token, acentuada, id_tipo_token) VALUES ("ae", "ae", (SELECT id_tipo_token FROM classificacoes_tokens WHERE BINARY nome_token = "ae"));
  INSERT IGNORE INTO tokens (nome_token, acentuada, id_tipo_token) VALUES ("sl", "sl", (SELECT id_tipo_token FROM classificacoes_tokens WHERE BINARY nome_token = "sl"));
  INSERT IGNORE INTO tokens (nome_token, acentuada, id_tipo_token) VALUES ("sumare", "sumaré", (SELECT id_tipo_token FROM classificacoes_tokens WHERE BINARY nome_token = "sumaré"));
  INSERT IGNORE INTO classificacoes_tokens (nome_token, id_tipo_token) VALUES ("512", (SELECT id_chave_tipo_token FROM tipos_tokens WHERE nome_tipo_token = "numeral"));
INSERT IGNORE INTO tokens (nome_token, acentuada, id_tipo_token) VALUES ("512", "512", (SELECT id_tipo_token FROM classificacoes_tokens WHERE BINARY nome_token = "512"));
  INSERT IGNORE INTO tokens (nome_token, acentuada, id_tipo_token) VALUES ("sumare", "sumare", (SELECT id_tipo_token FROM classificacoes_tokens WHERE BINARY nome_token = "sumare"));
  INSERT IGNORE INTO tokens (nome_token, acentuada, id_tipo_token) VALUES ("anafisc", "anafisc", (SELECT id_tipo_token FROM classificacoes_tokens WHERE BINARY nome_token = "anafisc"));
  INSERT IGNORE INTO tokens (nome_token, acentuada, id_tipo_token) VALUES ("folpag", "folpag", (SELECT id_tipo_token FROM classificacoes_tokens WHERE BINARY nome_token = "folpag"));
  INSERT IGNORE INTO tokens (nome_token, acentuada, id_tipo_token) VALUES ("relmerc", "relmerc", (SELECT id_tipo_token FROM classificacoes_tokens WHERE BINARY nome_token = "relmerc"));
  INSERT IGNORE INTO tokens (nome_token, acentuada, id_tipo_token) VALUES ("rescon", "rescon", (SELECT id_tipo_token FROM classificacoes_tokens WHERE BINARY nome_token = "rescon"));
  INSERT IGNORE INTO tokens (nome_token, acentuada, id_tipo_token) VALUES ("s5", "s5", (SELECT id_tipo_token FROM classificacoes_tokens WHERE BINARY nome_token = "s5"));
  INSERT IGNORE INTO tokens (nome_token, acentuada, id_tipo_token) VALUES ("lidino", "lidino", (SELECT id_tipo_token FROM classificacoes_tokens WHERE BINARY nome_token = "lidino"));
  INSERT IGNORE INTO tokens (nome_token, acentuada, id_tipo_token) VALUES ("mudancas", "mudanças", (SELECT id_tipo_token FROM classificacoes_tokens WHERE BINARY nome_token = "mudanças"));
  INSERT IGNORE INTO tokens (nome_token, acentuada, id_tipo_token) VALUES ("lidges", "lidges", (SELECT id_tipo_token FROM classificacoes_tokens WHERE BINARY nome_token = "lidges"));
  INSERT IGNORE INTO tokens (nome_token, acentuada, id_tipo_token) VALUES ("lideqp", "lideqp", (SELECT id_tipo_token FROM classificacoes_tokens WHERE BINARY nome_token = "lideqp"));
  INSERT IGNORE INTO tokens (nome_token, acentuada, id_tipo_token) VALUES ("cbnv", "cbnv", (SELECT id_tipo_token FROM classificacoes_tokens WHERE BINARY nome_token = "cbnv"));
  INSERT IGNORE INTO tokens (nome_token, acentuada, id_tipo_token) VALUES ("opend", "opend", (SELECT id_tipo_token FROM classificacoes_tokens WHERE BINARY nome_token = "opend"));
  INSERT IGNORE INTO tokens (nome_token, acentuada, id_tipo_token) VALUES ("destrutivos", "destrutivos", (SELECT id_tipo_token FROM classificacoes_tokens WHERE BINARY nome_token = "destrutivos"));
  INSERT IGNORE INTO tokens (nome_token, acentuada, id_tipo_token) VALUES ("ensaios", "ensaios", (SELECT id_tipo_token FROM classificacoes_tokens WHERE BINARY nome_token = "ensaios"));
  INSERT IGNORE INTO tokens (nome_token, acentuada, id_tipo_token) VALUES ("letrab", "letrab", (SELECT id_tipo_token FROM classificacoes_tokens WHERE BINARY nome_token = "letrab"));
  INSERT IGNORE INTO tokens (nome_token, acentuada, id_tipo_token) VALUES ("trabalhista", "trabalhista", (SELECT id_tipo_token FROM classificacoes_tokens WHERE BINARY nome_token = "trabalhista"));
  INSERT IGNORE INTO tokens (nome_token, acentuada, id_tipo_token) VALUES ("legislacao", "legislação", (SELECT id_tipo_token FROM classificacoes_tokens WHERE BINARY nome_token = "legislação"));
  INSERT IGNORE INTO tokens (nome_token, acentuada, id_tipo_token) VALUES ("tecneg", "tecneg", (SELECT id_tipo_token FROM classificacoes_tokens WHERE BINARY nome_token = "tecneg"));
  INSERT IGNORE INTO tokens (nome_token, acentuada, id_tipo_token) VALUES ("kaiz", "kaiz", (SELECT id_tipo_token FROM classificacoes_tokens WHERE BINARY nome_token = "kaiz"));
  INSERT IGNORE INTO tokens (nome_token, acentuada, id_tipo_token) VALUES ("carct", "carct", (SELECT id_tipo_token FROM classificacoes_tokens WHERE BINARY nome_token = "carct"));
  INSERT IGNORE INTO tokens (nome_token, acentuada, id_tipo_token) VALUES ("vertical", "vertical", (SELECT id_tipo_token FROM classificacoes_tokens WHERE BINARY nome_token = "vertical"));
  INSERT IGNORE INTO tokens (nome_token, acentuada, id_tipo_token) VALUES ("horizontal", "horizontal", (SELECT id_tipo_token FROM classificacoes_tokens WHERE BINARY nome_token = "horizontal"));
  INSERT IGNORE INTO tokens (nome_token, acentuada, id_tipo_token) VALUES ("plana", "plana", (SELECT id_tipo_token FROM classificacoes_tokens WHERE BINARY nome_token = "plana"));
  INSERT IGNORE INTO tokens (nome_token, acentuada, id_tipo_token) VALUES ("posicoes", "posições", (SELECT id_tipo_token FROM classificacoes_tokens WHERE BINARY nome_token = "posições"));
  INSERT IGNORE INTO tokens (nome_token, acentuada, id_tipo_token) VALUES ("look", "look", (SELECT id_tipo_token FROM classificacoes_tokens WHERE BINARY nome_token = "look"));
  INSERT IGNORE INTO tokens (nome_token, acentuada, id_tipo_token) VALUES ("s4", "s4", (SELECT id_tipo_token FROM classificacoes_tokens WHERE BINARY nome_token = "s4"));
  INSERT IGNORE INTO tokens (nome_token, acentuada, id_tipo_token) VALUES ("mecaux", "mecaux", (SELECT id_tipo_token FROM classificacoes_tokens WHERE BINARY nome_token = "mecaux"));
  INSERT IGNORE INTO tokens (nome_token, acentuada, id_tipo_token) VALUES ("montaut", "montaut", (SELECT id_tipo_token FROM classificacoes_tokens WHERE BINARY nome_token = "montaut"));
  INSERT IGNORE INTO tokens (nome_token, acentuada, id_tipo_token) VALUES ("bi_s125g", "bi_s125g", (SELECT id_tipo_token FROM classificacoes_tokens WHERE BINARY nome_token = "bi_s125g"));
  INSERT IGNORE INTO tokens (nome_token, acentuada, id_tipo_token) VALUES ("zerbini", "zerbini", (SELECT id_tipo_token FROM classificacoes_tokens WHERE BINARY nome_token = "zerbini"));
  INSERT IGNORE INTO tokens (nome_token, acentuada, id_tipo_token) VALUES ("euryclides", "euryclides", (SELECT id_tipo_token FROM classificacoes_tokens WHERE BINARY nome_token = "euryclides"));
  INSERT IGNORE INTO classificacoes_tokens (nome_token, id_tipo_token) VALUES ("509", (SELECT id_chave_tipo_token FROM tipos_tokens WHERE nome_tipo_token = "numeral"));
INSERT IGNORE INTO tokens (nome_token, acentuada, id_tipo_token) VALUES ("509", "509", (SELECT id_tipo_token FROM classificacoes_tokens WHERE BINARY nome_token = "509"));
  INSERT IGNORE INTO tokens (nome_token, acentuada, id_tipo_token) VALUES ("aud", "aud", (SELECT id_tipo_token FROM classificacoes_tokens WHERE BINARY nome_token = "aud"));
  INSERT IGNORE INTO tokens (nome_token, acentuada, id_tipo_token) VALUES ("yellow_s1", "yellow_s1", (SELECT id_tipo_token FROM classificacoes_tokens WHERE BINARY nome_token = "yellow_s1"));
  INSERT IGNORE INTO tokens (nome_token, acentuada, id_tipo_token) VALUES ("qual_s2", "qual_s2", (SELECT id_tipo_token FROM classificacoes_tokens WHERE BINARY nome_token = "qual_s2"));
  INSERT IGNORE INTO tokens (nome_token, acentuada, id_tipo_token) VALUES ("_gr1", "_gr1", (SELECT id_tipo_token FROM classificacoes_tokens WHERE BINARY nome_token = "_gr1"));
  INSERT IGNORE INTO tokens (nome_token, acentuada, id_tipo_token) VALUES ("empree", "empree", (SELECT id_tipo_token FROM classificacoes_tokens WHERE BINARY nome_token = "empree"));
  INSERT IGNORE INTO tokens (nome_token, acentuada, id_tipo_token) VALUES ("2d_s1", "2d_s1", (SELECT id_tipo_token FROM classificacoes_tokens WHERE BINARY nome_token = "2d_s1"));
  INSERT IGNORE INTO tokens (nome_token, acentuada, id_tipo_token) VALUES ("mv_gr1", "mv_gr1", (SELECT id_tipo_token FROM classificacoes_tokens WHERE BINARY nome_token = "mv_gr1"));
  INSERT IGNORE INTO tokens (nome_token, acentuada, id_tipo_token) VALUES ("adm_gr1", "adm_gr1", (SELECT id_tipo_token FROM classificacoes_tokens WHERE BINARY nome_token = "adm_gr1"));
  INSERT IGNORE INTO tokens (nome_token, acentuada, id_tipo_token) VALUES ("ax", "ax", (SELECT id_tipo_token FROM classificacoes_tokens WHERE BINARY nome_token = "ax"));
  INSERT IGNORE INTO tokens (nome_token, acentuada, id_tipo_token) VALUES ("rh_gr1", "rh_gr1", (SELECT id_tipo_token FROM classificacoes_tokens WHERE BINARY nome_token = "rh_gr1"));
  INSERT IGNORE INTO tokens (nome_token, acentuada, id_tipo_token) VALUES ("ar_n1", "ar_n1", (SELECT id_tipo_token FROM classificacoes_tokens WHERE BINARY nome_token = "ar_n1"));
  INSERT IGNORE INTO tokens (nome_token, acentuada, id_tipo_token) VALUES ("comp_n2", "comp_n2", (SELECT id_tipo_token FROM classificacoes_tokens WHERE BINARY nome_token = "comp_n2"));
  INSERT IGNORE INTO tokens (nome_token, acentuada, id_tipo_token) VALUES ("comp_n1", "comp_n1", (SELECT id_tipo_token FROM classificacoes_tokens WHERE BINARY nome_token = "comp_n1"));
  INSERT IGNORE INTO tokens (nome_token, acentuada, id_tipo_token) VALUES ("pr_n1", "pr_n1", (SELECT id_tipo_token FROM classificacoes_tokens WHERE BINARY nome_token = "pr_n1"));
  INSERT IGNORE INTO tokens (nome_token, acentuada, id_tipo_token) VALUES ("clp_n2", "clp_n2", (SELECT id_tipo_token FROM classificacoes_tokens WHERE BINARY nome_token = "clp_n2"));
  INSERT IGNORE INTO tokens (nome_token, acentuada, id_tipo_token) VALUES ("2d_n1", "2d_n1", (SELECT id_tipo_token FROM classificacoes_tokens WHERE BINARY nome_token = "2d_n1"));
  INSERT IGNORE INTO tokens (nome_token, acentuada, id_tipo_token) VALUES ("2d_s2", "2d_s2", (SELECT id_tipo_token FROM classificacoes_tokens WHERE BINARY nome_token = "2d_s2"));
  INSERT IGNORE INTO tokens (nome_token, acentuada, id_tipo_token) VALUES ("comp_s2", "comp_s2", (SELECT id_tipo_token FROM classificacoes_tokens WHERE BINARY nome_token = "comp_s2"));
  INSERT IGNORE INTO tokens (nome_token, acentuada, id_tipo_token) VALUES ("clp_s1", "clp_s1", (SELECT id_tipo_token FROM classificacoes_tokens WHERE BINARY nome_token = "clp_s1"));
  INSERT IGNORE INTO tokens (nome_token, acentuada, id_tipo_token) VALUES ("pcp_s1", "pcp_s1", (SELECT id_tipo_token FROM classificacoes_tokens WHERE BINARY nome_token = "pcp_s1"));
  INSERT IGNORE INTO tokens (nome_token, acentuada, id_tipo_token) VALUES ("9001_s1", "9001_s1", (SELECT id_tipo_token FROM classificacoes_tokens WHERE BINARY nome_token = "9001_s1"));
  INSERT IGNORE INTO tokens (nome_token, acentuada, id_tipo_token) VALUES ("pn_s1", "pn_s1", (SELECT id_tipo_token FROM classificacoes_tokens WHERE BINARY nome_token = "pn_s1"));
  INSERT IGNORE INTO tokens (nome_token, acentuada, id_tipo_token) VALUES ("hdr", "hdr", (SELECT id_tipo_token FROM classificacoes_tokens WHERE BINARY nome_token = "hdr"));
  INSERT IGNORE INTO tokens (nome_token, acentuada, id_tipo_token) VALUES ("piso_s3", "piso_s3", (SELECT id_tipo_token FROM classificacoes_tokens WHERE BINARY nome_token = "piso_s3"));
  INSERT IGNORE INTO tokens (nome_token, acentuada, id_tipo_token) VALUES ("piso_s2", "piso_s2", (SELECT id_tipo_token FROM classificacoes_tokens WHERE BINARY nome_token = "piso_s2"));
  INSERT IGNORE INTO tokens (nome_token, acentuada, id_tipo_token) VALUES ("resistencia", "resistência", (SELECT id_tipo_token FROM classificacoes_tokens WHERE BINARY nome_token = "resistência"));
  INSERT IGNORE INTO tokens (nome_token, acentuada, id_tipo_token) VALUES ("melaminicos", "melamínicos", (SELECT id_tipo_token FROM classificacoes_tokens WHERE BINARY nome_token = "melamínicos"));
  INSERT IGNORE INTO tokens (nome_token, acentuada, id_tipo_token) VALUES ("laminados", "laminados", (SELECT id_tipo_token FROM classificacoes_tokens WHERE BINARY nome_token = "laminados"));
  INSERT IGNORE INTO tokens (nome_token, acentuada, id_tipo_token) VALUES ("pisos", "pisos", (SELECT id_tipo_token FROM classificacoes_tokens WHERE BINARY nome_token = "pisos"));
  INSERT IGNORE INTO tokens (nome_token, acentuada, id_tipo_token) VALUES ("dw_s3", "dw_s3", (SELECT id_tipo_token FROM classificacoes_tokens WHERE BINARY nome_token = "dw_s3"));
  INSERT IGNORE INTO tokens (nome_token, acentuada, id_tipo_token) VALUES ("lider_s3", "lider_s3", (SELECT id_tipo_token FROM classificacoes_tokens WHERE BINARY nome_token = "lider_s3"));
  INSERT IGNORE INTO tokens (nome_token, acentuada, id_tipo_token) VALUES ("operacional", "operacional", (SELECT id_tipo_token FROM classificacoes_tokens WHERE BINARY nome_token = "operacional"));
  INSERT IGNORE INTO tokens (nome_token, acentuada, id_tipo_token) VALUES ("3d_s2", "3d_s2", (SELECT id_tipo_token FROM classificacoes_tokens WHERE BINARY nome_token = "3d_s2"));
  INSERT IGNORE INTO tokens (nome_token, acentuada, id_tipo_token) VALUES ("cnc_n1", "cnc_n1", (SELECT id_tipo_token FROM classificacoes_tokens WHERE BINARY nome_token = "cnc_n1"));
  INSERT IGNORE INTO tokens (nome_token, acentuada, id_tipo_token) VALUES ("an_n1", "an_n1", (SELECT id_tipo_token FROM classificacoes_tokens WHERE BINARY nome_token = "an_n1"));
  INSERT IGNORE INTO tokens (nome_token, acentuada, id_tipo_token) VALUES ("analitica", "analítica", (SELECT id_tipo_token FROM classificacoes_tokens WHERE BINARY nome_token = "analítica"));
  INSERT IGNORE INTO tokens (nome_token, acentuada, id_tipo_token) VALUES ("int_n1", "int_n1", (SELECT id_tipo_token FROM classificacoes_tokens WHERE BINARY nome_token = "int_n1"));
  INSERT IGNORE INTO tokens (nome_token, acentuada, id_tipo_token) VALUES ("instrumentacao", "instrumentação", (SELECT id_tipo_token FROM classificacoes_tokens WHERE BINARY nome_token = "instrumentação"));
  INSERT IGNORE INTO tokens (nome_token, acentuada, id_tipo_token) VALUES ("aut_n2", "aut_n2", (SELECT id_tipo_token FROM classificacoes_tokens WHERE BINARY nome_token = "aut_n2"));
  INSERT IGNORE INTO tokens (nome_token, acentuada, id_tipo_token) VALUES ("aut_n1", "aut_n1", (SELECT id_tipo_token FROM classificacoes_tokens WHERE BINARY nome_token = "aut_n1"));
  INSERT IGNORE INTO tokens (nome_token, acentuada, id_tipo_token) VALUES ("mv_n1", "mv_n1", (SELECT id_tipo_token FROM classificacoes_tokens WHERE BINARY nome_token = "mv_n1"));
  INSERT IGNORE INTO tokens (nome_token, acentuada, id_tipo_token) VALUES ("lq", "lq", (SELECT id_tipo_token FROM classificacoes_tokens WHERE BINARY nome_token = "lq"));
  INSERT IGNORE INTO tokens (nome_token, acentuada, id_tipo_token) VALUES ("rh_n1", "rh_n1", (SELECT id_tipo_token FROM classificacoes_tokens WHERE BINARY nome_token = "rh_n1"));
  INSERT IGNORE INTO tokens (nome_token, acentuada, id_tipo_token) VALUES ("scavone", "scavone", (SELECT id_tipo_token FROM classificacoes_tokens WHERE BINARY nome_token = "scavone"));
  INSERT IGNORE INTO classificacoes_tokens (nome_token, id_tipo_token) VALUES ("508", (SELECT id_chave_tipo_token FROM tipos_tokens WHERE nome_tipo_token = "numeral"));
INSERT IGNORE INTO tokens (nome_token, acentuada, id_tipo_token) VALUES ("508", "508", (SELECT id_tipo_token FROM classificacoes_tokens WHERE BINARY nome_token = "508"));
  INSERT IGNORE INTO tokens (nome_token, acentuada, id_tipo_token) VALUES ("itatiba", "itatiba", (SELECT id_tipo_token FROM classificacoes_tokens WHERE BINARY nome_token = "itatiba"));
  INSERT IGNORE INTO tokens (nome_token, acentuada, id_tipo_token) VALUES ("rau", "rau", (SELECT id_tipo_token FROM classificacoes_tokens WHERE BINARY nome_token = "rau"));
  INSERT IGNORE INTO tokens (nome_token, acentuada, id_tipo_token) VALUES ("170a", "170a", (SELECT id_tipo_token FROM classificacoes_tokens WHERE BINARY nome_token = "170a"));
  INSERT IGNORE INTO tokens (nome_token, acentuada, id_tipo_token) VALUES ("aumentada", "aumentada", (SELECT id_tipo_token FROM classificacoes_tokens WHERE BINARY nome_token = "aumentada"));
  INSERT IGNORE INTO tokens (nome_token, acentuada, id_tipo_token) VALUES ("realidade", "realidade", (SELECT id_tipo_token FROM classificacoes_tokens WHERE BINARY nome_token = "realidade"));
  INSERT IGNORE INTO tokens (nome_token, acentuada, id_tipo_token) VALUES ("1i25b", "1i25b", (SELECT id_tipo_token FROM classificacoes_tokens WHERE BINARY nome_token = "1i25b"));
  INSERT IGNORE INTO tokens (nome_token, acentuada, id_tipo_token) VALUES ("fpy1", "fpy1", (SELECT id_tipo_token FROM classificacoes_tokens WHERE BINARY nome_token = "fpy1"));
  INSERT IGNORE INTO tokens (nome_token, acentuada, id_tipo_token) VALUES ("169a", "169a", (SELECT id_tipo_token FROM classificacoes_tokens WHERE BINARY nome_token = "169a"));
  INSERT IGNORE INTO tokens (nome_token, acentuada, id_tipo_token) VALUES ("awsa", "awsa", (SELECT id_tipo_token FROM classificacoes_tokens WHERE BINARY nome_token = "awsa"));
  INSERT IGNORE INTO tokens (nome_token, acentuada, id_tipo_token) VALUES ("1m25b", "1m25b", (SELECT id_tipo_token FROM classificacoes_tokens WHERE BINARY nome_token = "1m25b"));
  INSERT IGNORE INTO tokens (nome_token, acentuada, id_tipo_token) VALUES ("171a", "171a", (SELECT id_tipo_token FROM classificacoes_tokens WHERE BINARY nome_token = "171a"));
  INSERT IGNORE INTO tokens (nome_token, acentuada, id_tipo_token) VALUES ("az900a", "az900a", (SELECT id_tipo_token FROM classificacoes_tokens WHERE BINARY nome_token = "az900a"));
  INSERT IGNORE INTO tokens (nome_token, acentuada, id_tipo_token) VALUES ("1t25b", "1t25b", (SELECT id_tipo_token FROM classificacoes_tokens WHERE BINARY nome_token = "1t25b"));
  INSERT IGNORE INTO tokens (nome_token, acentuada, id_tipo_token) VALUES ("joao", "joao", (SELECT id_tipo_token FROM classificacoes_tokens WHERE BINARY nome_token = "joao"));
  INSERT IGNORE INTO classificacoes_tokens (nome_token, id_tipo_token) VALUES ("507", (SELECT id_chave_tipo_token FROM tipos_tokens WHERE nome_tipo_token = "numeral"));
INSERT IGNORE INTO tokens (nome_token, acentuada, id_tipo_token) VALUES ("507", "507", (SELECT id_tipo_token FROM classificacoes_tokens WHERE BINARY nome_token = "507"));
  INSERT IGNORE INTO tokens (nome_token, acentuada, id_tipo_token) VALUES ("an", "an", (SELECT id_tipo_token FROM classificacoes_tokens WHERE BINARY nome_token = "an"));
  INSERT IGNORE INTO tokens (nome_token, acentuada, id_tipo_token) VALUES ("mmepp", "mmepp", (SELECT id_tipo_token FROM classificacoes_tokens WHERE BINARY nome_token = "mmepp"));
  INSERT IGNORE INTO tokens (nome_token, acentuada, id_tipo_token) VALUES ("planta", "planta", (SELECT id_tipo_token FROM classificacoes_tokens WHERE BINARY nome_token = "planta"));
  INSERT IGNORE INTO tokens (nome_token, acentuada, id_tipo_token) VALUES ("pmcc", "pmcc", (SELECT id_tipo_token FROM classificacoes_tokens WHERE BINARY nome_token = "pmcc"));
  INSERT IGNORE INTO tokens (nome_token, acentuada, id_tipo_token) VALUES ("confiabilidade", "confiabilidade", (SELECT id_tipo_token FROM classificacoes_tokens WHERE BINARY nome_token = "confiabilidade"));
  INSERT IGNORE INTO tokens (nome_token, acentuada, id_tipo_token) VALUES ("centrada", "centrada", (SELECT id_tipo_token FROM classificacoes_tokens WHERE BINARY nome_token = "centrada"));
  INSERT IGNORE INTO tokens (nome_token, acentuada, id_tipo_token) VALUES ("planejador", "planejador", (SELECT id_tipo_token FROM classificacoes_tokens WHERE BINARY nome_token = "planejador"));
  INSERT IGNORE INTO tokens (nome_token, acentuada, id_tipo_token) VALUES ("fq", "fq", (SELECT id_tipo_token FROM classificacoes_tokens WHERE BINARY nome_token = "fq"));
  INSERT IGNORE INTO tokens (nome_token, acentuada, id_tipo_token) VALUES ("ofr", "ofr", (SELECT id_tipo_token FROM classificacoes_tokens WHERE BINARY nome_token = "ofr"));
  INSERT IGNORE INTO tokens (nome_token, acentuada, id_tipo_token) VALUES ("rolo", "rolo", (SELECT id_tipo_token FROM classificacoes_tokens WHERE BINARY nome_token = "rolo"));
  INSERT IGNORE INTO tokens (nome_token, acentuada, id_tipo_token) VALUES ("forno", "forno", (SELECT id_tipo_token FROM classificacoes_tokens WHERE BINARY nome_token = "forno"));
  INSERT IGNORE INTO tokens (nome_token, acentuada, id_tipo_token) VALUES ("erc", "erc", (SELECT id_tipo_token FROM classificacoes_tokens WHERE BINARY nome_token = "erc"));
  INSERT IGNORE INTO tokens (nome_token, acentuada, id_tipo_token) VALUES ("esmaltacao", "esmaltação", (SELECT id_tipo_token FROM classificacoes_tokens WHERE BINARY nome_token = "esmaltação"));
  INSERT IGNORE INTO tokens (nome_token, acentuada, id_tipo_token) VALUES ("a1s25", "a1s25", (SELECT id_tipo_token FROM classificacoes_tokens WHERE BINARY nome_token = "a1s25"));
  INSERT IGNORE INTO tokens (nome_token, acentuada, id_tipo_token) VALUES ("sm", "sm", (SELECT id_tipo_token FROM classificacoes_tokens WHERE BINARY nome_token = "sm"));
  INSERT IGNORE INTO tokens (nome_token, acentuada, id_tipo_token) VALUES ("lafe", "lafe", (SELECT id_tipo_token FROM classificacoes_tokens WHERE BINARY nome_token = "lafe"));
  INSERT IGNORE INTO tokens (nome_token, acentuada, id_tipo_token) VALUES ("ppotcnc", "ppotcnc", (SELECT id_tipo_token FROM classificacoes_tokens WHERE BINARY nome_token = "ppotcnc"));
  INSERT IGNORE INTO tokens (nome_token, acentuada, id_tipo_token) VALUES ("iqic", "iqic", (SELECT id_tipo_token FROM classificacoes_tokens WHERE BINARY nome_token = "iqic"));
  INSERT IGNORE INTO tokens (nome_token, acentuada, id_tipo_token) VALUES ("ei", "ei", (SELECT id_tipo_token FROM classificacoes_tokens WHERE BINARY nome_token = "ei"));
  INSERT IGNORE INTO tokens (nome_token, acentuada, id_tipo_token) VALUES ("saeog", "saeog", (SELECT id_tipo_token FROM classificacoes_tokens WHERE BINARY nome_token = "saeog"));
  INSERT IGNORE INTO tokens (nome_token, acentuada, id_tipo_token) VALUES ("ocucnc", "ocucnc", (SELECT id_tipo_token FROM classificacoes_tokens WHERE BINARY nome_token = "ocucnc"));
  INSERT IGNORE INTO tokens (nome_token, acentuada, id_tipo_token) VALUES ("msdf", "msdf", (SELECT id_tipo_token FROM classificacoes_tokens WHERE BINARY nome_token = "msdf"));
  INSERT IGNORE INTO tokens (nome_token, acentuada, id_tipo_token) VALUES ("iq", "iq", (SELECT id_tipo_token FROM classificacoes_tokens WHERE BINARY nome_token = "iq"));
  INSERT IGNORE INTO tokens (nome_token, acentuada, id_tipo_token) VALUES ("eaavl", "eaavl", (SELECT id_tipo_token FROM classificacoes_tokens WHERE BINARY nome_token = "eaavl"));
  INSERT IGNORE INTO tokens (nome_token, acentuada, id_tipo_token) VALUES ("u", "u", (SELECT id_tipo_token FROM classificacoes_tokens WHERE BINARY nome_token = "u"));
  INSERT IGNORE INTO tokens (nome_token, acentuada, id_tipo_token) VALUES ("pp", "pp", (SELECT id_tipo_token FROM classificacoes_tokens WHERE BINARY nome_token = "pp"));
  INSERT IGNORE INTO tokens (nome_token, acentuada, id_tipo_token) VALUES ("mmei", "mmei", (SELECT id_tipo_token FROM classificacoes_tokens WHERE BINARY nome_token = "mmei"));
  INSERT IGNORE INTO tokens (nome_token, acentuada, id_tipo_token) VALUES ("q", "q", (SELECT id_tipo_token FROM classificacoes_tokens WHERE BINARY nome_token = "q"));
  INSERT IGNORE INTO tokens (nome_token, acentuada, id_tipo_token) VALUES ("1s25", "1s25", (SELECT id_tipo_token FROM classificacoes_tokens WHERE BINARY nome_token = "1s25"));
  INSERT IGNORE INTO tokens (nome_token, acentuada, id_tipo_token) VALUES ("mmco", "mmco", (SELECT id_tipo_token FROM classificacoes_tokens WHERE BINARY nome_token = "mmco"));
  INSERT IGNORE INTO tokens (nome_token, acentuada, id_tipo_token) VALUES ("afrc", "afrc", (SELECT id_tipo_token FROM classificacoes_tokens WHERE BINARY nome_token = "afrc"));
  INSERT IGNORE INTO tokens (nome_token, acentuada, id_tipo_token) VALUES ("2s25", "2s25", (SELECT id_tipo_token FROM classificacoes_tokens WHERE BINARY nome_token = "2s25"));
  INSERT IGNORE INTO tokens (nome_token, acentuada, id_tipo_token) VALUES ("mtma", "mtma", (SELECT id_tipo_token FROM classificacoes_tokens WHERE BINARY nome_token = "mtma"));
  INSERT IGNORE INTO tokens (nome_token, acentuada, id_tipo_token) VALUES ("automatizada", "automatizada", (SELECT id_tipo_token FROM classificacoes_tokens WHERE BINARY nome_token = "automatizada"));
  INSERT IGNORE INTO classificacoes_tokens (nome_token, id_tipo_token) VALUES ("506", (SELECT id_chave_tipo_token FROM tipos_tokens WHERE nome_tipo_token = "numeral"));
INSERT IGNORE INTO tokens (nome_token, acentuada, id_tipo_token) VALUES ("506", "506", (SELECT id_tipo_token FROM classificacoes_tokens WHERE BINARY nome_token = "506"));
  INSERT IGNORE INTO tokens (nome_token, acentuada, id_tipo_token) VALUES ("grfop", "grfop", (SELECT id_tipo_token FROM classificacoes_tokens WHERE BINARY nome_token = "grfop"));
  INSERT IGNORE INTO tokens (nome_token, acentuada, id_tipo_token) VALUES ("grfma", "grfma", (SELECT id_tipo_token FROM classificacoes_tokens WHERE BINARY nome_token = "grfma"));
  INSERT IGNORE INTO tokens (nome_token, acentuada, id_tipo_token) VALUES ("grmoj", "grmoj", (SELECT id_tipo_token FROM classificacoes_tokens WHERE BINARY nome_token = "grmoj"));
  INSERT IGNORE INTO tokens (nome_token, acentuada, id_tipo_token) VALUES ("gropg", "gropg", (SELECT id_tipo_token FROM classificacoes_tokens WHERE BINARY nome_token = "gropg"));
  INSERT IGNORE INTO tokens (nome_token, acentuada, id_tipo_token) VALUES ("galvanicos", "galvânicos", (SELECT id_tipo_token FROM classificacoes_tokens WHERE BINARY nome_token = "galvânicos"));
  INSERT IGNORE INTO tokens (nome_token, acentuada, id_tipo_token) VALUES ("grdjb", "grdjb", (SELECT id_tipo_token FROM classificacoes_tokens WHERE BINARY nome_token = "grdjb"));
  INSERT IGNORE INTO tokens (nome_token, acentuada, id_tipo_token) VALUES ("varga", "varga", (SELECT id_tipo_token FROM classificacoes_tokens WHERE BINARY nome_token = "varga"));
  INSERT IGNORE INTO tokens (nome_token, acentuada, id_tipo_token) VALUES ("limeira", "limeira", (SELECT id_tipo_token FROM classificacoes_tokens WHERE BINARY nome_token = "limeira"));
  INSERT IGNORE INTO tokens (nome_token, acentuada, id_tipo_token) VALUES ("fpr15gta", "fpr15gta", (SELECT id_tipo_token FROM classificacoes_tokens WHERE BINARY nome_token = "fpr15gta"));
  INSERT IGNORE INTO tokens (nome_token, acentuada, id_tipo_token) VALUES ("fpi125gta", "fpi125gta", (SELECT id_tipo_token FROM classificacoes_tokens WHERE BINARY nome_token = "fpi125gta"));
  INSERT IGNORE INTO tokens (nome_token, acentuada, id_tipo_token) VALUES ("pre125gsma", "pre125gsma", (SELECT id_tipo_token FROM classificacoes_tokens WHERE BINARY nome_token = "pre125gsma"));
  INSERT IGNORE INTO tokens (nome_token, acentuada, id_tipo_token) VALUES ("mpb125gnc", "mpb125gnc", (SELECT id_tipo_token FROM classificacoes_tokens WHERE BINARY nome_token = "mpb125gnc"));
  INSERT IGNORE INTO tokens (nome_token, acentuada, id_tipo_token) VALUES ("mpb125gnb", "mpb125gnb", (SELECT id_tipo_token FROM classificacoes_tokens WHERE BINARY nome_token = "mpb125gnb"));
  INSERT IGNORE INTO tokens (nome_token, acentuada, id_tipo_token) VALUES ("fdo125gna", "fdo125gna", (SELECT id_tipo_token FROM classificacoes_tokens WHERE BINARY nome_token = "fdo125gna"));
  INSERT IGNORE INTO tokens (nome_token, acentuada, id_tipo_token) VALUES ("mpb125gnd", "mpb125gnd", (SELECT id_tipo_token FROM classificacoes_tokens WHERE BINARY nome_token = "mpb125gnd"));
  INSERT IGNORE INTO tokens (nome_token, acentuada, id_tipo_token) VALUES ("dedini", "dedini", (SELECT id_tipo_token FROM classificacoes_tokens WHERE BINARY nome_token = "dedini"));
  INSERT IGNORE INTO classificacoes_tokens (nome_token, id_tipo_token) VALUES ("503", (SELECT id_chave_tipo_token FROM tipos_tokens WHERE nome_tipo_token = "numeral"));
INSERT IGNORE INTO tokens (nome_token, acentuada, id_tipo_token) VALUES ("503", "503", (SELECT id_tipo_token FROM classificacoes_tokens WHERE BINARY nome_token = "503"));
  INSERT IGNORE INTO tokens (nome_token, acentuada, id_tipo_token) VALUES ("piracicaba", "piracicaba", (SELECT id_tipo_token FROM classificacoes_tokens WHERE BINARY nome_token = "piracicaba"));
  INSERT IGNORE INTO tokens (nome_token, acentuada, id_tipo_token) VALUES ("javaf", "javaf", (SELECT id_tipo_token FROM classificacoes_tokens WHERE BINARY nome_token = "javaf"));
  INSERT IGNORE INTO tokens (nome_token, acentuada, id_tipo_token) VALUES ("awsc", "awsc", (SELECT id_tipo_token FROM classificacoes_tokens WHERE BINARY nome_token = "awsc"));
  INSERT IGNORE INTO tokens (nome_token, acentuada, id_tipo_token) VALUES ("yblt", "yblt", (SELECT id_tipo_token FROM classificacoes_tokens WHERE BINARY nome_token = "yblt"));
  INSERT IGNORE INTO tokens (nome_token, acentuada, id_tipo_token) VALUES ("elep", "elep", (SELECT id_tipo_token FROM classificacoes_tokens WHERE BINARY nome_token = "elep"));
  INSERT IGNORE INTO tokens (nome_token, acentuada, id_tipo_token) VALUES ("twi3", "twi3", (SELECT id_tipo_token FROM classificacoes_tokens WHERE BINARY nome_token = "twi3"));
  INSERT IGNORE INTO tokens (nome_token, acentuada, id_tipo_token) VALUES ("3ª", "3ª", (SELECT id_tipo_token FROM classificacoes_tokens WHERE BINARY nome_token = "3ª"));
  INSERT IGNORE INTO tokens (nome_token, acentuada, id_tipo_token) VALUES ("twi", "twi", (SELECT id_tipo_token FROM classificacoes_tokens WHERE BINARY nome_token = "twi"));
  INSERT IGNORE INTO tokens (nome_token, acentuada, id_tipo_token) VALUES ("pobd", "pobd", (SELECT id_tipo_token FROM classificacoes_tokens WHERE BINARY nome_token = "pobd"));
  INSERT IGNORE INTO tokens (nome_token, acentuada, id_tipo_token) VALUES ("fs", "fs", (SELECT id_tipo_token FROM classificacoes_tokens WHERE BINARY nome_token = "fs"));
  INSERT IGNORE INTO tokens (nome_token, acentuada, id_tipo_token) VALUES ("aadm", "aadm", (SELECT id_tipo_token FROM classificacoes_tokens WHERE BINARY nome_token = "aadm"));
  INSERT IGNORE INTO tokens (nome_token, acentuada, id_tipo_token) VALUES ("mavl", "mavl", (SELECT id_tipo_token FROM classificacoes_tokens WHERE BINARY nome_token = "mavl"));
  INSERT IGNORE INTO tokens (nome_token, acentuada, id_tipo_token) VALUES ("mpwbi", "mpwbi", (SELECT id_tipo_token FROM classificacoes_tokens WHERE BINARY nome_token = "mpwbi"));
  INSERT IGNORE INTO tokens (nome_token, acentuada, id_tipo_token) VALUES ("fdpy", "fdpy", (SELECT id_tipo_token FROM classificacoes_tokens WHERE BINARY nome_token = "fdpy"));
  INSERT IGNORE INTO tokens (nome_token, acentuada, id_tipo_token) VALUES ("inql", "inql", (SELECT id_tipo_token FROM classificacoes_tokens WHERE BINARY nome_token = "inql"));
  INSERT IGNORE INTO tokens (nome_token, acentuada, id_tipo_token) VALUES ("ascq", "ascq", (SELECT id_tipo_token FROM classificacoes_tokens WHERE BINARY nome_token = "ascq"));
  INSERT IGNORE INTO tokens (nome_token, acentuada, id_tipo_token) VALUES ("saeo", "saeo", (SELECT id_tipo_token FROM classificacoes_tokens WHERE BINARY nome_token = "saeo"));
  INSERT IGNORE INTO tokens (nome_token, acentuada, id_tipo_token) VALUES ("eavl", "eavl", (SELECT id_tipo_token FROM classificacoes_tokens WHERE BINARY nome_token = "eavl"));
  INSERT IGNORE INTO tokens (nome_token, acentuada, id_tipo_token) VALUES ("25pg", "25pg", (SELECT id_tipo_token FROM classificacoes_tokens WHERE BINARY nome_token = "25pg"));
  INSERT IGNORE INTO tokens (nome_token, acentuada, id_tipo_token) VALUES ("anrh", "anrh", (SELECT id_tipo_token FROM classificacoes_tokens WHERE BINARY nome_token = "anrh"));
  INSERT IGNORE INTO tokens (nome_token, acentuada, id_tipo_token) VALUES ("lidt", "lidt", (SELECT id_tipo_token FROM classificacoes_tokens WHERE BINARY nome_token = "lidt"));
  INSERT IGNORE INTO tokens (nome_token, acentuada, id_tipo_token) VALUES ("m5", "m5", (SELECT id_tipo_token FROM classificacoes_tokens WHERE BINARY nome_token = "m5"));
  INSERT IGNORE INTO tokens (nome_token, acentuada, id_tipo_token) VALUES ("siciliano", "siciliano", (SELECT id_tipo_token FROM classificacoes_tokens WHERE BINARY nome_token = "siciliano"));
  INSERT IGNORE INTO classificacoes_tokens (nome_token, id_tipo_token) VALUES ("502", (SELECT id_chave_tipo_token FROM tipos_tokens WHERE nome_tipo_token = "numeral"));
INSERT IGNORE INTO tokens (nome_token, acentuada, id_tipo_token) VALUES ("502", "502", (SELECT id_tipo_token FROM classificacoes_tokens WHERE BINARY nome_token = "502"));
  INSERT IGNORE INTO tokens (nome_token, acentuada, id_tipo_token) VALUES ("jundiai", "jundiaí", (SELECT id_tipo_token FROM classificacoes_tokens WHERE BINARY nome_token = "jundiaí"));
  INSERT IGNORE INTO tokens (nome_token, acentuada, id_tipo_token) VALUES ("bdds", "bdds", (SELECT id_tipo_token FROM classificacoes_tokens WHERE BINARY nome_token = "bdds"));
  INSERT IGNORE INTO tokens (nome_token, acentuada, id_tipo_token) VALUES ("siot", "siot", (SELECT id_tipo_token FROM classificacoes_tokens WHERE BINARY nome_token = "siot"));
  INSERT IGNORE INTO tokens (nome_token, acentuada, id_tipo_token) VALUES ("mos", "mos", (SELECT id_tipo_token FROM classificacoes_tokens WHERE BINARY nome_token = "mos"));
  INSERT IGNORE INTO tokens (nome_token, acentuada, id_tipo_token) VALUES ("civ7", "civ7", (SELECT id_tipo_token FROM classificacoes_tokens WHERE BINARY nome_token = "civ7"));
  INSERT IGNORE INTO tokens (nome_token, acentuada, id_tipo_token) VALUES ("piag", "piag", (SELECT id_tipo_token FROM classificacoes_tokens WHERE BINARY nome_token = "piag"));
  INSERT IGNORE INTO tokens (nome_token, acentuada, id_tipo_token) VALUES ("mange", "mange", (SELECT id_tipo_token FROM classificacoes_tokens WHERE BINARY nome_token = "mange"));
  INSERT IGNORE INTO classificacoes_tokens (nome_token, id_tipo_token) VALUES ("499", (SELECT id_chave_tipo_token FROM tipos_tokens WHERE nome_tipo_token = "numeral"));
INSERT IGNORE INTO tokens (nome_token, acentuada, id_tipo_token) VALUES ("499", "499", (SELECT id_tipo_token FROM classificacoes_tokens WHERE BINARY nome_token = "499"));
  INSERT IGNORE INTO tokens (nome_token, acentuada, id_tipo_token) VALUES ("mairinque", "mairinque", (SELECT id_tipo_token FROM classificacoes_tokens WHERE BINARY nome_token = "mairinque"));
  INSERT IGNORE INTO tokens (nome_token, acentuada, id_tipo_token) VALUES ("unip", "unip", (SELECT id_tipo_token FROM classificacoes_tokens WHERE BINARY nome_token = "unip"));
  INSERT IGNORE INTO tokens (nome_token, acentuada, id_tipo_token) VALUES ("ex", "ex", (SELECT id_tipo_token FROM classificacoes_tokens WHERE BINARY nome_token = "ex"));
  INSERT IGNORE INTO tokens (nome_token, acentuada, id_tipo_token) VALUES ("phyton", "phyton", (SELECT id_tipo_token FROM classificacoes_tokens WHERE BINARY nome_token = "phyton"));
  INSERT IGNORE INTO tokens (nome_token, acentuada, id_tipo_token) VALUES ("prg", "prg", (SELECT id_tipo_token FROM classificacoes_tokens WHERE BINARY nome_token = "prg"));
  INSERT IGNORE INTO tokens (nome_token, acentuada, id_tipo_token) VALUES ("cost", "cost", (SELECT id_tipo_token FROM classificacoes_tokens WHERE BINARY nome_token = "cost"));
  INSERT IGNORE INTO tokens (nome_token, acentuada, id_tipo_token) VALUES ("mot", "mot", (SELECT id_tipo_token FROM classificacoes_tokens WHERE BINARY nome_token = "mot"));
  INSERT IGNORE INTO tokens (nome_token, acentuada, id_tipo_token) VALUES ("fer", "fer", (SELECT id_tipo_token FROM classificacoes_tokens WHERE BINARY nome_token = "fer"));
  INSERT IGNORE INTO tokens (nome_token, acentuada, id_tipo_token) VALUES ("inicial", "inicial", (SELECT id_tipo_token FROM classificacoes_tokens WHERE BINARY nome_token = "inicial"));
  INSERT IGNORE INTO tokens (nome_token, acentuada, id_tipo_token) VALUES ("mc", "mc", (SELECT id_tipo_token FROM classificacoes_tokens WHERE BINARY nome_token = "mc"));
  INSERT IGNORE INTO tokens (nome_token, acentuada, id_tipo_token) VALUES ("metr", "metr", (SELECT id_tipo_token FROM classificacoes_tokens WHERE BINARY nome_token = "metr"));
  INSERT IGNORE INTO tokens (nome_token, acentuada, id_tipo_token) VALUES ("bas", "bas", (SELECT id_tipo_token FROM classificacoes_tokens WHERE BINARY nome_token = "bas"));
  INSERT IGNORE INTO tokens (nome_token, acentuada, id_tipo_token) VALUES ("inter", "inter", (SELECT id_tipo_token FROM classificacoes_tokens WHERE BINARY nome_token = "inter"));
  INSERT IGNORE INTO tokens (nome_token, acentuada, id_tipo_token) VALUES ("mold", "mold", (SELECT id_tipo_token FROM classificacoes_tokens WHERE BINARY nome_token = "mold"));
  INSERT IGNORE INTO tokens (nome_token, acentuada, id_tipo_token) VALUES ("adp", "adp", (SELECT id_tipo_token FROM classificacoes_tokens WHERE BINARY nome_token = "adp"));
  INSERT IGNORE INTO tokens (nome_token, acentuada, id_tipo_token) VALUES ("eletr", "eletr", (SELECT id_tipo_token FROM classificacoes_tokens WHERE BINARY nome_token = "eletr"));
  INSERT IGNORE INTO tokens (nome_token, acentuada, id_tipo_token) VALUES ("pow", "pow", (SELECT id_tipo_token FROM classificacoes_tokens WHERE BINARY nome_token = "pow"));
  INSERT IGNORE INTO tokens (nome_token, acentuada, id_tipo_token) VALUES ("mant", "mant", (SELECT id_tipo_token FROM classificacoes_tokens WHERE BINARY nome_token = "mant"));
  INSERT IGNORE INTO tokens (nome_token, acentuada, id_tipo_token) VALUES ("prod", "prod", (SELECT id_tipo_token FROM classificacoes_tokens WHERE BINARY nome_token = "prod"));
  INSERT IGNORE INTO tokens (nome_token, acentuada, id_tipo_token) VALUES ("moto", "moto", (SELECT id_tipo_token FROM classificacoes_tokens WHERE BINARY nome_token = "moto"));
  INSERT IGNORE INTO tokens (nome_token, acentuada, id_tipo_token) VALUES ("oxi", "oxi", (SELECT id_tipo_token FROM classificacoes_tokens WHERE BINARY nome_token = "oxi"));
  INSERT IGNORE INTO tokens (nome_token, acentuada, id_tipo_token) VALUES ("pagliato", "pagliato", (SELECT id_tipo_token FROM classificacoes_tokens WHERE BINARY nome_token = "pagliato"));
  INSERT IGNORE INTO classificacoes_tokens (nome_token, id_tipo_token) VALUES ("404", (SELECT id_chave_tipo_token FROM tipos_tokens WHERE nome_tipo_token = "numeral"));
INSERT IGNORE INTO tokens (nome_token, acentuada, id_tipo_token) VALUES ("404", "404", (SELECT id_tipo_token FROM classificacoes_tokens WHERE BINARY nome_token = "404"));
  INSERT IGNORE INTO tokens (nome_token, acentuada, id_tipo_token) VALUES ("i1", "i1", (SELECT id_tipo_token FROM classificacoes_tokens WHERE BINARY nome_token = "i1"));
  INSERT IGNORE INTO tokens (nome_token, acentuada, id_tipo_token) VALUES ("jav", "jav", (SELECT id_tipo_token FROM classificacoes_tokens WHERE BINARY nome_token = "jav"));
  INSERT IGNORE INTO tokens (nome_token, acentuada, id_tipo_token) VALUES ("ermirio", "ermírio", (SELECT id_tipo_token FROM classificacoes_tokens WHERE BINARY nome_token = "ermírio"));
  INSERT IGNORE INTO tokens (nome_token, acentuada, id_tipo_token) VALUES ("ccr", "ccr", (SELECT id_tipo_token FROM classificacoes_tokens WHERE BINARY nome_token = "ccr"));
  INSERT IGNORE INTO tokens (nome_token, acentuada, id_tipo_token) VALUES ("fpython", "fpython", (SELECT id_tipo_token FROM classificacoes_tokens WHERE BINARY nome_token = "fpython"));
  INSERT IGNORE INTO tokens (nome_token, acentuada, id_tipo_token) VALUES ("mic", "mic", (SELECT id_tipo_token FROM classificacoes_tokens WHERE BINARY nome_token = "mic"));
  INSERT IGNORE INTO tokens (nome_token, acentuada, id_tipo_token) VALUES ("art", "art", (SELECT id_tipo_token FROM classificacoes_tokens WHERE BINARY nome_token = "art"));
  INSERT IGNORE INTO tokens (nome_token, acentuada, id_tipo_token) VALUES ("ara", "ara", (SELECT id_tipo_token FROM classificacoes_tokens WHERE BINARY nome_token = "ara"));
  INSERT IGNORE INTO tokens (nome_token, acentuada, id_tipo_token) VALUES ("pojava", "pojava", (SELECT id_tipo_token FROM classificacoes_tokens WHERE BINARY nome_token = "pojava"));
  INSERT IGNORE INTO tokens (nome_token, acentuada, id_tipo_token) VALUES ("mamec", "mamec", (SELECT id_tipo_token FROM classificacoes_tokens WHERE BINARY nome_token = "mamec"));
  INSERT IGNORE INTO tokens (nome_token, acentuada, id_tipo_token) VALUES ("ccnaen", "ccnaen", (SELECT id_tipo_token FROM classificacoes_tokens WHERE BINARY nome_token = "ccnaen"));
  INSERT IGNORE INTO tokens (nome_token, acentuada, id_tipo_token) VALUES ("ccnasw", "ccnasw", (SELECT id_tipo_token FROM classificacoes_tokens WHERE BINARY nome_token = "ccnasw"));
  INSERT IGNORE INTO tokens (nome_token, acentuada, id_tipo_token) VALUES ("ecomm", "ecomm", (SELECT id_tipo_token FROM classificacoes_tokens WHERE BINARY nome_token = "ecomm"));
  INSERT IGNORE INTO tokens (nome_token, acentuada, id_tipo_token) VALUES ("acel", "acel", (SELECT id_tipo_token FROM classificacoes_tokens WHERE BINARY nome_token = "acel"));
  INSERT IGNORE INTO tokens (nome_token, acentuada, id_tipo_token) VALUES ("v1", "v1", (SELECT id_tipo_token FROM classificacoes_tokens WHERE BINARY nome_token = "v1"));
  INSERT IGNORE INTO tokens (nome_token, acentuada, id_tipo_token) VALUES ("fqmm", "fqmm", (SELECT id_tipo_token FROM classificacoes_tokens WHERE BINARY nome_token = "fqmm"));
  INSERT IGNORE INTO tokens (nome_token, acentuada, id_tipo_token) VALUES ("fpyton", "fpyton", (SELECT id_tipo_token FROM classificacoes_tokens WHERE BINARY nome_token = "fpyton"));
  INSERT IGNORE INTO tokens (nome_token, acentuada, id_tipo_token) VALUES ("pne", "pne", (SELECT id_tipo_token FROM classificacoes_tokens WHERE BINARY nome_token = "pne"));
  INSERT IGNORE INTO tokens (nome_token, acentuada, id_tipo_token) VALUES ("ca", "ca", (SELECT id_tipo_token FROM classificacoes_tokens WHERE BINARY nome_token = "ca"));
  INSERT IGNORE INTO tokens (nome_token, acentuada, id_tipo_token) VALUES ("ass", "ass", (SELECT id_tipo_token FROM classificacoes_tokens WHERE BINARY nome_token = "ass"));
  INSERT IGNORE INTO tokens (nome_token, acentuada, id_tipo_token) VALUES ("el", "el", (SELECT id_tipo_token FROM classificacoes_tokens WHERE BINARY nome_token = "el"));
  INSERT IGNORE INTO tokens (nome_token, acentuada, id_tipo_token) VALUES ("robo", "robo", (SELECT id_tipo_token FROM classificacoes_tokens WHERE BINARY nome_token = "robo"));
  INSERT IGNORE INTO tokens (nome_token, acentuada, id_tipo_token) VALUES ("pre", "pre", (SELECT id_tipo_token FROM classificacoes_tokens WHERE BINARY nome_token = "pre"));
  INSERT IGNORE INTO tokens (nome_token, acentuada, id_tipo_token) VALUES ("robos", "robôs", (SELECT id_tipo_token FROM classificacoes_tokens WHERE BINARY nome_token = "robôs"));
  INSERT IGNORE INTO tokens (nome_token, acentuada, id_tipo_token) VALUES ("vidr", "vidr", (SELECT id_tipo_token FROM classificacoes_tokens WHERE BINARY nome_token = "vidr"));
  INSERT IGNORE INTO tokens (nome_token, acentuada, id_tipo_token) VALUES ("vidraceiro", "vidraceiro", (SELECT id_tipo_token FROM classificacoes_tokens WHERE BINARY nome_token = "vidraceiro"));
  INSERT IGNORE INTO tokens (nome_token, acentuada, id_tipo_token) VALUES ("cos", "cos", (SELECT id_tipo_token FROM classificacoes_tokens WHERE BINARY nome_token = "cos"));
  INSERT IGNORE INTO tokens (nome_token, acentuada, id_tipo_token) VALUES ("jr", "jr", (SELECT id_tipo_token FROM classificacoes_tokens WHERE BINARY nome_token = "jr"));
  INSERT IGNORE INTO tokens (nome_token, acentuada, id_tipo_token) VALUES ("sorocaba", "sorocaba", (SELECT id_tipo_token FROM classificacoes_tokens WHERE BINARY nome_token = "sorocaba"));
  INSERT IGNORE INTO tokens (nome_token, acentuada, id_tipo_token) VALUES ("m09", "m09", (SELECT id_tipo_token FROM classificacoes_tokens WHERE BINARY nome_token = "m09"));
  INSERT IGNORE INTO tokens (nome_token, acentuada, id_tipo_token) VALUES ("m08", "m08", (SELECT id_tipo_token FROM classificacoes_tokens WHERE BINARY nome_token = "m08"));
  INSERT IGNORE INTO tokens (nome_token, acentuada, id_tipo_token) VALUES ("m07", "m07", (SELECT id_tipo_token FROM classificacoes_tokens WHERE BINARY nome_token = "m07"));
  INSERT IGNORE INTO tokens (nome_token, acentuada, id_tipo_token) VALUES ("m06", "m06", (SELECT id_tipo_token FROM classificacoes_tokens WHERE BINARY nome_token = "m06"));
  INSERT IGNORE INTO tokens (nome_token, acentuada, id_tipo_token) VALUES ("i04", "i04", (SELECT id_tipo_token FROM classificacoes_tokens WHERE BINARY nome_token = "i04"));
  INSERT IGNORE INTO tokens (nome_token, acentuada, id_tipo_token) VALUES ("pwbi", "pwbi", (SELECT id_tipo_token FROM classificacoes_tokens WHERE BINARY nome_token = "pwbi"));
  INSERT IGNORE INTO tokens (nome_token, acentuada, id_tipo_token) VALUES ("pgpy", "pgpy", (SELECT id_tipo_token FROM classificacoes_tokens WHERE BINARY nome_token = "pgpy"));
  INSERT IGNORE INTO tokens (nome_token, acentuada, id_tipo_token) VALUES ("m04", "m04", (SELECT id_tipo_token FROM classificacoes_tokens WHERE BINARY nome_token = "m04"));
  INSERT IGNORE INTO tokens (nome_token, acentuada, id_tipo_token) VALUES ("imai", "imai", (SELECT id_tipo_token FROM classificacoes_tokens WHERE BINARY nome_token = "imai"));
  INSERT IGNORE INTO tokens (nome_token, acentuada, id_tipo_token) VALUES ("iaap", "iaap", (SELECT id_tipo_token FROM classificacoes_tokens WHERE BINARY nome_token = "iaap"));
  INSERT IGNORE INTO tokens (nome_token, acentuada, id_tipo_token) VALUES ("25gr", "25gr", (SELECT id_tipo_token FROM classificacoes_tokens WHERE BINARY nome_token = "25gr"));
  INSERT IGNORE INTO tokens (nome_token, acentuada, id_tipo_token) VALUES ("cmro", "cmro", (SELECT id_tipo_token FROM classificacoes_tokens WHERE BINARY nome_token = "cmro"));
  INSERT IGNORE INTO tokens (nome_token, acentuada, id_tipo_token) VALUES ("bologna", "bologna", (SELECT id_tipo_token FROM classificacoes_tokens WHERE BINARY nome_token = "bologna"));
  INSERT IGNORE INTO tokens (nome_token, acentuada, id_tipo_token) VALUES ("italo", "italo", (SELECT id_tipo_token FROM classificacoes_tokens WHERE BINARY nome_token = "italo"));
  INSERT IGNORE INTO tokens (nome_token, acentuada, id_tipo_token) VALUES ("itu", "itu", (SELECT id_tipo_token FROM classificacoes_tokens WHERE BINARY nome_token = "itu"));
  INSERT IGNORE INTO classificacoes_tokens (nome_token, id_tipo_token) VALUES ("6051", (SELECT id_chave_tipo_token FROM tipos_tokens WHERE nome_tipo_token = "numeral"));
INSERT IGNORE INTO tokens (nome_token, acentuada, id_tipo_token) VALUES ("6051", "6051", (SELECT id_tipo_token FROM classificacoes_tokens WHERE BINARY nome_token = "6051"));
  INSERT IGNORE INTO classificacoes_tokens (nome_token, id_tipo_token) VALUES ("390", (SELECT id_chave_tipo_token FROM tipos_tokens WHERE nome_tipo_token = "numeral"));
INSERT IGNORE INTO tokens (nome_token, acentuada, id_tipo_token) VALUES ("390", "390", (SELECT id_tipo_token FROM classificacoes_tokens WHERE BINARY nome_token = "390"));
  INSERT IGNORE INTO classificacoes_tokens (nome_token, id_tipo_token) VALUES ("2033", (SELECT id_chave_tipo_token FROM tipos_tokens WHERE nome_tipo_token = "numeral"));
INSERT IGNORE INTO tokens (nome_token, acentuada, id_tipo_token) VALUES ("2033", "2033", (SELECT id_tipo_token FROM classificacoes_tokens WHERE BINARY nome_token = "2033"));
  INSERT IGNORE INTO classificacoes_tokens (nome_token, id_tipo_token) VALUES ("2032", (SELECT id_chave_tipo_token FROM tipos_tokens WHERE nome_tipo_token = "numeral"));
INSERT IGNORE INTO tokens (nome_token, acentuada, id_tipo_token) VALUES ("2032", "2032", (SELECT id_tipo_token FROM classificacoes_tokens WHERE BINARY nome_token = "2032"));
  INSERT IGNORE INTO classificacoes_tokens (nome_token, id_tipo_token) VALUES ("2031", (SELECT id_chave_tipo_token FROM tipos_tokens WHERE nome_tipo_token = "numeral"));
INSERT IGNORE INTO tokens (nome_token, acentuada, id_tipo_token) VALUES ("2031", "2031", (SELECT id_tipo_token FROM classificacoes_tokens WHERE BINARY nome_token = "2031"));
  INSERT IGNORE INTO classificacoes_tokens (nome_token, id_tipo_token) VALUES ("2030", (SELECT id_chave_tipo_token FROM tipos_tokens WHERE nome_tipo_token = "numeral"));
INSERT IGNORE INTO tokens (nome_token, acentuada, id_tipo_token) VALUES ("2030", "2030", (SELECT id_tipo_token FROM classificacoes_tokens WHERE BINARY nome_token = "2030"));
  INSERT IGNORE INTO classificacoes_tokens (nome_token, id_tipo_token) VALUES ("2037", (SELECT id_chave_tipo_token FROM tipos_tokens WHERE nome_tipo_token = "numeral"));
INSERT IGNORE INTO tokens (nome_token, acentuada, id_tipo_token) VALUES ("2037", "2037", (SELECT id_tipo_token FROM classificacoes_tokens WHERE BINARY nome_token = "2037"));
  INSERT IGNORE INTO tokens (nome_token, acentuada, id_tipo_token) VALUES ("execucao", "execução", (SELECT id_tipo_token FROM classificacoes_tokens WHERE BINARY nome_token = "execução"));
  INSERT IGNORE INTO tokens (nome_token, acentuada, id_tipo_token) VALUES ("n5007", "n5007", (SELECT id_tipo_token FROM classificacoes_tokens WHERE BINARY nome_token = "n5007"));
  INSERT IGNORE INTO tokens (nome_token, acentuada, id_tipo_token) VALUES ("mecanicos", "mecânicos", (SELECT id_tipo_token FROM classificacoes_tokens WHERE BINARY nome_token = "mecânicos"));
  INSERT IGNORE INTO tokens (nome_token, acentuada, id_tipo_token) VALUES ("n5006", "n5006", (SELECT id_tipo_token FROM classificacoes_tokens WHERE BINARY nome_token = "n5006"));
  INSERT IGNORE INTO classificacoes_tokens (nome_token, id_tipo_token) VALUES ("2017", (SELECT id_chave_tipo_token FROM tipos_tokens WHERE nome_tipo_token = "numeral"));
INSERT IGNORE INTO tokens (nome_token, acentuada, id_tipo_token) VALUES ("2017", "2017", (SELECT id_tipo_token FROM classificacoes_tokens WHERE BINARY nome_token = "2017"));
  INSERT IGNORE INTO classificacoes_tokens (nome_token, id_tipo_token) VALUES ("2014", (SELECT id_chave_tipo_token FROM tipos_tokens WHERE nome_tipo_token = "numeral"));
INSERT IGNORE INTO tokens (nome_token, acentuada, id_tipo_token) VALUES ("2014", "2014", (SELECT id_tipo_token FROM classificacoes_tokens WHERE BINARY nome_token = "2014"));
  INSERT IGNORE INTO classificacoes_tokens (nome_token, id_tipo_token) VALUES ("2013", (SELECT id_chave_tipo_token FROM tipos_tokens WHERE nome_tipo_token = "numeral"));
INSERT IGNORE INTO tokens (nome_token, acentuada, id_tipo_token) VALUES ("2013", "2013", (SELECT id_tipo_token FROM classificacoes_tokens WHERE BINARY nome_token = "2013"));
  INSERT IGNORE INTO classificacoes_tokens (nome_token, id_tipo_token) VALUES ("2008", (SELECT id_chave_tipo_token FROM tipos_tokens WHERE nome_tipo_token = "numeral"));
INSERT IGNORE INTO tokens (nome_token, acentuada, id_tipo_token) VALUES ("2008", "2008", (SELECT id_tipo_token FROM classificacoes_tokens WHERE BINARY nome_token = "2008"));
  INSERT IGNORE INTO classificacoes_tokens (nome_token, id_tipo_token) VALUES ("2007", (SELECT id_chave_tipo_token FROM tipos_tokens WHERE nome_tipo_token = "numeral"));
INSERT IGNORE INTO tokens (nome_token, acentuada, id_tipo_token) VALUES ("2007", "2007", (SELECT id_tipo_token FROM classificacoes_tokens WHERE BINARY nome_token = "2007"));
  INSERT IGNORE INTO classificacoes_tokens (nome_token, id_tipo_token) VALUES ("2009", (SELECT id_chave_tipo_token FROM tipos_tokens WHERE nome_tipo_token = "numeral"));
INSERT IGNORE INTO tokens (nome_token, acentuada, id_tipo_token) VALUES ("2009", "2009", (SELECT id_tipo_token FROM classificacoes_tokens WHERE BINARY nome_token = "2009"));
  INSERT IGNORE INTO classificacoes_tokens (nome_token, id_tipo_token) VALUES ("2002", (SELECT id_chave_tipo_token FROM tipos_tokens WHERE nome_tipo_token = "numeral"));
INSERT IGNORE INTO tokens (nome_token, acentuada, id_tipo_token) VALUES ("2002", "2002", (SELECT id_tipo_token FROM classificacoes_tokens WHERE BINARY nome_token = "2002"));
  INSERT IGNORE INTO classificacoes_tokens (nome_token, id_tipo_token) VALUES ("2003", (SELECT id_chave_tipo_token FROM tipos_tokens WHERE nome_tipo_token = "numeral"));
INSERT IGNORE INTO tokens (nome_token, acentuada, id_tipo_token) VALUES ("2003", "2003", (SELECT id_tipo_token FROM classificacoes_tokens WHERE BINARY nome_token = "2003"));
  INSERT IGNORE INTO classificacoes_tokens (nome_token, id_tipo_token) VALUES ("2020", (SELECT id_chave_tipo_token FROM tipos_tokens WHERE nome_tipo_token = "numeral"));
INSERT IGNORE INTO tokens (nome_token, acentuada, id_tipo_token) VALUES ("2020", "2020", (SELECT id_tipo_token FROM classificacoes_tokens WHERE BINARY nome_token = "2020"));
  INSERT IGNORE INTO classificacoes_tokens (nome_token, id_tipo_token) VALUES ("2019", (SELECT id_chave_tipo_token FROM tipos_tokens WHERE nome_tipo_token = "numeral"));
INSERT IGNORE INTO tokens (nome_token, acentuada, id_tipo_token) VALUES ("2019", "2019", (SELECT id_tipo_token FROM classificacoes_tokens WHERE BINARY nome_token = "2019"));
  INSERT IGNORE INTO classificacoes_tokens (nome_token, id_tipo_token) VALUES ("2016", (SELECT id_chave_tipo_token FROM tipos_tokens WHERE nome_tipo_token = "numeral"));
INSERT IGNORE INTO tokens (nome_token, acentuada, id_tipo_token) VALUES ("2016", "2016", (SELECT id_tipo_token FROM classificacoes_tokens WHERE BINARY nome_token = "2016"));
  INSERT IGNORE INTO classificacoes_tokens (nome_token, id_tipo_token) VALUES ("2012", (SELECT id_chave_tipo_token FROM tipos_tokens WHERE nome_tipo_token = "numeral"));
INSERT IGNORE INTO tokens (nome_token, acentuada, id_tipo_token) VALUES ("2012", "2012", (SELECT id_tipo_token FROM classificacoes_tokens WHERE BINARY nome_token = "2012"));
  INSERT IGNORE INTO classificacoes_tokens (nome_token, id_tipo_token) VALUES ("2005", (SELECT id_chave_tipo_token FROM tipos_tokens WHERE nome_tipo_token = "numeral"));
INSERT IGNORE INTO tokens (nome_token, acentuada, id_tipo_token) VALUES ("2005", "2005", (SELECT id_tipo_token FROM classificacoes_tokens WHERE BINARY nome_token = "2005"));
  INSERT IGNORE INTO classificacoes_tokens (nome_token, id_tipo_token) VALUES ("2004", (SELECT id_chave_tipo_token FROM tipos_tokens WHERE nome_tipo_token = "numeral"));
INSERT IGNORE INTO tokens (nome_token, acentuada, id_tipo_token) VALUES ("2004", "2004", (SELECT id_tipo_token FROM classificacoes_tokens WHERE BINARY nome_token = "2004"));
  INSERT IGNORE INTO classificacoes_tokens (nome_token, id_tipo_token) VALUES ("2022", (SELECT id_chave_tipo_token FROM tipos_tokens WHERE nome_tipo_token = "numeral"));
INSERT IGNORE INTO tokens (nome_token, acentuada, id_tipo_token) VALUES ("2022", "2022", (SELECT id_tipo_token FROM classificacoes_tokens WHERE BINARY nome_token = "2022"));
  INSERT IGNORE INTO classificacoes_tokens (nome_token, id_tipo_token) VALUES ("2034", (SELECT id_chave_tipo_token FROM tipos_tokens WHERE nome_tipo_token = "numeral"));
INSERT IGNORE INTO tokens (nome_token, acentuada, id_tipo_token) VALUES ("2034", "2034", (SELECT id_tipo_token FROM classificacoes_tokens WHERE BINARY nome_token = "2034"));
  INSERT IGNORE INTO classificacoes_tokens (nome_token, id_tipo_token) VALUES ("6012", (SELECT id_chave_tipo_token FROM tipos_tokens WHERE nome_tipo_token = "numeral"));
INSERT IGNORE INTO tokens (nome_token, acentuada, id_tipo_token) VALUES ("6012", "6012", (SELECT id_tipo_token FROM classificacoes_tokens WHERE BINARY nome_token = "6012"));
  INSERT IGNORE INTO classificacoes_tokens (nome_token, id_tipo_token) VALUES ("2035", (SELECT id_chave_tipo_token FROM tipos_tokens WHERE nome_tipo_token = "numeral"));
INSERT IGNORE INTO tokens (nome_token, acentuada, id_tipo_token) VALUES ("2035", "2035", (SELECT id_tipo_token FROM classificacoes_tokens WHERE BINARY nome_token = "2035"));
  INSERT IGNORE INTO classificacoes_tokens (nome_token, id_tipo_token) VALUES ("2029", (SELECT id_chave_tipo_token FROM tipos_tokens WHERE nome_tipo_token = "numeral"));
INSERT IGNORE INTO tokens (nome_token, acentuada, id_tipo_token) VALUES ("2029", "2029", (SELECT id_tipo_token FROM classificacoes_tokens WHERE BINARY nome_token = "2029"));
  INSERT IGNORE INTO classificacoes_tokens (nome_token, id_tipo_token) VALUES ("2036", (SELECT id_chave_tipo_token FROM tipos_tokens WHERE nome_tipo_token = "numeral"));
INSERT IGNORE INTO tokens (nome_token, acentuada, id_tipo_token) VALUES ("2036", "2036", (SELECT id_tipo_token FROM classificacoes_tokens WHERE BINARY nome_token = "2036"));
  INSERT IGNORE INTO tokens (nome_token, acentuada, id_tipo_token) VALUES ("alckmin", "alckmin", (SELECT id_tipo_token FROM classificacoes_tokens WHERE BINARY nome_token = "alckmin"));
  INSERT IGNORE INTO tokens (nome_token, acentuada, id_tipo_token) VALUES ("geraldo", "geraldo", (SELECT id_tipo_token FROM classificacoes_tokens WHERE BINARY nome_token = "geraldo"));
  INSERT IGNORE INTO tokens (nome_token, acentuada, id_tipo_token) VALUES ("pindamonhangaba", "pindamonhangaba", (SELECT id_tipo_token FROM classificacoes_tokens WHERE BINARY nome_token = "pindamonhangaba"));
  INSERT IGNORE INTO tokens (nome_token, acentuada, id_tipo_token) VALUES ("inqu", "inqu", (SELECT id_tipo_token FROM classificacoes_tokens WHERE BINARY nome_token = "inqu"));
  INSERT IGNORE INTO tokens (nome_token, acentuada, id_tipo_token) VALUES ("tq", "tq", (SELECT id_tipo_token FROM classificacoes_tokens WHERE BINARY nome_token = "tq"));
  INSERT IGNORE INTO tokens (nome_token, acentuada, id_tipo_token) VALUES ("cmrov", "cmrov", (SELECT id_tipo_token FROM classificacoes_tokens WHERE BINARY nome_token = "cmrov"));
  INSERT IGNORE INTO tokens (nome_token, acentuada, id_tipo_token) VALUES ("mq", "mq", (SELECT id_tipo_token FROM classificacoes_tokens WHERE BINARY nome_token = "mq"));
  INSERT IGNORE INTO tokens (nome_token, acentuada, id_tipo_token) VALUES ("haddad", "haddad", (SELECT id_tipo_token FROM classificacoes_tokens WHERE BINARY nome_token = "haddad"));
  INSERT IGNORE INTO tokens (nome_token, acentuada, id_tipo_token) VALUES ("elias", "elias", (SELECT id_tipo_token FROM classificacoes_tokens WHERE BINARY nome_token = "elias"));
  INSERT IGNORE INTO tokens (nome_token, acentuada, id_tipo_token) VALUES ("jacarei", "jacareí", (SELECT id_tipo_token FROM classificacoes_tokens WHERE BINARY nome_token = "jacareí"));
  INSERT IGNORE INTO tokens (nome_token, acentuada, id_tipo_token) VALUES ("ferrcd", "ferrcd", (SELECT id_tipo_token FROM classificacoes_tokens WHERE BINARY nome_token = "ferrcd"));
  INSERT IGNORE INTO tokens (nome_token, acentuada, id_tipo_token) VALUES ("pcam", "pcam", (SELECT id_tipo_token FROM classificacoes_tokens WHERE BINARY nome_token = "pcam"));
  INSERT IGNORE INTO tokens (nome_token, acentuada, id_tipo_token) VALUES ("iso9001", "iso9001", (SELECT id_tipo_token FROM classificacoes_tokens WHERE BINARY nome_token = "iso9001"));
  INSERT IGNORE INTO tokens (nome_token, acentuada, id_tipo_token) VALUES ("alog", "alog", (SELECT id_tipo_token FROM classificacoes_tokens WHERE BINARY nome_token = "alog"));
  INSERT IGNORE INTO tokens (nome_token, acentuada, id_tipo_token) VALUES ("riind4", "riind4", (SELECT id_tipo_token FROM classificacoes_tokens WHERE BINARY nome_token = "riind4"));
  INSERT IGNORE INTO tokens (nome_token, acentuada, id_tipo_token) VALUES ("s8", "s8", (SELECT id_tipo_token FROM classificacoes_tokens WHERE BINARY nome_token = "s8"));
  INSERT IGNORE INTO tokens (nome_token, acentuada, id_tipo_token) VALUES ("s7", "s7", (SELECT id_tipo_token FROM classificacoes_tokens WHERE BINARY nome_token = "s7"));
  INSERT IGNORE INTO tokens (nome_token, acentuada, id_tipo_token) VALUES ("s10", "s10", (SELECT id_tipo_token FROM classificacoes_tokens WHERE BINARY nome_token = "s10"));
  INSERT IGNORE INTO tokens (nome_token, acentuada, id_tipo_token) VALUES ("acmaqele", "acmaqele", (SELECT id_tipo_token FROM classificacoes_tokens WHERE BINARY nome_token = "acmaqele"));
  INSERT IGNORE INTO tokens (nome_token, acentuada, id_tipo_token) VALUES ("s9", "s9", (SELECT id_tipo_token FROM classificacoes_tokens WHERE BINARY nome_token = "s9"));
  INSERT IGNORE INTO tokens (nome_token, acentuada, id_tipo_token) VALUES ("s11", "s11", (SELECT id_tipo_token FROM classificacoes_tokens WHERE BINARY nome_token = "s11"));
  INSERT IGNORE INTO tokens (nome_token, acentuada, id_tipo_token) VALUES ("tiginoxal", "tiginoxal", (SELECT id_tipo_token FROM classificacoes_tokens WHERE BINARY nome_token = "tiginoxal"));
  INSERT IGNORE INTO tokens (nome_token, acentuada, id_tipo_token) VALUES ("tcncaero", "tcncaero", (SELECT id_tipo_token FROM classificacoes_tokens WHERE BINARY nome_token = "tcncaero"));
  INSERT IGNORE INTO tokens (nome_token, acentuada, id_tipo_token) VALUES ("nr11er", "nr11er", (SELECT id_tipo_token FROM classificacoes_tokens WHERE BINARY nome_token = "nr11er"));
  INSERT IGNORE INTO tokens (nome_token, acentuada, id_tipo_token) VALUES ("retratil", "retrátil", (SELECT id_tipo_token FROM classificacoes_tokens WHERE BINARY nome_token = "retrátil"));
  INSERT IGNORE INTO tokens (nome_token, acentuada, id_tipo_token) VALUES ("n6", "n6", (SELECT id_tipo_token FROM classificacoes_tokens WHERE BINARY nome_token = "n6"));
  INSERT IGNORE INTO tokens (nome_token, acentuada, id_tipo_token) VALUES ("sdw", "sdw", (SELECT id_tipo_token FROM classificacoes_tokens WHERE BINARY nome_token = "sdw"));
  INSERT IGNORE INTO tokens (nome_token, acentuada, id_tipo_token) VALUES ("n7", "n7", (SELECT id_tipo_token FROM classificacoes_tokens WHERE BINARY nome_token = "n7"));
  INSERT IGNORE INTO tokens (nome_token, acentuada, id_tipo_token) VALUES ("gqualid", "gqualid", (SELECT id_tipo_token FROM classificacoes_tokens WHERE BINARY nome_token = "gqualid"));
  INSERT IGNORE INTO tokens (nome_token, acentuada, id_tipo_token) VALUES ("cjogosdig", "cjogosdig", (SELECT id_tipo_token FROM classificacoes_tokens WHERE BINARY nome_token = "cjogosdig"));
  INSERT IGNORE INTO tokens (nome_token, acentuada, id_tipo_token) VALUES ("fcnc5eixo", "fcnc5eixo", (SELECT id_tipo_token FROM classificacoes_tokens WHERE BINARY nome_token = "fcnc5eixo"));
  INSERT IGNORE INTO tokens (nome_token, acentuada, id_tipo_token) VALUES ("pjava", "pjava", (SELECT id_tipo_token FROM classificacoes_tokens WHERE BINARY nome_token = "pjava"));
  INSERT IGNORE INTO tokens (nome_token, acentuada, id_tipo_token) VALUES ("proimp3d", "proimp3d", (SELECT id_tipo_token FROM classificacoes_tokens WHERE BINARY nome_token = "proimp3d"));
  INSERT IGNORE INTO tokens (nome_token, acentuada, id_tipo_token) VALUES ("clptiabas", "clptiabas", (SELECT id_tipo_token FROM classificacoes_tokens WHERE BINARY nome_token = "clptiabas"));
  INSERT IGNORE INTO tokens (nome_token, acentuada, id_tipo_token) VALUES ("cet", "cet", (SELECT id_tipo_token FROM classificacoes_tokens WHERE BINARY nome_token = "cet"));
  INSERT IGNORE INTO tokens (nome_token, acentuada, id_tipo_token) VALUES ("n8", "n8", (SELECT id_tipo_token FROM classificacoes_tokens WHERE BINARY nome_token = "n8"));
  INSERT IGNORE INTO tokens (nome_token, acentuada, id_tipo_token) VALUES ("clptiaav", "clptiaav", (SELECT id_tipo_token FROM classificacoes_tokens WHERE BINARY nome_token = "clptiaav"));
  INSERT IGNORE INTO tokens (nome_token, acentuada, id_tipo_token) VALUES ("hidpneu", "hidpneu", (SELECT id_tipo_token FROM classificacoes_tokens WHERE BINARY nome_token = "hidpneu"));
  INSERT IGNORE INTO tokens (nome_token, acentuada, id_tipo_token) VALUES ("fcnaero", "fcnaero", (SELECT id_tipo_token FROM classificacoes_tokens WHERE BINARY nome_token = "fcnaero"));
  INSERT IGNORE INTO tokens (nome_token, acentuada, id_tipo_token) VALUES ("aeroespacial", "aeroespacial", (SELECT id_tipo_token FROM classificacoes_tokens WHERE BINARY nome_token = "aeroespacial"));
  INSERT IGNORE INTO tokens (nome_token, acentuada, id_tipo_token) VALUES ("n5", "n5", (SELECT id_tipo_token FROM classificacoes_tokens WHERE BINARY nome_token = "n5"));
  INSERT IGNORE INTO tokens (nome_token, acentuada, id_tipo_token) VALUES ("catia", "catia", (SELECT id_tipo_token FROM classificacoes_tokens WHERE BINARY nome_token = "catia"));
  INSERT IGNORE INTO tokens (nome_token, acentuada, id_tipo_token) VALUES ("n9", "n9", (SELECT id_tipo_token FROM classificacoes_tokens WHERE BINARY nome_token = "n9"));
  INSERT IGNORE INTO tokens (nome_token, acentuada, id_tipo_token) VALUES ("mecal", "mecal", (SELECT id_tipo_token FROM classificacoes_tokens WHERE BINARY nome_token = "mecal"));
  INSERT IGNORE INTO tokens (nome_token, acentuada, id_tipo_token) VALUES ("s3", "s3", (SELECT id_tipo_token FROM classificacoes_tokens WHERE BINARY nome_token = "s3"));
  INSERT IGNORE INTO tokens (nome_token, acentuada, id_tipo_token) VALUES ("s2", "s2", (SELECT id_tipo_token FROM classificacoes_tokens WHERE BINARY nome_token = "s2"));
  INSERT IGNORE INTO tokens (nome_token, acentuada, id_tipo_token) VALUES ("n4", "n4", (SELECT id_tipo_token FROM classificacoes_tokens WHERE BINARY nome_token = "n4"));
  INSERT IGNORE INTO tokens (nome_token, acentuada, id_tipo_token) VALUES ("stig", "stig", (SELECT id_tipo_token FROM classificacoes_tokens WHERE BINARY nome_token = "stig"));
  INSERT IGNORE INTO tokens (nome_token, acentuada, id_tipo_token) VALUES ("dbackend", "dbackend", (SELECT id_tipo_token FROM classificacoes_tokens WHERE BINARY nome_token = "dbackend"));
  INSERT IGNORE INTO tokens (nome_token, acentuada, id_tipo_token) VALUES ("einst", "einst", (SELECT id_tipo_token FROM classificacoes_tokens WHERE BINARY nome_token = "einst"));
  INSERT IGNORE INTO tokens (nome_token, acentuada, id_tipo_token) VALUES ("calmont", "calmont", (SELECT id_tipo_token FROM classificacoes_tokens WHERE BINARY nome_token = "calmont"));
  INSERT IGNORE INTO tokens (nome_token, acentuada, id_tipo_token) VALUES ("n2", "n2", (SELECT id_tipo_token FROM classificacoes_tokens WHERE BINARY nome_token = "n2"));
  INSERT IGNORE INTO tokens (nome_token, acentuada, id_tipo_token) VALUES ("memai", "memai", (SELECT id_tipo_token FROM classificacoes_tokens WHERE BINARY nome_token = "memai"));
  INSERT IGNORE INTO tokens (nome_token, acentuada, id_tipo_token) VALUES ("n3", "n3", (SELECT id_tipo_token FROM classificacoes_tokens WHERE BINARY nome_token = "n3"));
  INSERT IGNORE INTO tokens (nome_token, acentuada, id_tipo_token) VALUES ("mclires", "mclires", (SELECT id_tipo_token FROM classificacoes_tokens WHERE BINARY nome_token = "mclires"));
  INSERT IGNORE INTO tokens (nome_token, acentuada, id_tipo_token) VALUES ("smag", "smag", (SELECT id_tipo_token FROM classificacoes_tokens WHERE BINARY nome_token = "smag"));
  INSERT IGNORE INTO tokens (nome_token, acentuada, id_tipo_token) VALUES ("grtr", "grtr", (SELECT id_tipo_token FROM classificacoes_tokens WHERE BINARY nome_token = "grtr"));
  INSERT IGNORE INTO tokens (nome_token, acentuada, id_tipo_token) VALUES ("m03", "m03", (SELECT id_tipo_token FROM classificacoes_tokens WHERE BINARY nome_token = "m03"));
  INSERT IGNORE INTO tokens (nome_token, acentuada, id_tipo_token) VALUES ("st01", "st01", (SELECT id_tipo_token FROM classificacoes_tokens WHERE BINARY nome_token = "st01"));
  INSERT IGNORE INTO tokens (nome_token, acentuada, id_tipo_token) VALUES ("metro", "metro", (SELECT id_tipo_token FROM classificacoes_tokens WHERE BINARY nome_token = "metro"));
  INSERT IGNORE INTO tokens (nome_token, acentuada, id_tipo_token) VALUES ("leit", "leit", (SELECT id_tipo_token FROM classificacoes_tokens WHERE BINARY nome_token = "leit"));
  INSERT IGNORE INTO tokens (nome_token, acentuada, id_tipo_token) VALUES ("fund", "fund", (SELECT id_tipo_token FROM classificacoes_tokens WHERE BINARY nome_token = "fund"));
  INSERT IGNORE INTO tokens (nome_token, acentuada, id_tipo_token) VALUES ("si11", "si11", (SELECT id_tipo_token FROM classificacoes_tokens WHERE BINARY nome_token = "si11"));
  INSERT IGNORE INTO tokens (nome_token, acentuada, id_tipo_token) VALUES ("si10", "si10", (SELECT id_tipo_token FROM classificacoes_tokens WHERE BINARY nome_token = "si10"));
  INSERT IGNORE INTO tokens (nome_token, acentuada, id_tipo_token) VALUES ("si09", "si09", (SELECT id_tipo_token FROM classificacoes_tokens WHERE BINARY nome_token = "si09"));
  INSERT IGNORE INTO tokens (nome_token, acentuada, id_tipo_token) VALUES ("si08", "si08", (SELECT id_tipo_token FROM classificacoes_tokens WHERE BINARY nome_token = "si08"));
  INSERT IGNORE INTO tokens (nome_token, acentuada, id_tipo_token) VALUES ("si07", "si07", (SELECT id_tipo_token FROM classificacoes_tokens WHERE BINARY nome_token = "si07"));
  INSERT IGNORE INTO tokens (nome_token, acentuada, id_tipo_token) VALUES ("sm01", "sm01", (SELECT id_tipo_token FROM classificacoes_tokens WHERE BINARY nome_token = "sm01"));
  INSERT IGNORE INTO tokens (nome_token, acentuada, id_tipo_token) VALUES ("mi", "mi", (SELECT id_tipo_token FROM classificacoes_tokens WHERE BINARY nome_token = "mi"));
  INSERT IGNORE INTO tokens (nome_token, acentuada, id_tipo_token) VALUES ("caract", "caract", (SELECT id_tipo_token FROM classificacoes_tokens WHERE BINARY nome_token = "caract"));
  INSERT IGNORE INTO tokens (nome_token, acentuada, id_tipo_token) VALUES ("st1", "st1", (SELECT id_tipo_token FROM classificacoes_tokens WHERE BINARY nome_token = "st1"));
  INSERT IGNORE INTO tokens (nome_token, acentuada, id_tipo_token) VALUES ("go", "go", (SELECT id_tipo_token FROM classificacoes_tokens WHERE BINARY nome_token = "go"));
  INSERT IGNORE INTO tokens (nome_token, acentuada, id_tipo_token) VALUES ("nuv", "nuv", (SELECT id_tipo_token FROM classificacoes_tokens WHERE BINARY nome_token = "nuv"));
  INSERT IGNORE INTO tokens (nome_token, acentuada, id_tipo_token) VALUES ("n24", "n24", (SELECT id_tipo_token FROM classificacoes_tokens WHERE BINARY nome_token = "n24"));
  INSERT IGNORE INTO tokens (nome_token, acentuada, id_tipo_token) VALUES ("n15", "n15", (SELECT id_tipo_token FROM classificacoes_tokens WHERE BINARY nome_token = "n15"));
  INSERT IGNORE INTO tokens (nome_token, acentuada, id_tipo_token) VALUES ("log", "log", (SELECT id_tipo_token FROM classificacoes_tokens WHERE BINARY nome_token = "log"));
  INSERT IGNORE INTO tokens (nome_token, acentuada, id_tipo_token) VALUES ("tracal", "tracal", (SELECT id_tipo_token FROM classificacoes_tokens WHERE BINARY nome_token = "tracal"));
  INSERT IGNORE INTO tokens (nome_token, acentuada, id_tipo_token) VALUES ("si01", "si01", (SELECT id_tipo_token FROM classificacoes_tokens WHERE BINARY nome_token = "si01"));
  INSERT IGNORE INTO tokens (nome_token, acentuada, id_tipo_token) VALUES ("si02", "si02", (SELECT id_tipo_token FROM classificacoes_tokens WHERE BINARY nome_token = "si02"));
  INSERT IGNORE INTO tokens (nome_token, acentuada, id_tipo_token) VALUES ("cald", "cald", (SELECT id_tipo_token FROM classificacoes_tokens WHERE BINARY nome_token = "cald"));
  INSERT IGNORE INTO tokens (nome_token, acentuada, id_tipo_token) VALUES ("guisard", "guisard", (SELECT id_tipo_token FROM classificacoes_tokens WHERE BINARY nome_token = "guisard"));
  INSERT IGNORE INTO tokens (nome_token, acentuada, id_tipo_token) VALUES ("taubate", "taubate", (SELECT id_tipo_token FROM classificacoes_tokens WHERE BINARY nome_token = "taubate"));
  INSERT IGNORE INTO tokens (nome_token, acentuada, id_tipo_token) VALUES ("nag25_nr11emp_2", "nag25_nr11emp_2", (SELECT id_tipo_token FROM classificacoes_tokens WHERE BINARY nome_token = "nag25_nr11emp_2"));
  INSERT IGNORE INTO tokens (nome_token, acentuada, id_tipo_token) VALUES ("sag25_arduino_1", "sag25_arduino_1", (SELECT id_tipo_token FROM classificacoes_tokens WHERE BINARY nome_token = "sag25_arduino_1"));
  INSERT IGNORE INTO tokens (nome_token, acentuada, id_tipo_token) VALUES ("sag25_ppython_1", "sag25_ppython_1", (SELECT id_tipo_token FROM classificacoes_tokens WHERE BINARY nome_token = "sag25_ppython_1"));
  INSERT IGNORE INTO tokens (nome_token, acentuada, id_tipo_token) VALUES ("sag25_amiblu_1", "sag25_amiblu_1", (SELECT id_tipo_token FROM classificacoes_tokens WHERE BINARY nome_token = "sag25_amiblu_1"));
  INSERT IGNORE INTO tokens (nome_token, acentuada, id_tipo_token) VALUES ("tag25_exavan_1", "tag25_exavan_1", (SELECT id_tipo_token FROM classificacoes_tokens WHERE BINARY nome_token = "tag25_exavan_1"));
  INSERT IGNORE INTO tokens (nome_token, acentuada, id_tipo_token) VALUES ("tag25_powerbi_1", "tag25_powerbi_1", (SELECT id_tipo_token FROM classificacoes_tokens WHERE BINARY nome_token = "tag25_powerbi_1"));
  INSERT IGNORE INTO tokens (nome_token, acentuada, id_tipo_token) VALUES ("sag25_tpinpre_1", "sag25_tpinpre_1", (SELECT id_tipo_token FROM classificacoes_tokens WHERE BINARY nome_token = "sag25_tpinpre_1"));
  INSERT IGNORE INTO tokens (nome_token, acentuada, id_tipo_token) VALUES ("sag25_fabocon_1", "sag25_fabocon_1", (SELECT id_tipo_token FROM classificacoes_tokens WHERE BINARY nome_token = "sag25_fabocon_1"));
  INSERT IGNORE INTO tokens (nome_token, acentuada, id_tipo_token) VALUES ("sag25_djavas_1", "sag25_djavas_1", (SELECT id_tipo_token FROM classificacoes_tokens WHERE BINARY nome_token = "sag25_djavas_1"));
  INSERT IGNORE INTO tokens (nome_token, acentuada, id_tipo_token) VALUES ("nag25_tasrece_1", "nag25_tasrece_1", (SELECT id_tipo_token FROM classificacoes_tokens WHERE BINARY nome_token = "nag25_tasrece_1"));
  INSERT IGNORE INTO tokens (nome_token, acentuada, id_tipo_token) VALUES ("_1", "_1", (SELECT id_tipo_token FROM classificacoes_tokens WHERE BINARY nome_token = "_1"));
  INSERT IGNORE INTO tokens (nome_token, acentuada, id_tipo_token) VALUES ("nag25_progc", "nag25_progc", (SELECT id_tipo_token FROM classificacoes_tokens WHERE BINARY nome_token = "nag25_progc"));
  INSERT IGNORE INTO tokens (nome_token, acentuada, id_tipo_token) VALUES ("nag25_office_1", "nag25_office_1", (SELECT id_tipo_token FROM classificacoes_tokens WHERE BINARY nome_token = "nag25_office_1"));
  INSERT IGNORE INTO tokens (nome_token, acentuada, id_tipo_token) VALUES ("tqg25_cozind_1", "tqg25_cozind_1", (SELECT id_tipo_token FROM classificacoes_tokens WHERE BINARY nome_token = "tqg25_cozind_1"));
  INSERT IGNORE INTO tokens (nome_token, acentuada, id_tipo_token) VALUES ("cozinheiro", "cozinheiro", (SELECT id_tipo_token FROM classificacoes_tokens WHERE BINARY nome_token = "cozinheiro"));
  INSERT IGNORE INTO tokens (nome_token, acentuada, id_tipo_token) VALUES ("nqg25_padeiro_1", "nqg25_padeiro_1", (SELECT id_tipo_token FROM classificacoes_tokens WHERE BINARY nome_token = "nqg25_padeiro_1"));
  INSERT IGNORE INTO tokens (nome_token, acentuada, id_tipo_token) VALUES ("nqg25_costsm_01", "nqg25_costsm_01", (SELECT id_tipo_token FROM classificacoes_tokens WHERE BINARY nome_token = "nqg25_costsm_01"));
  INSERT IGNORE INTO tokens (nome_token, acentuada, id_tipo_token) VALUES ("seg25_soterac_1", "seg25_soterac_1", (SELECT id_tipo_token FROM classificacoes_tokens WHERE BINARY nome_token = "seg25_soterac_1"));
  INSERT IGNORE INTO tokens (nome_token, acentuada, id_tipo_token) VALUES ("teg25_soterac_1", "teg25_soterac_1", (SELECT id_tipo_token FROM classificacoes_tokens WHERE BINARY nome_token = "teg25_soterac_1"));
  INSERT IGNORE INTO tokens (nome_token, acentuada, id_tipo_token) VALUES ("neg25_crefrou_1", "neg25_crefrou_1", (SELECT id_tipo_token FROM classificacoes_tokens WHERE BINARY nome_token = "neg25_crefrou_1"));
  INSERT IGNORE INTO tokens (nome_token, acentuada, id_tipo_token) VALUES ("neg25_anarh_1", "neg25_anarh_1", (SELECT id_tipo_token FROM classificacoes_tokens WHERE BINARY nome_token = "neg25_anarh_1"));
  INSERT IGNORE INTO tokens (nome_token, acentuada, id_tipo_token) VALUES ("nag25_ovospas_1", "nag25_ovospas_1", (SELECT id_tipo_token FROM classificacoes_tokens WHERE BINARY nome_token = "nag25_ovospas_1"));
  INSERT IGNORE INTO tokens (nome_token, acentuada, id_tipo_token) VALUES ("nag25_powerbi_1", "nag25_powerbi_1", (SELECT id_tipo_token FROM classificacoes_tokens WHERE BINARY nome_token = "nag25_powerbi_1"));
  INSERT IGNORE INTO tokens (nome_token, acentuada, id_tipo_token) VALUES ("tag25_ppython_1", "tag25_ppython_1", (SELECT id_tipo_token FROM classificacoes_tokens WHERE BINARY nome_token = "tag25_ppython_1"));
  INSERT IGNORE INTO tokens (nome_token, acentuada, id_tipo_token) VALUES ("tag25_ovospas_1", "tag25_ovospas_1", (SELECT id_tipo_token FROM classificacoes_tokens WHERE BINARY nome_token = "tag25_ovospas_1"));
  INSERT IGNORE INTO tokens (nome_token, acentuada, id_tipo_token) VALUES ("sag25_fabpaes_1", "sag25_fabpaes_1", (SELECT id_tipo_token FROM classificacoes_tokens WHERE BINARY nome_token = "sag25_fabpaes_1"));
  INSERT IGNORE INTO tokens (nome_token, acentuada, id_tipo_token) VALUES ("sag25_amisaia_1", "sag25_amisaia_1", (SELECT id_tipo_token FROM classificacoes_tokens WHERE BINARY nome_token = "sag25_amisaia_1"));
  INSERT IGNORE INTO tokens (nome_token, acentuada, id_tipo_token) VALUES ("tag25_fbocas_1", "tag25_fbocas_1", (SELECT id_tipo_token FROM classificacoes_tokens WHERE BINARY nome_token = "tag25_fbocas_1"));
  INSERT IGNORE INTO tokens (nome_token, acentuada, id_tipo_token) VALUES ("ta25_soldman_1", "ta25_soldman_1", (SELECT id_tipo_token FROM classificacoes_tokens WHERE BINARY nome_token = "ta25_soldman_1"));
  INSERT IGNORE INTO tokens (nome_token, acentuada, id_tipo_token) VALUES ("tag25_office_2", "tag25_office_2", (SELECT id_tipo_token FROM classificacoes_tokens WHERE BINARY nome_token = "tag25_office_2"));
  INSERT IGNORE INTO tokens (nome_token, acentuada, id_tipo_token) VALUES ("tag25_amiblu_1", "tag25_amiblu_1", (SELECT id_tipo_token FROM classificacoes_tokens WHERE BINARY nome_token = "tag25_amiblu_1"));
  INSERT IGNORE INTO tokens (nome_token, acentuada, id_tipo_token) VALUES ("tag25_msppt_2", "tag25_msppt_2", (SELECT id_tipo_token FROM classificacoes_tokens WHERE BINARY nome_token = "tag25_msppt_2"));
  INSERT IGNORE INTO tokens (nome_token, acentuada, id_tipo_token) VALUES ("tag25_msppt_1", "tag25_msppt_1", (SELECT id_tipo_token FROM classificacoes_tokens WHERE BINARY nome_token = "tag25_msppt_1"));
  INSERT IGNORE INTO tokens (nome_token, acentuada, id_tipo_token) VALUES ("point", "point", (SELECT id_tipo_token FROM classificacoes_tokens WHERE BINARY nome_token = "point"));
  INSERT IGNORE INTO tokens (nome_token, acentuada, id_tipo_token) VALUES ("sag25_tasrece_1", "sag25_tasrece_1", (SELECT id_tipo_token FROM classificacoes_tokens WHERE BINARY nome_token = "sag25_tasrece_1"));
  INSERT IGNORE INTO tokens (nome_token, acentuada, id_tipo_token) VALUES ("nag25_ppython_1", "nag25_ppython_1", (SELECT id_tipo_token FROM classificacoes_tokens WHERE BINARY nome_token = "nag25_ppython_1"));
  INSERT IGNORE INTO tokens (nome_token, acentuada, id_tipo_token) VALUES ("nag25_dmmco_1", "nag25_dmmco_1", (SELECT id_tipo_token FROM classificacoes_tokens WHERE BINARY nome_token = "nag25_dmmco_1"));
  INSERT IGNORE INTO tokens (nome_token, acentuada, id_tipo_token) VALUES ("nqg25_elempei_1", "nqg25_elempei_1", (SELECT id_tipo_token FROM classificacoes_tokens WHERE BINARY nome_token = "nqg25_elempei_1"));
  INSERT IGNORE INTO tokens (nome_token, acentuada, id_tipo_token) VALUES ("nqg25_eleins_02", "nqg25_eleins_02", (SELECT id_tipo_token FROM classificacoes_tokens WHERE BINARY nome_token = "nqg25_eleins_02"));
  INSERT IGNORE INTO tokens (nome_token, acentuada, id_tipo_token) VALUES ("registro", "registro", (SELECT id_tipo_token FROM classificacoes_tokens WHERE BINARY nome_token = "registro"));
  INSERT IGNORE INTO classificacoes_tokens (nome_token, id_tipo_token) VALUES ("085", (SELECT id_chave_tipo_token FROM tipos_tokens WHERE nome_tipo_token = "numeral"));
INSERT IGNORE INTO tokens (nome_token, acentuada, id_tipo_token) VALUES ("085", "085", (SELECT id_tipo_token FROM classificacoes_tokens WHERE BINARY nome_token = "085"));
  INSERT IGNORE INTO tokens (nome_token, acentuada, id_tipo_token) VALUES ("agg", "agg", (SELECT id_tipo_token FROM classificacoes_tokens WHERE BINARY nome_token = "agg"));
  INSERT IGNORE INTO classificacoes_tokens (nome_token, id_tipo_token) VALUES ("104", (SELECT id_chave_tipo_token FROM tipos_tokens WHERE nome_tipo_token = "numeral"));
INSERT IGNORE INTO tokens (nome_token, acentuada, id_tipo_token) VALUES ("104", "104", (SELECT id_tipo_token FROM classificacoes_tokens WHERE BINARY nome_token = "104"));
  INSERT IGNORE INTO tokens (nome_token, acentuada, id_tipo_token) VALUES ("pl9", "pl9", (SELECT id_tipo_token FROM classificacoes_tokens WHERE BINARY nome_token = "pl9"));
  INSERT IGNORE INTO tokens (nome_token, acentuada, id_tipo_token) VALUES ("cye", "cye", (SELECT id_tipo_token FROM classificacoes_tokens WHERE BINARY nome_token = "cye"));
  INSERT IGNORE INTO classificacoes_tokens (nome_token, id_tipo_token) VALUES ("086", (SELECT id_chave_tipo_token FROM tipos_tokens WHERE nome_tipo_token = "numeral"));
INSERT IGNORE INTO tokens (nome_token, acentuada, id_tipo_token) VALUES ("086", "086", (SELECT id_tipo_token FROM classificacoes_tokens WHERE BINARY nome_token = "086"));
  INSERT IGNORE INTO tokens (nome_token, acentuada, id_tipo_token) VALUES ("fig", "fig", (SELECT id_tipo_token FROM classificacoes_tokens WHERE BINARY nome_token = "fig"));
  INSERT IGNORE INTO tokens (nome_token, acentuada, id_tipo_token) VALUES ("cv7", "cv7", (SELECT id_tipo_token FROM classificacoes_tokens WHERE BINARY nome_token = "cv7"));
  INSERT IGNORE INTO tokens (nome_token, acentuada, id_tipo_token) VALUES ("ai9", "ai9", (SELECT id_tipo_token FROM classificacoes_tokens WHERE BINARY nome_token = "ai9"));
  INSERT IGNORE INTO tokens (nome_token, acentuada, id_tipo_token) VALUES ("exa", "exa", (SELECT id_tipo_token FROM classificacoes_tokens WHERE BINARY nome_token = "exa"));
  INSERT IGNORE INTO classificacoes_tokens (nome_token, id_tipo_token) VALUES ("056", (SELECT id_chave_tipo_token FROM tipos_tokens WHERE nome_tipo_token = "numeral"));
INSERT IGNORE INTO tokens (nome_token, acentuada, id_tipo_token) VALUES ("056", "056", (SELECT id_tipo_token FROM classificacoes_tokens WHERE BINARY nome_token = "056"));
  INSERT IGNORE INTO classificacoes_tokens (nome_token, id_tipo_token) VALUES ("065", (SELECT id_chave_tipo_token FROM tipos_tokens WHERE nome_tipo_token = "numeral"));
INSERT IGNORE INTO tokens (nome_token, acentuada, id_tipo_token) VALUES ("065", "065", (SELECT id_tipo_token FROM classificacoes_tokens WHERE BINARY nome_token = "065"));
  INSERT IGNORE INTO tokens (nome_token, acentuada, id_tipo_token) VALUES ("fp9", "fp9", (SELECT id_tipo_token FROM classificacoes_tokens WHERE BINARY nome_token = "fp9"));
  INSERT IGNORE INTO tokens (nome_token, acentuada, id_tipo_token) VALUES ("iag", "iag", (SELECT id_tipo_token FROM classificacoes_tokens WHERE BINARY nome_token = "iag"));
  INSERT IGNORE INTO tokens (nome_token, acentuada, id_tipo_token) VALUES ("bpe", "bpe", (SELECT id_tipo_token FROM classificacoes_tokens WHERE BINARY nome_token = "bpe"));
  INSERT IGNORE INTO tokens (nome_token, acentuada, id_tipo_token) VALUES ("lid", "lid", (SELECT id_tipo_token FROM classificacoes_tokens WHERE BINARY nome_token = "lid"));
  INSERT IGNORE INTO tokens (nome_token, acentuada, id_tipo_token) VALUES ("ihe", "ihe", (SELECT id_tipo_token FROM classificacoes_tokens WHERE BINARY nome_token = "ihe"));
  INSERT IGNORE INTO tokens (nome_token, acentuada, id_tipo_token) VALUES ("olo", "olo", (SELECT id_tipo_token FROM classificacoes_tokens WHERE BINARY nome_token = "olo"));
  INSERT IGNORE INTO tokens (nome_token, acentuada, id_tipo_token) VALUES ("fcd", "fcd", (SELECT id_tipo_token FROM classificacoes_tokens WHERE BINARY nome_token = "fcd"));
  INSERT IGNORE INTO tokens (nome_token, acentuada, id_tipo_token) VALUES ("nug", "nug", (SELECT id_tipo_token FROM classificacoes_tokens WHERE BINARY nome_token = "nug"));
  INSERT IGNORE INTO tokens (nome_token, acentuada, id_tipo_token) VALUES ("dp9", "dp9", (SELECT id_tipo_token FROM classificacoes_tokens WHERE BINARY nome_token = "dp9"));
  INSERT IGNORE INTO tokens (nome_token, acentuada, id_tipo_token) VALUES ("poj", "poj", (SELECT id_tipo_token FROM classificacoes_tokens WHERE BINARY nome_token = "poj"));
  INSERT IGNORE INTO tokens (nome_token, acentuada, id_tipo_token) VALUES ("csf", "csf", (SELECT id_tipo_token FROM classificacoes_tokens WHERE BINARY nome_token = "csf"));
  INSERT IGNORE INTO tokens (nome_token, acentuada, id_tipo_token) VALUES ("gge", "gge", (SELECT id_tipo_token FROM classificacoes_tokens WHERE BINARY nome_token = "gge"));
  INSERT IGNORE INTO tokens (nome_token, acentuada, id_tipo_token) VALUES ("az9", "az9", (SELECT id_tipo_token FROM classificacoes_tokens WHERE BINARY nome_token = "az9"));
  INSERT IGNORE INTO classificacoes_tokens (nome_token, id_tipo_token) VALUES ("084", (SELECT id_chave_tipo_token FROM tipos_tokens WHERE nome_tipo_token = "numeral"));
INSERT IGNORE INTO tokens (nome_token, acentuada, id_tipo_token) VALUES ("084", "084", (SELECT id_tipo_token FROM classificacoes_tokens WHERE BINARY nome_token = "084"));
  INSERT IGNORE INTO tokens (nome_token, acentuada, id_tipo_token) VALUES ("aad", "aad", (SELECT id_tipo_token FROM classificacoes_tokens WHERE BINARY nome_token = "aad"));
  INSERT IGNORE INTO tokens (nome_token, acentuada, id_tipo_token) VALUES ("afi", "afi", (SELECT id_tipo_token FROM classificacoes_tokens WHERE BINARY nome_token = "afi"));
  INSERT IGNORE INTO tokens (nome_token, acentuada, id_tipo_token) VALUES ("c7s", "c7s", (SELECT id_tipo_token FROM classificacoes_tokens WHERE BINARY nome_token = "c7s"));
  INSERT IGNORE INTO tokens (nome_token, acentuada, id_tipo_token) VALUES ("cherkassky", "cherkassky", (SELECT id_tipo_token FROM classificacoes_tokens WHERE BINARY nome_token = "cherkassky"));
  INSERT IGNORE INTO tokens (nome_token, acentuada, id_tipo_token) VALUES ("hessel", "hessel", (SELECT id_tipo_token FROM classificacoes_tokens WHERE BINARY nome_token = "hessel"));
  INSERT IGNORE INTO tokens (nome_token, acentuada, id_tipo_token) VALUES ("cubatao", "cubatão", (SELECT id_tipo_token FROM classificacoes_tokens WHERE BINARY nome_token = "cubatão"));
  INSERT IGNORE INTO tokens (nome_token, acentuada, id_tipo_token) VALUES ("ccna125", "ccna125", (SELECT id_tipo_token FROM classificacoes_tokens WHERE BINARY nome_token = "ccna125"));
  INSERT IGNORE INTO tokens (nome_token, acentuada, id_tipo_token) VALUES ("az900225", "az900225", (SELECT id_tipo_token FROM classificacoes_tokens WHERE BINARY nome_token = "az900225"));
  INSERT IGNORE INTO tokens (nome_token, acentuada, id_tipo_token) VALUES ("sian225", "sian225", (SELECT id_tipo_token FROM classificacoes_tokens WHERE BINARY nome_token = "sian225"));
  INSERT IGNORE INTO tokens (nome_token, acentuada, id_tipo_token) VALUES ("isn225", "isn225", (SELECT id_tipo_token FROM classificacoes_tokens WHERE BINARY nome_token = "isn225"));
  INSERT IGNORE INTO tokens (nome_token, acentuada, id_tipo_token) VALUES ("ivl225", "ivl225", (SELECT id_tipo_token FROM classificacoes_tokens WHERE BINARY nome_token = "ivl225"));
  INSERT IGNORE INTO tokens (nome_token, acentuada, id_tipo_token) VALUES ("mdir225", "mdir225", (SELECT id_tipo_token FROM classificacoes_tokens WHERE BINARY nome_token = "mdir225"));
  INSERT IGNORE INTO tokens (nome_token, acentuada, id_tipo_token) VALUES ("isne125", "isne125", (SELECT id_tipo_token FROM classificacoes_tokens WHERE BINARY nome_token = "isne125"));
  INSERT IGNORE INTO tokens (nome_token, acentuada, id_tipo_token) VALUES ("mpbisv125", "mpbisv125", (SELECT id_tipo_token FROM classificacoes_tokens WHERE BINARY nome_token = "mpbisv125"));
  INSERT IGNORE INTO tokens (nome_token, acentuada, id_tipo_token) VALUES ("mppl900125", "mppl900125", (SELECT id_tipo_token FROM classificacoes_tokens WHERE BINARY nome_token = "mppl900125"));
  INSERT IGNORE INTO tokens (nome_token, acentuada, id_tipo_token) VALUES ("isn125", "isn125", (SELECT id_tipo_token FROM classificacoes_tokens WHERE BINARY nome_token = "isn125"));
  INSERT IGNORE INTO tokens (nome_token, acentuada, id_tipo_token) VALUES ("mdir125", "mdir125", (SELECT id_tipo_token FROM classificacoes_tokens WHERE BINARY nome_token = "mdir125"));
  INSERT IGNORE INTO tokens (nome_token, acentuada, id_tipo_token) VALUES ("rolamentos", "rolamentos", (SELECT id_tipo_token FROM classificacoes_tokens WHERE BINARY nome_token = "rolamentos"));
  INSERT IGNORE INTO tokens (nome_token, acentuada, id_tipo_token) VALUES ("split225", "split225", (SELECT id_tipo_token FROM classificacoes_tokens WHERE BINARY nome_token = "split225"));
  INSERT IGNORE INTO tokens (nome_token, acentuada, id_tipo_token) VALUES ("mimi225", "mimi225", (SELECT id_tipo_token FROM classificacoes_tokens WHERE BINARY nome_token = "mimi225"));
  INSERT IGNORE INTO tokens (nome_token, acentuada, id_tipo_token) VALUES ("cel225", "cel225", (SELECT id_tipo_token FROM classificacoes_tokens WHERE BINARY nome_token = "cel225"));
  INSERT IGNORE INTO tokens (nome_token, acentuada, id_tipo_token) VALUES ("ice225", "ice225", (SELECT id_tipo_token FROM classificacoes_tokens WHERE BINARY nome_token = "ice225"));
  INSERT IGNORE INTO tokens (nome_token, acentuada, id_tipo_token) VALUES ("apr225", "apr225", (SELECT id_tipo_token FROM classificacoes_tokens WHERE BINARY nome_token = "apr225"));
  INSERT IGNORE INTO tokens (nome_token, acentuada, id_tipo_token) VALUES ("dp900225", "dp900225", (SELECT id_tipo_token FROM classificacoes_tokens WHERE BINARY nome_token = "dp900225"));
  INSERT IGNORE INTO tokens (nome_token, acentuada, id_tipo_token) VALUES ("ai900225", "ai900225", (SELECT id_tipo_token FROM classificacoes_tokens WHERE BINARY nome_token = "ai900225"));
  INSERT IGNORE INTO tokens (nome_token, acentuada, id_tipo_token) VALUES ("aws225", "aws225", (SELECT id_tipo_token FROM classificacoes_tokens WHERE BINARY nome_token = "aws225"));
  INSERT IGNORE INTO tokens (nome_token, acentuada, id_tipo_token) VALUES ("pbi225", "pbi225", (SELECT id_tipo_token FROM classificacoes_tokens WHERE BINARY nome_token = "pbi225"));
  INSERT IGNORE INTO tokens (nome_token, acentuada, id_tipo_token) VALUES ("ivl125", "ivl125", (SELECT id_tipo_token FROM classificacoes_tokens WHERE BINARY nome_token = "ivl125"));
  INSERT IGNORE INTO tokens (nome_token, acentuada, id_tipo_token) VALUES ("ai900125", "ai900125", (SELECT id_tipo_token FROM classificacoes_tokens WHERE BINARY nome_token = "ai900125"));
  INSERT IGNORE INTO tokens (nome_token, acentuada, id_tipo_token) VALUES ("pjavsv125", "pjavsv125", (SELECT id_tipo_token FROM classificacoes_tokens WHERE BINARY nome_token = "pjavsv125"));
  INSERT IGNORE INTO tokens (nome_token, acentuada, id_tipo_token) VALUES ("ctm125", "ctm125", (SELECT id_tipo_token FROM classificacoes_tokens WHERE BINARY nome_token = "ctm125"));
  INSERT IGNORE INTO tokens (nome_token, acentuada, id_tipo_token) VALUES ("teg", "teg", (SELECT id_tipo_token FROM classificacoes_tokens WHERE BINARY nome_token = "teg"));
  INSERT IGNORE INTO tokens (nome_token, acentuada, id_tipo_token) VALUES ("nag", "nag", (SELECT id_tipo_token FROM classificacoes_tokens WHERE BINARY nome_token = "nag"));
  INSERT IGNORE INTO tokens (nome_token, acentuada, id_tipo_token) VALUES ("az900125", "az900125", (SELECT id_tipo_token FROM classificacoes_tokens WHERE BINARY nome_token = "az900125"));
  INSERT IGNORE INTO tokens (nome_token, acentuada, id_tipo_token) VALUES ("nqg", "nqg", (SELECT id_tipo_token FROM classificacoes_tokens WHERE BINARY nome_token = "nqg"));
  INSERT IGNORE INTO tokens (nome_token, acentuada, id_tipo_token) VALUES ("pojava125", "pojava125", (SELECT id_tipo_token FROM classificacoes_tokens WHERE BINARY nome_token = "pojava125"));
  INSERT IGNORE INTO tokens (nome_token, acentuada, id_tipo_token) VALUES ("ice125", "ice125", (SELECT id_tipo_token FROM classificacoes_tokens WHERE BINARY nome_token = "ice125"));
  INSERT IGNORE INTO tokens (nome_token, acentuada, id_tipo_token) VALUES ("cel125", "cel125", (SELECT id_tipo_token FROM classificacoes_tokens WHERE BINARY nome_token = "cel125"));
  INSERT IGNORE INTO tokens (nome_token, acentuada, id_tipo_token) VALUES ("spl125", "spl125", (SELECT id_tipo_token FROM classificacoes_tokens WHERE BINARY nome_token = "spl125"));
  INSERT IGNORE INTO tokens (nome_token, acentuada, id_tipo_token) VALUES ("pc", "pc", (SELECT id_tipo_token FROM classificacoes_tokens WHERE BINARY nome_token = "pc"));
  INSERT IGNORE INTO tokens (nome_token, acentuada, id_tipo_token) VALUES ("fcdc125", "fcdc125", (SELECT id_tipo_token FROM classificacoes_tokens WHERE BINARY nome_token = "fcdc125"));
  INSERT IGNORE INTO tokens (nome_token, acentuada, id_tipo_token) VALUES ("sian125", "sian125", (SELECT id_tipo_token FROM classificacoes_tokens WHERE BINARY nome_token = "sian125"));
  INSERT IGNORE INTO tokens (nome_token, acentuada, id_tipo_token) VALUES ("mis125", "mis125", (SELECT id_tipo_token FROM classificacoes_tokens WHERE BINARY nome_token = "mis125"));
  INSERT IGNORE INTO tokens (nome_token, acentuada, id_tipo_token) VALUES ("msca125", "msca125", (SELECT id_tipo_token FROM classificacoes_tokens WHERE BINARY nome_token = "msca125"));
  INSERT IGNORE INTO tokens (nome_token, acentuada, id_tipo_token) VALUES ("dp900125", "dp900125", (SELECT id_tipo_token FROM classificacoes_tokens WHERE BINARY nome_token = "dp900125"));
  INSERT IGNORE INTO tokens (nome_token, acentuada, id_tipo_token) VALUES ("mpbi125", "mpbi125", (SELECT id_tipo_token FROM classificacoes_tokens WHERE BINARY nome_token = "mpbi125"));
  INSERT IGNORE INTO tokens (nome_token, acentuada, id_tipo_token) VALUES ("tag", "tag", (SELECT id_tipo_token FROM classificacoes_tokens WHERE BINARY nome_token = "tag"));
  INSERT IGNORE INTO tokens (nome_token, acentuada, id_tipo_token) VALUES ("aws125", "aws125", (SELECT id_tipo_token FROM classificacoes_tokens WHERE BINARY nome_token = "aws125"));
  INSERT IGNORE INTO tokens (nome_token, acentuada, id_tipo_token) VALUES ("mir125", "mir125", (SELECT id_tipo_token FROM classificacoes_tokens WHERE BINARY nome_token = "mir125"));
  INSERT IGNORE INTO tokens (nome_token, acentuada, id_tipo_token) VALUES ("adm125", "adm125", (SELECT id_tipo_token FROM classificacoes_tokens WHERE BINARY nome_token = "adm125"));
  INSERT IGNORE INTO tokens (nome_token, acentuada, id_tipo_token) VALUES ("aa125", "aa125", (SELECT id_tipo_token FROM classificacoes_tokens WHERE BINARY nome_token = "aa125"));
  INSERT IGNORE INTO tokens (nome_token, acentuada, id_tipo_token) VALUES ("opl125", "opl125", (SELECT id_tipo_token FROM classificacoes_tokens WHERE BINARY nome_token = "opl125"));
  INSERT IGNORE INTO tokens (nome_token, acentuada, id_tipo_token) VALUES ("opl225", "opl225", (SELECT id_tipo_token FROM classificacoes_tokens WHERE BINARY nome_token = "opl225"));
  INSERT IGNORE INTO tokens (nome_token, acentuada, id_tipo_token) VALUES ("mqg", "mqg", (SELECT id_tipo_token FROM classificacoes_tokens WHERE BINARY nome_token = "mqg"));
  INSERT IGNORE INTO tokens (nome_token, acentuada, id_tipo_token) VALUES ("aa225", "aa225", (SELECT id_tipo_token FROM classificacoes_tokens WHERE BINARY nome_token = "aa225"));
  INSERT IGNORE INTO tokens (nome_token, acentuada, id_tipo_token) VALUES ("amm225", "amm225", (SELECT id_tipo_token FROM classificacoes_tokens WHERE BINARY nome_token = "amm225"));
  INSERT IGNORE INTO tokens (nome_token, acentuada, id_tipo_token) VALUES ("pad225", "pad225", (SELECT id_tipo_token FROM classificacoes_tokens WHERE BINARY nome_token = "pad225"));
  INSERT IGNORE INTO tokens (nome_token, acentuada, id_tipo_token) VALUES ("mmlb125", "mmlb125", (SELECT id_tipo_token FROM classificacoes_tokens WHERE BINARY nome_token = "mmlb125"));
  INSERT IGNORE INTO tokens (nome_token, acentuada, id_tipo_token) VALUES ("pad125", "pad125", (SELECT id_tipo_token FROM classificacoes_tokens WHERE BINARY nome_token = "pad125"));
  INSERT IGNORE INTO tokens (nome_token, acentuada, id_tipo_token) VALUES ("tqg", "tqg", (SELECT id_tipo_token FROM classificacoes_tokens WHERE BINARY nome_token = "tqg"));
  INSERT IGNORE INTO tokens (nome_token, acentuada, id_tipo_token) VALUES ("noschese", "noschese", (SELECT id_tipo_token FROM classificacoes_tokens WHERE BINARY nome_token = "noschese"));
  INSERT IGNORE INTO tokens (nome_token, acentuada, id_tipo_token) VALUES ("cprod", "cprod", (SELECT id_tipo_token FROM classificacoes_tokens WHERE BINARY nome_token = "cprod"));
  INSERT IGNORE INTO tokens (nome_token, acentuada, id_tipo_token) VALUES ("exba", "exba", (SELECT id_tipo_token FROM classificacoes_tokens WHERE BINARY nome_token = "exba"));
  INSERT IGNORE INTO classificacoes_tokens (nome_token, id_tipo_token) VALUES ("52", (SELECT id_chave_tipo_token FROM tipos_tokens WHERE nome_tipo_token = "numeral"));
INSERT IGNORE INTO tokens (nome_token, acentuada, id_tipo_token) VALUES ("52", "52", (SELECT id_tipo_token FROM classificacoes_tokens WHERE BINARY nome_token = "52"));
  INSERT IGNORE INTO classificacoes_tokens (nome_token, id_tipo_token) VALUES ("46", (SELECT id_chave_tipo_token FROM tipos_tokens WHERE nome_tipo_token = "numeral"));
INSERT IGNORE INTO tokens (nome_token, acentuada, id_tipo_token) VALUES ("46", "46", (SELECT id_tipo_token FROM classificacoes_tokens WHERE BINARY nome_token = "46"));
  INSERT IGNORE INTO tokens (nome_token, acentuada, id_tipo_token) VALUES ("micsc", "micsc", (SELECT id_tipo_token FROM classificacoes_tokens WHERE BINARY nome_token = "micsc"));
  INSERT IGNORE INTO tokens (nome_token, acentuada, id_tipo_token) VALUES ("auhid", "auhid", (SELECT id_tipo_token FROM classificacoes_tokens WHERE BINARY nome_token = "auhid"));
  INSERT IGNORE INTO tokens (nome_token, acentuada, id_tipo_token) VALUES ("isng", "isng", (SELECT id_tipo_token FROM classificacoes_tokens WHERE BINARY nome_token = "isng"));
  INSERT IGNORE INTO tokens (nome_token, acentuada, id_tipo_token) VALUES ("micbi", "micbi", (SELECT id_tipo_token FROM classificacoes_tokens WHERE BINARY nome_token = "micbi"));
  INSERT IGNORE INTO tokens (nome_token, acentuada, id_tipo_token) VALUES ("prpy", "prpy", (SELECT id_tipo_token FROM classificacoes_tokens WHERE BINARY nome_token = "prpy"));
  INSERT IGNORE INTO tokens (nome_token, acentuada, id_tipo_token) VALUES ("micdp", "micdp", (SELECT id_tipo_token FROM classificacoes_tokens WHERE BINARY nome_token = "micdp"));
  INSERT IGNORE INTO tokens (nome_token, acentuada, id_tipo_token) VALUES ("micaz", "micaz", (SELECT id_tipo_token FROM classificacoes_tokens WHERE BINARY nome_token = "micaz"));
  INSERT IGNORE INTO tokens (nome_token, acentuada, id_tipo_token) VALUES ("awspf", "awspf", (SELECT id_tipo_token FROM classificacoes_tokens WHERE BINARY nome_token = "awspf"));
  INSERT IGNORE INTO tokens (nome_token, acentuada, id_tipo_token) VALUES ("candido", "candido", (SELECT id_tipo_token FROM classificacoes_tokens WHERE BINARY nome_token = "candido"));
  INSERT IGNORE INTO tokens (nome_token, acentuada, id_tipo_token) VALUES ("jairo", "jairo", (SELECT id_tipo_token FROM classificacoes_tokens WHERE BINARY nome_token = "jairo"));
  INSERT IGNORE INTO tokens (nome_token, acentuada, id_tipo_token) VALUES ("esolar", "esolar", (SELECT id_tipo_token FROM classificacoes_tokens WHERE BINARY nome_token = "esolar"));
  INSERT IGNORE INTO tokens (nome_token, acentuada, id_tipo_token) VALUES ("propai", "propai", (SELECT id_tipo_token FROM classificacoes_tokens WHERE BINARY nome_token = "propai"));
  INSERT IGNORE INTO tokens (nome_token, acentuada, id_tipo_token) VALUES ("gooclo", "gooclo", (SELECT id_tipo_token FROM classificacoes_tokens WHERE BINARY nome_token = "gooclo"));
  INSERT IGNORE INTO tokens (nome_token, acentuada, id_tipo_token) VALUES ("ccnav7", "ccnav7", (SELECT id_tipo_token FROM classificacoes_tokens WHERE BINARY nome_token = "ccnav7"));
  INSERT IGNORE INTO tokens (nome_token, acentuada, id_tipo_token) VALUES ("eleins", "eleins", (SELECT id_tipo_token FROM classificacoes_tokens WHERE BINARY nome_token = "eleins"));
  INSERT IGNORE INTO tokens (nome_token, acentuada, id_tipo_token) VALUES ("gooaig", "gooaig", (SELECT id_tipo_token FROM classificacoes_tokens WHERE BINARY nome_token = "gooaig"));
  INSERT IGNORE INTO tokens (nome_token, acentuada, id_tipo_token) VALUES ("gs", "gs", (SELECT id_tipo_token FROM classificacoes_tokens WHERE BINARY nome_token = "gs"));
  INSERT IGNORE INTO tokens (nome_token, acentuada, id_tipo_token) VALUES ("gootrd", "gootrd", (SELECT id_tipo_token FROM classificacoes_tokens WHERE BINARY nome_token = "gootrd"));
  INSERT IGNORE INTO tokens (nome_token, acentuada, id_tipo_token) VALUES ("leader", "leader", (SELECT id_tipo_token FROM classificacoes_tokens WHERE BINARY nome_token = "leader"));
  INSERT IGNORE INTO tokens (nome_token, acentuada, id_tipo_token) VALUES ("d8", "d8", (SELECT id_tipo_token FROM classificacoes_tokens WHERE BINARY nome_token = "d8"));
  INSERT IGNORE INTO tokens (nome_token, acentuada, id_tipo_token) VALUES ("pytfud", "pytfud", (SELECT id_tipo_token FROM classificacoes_tokens WHERE BINARY nome_token = "pytfud"));
  INSERT IGNORE INTO tokens (nome_token, acentuada, id_tipo_token) VALUES ("a4", "a4", (SELECT id_tipo_token FROM classificacoes_tokens WHERE BINARY nome_token = "a4"));
  INSERT IGNORE INTO tokens (nome_token, acentuada, id_tipo_token) VALUES ("v4", "v4", (SELECT id_tipo_token FROM classificacoes_tokens WHERE BINARY nome_token = "v4"));
  INSERT IGNORE INTO tokens (nome_token, acentuada, id_tipo_token) VALUES ("v5", "v5", (SELECT id_tipo_token FROM classificacoes_tokens WHERE BINARY nome_token = "v5"));
  INSERT IGNORE INTO tokens (nome_token, acentuada, id_tipo_token) VALUES ("d9", "d9", (SELECT id_tipo_token FROM classificacoes_tokens WHERE BINARY nome_token = "d9"));
  INSERT IGNORE INTO tokens (nome_token, acentuada, id_tipo_token) VALUES ("pwrbi", "pwrbi", (SELECT id_tipo_token FROM classificacoes_tokens WHERE BINARY nome_token = "pwrbi"));
  INSERT IGNORE INTO tokens (nome_token, acentuada, id_tipo_token) VALUES ("bs", "bs", (SELECT id_tipo_token FROM classificacoes_tokens WHERE BINARY nome_token = "bs"));
  INSERT IGNORE INTO tokens (nome_token, acentuada, id_tipo_token) VALUES ("mecind", "mecind", (SELECT id_tipo_token FROM classificacoes_tokens WHERE BINARY nome_token = "mecind"));
  INSERT IGNORE INTO tokens (nome_token, acentuada, id_tipo_token) VALUES ("mahfuz", "mahfuz", (SELECT id_tipo_token FROM classificacoes_tokens WHERE BINARY nome_token = "mahfuz"));
  INSERT IGNORE INTO tokens (nome_token, acentuada, id_tipo_token) VALUES ("ensa", "ensa", (SELECT id_tipo_token FROM classificacoes_tokens WHERE BINARY nome_token = "ensa"));
  INSERT IGNORE INTO tokens (nome_token, acentuada, id_tipo_token) VALUES ("propy", "propy", (SELECT id_tipo_token FROM classificacoes_tokens WHERE BINARY nome_token = "propy"));
  INSERT IGNORE INTO tokens (nome_token, acentuada, id_tipo_token) VALUES ("imsn", "imsn", (SELECT id_tipo_token FROM classificacoes_tokens WHERE BINARY nome_token = "imsn"));
  INSERT IGNORE INTO tokens (nome_token, acentuada, id_tipo_token) VALUES ("psi", "psi", (SELECT id_tipo_token FROM classificacoes_tokens WHERE BINARY nome_token = "psi"));
  INSERT IGNORE INTO tokens (nome_token, acentuada, id_tipo_token) VALUES ("bsa", "bsa", (SELECT id_tipo_token FROM classificacoes_tokens WHERE BINARY nome_token = "bsa"));
  INSERT IGNORE INTO tokens (nome_token, acentuada, id_tipo_token) VALUES ("djs", "djs", (SELECT id_tipo_token FROM classificacoes_tokens WHERE BINARY nome_token = "djs"));
  INSERT IGNORE INTO tokens (nome_token, acentuada, id_tipo_token) VALUES ("iadnm", "iadnm", (SELECT id_tipo_token FROM classificacoes_tokens WHERE BINARY nome_token = "iadnm"));
  INSERT IGNORE INTO tokens (nome_token, acentuada, id_tipo_token) VALUES ("des2d", "des2d", (SELECT id_tipo_token FROM classificacoes_tokens WHERE BINARY nome_token = "des2d"));
  INSERT IGNORE INTO tokens (nome_token, acentuada, id_tipo_token) VALUES ("intnetw", "intnetw", (SELECT id_tipo_token FROM classificacoes_tokens WHERE BINARY nome_token = "intnetw"));
  INSERT IGNORE INTO tokens (nome_token, acentuada, id_tipo_token) VALUES ("isian", "isian", (SELECT id_tipo_token FROM classificacoes_tokens WHERE BINARY nome_token = "isian"));
  INSERT IGNORE INTO tokens (nome_token, acentuada, id_tipo_token) VALUES ("cotia", "cotia", (SELECT id_tipo_token FROM classificacoes_tokens WHERE BINARY nome_token = "cotia"));
  INSERT IGNORE INTO tokens (nome_token, acentuada, id_tipo_token) VALUES ("ampowbi4", "ampowbi4", (SELECT id_tipo_token FROM classificacoes_tokens WHERE BINARY nome_token = "ampowbi4"));
  INSERT IGNORE INTO tokens (nome_token, acentuada, id_tipo_token) VALUES ("ampowbi2", "ampowbi2", (SELECT id_tipo_token FROM classificacoes_tokens WHERE BINARY nome_token = "ampowbi2"));
  INSERT IGNORE INTO tokens (nome_token, acentuada, id_tipo_token) VALUES ("ampowbi1", "ampowbi1", (SELECT id_tipo_token FROM classificacoes_tokens WHERE BINARY nome_token = "ampowbi1"));
  INSERT IGNORE INTO tokens (nome_token, acentuada, id_tipo_token) VALUES ("ampowbi3", "ampowbi3", (SELECT id_tipo_token FROM classificacoes_tokens WHERE BINARY nome_token = "ampowbi3"));
  INSERT IGNORE INTO tokens (nome_token, acentuada, id_tipo_token) VALUES ("aexa6", "aexa6", (SELECT id_tipo_token FROM classificacoes_tokens WHERE BINARY nome_token = "aexa6"));
  INSERT IGNORE INTO tokens (nome_token, acentuada, id_tipo_token) VALUES ("aexa5", "aexa5", (SELECT id_tipo_token FROM classificacoes_tokens WHERE BINARY nome_token = "aexa5"));
  INSERT IGNORE INTO tokens (nome_token, acentuada, id_tipo_token) VALUES ("adesiguxui3", "adesiguxui3", (SELECT id_tipo_token FROM classificacoes_tokens WHERE BINARY nome_token = "adesiguxui3"));
  INSERT IGNORE INTO tokens (nome_token, acentuada, id_tipo_token) VALUES ("ampowbi13", "ampowbi13", (SELECT id_tipo_token FROM classificacoes_tokens WHERE BINARY nome_token = "ampowbi13"));
  INSERT IGNORE INTO tokens (nome_token, acentuada, id_tipo_token) VALUES ("ampowbi11", "ampowbi11", (SELECT id_tipo_token FROM classificacoes_tokens WHERE BINARY nome_token = "ampowbi11"));
  INSERT IGNORE INTO tokens (nome_token, acentuada, id_tipo_token) VALUES ("ampowbi6", "ampowbi6", (SELECT id_tipo_token FROM classificacoes_tokens WHERE BINARY nome_token = "ampowbi6"));
  INSERT IGNORE INTO tokens (nome_token, acentuada, id_tipo_token) VALUES ("ampowbi9", "ampowbi9", (SELECT id_tipo_token FROM classificacoes_tokens WHERE BINARY nome_token = "ampowbi9"));
  INSERT IGNORE INTO tokens (nome_token, acentuada, id_tipo_token) VALUES ("ampowbi8", "ampowbi8", (SELECT id_tipo_token FROM classificacoes_tokens WHERE BINARY nome_token = "ampowbi8"));
  INSERT IGNORE INTO tokens (nome_token, acentuada, id_tipo_token) VALUES ("ampowbi7", "ampowbi7", (SELECT id_tipo_token FROM classificacoes_tokens WHERE BINARY nome_token = "ampowbi7"));
  INSERT IGNORE INTO tokens (nome_token, acentuada, id_tipo_token) VALUES ("aexa10", "aexa10", (SELECT id_tipo_token FROM classificacoes_tokens WHERE BINARY nome_token = "aexa10"));
  INSERT IGNORE INTO tokens (nome_token, acentuada, id_tipo_token) VALUES ("aexa9", "aexa9", (SELECT id_tipo_token FROM classificacoes_tokens WHERE BINARY nome_token = "aexa9"));
  INSERT IGNORE INTO tokens (nome_token, acentuada, id_tipo_token) VALUES ("aexcatend4", "aexcatend4", (SELECT id_tipo_token FROM classificacoes_tokens WHERE BINARY nome_token = "aexcatend4"));
  INSERT IGNORE INTO tokens (nome_token, acentuada, id_tipo_token) VALUES ("aexcatend3", "aexcatend3", (SELECT id_tipo_token FROM classificacoes_tokens WHERE BINARY nome_token = "aexcatend3"));
  INSERT IGNORE INTO tokens (nome_token, acentuada, id_tipo_token) VALUES ("aoffice4", "aoffice4", (SELECT id_tipo_token FROM classificacoes_tokens WHERE BINARY nome_token = "aoffice4"));
  INSERT IGNORE INTO tokens (nome_token, acentuada, id_tipo_token) VALUES ("aoffice3", "aoffice3", (SELECT id_tipo_token FROM classificacoes_tokens WHERE BINARY nome_token = "aoffice3"));
  INSERT IGNORE INTO tokens (nome_token, acentuada, id_tipo_token) VALUES ("adesiguxui2", "adesiguxui2", (SELECT id_tipo_token FROM classificacoes_tokens WHERE BINARY nome_token = "adesiguxui2"));
  INSERT IGNORE INTO tokens (nome_token, acentuada, id_tipo_token) VALUES ("adesgweb1", "adesgweb1", (SELECT id_tipo_token FROM classificacoes_tokens WHERE BINARY nome_token = "adesgweb1"));
  INSERT IGNORE INTO tokens (nome_token, acentuada, id_tipo_token) VALUES ("aaz900", "aaz900", (SELECT id_tipo_token FROM classificacoes_tokens WHERE BINARY nome_token = "aaz900"));
  INSERT IGNORE INTO tokens (nome_token, acentuada, id_tipo_token) VALUES ("aredes", "aredes", (SELECT id_tipo_token FROM classificacoes_tokens WHERE BINARY nome_token = "aredes"));
  INSERT IGNORE INTO tokens (nome_token, acentuada, id_tipo_token) VALUES ("ampowbi5", "ampowbi5", (SELECT id_tipo_token FROM classificacoes_tokens WHERE BINARY nome_token = "ampowbi5"));
  INSERT IGNORE INTO tokens (nome_token, acentuada, id_tipo_token) VALUES ("aai900", "aai900", (SELECT id_tipo_token FROM classificacoes_tokens WHERE BINARY nome_token = "aai900"));
  INSERT IGNORE INTO tokens (nome_token, acentuada, id_tipo_token) VALUES ("qelin2", "qelin2", (SELECT id_tipo_token FROM classificacoes_tokens WHERE BINARY nome_token = "qelin2"));
  INSERT IGNORE INTO tokens (nome_token, acentuada, id_tipo_token) VALUES ("ges", "ges", (SELECT id_tipo_token FROM classificacoes_tokens WHERE BINARY nome_token = "ges"));
  INSERT IGNORE INTO tokens (nome_token, acentuada, id_tipo_token) VALUES ("qasrh2", "qasrh2", (SELECT id_tipo_token FROM classificacoes_tokens WHERE BINARY nome_token = "qasrh2"));
  INSERT IGNORE INTO tokens (nome_token, acentuada, id_tipo_token) VALUES ("qauxadm4", "qauxadm4", (SELECT id_tipo_token FROM classificacoes_tokens WHERE BINARY nome_token = "qauxadm4"));
  INSERT IGNORE INTO tokens (nome_token, acentuada, id_tipo_token) VALUES ("qauxadm3", "qauxadm3", (SELECT id_tipo_token FROM classificacoes_tokens WHERE BINARY nome_token = "qauxadm3"));
  INSERT IGNORE INTO tokens (nome_token, acentuada, id_tipo_token) VALUES ("qweb", "qweb", (SELECT id_tipo_token FROM classificacoes_tokens WHERE BINARY nome_token = "qweb"));
  INSERT IGNORE INTO tokens (nome_token, acentuada, id_tipo_token) VALUES ("qasescfis2", "qasescfis2", (SELECT id_tipo_token FROM classificacoes_tokens WHERE BINARY nome_token = "qasescfis2"));
  INSERT IGNORE INTO tokens (nome_token, acentuada, id_tipo_token) VALUES ("aexb8", "aexb8", (SELECT id_tipo_token FROM classificacoes_tokens WHERE BINARY nome_token = "aexb8"));
  INSERT IGNORE INTO tokens (nome_token, acentuada, id_tipo_token) VALUES ("aexb7", "aexb7", (SELECT id_tipo_token FROM classificacoes_tokens WHERE BINARY nome_token = "aexb7"));
  INSERT IGNORE INTO tokens (nome_token, acentuada, id_tipo_token) VALUES ("aexb6", "aexb6", (SELECT id_tipo_token FROM classificacoes_tokens WHERE BINARY nome_token = "aexb6"));
  INSERT IGNORE INTO tokens (nome_token, acentuada, id_tipo_token) VALUES ("acoe5", "acoe5", (SELECT id_tipo_token FROM classificacoes_tokens WHERE BINARY nome_token = "acoe5"));
  INSERT IGNORE INTO tokens (nome_token, acentuada, id_tipo_token) VALUES ("aexb18", "aexb18", (SELECT id_tipo_token FROM classificacoes_tokens WHERE BINARY nome_token = "aexb18"));
  INSERT IGNORE INTO tokens (nome_token, acentuada, id_tipo_token) VALUES ("aexb15", "aexb15", (SELECT id_tipo_token FROM classificacoes_tokens WHERE BINARY nome_token = "aexb15"));
  INSERT IGNORE INTO tokens (nome_token, acentuada, id_tipo_token) VALUES ("aexb14", "aexb14", (SELECT id_tipo_token FROM classificacoes_tokens WHERE BINARY nome_token = "aexb14"));
  INSERT IGNORE INTO tokens (nome_token, acentuada, id_tipo_token) VALUES ("aexb13", "aexb13", (SELECT id_tipo_token FROM classificacoes_tokens WHERE BINARY nome_token = "aexb13"));
  INSERT IGNORE INTO tokens (nome_token, acentuada, id_tipo_token) VALUES ("acoe4", "acoe4", (SELECT id_tipo_token FROM classificacoes_tokens WHERE BINARY nome_token = "acoe4"));
  INSERT IGNORE INTO tokens (nome_token, acentuada, id_tipo_token) VALUES ("be", "be", (SELECT id_tipo_token FROM classificacoes_tokens WHERE BINARY nome_token = "be"));
  INSERT IGNORE INTO tokens (nome_token, acentuada, id_tipo_token) VALUES ("qopel3", "qopel3", (SELECT id_tipo_token FROM classificacoes_tokens WHERE BINARY nome_token = "qopel3"));
  INSERT IGNORE INTO tokens (nome_token, acentuada, id_tipo_token) VALUES ("qelin5", "qelin5", (SELECT id_tipo_token FROM classificacoes_tokens WHERE BINARY nome_token = "qelin5"));
  INSERT IGNORE INTO tokens (nome_token, acentuada, id_tipo_token) VALUES ("mindlin", "mindlin", (SELECT id_tipo_token FROM classificacoes_tokens WHERE BINARY nome_token = "mindlin"));
  INSERT IGNORE INTO tokens (nome_token, acentuada, id_tipo_token) VALUES ("ephim", "ephim", (SELECT id_tipo_token FROM classificacoes_tokens WHERE BINARY nome_token = "ephim"));
  INSERT IGNORE INTO tokens (nome_token, acentuada, id_tipo_token) VALUES ("barueri", "barueri", (SELECT id_tipo_token FROM classificacoes_tokens WHERE BINARY nome_token = "barueri"));
  INSERT IGNORE INTO tokens (nome_token, acentuada, id_tipo_token) VALUES ("1t", "1t", (SELECT id_tipo_token FROM classificacoes_tokens WHERE BINARY nome_token = "1t"));
  INSERT IGNORE INTO tokens (nome_token, acentuada, id_tipo_token) VALUES ("ppy", "ppy", (SELECT id_tipo_token FROM classificacoes_tokens WHERE BINARY nome_token = "ppy"));
  INSERT IGNORE INTO tokens (nome_token, acentuada, id_tipo_token) VALUES ("1si", "1si", (SELECT id_tipo_token FROM classificacoes_tokens WHERE BINARY nome_token = "1si"));
  INSERT IGNORE INTO tokens (nome_token, acentuada, id_tipo_token) VALUES ("bol", "bol", (SELECT id_tipo_token FROM classificacoes_tokens WHERE BINARY nome_token = "bol"));
  INSERT IGNORE INTO tokens (nome_token, acentuada, id_tipo_token) VALUES ("eco", "eco", (SELECT id_tipo_token FROM classificacoes_tokens WHERE BINARY nome_token = "eco"));
  INSERT IGNORE INTO tokens (nome_token, acentuada, id_tipo_token) VALUES ("suzana", "suzana", (SELECT id_tipo_token FROM classificacoes_tokens WHERE BINARY nome_token = "suzana"));
  INSERT IGNORE INTO tokens (nome_token, acentuada, id_tipo_token) VALUES ("mktce", "mktce", (SELECT id_tipo_token FROM classificacoes_tokens WHERE BINARY nome_token = "mktce"));
  INSERT IGNORE INTO tokens (nome_token, acentuada, id_tipo_token) VALUES ("prc", "prc", (SELECT id_tipo_token FROM classificacoes_tokens WHERE BINARY nome_token = "prc"));
  INSERT IGNORE INTO tokens (nome_token, acentuada, id_tipo_token) VALUES ("gglkr", "gglkr", (SELECT id_tipo_token FROM classificacoes_tokens WHERE BINARY nome_token = "gglkr"));
  INSERT IGNORE INTO classificacoes_tokens (nome_token, id_tipo_token) VALUES ("151", (SELECT id_chave_tipo_token FROM tipos_tokens WHERE nome_tipo_token = "numeral"));
INSERT IGNORE INTO tokens (nome_token, acentuada, id_tipo_token) VALUES ("151", "151", (SELECT id_tipo_token FROM classificacoes_tokens WHERE BINARY nome_token = "151"));
  INSERT IGNORE INTO tokens (nome_token, acentuada, id_tipo_token) VALUES ("ggfiag", "ggfiag", (SELECT id_tipo_token FROM classificacoes_tokens WHERE BINARY nome_token = "ggfiag"));
  INSERT IGNORE INTO tokens (nome_token, acentuada, id_tipo_token) VALUES ("2025_43", "2025_43", (SELECT id_tipo_token FROM classificacoes_tokens WHERE BINARY nome_token = "2025_43"));
  INSERT IGNORE INTO tokens (nome_token, acentuada, id_tipo_token) VALUES ("automate", "automate", (SELECT id_tipo_token FROM classificacoes_tokens WHERE BINARY nome_token = "automate"));
  INSERT IGNORE INTO tokens (nome_token, acentuada, id_tipo_token) VALUES ("rpa", "rpa", (SELECT id_tipo_token FROM classificacoes_tokens WHERE BINARY nome_token = "rpa"));
  INSERT IGNORE INTO tokens (nome_token, acentuada, id_tipo_token) VALUES ("2025_44", "2025_44", (SELECT id_tipo_token FROM classificacoes_tokens WHERE BINARY nome_token = "2025_44"));
  INSERT IGNORE INTO tokens (nome_token, acentuada, id_tipo_token) VALUES ("2025_45", "2025_45", (SELECT id_tipo_token FROM classificacoes_tokens WHERE BINARY nome_token = "2025_45"));
  INSERT IGNORE INTO tokens (nome_token, acentuada, id_tipo_token) VALUES ("2025_47", "2025_47", (SELECT id_tipo_token FROM classificacoes_tokens WHERE BINARY nome_token = "2025_47"));
  INSERT IGNORE INTO tokens (nome_token, acentuada, id_tipo_token) VALUES ("2025_10", "2025_10", (SELECT id_tipo_token FROM classificacoes_tokens WHERE BINARY nome_token = "2025_10"));
  INSERT IGNORE INTO tokens (nome_token, acentuada, id_tipo_token) VALUES ("2025_9", "2025_9", (SELECT id_tipo_token FROM classificacoes_tokens WHERE BINARY nome_token = "2025_9"));
  INSERT IGNORE INTO tokens (nome_token, acentuada, id_tipo_token) VALUES ("effects", "effects", (SELECT id_tipo_token FROM classificacoes_tokens WHERE BINARY nome_token = "effects"));
  INSERT IGNORE INTO tokens (nome_token, acentuada, id_tipo_token) VALUES ("after", "after", (SELECT id_tipo_token FROM classificacoes_tokens WHERE BINARY nome_token = "after"));
  INSERT IGNORE INTO tokens (nome_token, acentuada, id_tipo_token) VALUES ("composicao", "composição", (SELECT id_tipo_token FROM classificacoes_tokens WHERE BINARY nome_token = "composição"));
  INSERT IGNORE INTO tokens (nome_token, acentuada, id_tipo_token) VALUES ("2025_7", "2025_7", (SELECT id_tipo_token FROM classificacoes_tokens WHERE BINARY nome_token = "2025_7"));
  INSERT IGNORE INTO tokens (nome_token, acentuada, id_tipo_token) VALUES ("2025_8", "2025_8", (SELECT id_tipo_token FROM classificacoes_tokens WHERE BINARY nome_token = "2025_8"));
  INSERT IGNORE INTO tokens (nome_token, acentuada, id_tipo_token) VALUES ("2025_6", "2025_6", (SELECT id_tipo_token FROM classificacoes_tokens WHERE BINARY nome_token = "2025_6"));
  INSERT IGNORE INTO tokens (nome_token, acentuada, id_tipo_token) VALUES ("2025_3", "2025_3", (SELECT id_tipo_token FROM classificacoes_tokens WHERE BINARY nome_token = "2025_3"));
  INSERT IGNORE INTO tokens (nome_token, acentuada, id_tipo_token) VALUES ("photoshop", "photoshop", (SELECT id_tipo_token FROM classificacoes_tokens WHERE BINARY nome_token = "photoshop"));
  INSERT IGNORE INTO tokens (nome_token, acentuada, id_tipo_token) VALUES ("2025_5", "2025_5", (SELECT id_tipo_token FROM classificacoes_tokens WHERE BINARY nome_token = "2025_5"));
  INSERT IGNORE INTO tokens (nome_token, acentuada, id_tipo_token) VALUES ("2025_4", "2025_4", (SELECT id_tipo_token FROM classificacoes_tokens WHERE BINARY nome_token = "2025_4"));
  INSERT IGNORE INTO classificacoes_tokens (nome_token, id_tipo_token) VALUES ("147", (SELECT id_chave_tipo_token FROM tipos_tokens WHERE nome_tipo_token = "numeral"));
INSERT IGNORE INTO tokens (nome_token, acentuada, id_tipo_token) VALUES ("147", "147", (SELECT id_tipo_token FROM classificacoes_tokens WHERE BINARY nome_token = "147"));
  INSERT IGNORE INTO tokens (nome_token, acentuada, id_tipo_token) VALUES ("si", "si", (SELECT id_tipo_token FROM classificacoes_tokens WHERE BINARY nome_token = "si"));
  INSERT IGNORE INTO tokens (nome_token, acentuada, id_tipo_token) VALUES ("2025_48", "2025_48", (SELECT id_tipo_token FROM classificacoes_tokens WHERE BINARY nome_token = "2025_48"));
  INSERT IGNORE INTO tokens (nome_token, acentuada, id_tipo_token) VALUES ("2025_25", "2025_25", (SELECT id_tipo_token FROM classificacoes_tokens WHERE BINARY nome_token = "2025_25"));
  INSERT IGNORE INTO tokens (nome_token, acentuada, id_tipo_token) VALUES ("2025_27", "2025_27", (SELECT id_tipo_token FROM classificacoes_tokens WHERE BINARY nome_token = "2025_27"));
  INSERT IGNORE INTO tokens (nome_token, acentuada, id_tipo_token) VALUES ("2025_28", "2025_28", (SELECT id_tipo_token FROM classificacoes_tokens WHERE BINARY nome_token = "2025_28"));
  INSERT IGNORE INTO tokens (nome_token, acentuada, id_tipo_token) VALUES ("2025_26", "2025_26", (SELECT id_tipo_token FROM classificacoes_tokens WHERE BINARY nome_token = "2025_26"));
  INSERT IGNORE INTO tokens (nome_token, acentuada, id_tipo_token) VALUES ("2025_29", "2025_29", (SELECT id_tipo_token FROM classificacoes_tokens WHERE BINARY nome_token = "2025_29"));
  INSERT IGNORE INTO tokens (nome_token, acentuada, id_tipo_token) VALUES ("2025_30", "2025_30", (SELECT id_tipo_token FROM classificacoes_tokens WHERE BINARY nome_token = "2025_30"));
  INSERT IGNORE INTO tokens (nome_token, acentuada, id_tipo_token) VALUES ("2025_24", "2025_24", (SELECT id_tipo_token FROM classificacoes_tokens WHERE BINARY nome_token = "2025_24"));
  INSERT IGNORE INTO tokens (nome_token, acentuada, id_tipo_token) VALUES ("2025_31", "2025_31", (SELECT id_tipo_token FROM classificacoes_tokens WHERE BINARY nome_token = "2025_31"));
  INSERT IGNORE INTO tokens (nome_token, acentuada, id_tipo_token) VALUES ("2025_32", "2025_32", (SELECT id_tipo_token FROM classificacoes_tokens WHERE BINARY nome_token = "2025_32"));
  INSERT IGNORE INTO tokens (nome_token, acentuada, id_tipo_token) VALUES ("2025_23", "2025_23", (SELECT id_tipo_token FROM classificacoes_tokens WHERE BINARY nome_token = "2025_23"));
  INSERT IGNORE INTO tokens (nome_token, acentuada, id_tipo_token) VALUES ("2025_33", "2025_33", (SELECT id_tipo_token FROM classificacoes_tokens WHERE BINARY nome_token = "2025_33"));
  INSERT IGNORE INTO tokens (nome_token, acentuada, id_tipo_token) VALUES ("2025_22", "2025_22", (SELECT id_tipo_token FROM classificacoes_tokens WHERE BINARY nome_token = "2025_22"));
  INSERT IGNORE INTO tokens (nome_token, acentuada, id_tipo_token) VALUES ("2025_34", "2025_34", (SELECT id_tipo_token FROM classificacoes_tokens WHERE BINARY nome_token = "2025_34"));
  INSERT IGNORE INTO tokens (nome_token, acentuada, id_tipo_token) VALUES ("2025_35", "2025_35", (SELECT id_tipo_token FROM classificacoes_tokens WHERE BINARY nome_token = "2025_35"));
  INSERT IGNORE INTO tokens (nome_token, acentuada, id_tipo_token) VALUES ("2025_21", "2025_21", (SELECT id_tipo_token FROM classificacoes_tokens WHERE BINARY nome_token = "2025_21"));
  INSERT IGNORE INTO tokens (nome_token, acentuada, id_tipo_token) VALUES ("2025_36", "2025_36", (SELECT id_tipo_token FROM classificacoes_tokens WHERE BINARY nome_token = "2025_36"));
  INSERT IGNORE INTO tokens (nome_token, acentuada, id_tipo_token) VALUES ("2025_37", "2025_37", (SELECT id_tipo_token FROM classificacoes_tokens WHERE BINARY nome_token = "2025_37"));
  INSERT IGNORE INTO tokens (nome_token, acentuada, id_tipo_token) VALUES ("2025_20", "2025_20", (SELECT id_tipo_token FROM classificacoes_tokens WHERE BINARY nome_token = "2025_20"));
  INSERT IGNORE INTO tokens (nome_token, acentuada, id_tipo_token) VALUES ("premiere", "premiere", (SELECT id_tipo_token FROM classificacoes_tokens WHERE BINARY nome_token = "premiere"));
  INSERT IGNORE INTO tokens (nome_token, acentuada, id_tipo_token) VALUES ("videos", "vídeos", (SELECT id_tipo_token FROM classificacoes_tokens WHERE BINARY nome_token = "vídeos"));
  INSERT IGNORE INTO tokens (nome_token, acentuada, id_tipo_token) VALUES ("edicao", "edição", (SELECT id_tipo_token FROM classificacoes_tokens WHERE BINARY nome_token = "edição"));
  INSERT IGNORE INTO tokens (nome_token, acentuada, id_tipo_token) VALUES ("2025_38", "2025_38", (SELECT id_tipo_token FROM classificacoes_tokens WHERE BINARY nome_token = "2025_38"));
  INSERT IGNORE INTO tokens (nome_token, acentuada, id_tipo_token) VALUES ("comercio", "comércio", (SELECT id_tipo_token FROM classificacoes_tokens WHERE BINARY nome_token = "comércio"));
  INSERT IGNORE INTO tokens (nome_token, acentuada, id_tipo_token) VALUES ("2025_19", "2025_19", (SELECT id_tipo_token FROM classificacoes_tokens WHERE BINARY nome_token = "2025_19"));
  INSERT IGNORE INTO tokens (nome_token, acentuada, id_tipo_token) VALUES ("2025_40", "2025_40", (SELECT id_tipo_token FROM classificacoes_tokens WHERE BINARY nome_token = "2025_40"));
  INSERT IGNORE INTO tokens (nome_token, acentuada, id_tipo_token) VALUES ("2025_18", "2025_18", (SELECT id_tipo_token FROM classificacoes_tokens WHERE BINARY nome_token = "2025_18"));
  INSERT IGNORE INTO tokens (nome_token, acentuada, id_tipo_token) VALUES ("2025_41", "2025_41", (SELECT id_tipo_token FROM classificacoes_tokens WHERE BINARY nome_token = "2025_41"));
  INSERT IGNORE INTO tokens (nome_token, acentuada, id_tipo_token) VALUES ("2025_17", "2025_17", (SELECT id_tipo_token FROM classificacoes_tokens WHERE BINARY nome_token = "2025_17"));
  INSERT IGNORE INTO tokens (nome_token, acentuada, id_tipo_token) VALUES ("2025_42", "2025_42", (SELECT id_tipo_token FROM classificacoes_tokens WHERE BINARY nome_token = "2025_42"));
  INSERT IGNORE INTO tokens (nome_token, acentuada, id_tipo_token) VALUES ("mktia", "mktia", (SELECT id_tipo_token FROM classificacoes_tokens WHERE BINARY nome_token = "mktia"));
  INSERT IGNORE INTO tokens (nome_token, acentuada, id_tipo_token) VALUES ("ms900", "ms900", (SELECT id_tipo_token FROM classificacoes_tokens WHERE BINARY nome_token = "ms900"));
  INSERT IGNORE INTO tokens (nome_token, acentuada, id_tipo_token) VALUES ("colaboracao", "colaboração", (SELECT id_tipo_token FROM classificacoes_tokens WHERE BINARY nome_token = "colaboração"));
  INSERT IGNORE INTO tokens (nome_token, acentuada, id_tipo_token) VALUES ("uiux", "uiux", (SELECT id_tipo_token FROM classificacoes_tokens WHERE BINARY nome_token = "uiux"));
  INSERT IGNORE INTO tokens (nome_token, acentuada, id_tipo_token) VALUES ("iagpt", "iagpt", (SELECT id_tipo_token FROM classificacoes_tokens WHERE BINARY nome_token = "iagpt"));
  INSERT IGNORE INTO tokens (nome_token, acentuada, id_tipo_token) VALUES ("chatgpt", "chatgpt", (SELECT id_tipo_token FROM classificacoes_tokens WHERE BINARY nome_token = "chatgpt"));
  INSERT IGNORE INTO tokens (nome_token, acentuada, id_tipo_token) VALUES ("generativas", "generativas", (SELECT id_tipo_token FROM classificacoes_tokens WHERE BINARY nome_token = "generativas"));
  INSERT IGNORE INTO tokens (nome_token, acentuada, id_tipo_token) VALUES ("artificiais", "artificiais", (SELECT id_tipo_token FROM classificacoes_tokens WHERE BINARY nome_token = "artificiais"));
  INSERT IGNORE INTO tokens (nome_token, acentuada, id_tipo_token) VALUES ("inteligencias", "inteligências", (SELECT id_tipo_token FROM classificacoes_tokens WHERE BINARY nome_token = "inteligências"));
  INSERT IGNORE INTO tokens (nome_token, acentuada, id_tipo_token) VALUES ("marca", "marca", (SELECT id_tipo_token FROM classificacoes_tokens WHERE BINARY nome_token = "marca"));
  INSERT IGNORE INTO tokens (nome_token, acentuada, id_tipo_token) VALUES ("dbdsc", "dbdsc", (SELECT id_tipo_token FROM classificacoes_tokens WHERE BINARY nome_token = "dbdsc"));
  INSERT IGNORE INTO classificacoes_tokens (nome_token, id_tipo_token) VALUES ("148", (SELECT id_chave_tipo_token FROM tipos_tokens WHERE nome_tipo_token = "numeral"));
INSERT IGNORE INTO tokens (nome_token, acentuada, id_tipo_token) VALUES ("148", "148", (SELECT id_tipo_token FROM classificacoes_tokens WHERE BINARY nome_token = "148"));
  INSERT IGNORE INTO tokens (nome_token, acentuada, id_tipo_token) VALUES ("uxui", "uxui", (SELECT id_tipo_token FROM classificacoes_tokens WHERE BINARY nome_token = "uxui"));
  INSERT IGNORE INTO tokens (nome_token, acentuada, id_tipo_token) VALUES ("jvscr", "jvscr", (SELECT id_tipo_token FROM classificacoes_tokens WHERE BINARY nome_token = "jvscr"));
  INSERT IGNORE INTO tokens (nome_token, acentuada, id_tipo_token) VALUES ("rdlcl", "rdlcl", (SELECT id_tipo_token FROM classificacoes_tokens WHERE BINARY nome_token = "rdlcl"));
  INSERT IGNORE INTO tokens (nome_token, acentuada, id_tipo_token) VALUES ("ftdig", "ftdig", (SELECT id_tipo_token FROM classificacoes_tokens WHERE BINARY nome_token = "ftdig"));
  INSERT IGNORE INTO tokens (nome_token, acentuada, id_tipo_token) VALUES ("midiatica", "midiática", (SELECT id_tipo_token FROM classificacoes_tokens WHERE BINARY nome_token = "midiática"));
  INSERT IGNORE INTO tokens (nome_token, acentuada, id_tipo_token) VALUES ("fotografia", "fotografia", (SELECT id_tipo_token FROM classificacoes_tokens WHERE BINARY nome_token = "fotografia"));
  INSERT IGNORE INTO tokens (nome_token, acentuada, id_tipo_token) VALUES ("2025_15", "2025_15", (SELECT id_tipo_token FROM classificacoes_tokens WHERE BINARY nome_token = "2025_15"));
  INSERT IGNORE INTO tokens (nome_token, acentuada, id_tipo_token) VALUES ("2025_1", "2025_1", (SELECT id_tipo_token FROM classificacoes_tokens WHERE BINARY nome_token = "2025_1"));
  INSERT IGNORE INTO tokens (nome_token, acentuada, id_tipo_token) VALUES ("2025_14", "2025_14", (SELECT id_tipo_token FROM classificacoes_tokens WHERE BINARY nome_token = "2025_14"));
  INSERT IGNORE INTO tokens (nome_token, acentuada, id_tipo_token) VALUES ("ios", "ios", (SELECT id_tipo_token FROM classificacoes_tokens WHERE BINARY nome_token = "ios"));
  INSERT IGNORE INTO tokens (nome_token, acentuada, id_tipo_token) VALUES ("2025_12", "2025_12", (SELECT id_tipo_token FROM classificacoes_tokens WHERE BINARY nome_token = "2025_12"));
  INSERT IGNORE INTO tokens (nome_token, acentuada, id_tipo_token) VALUES ("skaf", "skaf", (SELECT id_tipo_token FROM classificacoes_tokens WHERE BINARY nome_token = "skaf"));
  INSERT IGNORE INTO tokens (nome_token, acentuada, id_tipo_token) VALUES ("turmasite324", "turmasite324", (SELECT id_tipo_token FROM classificacoes_tokens WHERE BINARY nome_token = "turmasite324"));
  INSERT IGNORE INTO tokens (nome_token, acentuada, id_tipo_token) VALUES ("turmasite323", "turmasite323", (SELECT id_tipo_token FROM classificacoes_tokens WHERE BINARY nome_token = "turmasite323"));
  INSERT IGNORE INTO tokens (nome_token, acentuada, id_tipo_token) VALUES ("tubulacao", "tubulação", (SELECT id_tipo_token FROM classificacoes_tokens WHERE BINARY nome_token = "tubulação"));
  INSERT IGNORE INTO tokens (nome_token, acentuada, id_tipo_token) VALUES ("turmasite331", "turmasite331", (SELECT id_tipo_token FROM classificacoes_tokens WHERE BINARY nome_token = "turmasite331"));
  INSERT IGNORE INTO tokens (nome_token, acentuada, id_tipo_token) VALUES ("turmasite328", "turmasite328", (SELECT id_tipo_token FROM classificacoes_tokens WHERE BINARY nome_token = "turmasite328"));
  INSERT IGNORE INTO tokens (nome_token, acentuada, id_tipo_token) VALUES ("turmasite327", "turmasite327", (SELECT id_tipo_token FROM classificacoes_tokens WHERE BINARY nome_token = "turmasite327"));
  INSERT IGNORE INTO tokens (nome_token, acentuada, id_tipo_token) VALUES ("turmasite351", "turmasite351", (SELECT id_tipo_token FROM classificacoes_tokens WHERE BINARY nome_token = "turmasite351"));
  INSERT IGNORE INTO tokens (nome_token, acentuada, id_tipo_token) VALUES ("cronoanalista", "cronoanalista", (SELECT id_tipo_token FROM classificacoes_tokens WHERE BINARY nome_token = "cronoanalista"));
  INSERT IGNORE INTO tokens (nome_token, acentuada, id_tipo_token) VALUES ("i25082", "i25082", (SELECT id_tipo_token FROM classificacoes_tokens WHERE BINARY nome_token = "i25082"));
  INSERT IGNORE INTO tokens (nome_token, acentuada, id_tipo_token) VALUES ("recmp", "recmp", (SELECT id_tipo_token FROM classificacoes_tokens WHERE BINARY nome_token = "recmp"));
  INSERT IGNORE INTO tokens (nome_token, acentuada, id_tipo_token) VALUES ("i25081", "i25081", (SELECT id_tipo_token FROM classificacoes_tokens WHERE BINARY nome_token = "i25081"));
  INSERT IGNORE INTO tokens (nome_token, acentuada, id_tipo_token) VALUES ("mapol", "mapol", (SELECT id_tipo_token FROM classificacoes_tokens WHERE BINARY nome_token = "mapol"));
  INSERT IGNORE INTO tokens (nome_token, acentuada, id_tipo_token) VALUES ("polimericos", "poliméricos", (SELECT id_tipo_token FROM classificacoes_tokens WHERE BINARY nome_token = "poliméricos"));
  INSERT IGNORE INTO tokens (nome_token, acentuada, id_tipo_token) VALUES ("i25072", "i25072", (SELECT id_tipo_token FROM classificacoes_tokens WHERE BINARY nome_token = "i25072"));
  INSERT IGNORE INTO tokens (nome_token, acentuada, id_tipo_token) VALUES ("rtadm", "rtadm", (SELECT id_tipo_token FROM classificacoes_tokens WHERE BINARY nome_token = "rtadm"));
  INSERT IGNORE INTO tokens (nome_token, acentuada, id_tipo_token) VALUES ("t25194g", "t25194g", (SELECT id_tipo_token FROM classificacoes_tokens WHERE BINARY nome_token = "t25194g"));
  INSERT IGNORE INTO tokens (nome_token, acentuada, id_tipo_token) VALUES ("t25130g", "t25130g", (SELECT id_tipo_token FROM classificacoes_tokens WHERE BINARY nome_token = "t25130g"));
  INSERT IGNORE INTO tokens (nome_token, acentuada, id_tipo_token) VALUES ("turmasite320", "turmasite320", (SELECT id_tipo_token FROM classificacoes_tokens WHERE BINARY nome_token = "turmasite320"));
  INSERT IGNORE INTO tokens (nome_token, acentuada, id_tipo_token) VALUES ("turmasite310", "turmasite310", (SELECT id_tipo_token FROM classificacoes_tokens WHERE BINARY nome_token = "turmasite310"));
  INSERT IGNORE INTO tokens (nome_token, acentuada, id_tipo_token) VALUES ("inventario", "inventário", (SELECT id_tipo_token FROM classificacoes_tokens WHERE BINARY nome_token = "inventário"));
  INSERT IGNORE INTO tokens (nome_token, acentuada, id_tipo_token) VALUES ("turmasite309", "turmasite309", (SELECT id_tipo_token FROM classificacoes_tokens WHERE BINARY nome_token = "turmasite309"));
  INSERT IGNORE INTO tokens (nome_token, acentuada, id_tipo_token) VALUES ("turmasite308", "turmasite308", (SELECT id_tipo_token FROM classificacoes_tokens WHERE BINARY nome_token = "turmasite308"));
  INSERT IGNORE INTO tokens (nome_token, acentuada, id_tipo_token) VALUES ("turmasite322", "turmasite322", (SELECT id_tipo_token FROM classificacoes_tokens WHERE BINARY nome_token = "turmasite322"));
  INSERT IGNORE INTO tokens (nome_token, acentuada, id_tipo_token) VALUES ("turmasite321", "turmasite321", (SELECT id_tipo_token FROM classificacoes_tokens WHERE BINARY nome_token = "turmasite321"));
  INSERT IGNORE INTO tokens (nome_token, acentuada, id_tipo_token) VALUES ("up", "up", (SELECT id_tipo_token FROM classificacoes_tokens WHERE BINARY nome_token = "up"));
  INSERT IGNORE INTO tokens (nome_token, acentuada, id_tipo_token) VALUES ("set", "set", (SELECT id_tipo_token FROM classificacoes_tokens WHERE BINARY nome_token = "set"));
  INSERT IGNORE INTO tokens (nome_token, acentuada, id_tipo_token) VALUES ("rapida", "rápida", (SELECT id_tipo_token FROM classificacoes_tokens WHERE BINARY nome_token = "rápida"));
  INSERT IGNORE INTO tokens (nome_token, acentuada, id_tipo_token) VALUES ("troca", "troca", (SELECT id_tipo_token FROM classificacoes_tokens WHERE BINARY nome_token = "troca"));
  INSERT IGNORE INTO tokens (nome_token, acentuada, id_tipo_token) VALUES ("turmasite325", "turmasite325", (SELECT id_tipo_token FROM classificacoes_tokens WHERE BINARY nome_token = "turmasite325"));
  INSERT IGNORE INTO tokens (nome_token, acentuada, id_tipo_token) VALUES ("acondicionamento", "acondicionamento", (SELECT id_tipo_token FROM classificacoes_tokens WHERE BINARY nome_token = "acondicionamento"));
  INSERT IGNORE INTO tokens (nome_token, acentuada, id_tipo_token) VALUES ("n25071", "n25071", (SELECT id_tipo_token FROM classificacoes_tokens WHERE BINARY nome_token = "n25071"));
  INSERT IGNORE INTO tokens (nome_token, acentuada, id_tipo_token) VALUES ("n25115g", "n25115g", (SELECT id_tipo_token FROM classificacoes_tokens WHERE BINARY nome_token = "n25115g"));
  INSERT IGNORE INTO tokens (nome_token, acentuada, id_tipo_token) VALUES ("turmasite338", "turmasite338", (SELECT id_tipo_token FROM classificacoes_tokens WHERE BINARY nome_token = "turmasite338"));
  INSERT IGNORE INTO tokens (nome_token, acentuada, id_tipo_token) VALUES ("turmasite350", "turmasite350", (SELECT id_tipo_token FROM classificacoes_tokens WHERE BINARY nome_token = "turmasite350"));
  INSERT IGNORE INTO tokens (nome_token, acentuada, id_tipo_token) VALUES ("turmasite349", "turmasite349", (SELECT id_tipo_token FROM classificacoes_tokens WHERE BINARY nome_token = "turmasite349"));
  INSERT IGNORE INTO tokens (nome_token, acentuada, id_tipo_token) VALUES ("turmasite348", "turmasite348", (SELECT id_tipo_token FROM classificacoes_tokens WHERE BINARY nome_token = "turmasite348"));
  INSERT IGNORE INTO tokens (nome_token, acentuada, id_tipo_token) VALUES ("turmasite352", "turmasite352", (SELECT id_tipo_token FROM classificacoes_tokens WHERE BINARY nome_token = "turmasite352"));
  INSERT IGNORE INTO tokens (nome_token, acentuada, id_tipo_token) VALUES ("turmasite346", "turmasite346", (SELECT id_tipo_token FROM classificacoes_tokens WHERE BINARY nome_token = "turmasite346"));
  INSERT IGNORE INTO tokens (nome_token, acentuada, id_tipo_token) VALUES ("descarga", "descarga", (SELECT id_tipo_token FROM classificacoes_tokens WHERE BINARY nome_token = "descarga"));
  INSERT IGNORE INTO tokens (nome_token, acentuada, id_tipo_token) VALUES ("turmasite345", "turmasite345", (SELECT id_tipo_token FROM classificacoes_tokens WHERE BINARY nome_token = "turmasite345"));
  INSERT IGNORE INTO tokens (nome_token, acentuada, id_tipo_token) VALUES ("turmasite344", "turmasite344", (SELECT id_tipo_token FROM classificacoes_tokens WHERE BINARY nome_token = "turmasite344"));
  INSERT IGNORE INTO tokens (nome_token, acentuada, id_tipo_token) VALUES ("turmasite343", "turmasite343", (SELECT id_tipo_token FROM classificacoes_tokens WHERE BINARY nome_token = "turmasite343"));
  INSERT IGNORE INTO tokens (nome_token, acentuada, id_tipo_token) VALUES ("turmasite342", "turmasite342", (SELECT id_tipo_token FROM classificacoes_tokens WHERE BINARY nome_token = "turmasite342"));
  INSERT IGNORE INTO tokens (nome_token, acentuada, id_tipo_token) VALUES ("turmasite341", "turmasite341", (SELECT id_tipo_token FROM classificacoes_tokens WHERE BINARY nome_token = "turmasite341"));
  INSERT IGNORE INTO tokens (nome_token, acentuada, id_tipo_token) VALUES ("n25045g", "n25045g", (SELECT id_tipo_token FROM classificacoes_tokens WHERE BINARY nome_token = "n25045g"));
  INSERT IGNORE INTO tokens (nome_token, acentuada, id_tipo_token) VALUES ("n25193g", "n25193g", (SELECT id_tipo_token FROM classificacoes_tokens WHERE BINARY nome_token = "n25193g"));
  INSERT IGNORE INTO tokens (nome_token, acentuada, id_tipo_token) VALUES ("imcm", "imcm", (SELECT id_tipo_token FROM classificacoes_tokens WHERE BINARY nome_token = "imcm"));
  INSERT IGNORE INTO tokens (nome_token, acentuada, id_tipo_token) VALUES ("m25186g", "m25186g", (SELECT id_tipo_token FROM classificacoes_tokens WHERE BINARY nome_token = "m25186g"));
  INSERT IGNORE INTO tokens (nome_token, acentuada, id_tipo_token) VALUES ("t25179g", "t25179g", (SELECT id_tipo_token FROM classificacoes_tokens WHERE BINARY nome_token = "t25179g"));
  INSERT IGNORE INTO tokens (nome_token, acentuada, id_tipo_token) VALUES ("i25191g", "i25191g", (SELECT id_tipo_token FROM classificacoes_tokens WHERE BINARY nome_token = "i25191g"));
  INSERT IGNORE INTO tokens (nome_token, acentuada, id_tipo_token) VALUES ("psicb", "psicb", (SELECT id_tipo_token FROM classificacoes_tokens WHERE BINARY nome_token = "psicb"));
  INSERT IGNORE INTO tokens (nome_token, acentuada, id_tipo_token) VALUES ("t25052g", "t25052g", (SELECT id_tipo_token FROM classificacoes_tokens WHERE BINARY nome_token = "t25052g"));
  INSERT IGNORE INTO tokens (nome_token, acentuada, id_tipo_token) VALUES ("i25190g", "i25190g", (SELECT id_tipo_token FROM classificacoes_tokens WHERE BINARY nome_token = "i25190g"));
  INSERT IGNORE INTO tokens (nome_token, acentuada, id_tipo_token) VALUES ("n25036g", "n25036g", (SELECT id_tipo_token FROM classificacoes_tokens WHERE BINARY nome_token = "n25036g"));
  INSERT IGNORE INTO tokens (nome_token, acentuada, id_tipo_token) VALUES ("m25128g", "m25128g", (SELECT id_tipo_token FROM classificacoes_tokens WHERE BINARY nome_token = "m25128g"));
  INSERT IGNORE INTO tokens (nome_token, acentuada, id_tipo_token) VALUES ("n25074g", "n25074g", (SELECT id_tipo_token FROM classificacoes_tokens WHERE BINARY nome_token = "n25074g"));
  INSERT IGNORE INTO tokens (nome_token, acentuada, id_tipo_token) VALUES ("sdmnt", "sdmnt", (SELECT id_tipo_token FROM classificacoes_tokens WHERE BINARY nome_token = "sdmnt"));
  INSERT IGNORE INTO tokens (nome_token, acentuada, id_tipo_token) VALUES ("n25046g", "n25046g", (SELECT id_tipo_token FROM classificacoes_tokens WHERE BINARY nome_token = "n25046g"));
  INSERT IGNORE INTO tokens (nome_token, acentuada, id_tipo_token) VALUES ("n25053g", "n25053g", (SELECT id_tipo_token FROM classificacoes_tokens WHERE BINARY nome_token = "n25053g"));
  INSERT IGNORE INTO tokens (nome_token, acentuada, id_tipo_token) VALUES ("n25160g", "n25160g", (SELECT id_tipo_token FROM classificacoes_tokens WHERE BINARY nome_token = "n25160g"));
  INSERT IGNORE INTO tokens (nome_token, acentuada, id_tipo_token) VALUES ("n25033g", "n25033g", (SELECT id_tipo_token FROM classificacoes_tokens WHERE BINARY nome_token = "n25033g"));
  INSERT IGNORE INTO tokens (nome_token, acentuada, id_tipo_token) VALUES ("i25066g", "i25066g", (SELECT id_tipo_token FROM classificacoes_tokens WHERE BINARY nome_token = "i25066g"));
  INSERT IGNORE INTO tokens (nome_token, acentuada, id_tipo_token) VALUES ("pgprd", "pgprd", (SELECT id_tipo_token FROM classificacoes_tokens WHERE BINARY nome_token = "pgprd"));
  INSERT IGNORE INTO tokens (nome_token, acentuada, id_tipo_token) VALUES ("t25029g", "t25029g", (SELECT id_tipo_token FROM classificacoes_tokens WHERE BINARY nome_token = "t25029g"));
  INSERT IGNORE INTO tokens (nome_token, acentuada, id_tipo_token) VALUES ("n25060g", "n25060g", (SELECT id_tipo_token FROM classificacoes_tokens WHERE BINARY nome_token = "n25060g"));
  INSERT IGNORE INTO tokens (nome_token, acentuada, id_tipo_token) VALUES ("turmasite353", "turmasite353", (SELECT id_tipo_token FROM classificacoes_tokens WHERE BINARY nome_token = "turmasite353"));
  INSERT IGNORE INTO tokens (nome_token, acentuada, id_tipo_token) VALUES ("turmasite307", "turmasite307", (SELECT id_tipo_token FROM classificacoes_tokens WHERE BINARY nome_token = "turmasite307"));
  INSERT IGNORE INTO tokens (nome_token, acentuada, id_tipo_token) VALUES ("turmasite304", "turmasite304", (SELECT id_tipo_token FROM classificacoes_tokens WHERE BINARY nome_token = "turmasite304"));
  INSERT IGNORE INTO tokens (nome_token, acentuada, id_tipo_token) VALUES ("turmasite303", "turmasite303", (SELECT id_tipo_token FROM classificacoes_tokens WHERE BINARY nome_token = "turmasite303"));
  INSERT IGNORE INTO tokens (nome_token, acentuada, id_tipo_token) VALUES ("turmasite302", "turmasite302", (SELECT id_tipo_token FROM classificacoes_tokens WHERE BINARY nome_token = "turmasite302"));
  INSERT IGNORE INTO tokens (nome_token, acentuada, id_tipo_token) VALUES ("turmasite301", "turmasite301", (SELECT id_tipo_token FROM classificacoes_tokens WHERE BINARY nome_token = "turmasite301"));
  INSERT IGNORE INTO tokens (nome_token, acentuada, id_tipo_token) VALUES ("turmasite300", "turmasite300", (SELECT id_tipo_token FROM classificacoes_tokens WHERE BINARY nome_token = "turmasite300"));
  INSERT IGNORE INTO tokens (nome_token, acentuada, id_tipo_token) VALUES ("turmasite306", "turmasite306", (SELECT id_tipo_token FROM classificacoes_tokens WHERE BINARY nome_token = "turmasite306"));
  INSERT IGNORE INTO tokens (nome_token, acentuada, id_tipo_token) VALUES ("turmasite305", "turmasite305", (SELECT id_tipo_token FROM classificacoes_tokens WHERE BINARY nome_token = "turmasite305"));
  INSERT IGNORE INTO tokens (nome_token, acentuada, id_tipo_token) VALUES ("turmasite330", "turmasite330", (SELECT id_tipo_token FROM classificacoes_tokens WHERE BINARY nome_token = "turmasite330"));
  INSERT IGNORE INTO tokens (nome_token, acentuada, id_tipo_token) VALUES ("turmasite329", "turmasite329", (SELECT id_tipo_token FROM classificacoes_tokens WHERE BINARY nome_token = "turmasite329"));
  INSERT IGNORE INTO tokens (nome_token, acentuada, id_tipo_token) VALUES ("turmasite334", "turmasite334", (SELECT id_tipo_token FROM classificacoes_tokens WHERE BINARY nome_token = "turmasite334"));
  INSERT IGNORE INTO tokens (nome_token, acentuada, id_tipo_token) VALUES ("turmasite333", "turmasite333", (SELECT id_tipo_token FROM classificacoes_tokens WHERE BINARY nome_token = "turmasite333"));
  INSERT IGNORE INTO tokens (nome_token, acentuada, id_tipo_token) VALUES ("turmasite332", "turmasite332", (SELECT id_tipo_token FROM classificacoes_tokens WHERE BINARY nome_token = "turmasite332"));
  INSERT IGNORE INTO tokens (nome_token, acentuada, id_tipo_token) VALUES ("turmasite326", "turmasite326", (SELECT id_tipo_token FROM classificacoes_tokens WHERE BINARY nome_token = "turmasite326"));
  INSERT IGNORE INTO tokens (nome_token, acentuada, id_tipo_token) VALUES ("turmasite340", "turmasite340", (SELECT id_tipo_token FROM classificacoes_tokens WHERE BINARY nome_token = "turmasite340"));
  INSERT IGNORE INTO tokens (nome_token, acentuada, id_tipo_token) VALUES ("turmasite339", "turmasite339", (SELECT id_tipo_token FROM classificacoes_tokens WHERE BINARY nome_token = "turmasite339"));
  INSERT IGNORE INTO tokens (nome_token, acentuada, id_tipo_token) VALUES ("turmasite347", "turmasite347", (SELECT id_tipo_token FROM classificacoes_tokens WHERE BINARY nome_token = "turmasite347"));
  INSERT IGNORE INTO tokens (nome_token, acentuada, id_tipo_token) VALUES ("turmasite337", "turmasite337", (SELECT id_tipo_token FROM classificacoes_tokens WHERE BINARY nome_token = "turmasite337"));
  INSERT IGNORE INTO tokens (nome_token, acentuada, id_tipo_token) VALUES ("turmasite336", "turmasite336", (SELECT id_tipo_token FROM classificacoes_tokens WHERE BINARY nome_token = "turmasite336"));
  INSERT IGNORE INTO tokens (nome_token, acentuada, id_tipo_token) VALUES ("turmasite335", "turmasite335", (SELECT id_tipo_token FROM classificacoes_tokens WHERE BINARY nome_token = "turmasite335"));
  INSERT IGNORE INTO tokens (nome_token, acentuada, id_tipo_token) VALUES ("n25070", "n25070", (SELECT id_tipo_token FROM classificacoes_tokens WHERE BINARY nome_token = "n25070"));
  INSERT IGNORE INTO tokens (nome_token, acentuada, id_tipo_token) VALUES ("i25099", "i25099", (SELECT id_tipo_token FROM classificacoes_tokens WHERE BINARY nome_token = "i25099"));
  INSERT IGNORE INTO tokens (nome_token, acentuada, id_tipo_token) VALUES ("i25170", "i25170", (SELECT id_tipo_token FROM classificacoes_tokens WHERE BINARY nome_token = "i25170"));
  INSERT IGNORE INTO tokens (nome_token, acentuada, id_tipo_token) VALUES ("i25169", "i25169", (SELECT id_tipo_token FROM classificacoes_tokens WHERE BINARY nome_token = "i25169"));
  INSERT IGNORE INTO tokens (nome_token, acentuada, id_tipo_token) VALUES ("i25159", "i25159", (SELECT id_tipo_token FROM classificacoes_tokens WHERE BINARY nome_token = "i25159"));
  INSERT IGNORE INTO tokens (nome_token, acentuada, id_tipo_token) VALUES ("t25100", "t25100", (SELECT id_tipo_token FROM classificacoes_tokens WHERE BINARY nome_token = "t25100"));
  INSERT IGNORE INTO tokens (nome_token, acentuada, id_tipo_token) VALUES ("turmasite319", "turmasite319", (SELECT id_tipo_token FROM classificacoes_tokens WHERE BINARY nome_token = "turmasite319"));
  INSERT IGNORE INTO tokens (nome_token, acentuada, id_tipo_token) VALUES ("turmasite318", "turmasite318", (SELECT id_tipo_token FROM classificacoes_tokens WHERE BINARY nome_token = "turmasite318"));
  INSERT IGNORE INTO tokens (nome_token, acentuada, id_tipo_token) VALUES ("turmasite314", "turmasite314", (SELECT id_tipo_token FROM classificacoes_tokens WHERE BINARY nome_token = "turmasite314"));
  INSERT IGNORE INTO tokens (nome_token, acentuada, id_tipo_token) VALUES ("turmasite311", "turmasite311", (SELECT id_tipo_token FROM classificacoes_tokens WHERE BINARY nome_token = "turmasite311"));
  INSERT IGNORE INTO tokens (nome_token, acentuada, id_tipo_token) VALUES ("turmasite317", "turmasite317", (SELECT id_tipo_token FROM classificacoes_tokens WHERE BINARY nome_token = "turmasite317"));
  INSERT IGNORE INTO tokens (nome_token, acentuada, id_tipo_token) VALUES ("turmasite315", "turmasite315", (SELECT id_tipo_token FROM classificacoes_tokens WHERE BINARY nome_token = "turmasite315"));
  INSERT IGNORE INTO tokens (nome_token, acentuada, id_tipo_token) VALUES ("turmasite316", "turmasite316", (SELECT id_tipo_token FROM classificacoes_tokens WHERE BINARY nome_token = "turmasite316"));
  INSERT IGNORE INTO tokens (nome_token, acentuada, id_tipo_token) VALUES ("turmasite313", "turmasite313", (SELECT id_tipo_token FROM classificacoes_tokens WHERE BINARY nome_token = "turmasite313"));
  INSERT IGNORE INTO tokens (nome_token, acentuada, id_tipo_token) VALUES ("turmasite312", "turmasite312", (SELECT id_tipo_token FROM classificacoes_tokens WHERE BINARY nome_token = "turmasite312"));
  INSERT IGNORE INTO tokens (nome_token, acentuada, id_tipo_token) VALUES ("mill", "mill", (SELECT id_tipo_token FROM classificacoes_tokens WHERE BINARY nome_token = "mill"));
  INSERT IGNORE INTO tokens (nome_token, acentuada, id_tipo_token) VALUES ("n25097", "n25097", (SELECT id_tipo_token FROM classificacoes_tokens WHERE BINARY nome_token = "n25097"));
  INSERT IGNORE INTO tokens (nome_token, acentuada, id_tipo_token) VALUES ("sisup", "sisup", (SELECT id_tipo_token FROM classificacoes_tokens WHERE BINARY nome_token = "sisup"));
  INSERT IGNORE INTO tokens (nome_token, acentuada, id_tipo_token) VALUES ("n25168", "n25168", (SELECT id_tipo_token FROM classificacoes_tokens WHERE BINARY nome_token = "n25168"));
  INSERT IGNORE INTO tokens (nome_token, acentuada, id_tipo_token) VALUES ("pcp", "pcp", (SELECT id_tipo_token FROM classificacoes_tokens WHERE BINARY nome_token = "pcp"));
  INSERT IGNORE INTO tokens (nome_token, acentuada, id_tipo_token) VALUES ("t25085", "t25085", (SELECT id_tipo_token FROM classificacoes_tokens WHERE BINARY nome_token = "t25085"));
  INSERT IGNORE INTO tokens (nome_token, acentuada, id_tipo_token) VALUES ("caldt", "caldt", (SELECT id_tipo_token FROM classificacoes_tokens WHERE BINARY nome_token = "caldt"));
  INSERT IGNORE INTO tokens (nome_token, acentuada, id_tipo_token) VALUES ("i25173", "i25173", (SELECT id_tipo_token FROM classificacoes_tokens WHERE BINARY nome_token = "i25173"));
  INSERT IGNORE INTO tokens (nome_token, acentuada, id_tipo_token) VALUES ("n25158", "n25158", (SELECT id_tipo_token FROM classificacoes_tokens WHERE BINARY nome_token = "n25158"));
  INSERT IGNORE INTO tokens (nome_token, acentuada, id_tipo_token) VALUES ("opcnc", "opcnc", (SELECT id_tipo_token FROM classificacoes_tokens WHERE BINARY nome_token = "opcnc"));
  INSERT IGNORE INTO tokens (nome_token, acentuada, id_tipo_token) VALUES ("ccnaii1n", "ccnaii1n", (SELECT id_tipo_token FROM classificacoes_tokens WHERE BINARY nome_token = "ccnaii1n"));
  INSERT IGNORE INTO tokens (nome_token, acentuada, id_tipo_token) VALUES ("ibd1n", "ibd1n", (SELECT id_tipo_token FROM classificacoes_tokens WHERE BINARY nome_token = "ibd1n"));
  INSERT IGNORE INTO tokens (nome_token, acentuada, id_tipo_token) VALUES ("estrategica", "estratégica", (SELECT id_tipo_token FROM classificacoes_tokens WHERE BINARY nome_token = "estratégica"));
  INSERT IGNORE INTO tokens (nome_token, acentuada, id_tipo_token) VALUES ("autodesenvolvimento", "autodesenvolvimento", (SELECT id_tipo_token FROM classificacoes_tokens WHERE BINARY nome_token = "autodesenvolvimento"));
  INSERT IGNORE INTO tokens (nome_token, acentuada, id_tipo_token) VALUES ("duxui2i", "duxui2i", (SELECT id_tipo_token FROM classificacoes_tokens WHERE BINARY nome_token = "duxui2i"));
  INSERT IGNORE INTO tokens (nome_token, acentuada, id_tipo_token) VALUES ("ui", "ui", (SELECT id_tipo_token FROM classificacoes_tokens WHERE BINARY nome_token = "ui"));
  INSERT IGNORE INTO tokens (nome_token, acentuada, id_tipo_token) VALUES ("ux", "ux", (SELECT id_tipo_token FROM classificacoes_tokens WHERE BINARY nome_token = "ux"));
  INSERT IGNORE INTO tokens (nome_token, acentuada, id_tipo_token) VALUES ("redes1i", "redes1i", (SELECT id_tipo_token FROM classificacoes_tokens WHERE BINARY nome_token = "redes1i"));
  INSERT IGNORE INTO tokens (nome_token, acentuada, id_tipo_token) VALUES ("circuitos", "circuitos", (SELECT id_tipo_token FROM classificacoes_tokens WHERE BINARY nome_token = "circuitos"));
  INSERT IGNORE INTO tokens (nome_token, acentuada, id_tipo_token) VALUES ("ccnai2n", "ccnai2n", (SELECT id_tipo_token FROM classificacoes_tokens WHERE BINARY nome_token = "ccnai2n"));
  INSERT IGNORE INTO tokens (nome_token, acentuada, id_tipo_token) VALUES ("mpbi1n", "mpbi1n", (SELECT id_tipo_token FROM classificacoes_tokens WHERE BINARY nome_token = "mpbi1n"));
  INSERT IGNORE INTO tokens (nome_token, acentuada, id_tipo_token) VALUES ("ofc1n", "ofc1n", (SELECT id_tipo_token FROM classificacoes_tokens WHERE BINARY nome_token = "ofc1n"));
  INSERT IGNORE INTO tokens (nome_token, acentuada, id_tipo_token) VALUES ("wmai1i", "wmai1i", (SELECT id_tipo_token FROM classificacoes_tokens WHERE BINARY nome_token = "wmai1i"));
  INSERT IGNORE INTO tokens (nome_token, acentuada, id_tipo_token) VALUES ("ibd1i", "ibd1i", (SELECT id_tipo_token FROM classificacoes_tokens WHERE BINARY nome_token = "ibd1i"));
  INSERT IGNORE INTO tokens (nome_token, acentuada, id_tipo_token) VALUES ("redes1t", "redes1t", (SELECT id_tipo_token FROM classificacoes_tokens WHERE BINARY nome_token = "redes1t"));
  INSERT IGNORE INTO tokens (nome_token, acentuada, id_tipo_token) VALUES ("aws2i", "aws2i", (SELECT id_tipo_token FROM classificacoes_tokens WHERE BINARY nome_token = "aws2i"));
  INSERT IGNORE INTO tokens (nome_token, acentuada, id_tipo_token) VALUES ("az9001i", "az9001i", (SELECT id_tipo_token FROM classificacoes_tokens WHERE BINARY nome_token = "az9001i"));
  INSERT IGNORE INTO tokens (nome_token, acentuada, id_tipo_token) VALUES ("diw1i", "diw1i", (SELECT id_tipo_token FROM classificacoes_tokens WHERE BINARY nome_token = "diw1i"));
  INSERT IGNORE INTO tokens (nome_token, acentuada, id_tipo_token) VALUES ("ita", "ita", (SELECT id_tipo_token FROM classificacoes_tokens WHERE BINARY nome_token = "ita"));
  INSERT IGNORE INTO tokens (nome_token, acentuada, id_tipo_token) VALUES ("ppyth1n", "ppyth1n", (SELECT id_tipo_token FROM classificacoes_tokens WHERE BINARY nome_token = "ppyth1n"));
  INSERT IGNORE INTO tokens (nome_token, acentuada, id_tipo_token) VALUES ("ccnai1n", "ccnai1n", (SELECT id_tipo_token FROM classificacoes_tokens WHERE BINARY nome_token = "ccnai1n"));
  INSERT IGNORE INTO tokens (nome_token, acentuada, id_tipo_token) VALUES ("aws1n", "aws1n", (SELECT id_tipo_token FROM classificacoes_tokens WHERE BINARY nome_token = "aws1n"));
  INSERT IGNORE INTO tokens (nome_token, acentuada, id_tipo_token) VALUES ("bo", "bo", (SELECT id_tipo_token FROM classificacoes_tokens WHERE BINARY nome_token = "bo"));
  INSERT IGNORE INTO tokens (nome_token, acentuada, id_tipo_token) VALUES ("gcyber1n", "gcyber1n", (SELECT id_tipo_token FROM classificacoes_tokens WHERE BINARY nome_token = "gcyber1n"));
  INSERT IGNORE INTO tokens (nome_token, acentuada, id_tipo_token) VALUES ("turmasite", "turmasite", (SELECT id_tipo_token FROM classificacoes_tokens WHERE BINARY nome_token = "turmasite"));
  INSERT IGNORE INTO tokens (nome_token, acentuada, id_tipo_token) VALUES ("amato", "amato", (SELECT id_tipo_token FROM classificacoes_tokens WHERE BINARY nome_token = "amato"));
  INSERT IGNORE INTO tokens (nome_token, acentuada, id_tipo_token) VALUES ("jandira", "jandira", (SELECT id_tipo_token FROM classificacoes_tokens WHERE BINARY nome_token = "jandira"));
  INSERT IGNORE INTO tokens (nome_token, acentuada, id_tipo_token) VALUES ("mercado", "mercado", (SELECT id_tipo_token FROM classificacoes_tokens WHERE BINARY nome_token = "mercado"));
  INSERT IGNORE INTO tokens (nome_token, acentuada, id_tipo_token) VALUES ("bdata", "bdata", (SELECT id_tipo_token FROM classificacoes_tokens WHERE BINARY nome_token = "bdata"));
  INSERT IGNORE INTO tokens (nome_token, acentuada, id_tipo_token) VALUES ("clo", "clo", (SELECT id_tipo_token FROM classificacoes_tokens WHERE BINARY nome_token = "clo"));
  INSERT IGNORE INTO tokens (nome_token, acentuada, id_tipo_token) VALUES ("25b", "25b", (SELECT id_tipo_token FROM classificacoes_tokens WHERE BINARY nome_token = "25b"));
  INSERT IGNORE INTO tokens (nome_token, acentuada, id_tipo_token) VALUES ("eletrinst11", "eletrinst11", (SELECT id_tipo_token FROM classificacoes_tokens WHERE BINARY nome_token = "eletrinst11"));
  INSERT IGNORE INTO classificacoes_tokens (nome_token, id_tipo_token) VALUES ("126", (SELECT id_chave_tipo_token FROM tipos_tokens WHERE nome_tipo_token = "numeral"));
INSERT IGNORE INTO tokens (nome_token, acentuada, id_tipo_token) VALUES ("126", "126", (SELECT id_tipo_token FROM classificacoes_tokens WHERE BINARY nome_token = "126"));
  INSERT IGNORE INTO tokens (nome_token, acentuada, id_tipo_token) VALUES ("04n", "04n", (SELECT id_tipo_token FROM classificacoes_tokens WHERE BINARY nome_token = "04n"));
  INSERT IGNORE INTO tokens (nome_token, acentuada, id_tipo_token) VALUES ("03n", "03n", (SELECT id_tipo_token FROM classificacoes_tokens WHERE BINARY nome_token = "03n"));
  INSERT IGNORE INTO tokens (nome_token, acentuada, id_tipo_token) VALUES ("cisco2", "cisco2", (SELECT id_tipo_token FROM classificacoes_tokens WHERE BINARY nome_token = "cisco2"));
  INSERT IGNORE INTO tokens (nome_token, acentuada, id_tipo_token) VALUES ("05s", "05s", (SELECT id_tipo_token FROM classificacoes_tokens WHERE BINARY nome_token = "05s"));
  INSERT IGNORE INTO tokens (nome_token, acentuada, id_tipo_token) VALUES ("riscos", "riscos", (SELECT id_tipo_token FROM classificacoes_tokens WHERE BINARY nome_token = "riscos"));
  INSERT IGNORE INTO tokens (nome_token, acentuada, id_tipo_token) VALUES ("tratamentos", "tratamentos", (SELECT id_tipo_token FROM classificacoes_tokens WHERE BINARY nome_token = "tratamentos"));
  INSERT IGNORE INTO tokens (nome_token, acentuada, id_tipo_token) VALUES ("vulnerabilidades", "vulnerabilidades", (SELECT id_tipo_token FROM classificacoes_tokens WHERE BINARY nome_token = "vulnerabilidades"));
  INSERT IGNORE INTO tokens (nome_token, acentuada, id_tipo_token) VALUES ("004s", "004s", (SELECT id_tipo_token FROM classificacoes_tokens WHERE BINARY nome_token = "004s"));
  INSERT IGNORE INTO tokens (nome_token, acentuada, id_tipo_token) VALUES ("ecom", "ecom", (SELECT id_tipo_token FROM classificacoes_tokens WHERE BINARY nome_token = "ecom"));
  INSERT IGNORE INTO tokens (nome_token, acentuada, id_tipo_token) VALUES ("001s", "001s", (SELECT id_tipo_token FROM classificacoes_tokens WHERE BINARY nome_token = "001s"));
  INSERT IGNORE INTO tokens (nome_token, acentuada, id_tipo_token) VALUES ("cjdig", "cjdig", (SELECT id_tipo_token FROM classificacoes_tokens WHERE BINARY nome_token = "cjdig"));
  INSERT IGNORE INTO tokens (nome_token, acentuada, id_tipo_token) VALUES ("fundia", "fundia", (SELECT id_tipo_token FROM classificacoes_tokens WHERE BINARY nome_token = "fundia"));
  INSERT IGNORE INTO tokens (nome_token, acentuada, id_tipo_token) VALUES ("02s", "02s", (SELECT id_tipo_token FROM classificacoes_tokens WHERE BINARY nome_token = "02s"));
  INSERT IGNORE INTO tokens (nome_token, acentuada, id_tipo_token) VALUES ("cisco1", "cisco1", (SELECT id_tipo_token FROM classificacoes_tokens WHERE BINARY nome_token = "cisco1"));
  INSERT IGNORE INTO tokens (nome_token, acentuada, id_tipo_token) VALUES ("01s", "01s", (SELECT id_tipo_token FROM classificacoes_tokens WHERE BINARY nome_token = "01s"));
  INSERT IGNORE INTO tokens (nome_token, acentuada, id_tipo_token) VALUES ("cibern", "cibern", (SELECT id_tipo_token FROM classificacoes_tokens WHERE BINARY nome_token = "cibern"));
  INSERT IGNORE INTO tokens (nome_token, acentuada, id_tipo_token) VALUES ("002s", "002s", (SELECT id_tipo_token FROM classificacoes_tokens WHERE BINARY nome_token = "002s"));
  INSERT IGNORE INTO tokens (nome_token, acentuada, id_tipo_token) VALUES ("goog", "goog", (SELECT id_tipo_token FROM classificacoes_tokens WHERE BINARY nome_token = "goog"));
  INSERT IGNORE INTO tokens (nome_token, acentuada, id_tipo_token) VALUES ("03s", "03s", (SELECT id_tipo_token FROM classificacoes_tokens WHERE BINARY nome_token = "03s"));
  INSERT IGNORE INTO tokens (nome_token, acentuada, id_tipo_token) VALUES ("becom", "becom", (SELECT id_tipo_token FROM classificacoes_tokens WHERE BINARY nome_token = "becom"));
  INSERT IGNORE INTO tokens (nome_token, acentuada, id_tipo_token) VALUES ("operacionalizacao", "operacionalização", (SELECT id_tipo_token FROM classificacoes_tokens WHERE BINARY nome_token = "operacionalização"));
  INSERT IGNORE INTO tokens (nome_token, acentuada, id_tipo_token) VALUES ("commerce", "commerce", (SELECT id_tipo_token FROM classificacoes_tokens WHERE BINARY nome_token = "commerce"));
  INSERT IGNORE INTO tokens (nome_token, acentuada, id_tipo_token) VALUES ("003n", "003n", (SELECT id_tipo_token FROM classificacoes_tokens WHERE BINARY nome_token = "003n"));
  INSERT IGNORE INTO tokens (nome_token, acentuada, id_tipo_token) VALUES ("dgjd", "dgjd", (SELECT id_tipo_token FROM classificacoes_tokens WHERE BINARY nome_token = "dgjd"));
  INSERT IGNORE INTO tokens (nome_token, acentuada, id_tipo_token) VALUES ("05n", "05n", (SELECT id_tipo_token FROM classificacoes_tokens WHERE BINARY nome_token = "05n"));
  INSERT IGNORE INTO tokens (nome_token, acentuada, id_tipo_token) VALUES ("manuel", "manuel", (SELECT id_tipo_token FROM classificacoes_tokens WHERE BINARY nome_token = "manuel"));
  INSERT IGNORE INTO tokens (nome_token, acentuada, id_tipo_token) VALUES ("diadema", "diadema", (SELECT id_tipo_token FROM classificacoes_tokens WHERE BINARY nome_token = "diadema"));
  INSERT IGNORE INTO tokens (nome_token, acentuada, id_tipo_token) VALUES ("ai900bsn07", "ai900bsn07", (SELECT id_tipo_token FROM classificacoes_tokens WHERE BINARY nome_token = "ai900bsn07"));
  INSERT IGNORE INTO tokens (nome_token, acentuada, id_tipo_token) VALUES ("ai900bsn06", "ai900bsn06", (SELECT id_tipo_token FROM classificacoes_tokens WHERE BINARY nome_token = "ai900bsn06"));
  INSERT IGNORE INTO tokens (nome_token, acentuada, id_tipo_token) VALUES ("ai900bsn05", "ai900bsn05", (SELECT id_tipo_token FROM classificacoes_tokens WHERE BINARY nome_token = "ai900bsn05"));
  INSERT IGNORE INTO tokens (nome_token, acentuada, id_tipo_token) VALUES ("ai900bsn04", "ai900bsn04", (SELECT id_tipo_token FROM classificacoes_tokens WHERE BINARY nome_token = "ai900bsn04"));
  INSERT IGNORE INTO tokens (nome_token, acentuada, id_tipo_token) VALUES ("ai900bsn03", "ai900bsn03", (SELECT id_tipo_token FROM classificacoes_tokens WHERE BINARY nome_token = "ai900bsn03"));
  INSERT IGNORE INTO tokens (nome_token, acentuada, id_tipo_token) VALUES ("ai900bsn14", "ai900bsn14", (SELECT id_tipo_token FROM classificacoes_tokens WHERE BINARY nome_token = "ai900bsn14"));
  INSERT IGNORE INTO tokens (nome_token, acentuada, id_tipo_token) VALUES ("ai900bsn13", "ai900bsn13", (SELECT id_tipo_token FROM classificacoes_tokens WHERE BINARY nome_token = "ai900bsn13"));
  INSERT IGNORE INTO tokens (nome_token, acentuada, id_tipo_token) VALUES ("ai900bsn12", "ai900bsn12", (SELECT id_tipo_token FROM classificacoes_tokens WHERE BINARY nome_token = "ai900bsn12"));
  INSERT IGNORE INTO tokens (nome_token, acentuada, id_tipo_token) VALUES ("ai900bsn11", "ai900bsn11", (SELECT id_tipo_token FROM classificacoes_tokens WHERE BINARY nome_token = "ai900bsn11"));
  INSERT IGNORE INTO tokens (nome_token, acentuada, id_tipo_token) VALUES ("ai900bsn10", "ai900bsn10", (SELECT id_tipo_token FROM classificacoes_tokens WHERE BINARY nome_token = "ai900bsn10"));
  INSERT IGNORE INTO tokens (nome_token, acentuada, id_tipo_token) VALUES ("ai900bsn09", "ai900bsn09", (SELECT id_tipo_token FROM classificacoes_tokens WHERE BINARY nome_token = "ai900bsn09"));
  INSERT IGNORE INTO tokens (nome_token, acentuada, id_tipo_token) VALUES ("ai900bsn08", "ai900bsn08", (SELECT id_tipo_token FROM classificacoes_tokens WHERE BINARY nome_token = "ai900bsn08"));
  INSERT IGNORE INTO tokens (nome_token, acentuada, id_tipo_token) VALUES ("javafbss02", "javafbss02", (SELECT id_tipo_token FROM classificacoes_tokens WHERE BINARY nome_token = "javafbss02"));
  INSERT IGNORE INTO tokens (nome_token, acentuada, id_tipo_token) VALUES ("mpowebibss02", "mpowebibss02", (SELECT id_tipo_token FROM classificacoes_tokens WHERE BINARY nome_token = "mpowebibss02"));
  INSERT IGNORE INTO tokens (nome_token, acentuada, id_tipo_token) VALUES ("ai900bss07", "ai900bss07", (SELECT id_tipo_token FROM classificacoes_tokens WHERE BINARY nome_token = "ai900bss07"));
  INSERT IGNORE INTO tokens (nome_token, acentuada, id_tipo_token) VALUES ("ai900bss06", "ai900bss06", (SELECT id_tipo_token FROM classificacoes_tokens WHERE BINARY nome_token = "ai900bss06"));
  INSERT IGNORE INTO tokens (nome_token, acentuada, id_tipo_token) VALUES ("ai900bss05", "ai900bss05", (SELECT id_tipo_token FROM classificacoes_tokens WHERE BINARY nome_token = "ai900bss05"));
  INSERT IGNORE INTO tokens (nome_token, acentuada, id_tipo_token) VALUES ("ai900bss04", "ai900bss04", (SELECT id_tipo_token FROM classificacoes_tokens WHERE BINARY nome_token = "ai900bss04"));
  INSERT IGNORE INTO tokens (nome_token, acentuada, id_tipo_token) VALUES ("ai900bss03", "ai900bss03", (SELECT id_tipo_token FROM classificacoes_tokens WHERE BINARY nome_token = "ai900bss03"));
  INSERT IGNORE INTO tokens (nome_token, acentuada, id_tipo_token) VALUES ("ai900bss02", "ai900bss02", (SELECT id_tipo_token FROM classificacoes_tokens WHERE BINARY nome_token = "ai900bss02"));
  INSERT IGNORE INTO tokens (nome_token, acentuada, id_tipo_token) VALUES ("cteciebsm01", "cteciebsm01", (SELECT id_tipo_token FROM classificacoes_tokens WHERE BINARY nome_token = "cteciebsm01"));
  INSERT IGNORE INTO tokens (nome_token, acentuada, id_tipo_token) VALUES ("ctecvlbsm01", "ctecvlbsm01", (SELECT id_tipo_token FROM classificacoes_tokens WHERE BINARY nome_token = "ctecvlbsm01"));
  INSERT IGNORE INTO tokens (nome_token, acentuada, id_tipo_token) VALUES ("ctecvlbsm02", "ctecvlbsm02", (SELECT id_tipo_token FROM classificacoes_tokens WHERE BINARY nome_token = "ctecvlbsm02"));
  INSERT IGNORE INTO tokens (nome_token, acentuada, id_tipo_token) VALUES ("cteciebsm02", "cteciebsm02", (SELECT id_tipo_token FROM classificacoes_tokens WHERE BINARY nome_token = "cteciebsm02"));
  INSERT IGNORE INTO tokens (nome_token, acentuada, id_tipo_token) VALUES ("fsalm01", "fsalm01", (SELECT id_tipo_token FROM classificacoes_tokens WHERE BINARY nome_token = "fsalm01"));
  INSERT IGNORE INTO tokens (nome_token, acentuada, id_tipo_token) VALUES ("ctecvlbst02", "ctecvlbst02", (SELECT id_tipo_token FROM classificacoes_tokens WHERE BINARY nome_token = "ctecvlbst02"));
  INSERT IGNORE INTO tokens (nome_token, acentuada, id_tipo_token) VALUES ("ctecvlbst05", "ctecvlbst05", (SELECT id_tipo_token FROM classificacoes_tokens WHERE BINARY nome_token = "ctecvlbst05"));
  INSERT IGNORE INTO tokens (nome_token, acentuada, id_tipo_token) VALUES ("ctecvlbst04", "ctecvlbst04", (SELECT id_tipo_token FROM classificacoes_tokens WHERE BINARY nome_token = "ctecvlbst04"));
  INSERT IGNORE INTO tokens (nome_token, acentuada, id_tipo_token) VALUES ("ctecvlbst03", "ctecvlbst03", (SELECT id_tipo_token FROM classificacoes_tokens WHERE BINARY nome_token = "ctecvlbst03"));
  INSERT IGNORE INTO tokens (nome_token, acentuada, id_tipo_token) VALUES ("cteciebst02", "cteciebst02", (SELECT id_tipo_token FROM classificacoes_tokens WHERE BINARY nome_token = "cteciebst02"));
