  INSERT IGNORE INTO tokens (nome_token, acentuada, id_tipo_token) VALUES ("nail", "nail", (SELECT id_tipo_token FROM classificacoes_tokens WHERE BINARY nome_token = "nail"));
  INSERT IGNORE INTO classificacoes_tokens (nome_token, id_tipo_token) VALUES ("41", (SELECT id_chave_tipo_token FROM tipos_tokens WHERE nome_tipo_token = "numeral"));
INSERT IGNORE INTO tokens (nome_token, acentuada, id_tipo_token) VALUES ("41", "41", (SELECT id_tipo_token FROM classificacoes_tokens WHERE BINARY nome_token = "41"));
  INSERT IGNORE INTO classificacoes_tokens (nome_token, id_tipo_token) VALUES ("640", (SELECT id_chave_tipo_token FROM tipos_tokens WHERE nome_tipo_token = "numeral"));
INSERT IGNORE INTO tokens (nome_token, acentuada, id_tipo_token) VALUES ("640", "640", (SELECT id_tipo_token FROM classificacoes_tokens WHERE BINARY nome_token = "640"));
  INSERT IGNORE INTO classificacoes_tokens (nome_token, id_tipo_token) VALUES ("532", (SELECT id_chave_tipo_token FROM tipos_tokens WHERE nome_tipo_token = "numeral"));
INSERT IGNORE INTO tokens (nome_token, acentuada, id_tipo_token) VALUES ("532", "532", (SELECT id_tipo_token FROM classificacoes_tokens WHERE BINARY nome_token = "532"));
  INSERT IGNORE INTO classificacoes_tokens (nome_token, id_tipo_token) VALUES ("34", (SELECT id_chave_tipo_token FROM tipos_tokens WHERE nome_tipo_token = "numeral"));
INSERT IGNORE INTO tokens (nome_token, acentuada, id_tipo_token) VALUES ("34", "34", (SELECT id_tipo_token FROM classificacoes_tokens WHERE BINARY nome_token = "34"));
  INSERT IGNORE INTO classificacoes_tokens (nome_token, id_tipo_token) VALUES ("130", (SELECT id_chave_tipo_token FROM tipos_tokens WHERE nome_tipo_token = "numeral"));
INSERT IGNORE INTO tokens (nome_token, acentuada, id_tipo_token) VALUES ("130", "130", (SELECT id_tipo_token FROM classificacoes_tokens WHERE BINARY nome_token = "130"));
  INSERT IGNORE INTO classificacoes_tokens (nome_token, id_tipo_token) VALUES ("372", (SELECT id_chave_tipo_token FROM tipos_tokens WHERE nome_tipo_token = "numeral"));
INSERT IGNORE INTO tokens (nome_token, acentuada, id_tipo_token) VALUES ("372", "372", (SELECT id_tipo_token FROM classificacoes_tokens WHERE BINARY nome_token = "372"));
  INSERT IGNORE INTO classificacoes_tokens (nome_token, id_tipo_token) VALUES ("28", (SELECT id_chave_tipo_token FROM tipos_tokens WHERE nome_tipo_token = "numeral"));
INSERT IGNORE INTO tokens (nome_token, acentuada, id_tipo_token) VALUES ("28", "28", (SELECT id_tipo_token FROM classificacoes_tokens WHERE BINARY nome_token = "28"));
  INSERT IGNORE INTO classificacoes_tokens (nome_token, id_tipo_token) VALUES ("73", (SELECT id_chave_tipo_token FROM tipos_tokens WHERE nome_tipo_token = "numeral"));
INSERT IGNORE INTO tokens (nome_token, acentuada, id_tipo_token) VALUES ("73", "73", (SELECT id_tipo_token FROM classificacoes_tokens WHERE BINARY nome_token = "73"));
  INSERT IGNORE INTO classificacoes_tokens (nome_token, id_tipo_token) VALUES ("375", (SELECT id_chave_tipo_token FROM tipos_tokens WHERE nome_tipo_token = "numeral"));
INSERT IGNORE INTO tokens (nome_token, acentuada, id_tipo_token) VALUES ("375", "375", (SELECT id_tipo_token FROM classificacoes_tokens WHERE BINARY nome_token = "375"));
  INSERT IGNORE INTO tokens (nome_token, acentuada, id_tipo_token) VALUES ("egipcia", "egípcia", (SELECT id_tipo_token FROM classificacoes_tokens WHERE BINARY nome_token = "egípcia"));
  INSERT IGNORE INTO tokens (nome_token, acentuada, id_tipo_token) VALUES ("depilacao", "depilação", (SELECT id_tipo_token FROM classificacoes_tokens WHERE BINARY nome_token = "depilação"));
  INSERT IGNORE INTO tokens (nome_token, acentuada, id_tipo_token) VALUES ("sobrancelhas", "sobrancelhas", (SELECT id_tipo_token FROM classificacoes_tokens WHERE BINARY nome_token = "sobrancelhas"));
  INSERT IGNORE INTO classificacoes_tokens (nome_token, id_tipo_token) VALUES ("419", (SELECT id_chave_tipo_token FROM tipos_tokens WHERE nome_tipo_token = "numeral"));
INSERT IGNORE INTO tokens (nome_token, acentuada, id_tipo_token) VALUES ("419", "419", (SELECT id_tipo_token FROM classificacoes_tokens WHERE BINARY nome_token = "419"));
  INSERT IGNORE INTO classificacoes_tokens (nome_token, id_tipo_token) VALUES ("147", (SELECT id_chave_tipo_token FROM tipos_tokens WHERE nome_tipo_token = "numeral"));
INSERT IGNORE INTO tokens (nome_token, acentuada, id_tipo_token) VALUES ("147", "147", (SELECT id_tipo_token FROM classificacoes_tokens WHERE BINARY nome_token = "147"));
  INSERT IGNORE INTO tokens (nome_token, acentuada, id_tipo_token) VALUES ("russo", "russo", (SELECT id_tipo_token FROM classificacoes_tokens WHERE BINARY nome_token = "russo"));
  INSERT IGNORE INTO tokens (nome_token, acentuada, id_tipo_token) VALUES ("volume", "volume", (SELECT id_tipo_token FROM classificacoes_tokens WHERE BINARY nome_token = "volume"));
  INSERT IGNORE INTO tokens (nome_token, acentuada, id_tipo_token) VALUES ("cilios", "cílios", (SELECT id_tipo_token FROM classificacoes_tokens WHERE BINARY nome_token = "cílios"));
  INSERT IGNORE INTO classificacoes_tokens (nome_token, id_tipo_token) VALUES ("439", (SELECT id_chave_tipo_token FROM tipos_tokens WHERE nome_tipo_token = "numeral"));
INSERT IGNORE INTO tokens (nome_token, acentuada, id_tipo_token) VALUES ("439", "439", (SELECT id_tipo_token FROM classificacoes_tokens WHERE BINARY nome_token = "439"));
  INSERT IGNORE INTO classificacoes_tokens (nome_token, id_tipo_token) VALUES ("522", (SELECT id_chave_tipo_token FROM tipos_tokens WHERE nome_tipo_token = "numeral"));
INSERT IGNORE INTO tokens (nome_token, acentuada, id_tipo_token) VALUES ("522", "522", (SELECT id_tipo_token FROM classificacoes_tokens WHERE BINARY nome_token = "522"));
  INSERT IGNORE INTO tokens (nome_token, acentuada, id_tipo_token) VALUES ("maquiadores", "maquiadores", (SELECT id_tipo_token FROM classificacoes_tokens WHERE BINARY nome_token = "maquiadores"));
  INSERT IGNORE INTO classificacoes_tokens (nome_token, id_tipo_token) VALUES ("19", (SELECT id_chave_tipo_token FROM tipos_tokens WHERE nome_tipo_token = "numeral"));
INSERT IGNORE INTO tokens (nome_token, acentuada, id_tipo_token) VALUES ("19", "19", (SELECT id_tipo_token FROM classificacoes_tokens WHERE BINARY nome_token = "19"));
  INSERT IGNORE INTO classificacoes_tokens (nome_token, id_tipo_token) VALUES ("385", (SELECT id_chave_tipo_token FROM tipos_tokens WHERE nome_tipo_token = "numeral"));
INSERT IGNORE INTO tokens (nome_token, acentuada, id_tipo_token) VALUES ("385", "385", (SELECT id_tipo_token FROM classificacoes_tokens WHERE BINARY nome_token = "385"));
  INSERT IGNORE INTO classificacoes_tokens (nome_token, id_tipo_token) VALUES ("32", (SELECT id_chave_tipo_token FROM tipos_tokens WHERE nome_tipo_token = "numeral"));
INSERT IGNORE INTO tokens (nome_token, acentuada, id_tipo_token) VALUES ("32", "32", (SELECT id_tipo_token FROM classificacoes_tokens WHERE BINARY nome_token = "32"));
  INSERT IGNORE INTO classificacoes_tokens (nome_token, id_tipo_token) VALUES ("101", (SELECT id_chave_tipo_token FROM tipos_tokens WHERE nome_tipo_token = "numeral"));
INSERT IGNORE INTO tokens (nome_token, acentuada, id_tipo_token) VALUES ("101", "101", (SELECT id_tipo_token FROM classificacoes_tokens WHERE BINARY nome_token = "101"));
  INSERT IGNORE INTO classificacoes_tokens (nome_token, id_tipo_token) VALUES ("408", (SELECT id_chave_tipo_token FROM tipos_tokens WHERE nome_tipo_token = "numeral"));
INSERT IGNORE INTO tokens (nome_token, acentuada, id_tipo_token) VALUES ("408", "408", (SELECT id_tipo_token FROM classificacoes_tokens WHERE BINARY nome_token = "408"));
  INSERT IGNORE INTO tokens (nome_token, acentuada, id_tipo_token) VALUES ("negra", "negra", (SELECT id_tipo_token FROM classificacoes_tokens WHERE BINARY nome_token = "negra"));
  INSERT IGNORE INTO classificacoes_tokens (nome_token, id_tipo_token) VALUES ("2", (SELECT id_chave_tipo_token FROM tipos_tokens WHERE nome_tipo_token = "numeral"));
INSERT IGNORE INTO tokens (nome_token, acentuada, id_tipo_token) VALUES ("2", "2", (SELECT id_tipo_token FROM classificacoes_tokens WHERE BINARY nome_token = "2"));
  INSERT IGNORE INTO classificacoes_tokens (nome_token, id_tipo_token) VALUES ("51", (SELECT id_chave_tipo_token FROM tipos_tokens WHERE nome_tipo_token = "numeral"));
INSERT IGNORE INTO tokens (nome_token, acentuada, id_tipo_token) VALUES ("51", "51", (SELECT id_tipo_token FROM classificacoes_tokens WHERE BINARY nome_token = "51"));
  INSERT IGNORE INTO classificacoes_tokens (nome_token, id_tipo_token) VALUES ("346", (SELECT id_chave_tipo_token FROM tipos_tokens WHERE nome_tipo_token = "numeral"));
INSERT IGNORE INTO tokens (nome_token, acentuada, id_tipo_token) VALUES ("346", "346", (SELECT id_tipo_token FROM classificacoes_tokens WHERE BINARY nome_token = "346"));
  INSERT IGNORE INTO tokens (nome_token, acentuada, id_tipo_token) VALUES ("decoradas", "decoradas", (SELECT id_tipo_token FROM classificacoes_tokens WHERE BINARY nome_token = "decoradas"));
  INSERT IGNORE INTO classificacoes_tokens (nome_token, id_tipo_token) VALUES ("335", (SELECT id_chave_tipo_token FROM tipos_tokens WHERE nome_tipo_token = "numeral"));
INSERT IGNORE INTO tokens (nome_token, acentuada, id_tipo_token) VALUES ("335", "335", (SELECT id_tipo_token FROM classificacoes_tokens WHERE BINARY nome_token = "335"));
  INSERT IGNORE INTO tokens (nome_token, acentuada, id_tipo_token) VALUES ("madura", "madura", (SELECT id_tipo_token FROM classificacoes_tokens WHERE BINARY nome_token = "madura"));
  INSERT IGNORE INTO tokens (nome_token, acentuada, id_tipo_token) VALUES ("pele", "pele", (SELECT id_tipo_token FROM classificacoes_tokens WHERE BINARY nome_token = "pele"));
  INSERT IGNORE INTO classificacoes_tokens (nome_token, id_tipo_token) VALUES ("325", (SELECT id_chave_tipo_token FROM tipos_tokens WHERE nome_tipo_token = "numeral"));
INSERT IGNORE INTO tokens (nome_token, acentuada, id_tipo_token) VALUES ("325", "325", (SELECT id_tipo_token FROM classificacoes_tokens WHERE BINARY nome_token = "325"));
  INSERT IGNORE INTO tokens (nome_token, acentuada, id_tipo_token) VALUES ("estilos", "estilos", (SELECT id_tipo_token FROM classificacoes_tokens WHERE BINARY nome_token = "estilos"));
  INSERT IGNORE INTO tokens (nome_token, acentuada, id_tipo_token) VALUES ("afro", "afro", (SELECT id_tipo_token FROM classificacoes_tokens WHERE BINARY nome_token = "afro"));
  INSERT IGNORE INTO classificacoes_tokens (nome_token, id_tipo_token) VALUES ("31", (SELECT id_chave_tipo_token FROM tipos_tokens WHERE nome_tipo_token = "numeral"));
INSERT IGNORE INTO tokens (nome_token, acentuada, id_tipo_token) VALUES ("31", "31", (SELECT id_tipo_token FROM classificacoes_tokens WHERE BINARY nome_token = "31"));
  INSERT IGNORE INTO classificacoes_tokens (nome_token, id_tipo_token) VALUES ("75", (SELECT id_chave_tipo_token FROM tipos_tokens WHERE nome_tipo_token = "numeral"));
INSERT IGNORE INTO tokens (nome_token, acentuada, id_tipo_token) VALUES ("75", "75", (SELECT id_tipo_token FROM classificacoes_tokens WHERE BINARY nome_token = "75"));
  INSERT IGNORE INTO classificacoes_tokens (nome_token, id_tipo_token) VALUES ("203", (SELECT id_chave_tipo_token FROM tipos_tokens WHERE nome_tipo_token = "numeral"));
INSERT IGNORE INTO tokens (nome_token, acentuada, id_tipo_token) VALUES ("203", "203", (SELECT id_tipo_token FROM classificacoes_tokens WHERE BINARY nome_token = "203"));
  INSERT IGNORE INTO tokens (nome_token, acentuada, id_tipo_token) VALUES ("pedicura", "pedicura", (SELECT id_tipo_token FROM classificacoes_tokens WHERE BINARY nome_token = "pedicura"));
  INSERT IGNORE INTO tokens (nome_token, acentuada, id_tipo_token) VALUES ("manicura", "manicura", (SELECT id_tipo_token FROM classificacoes_tokens WHERE BINARY nome_token = "manicura"));
  INSERT IGNORE INTO tokens (nome_token, acentuada, id_tipo_token) VALUES ("luis", "luís", (SELECT id_tipo_token FROM classificacoes_tokens WHERE BINARY nome_token = "luís"));
  INSERT IGNORE INTO classificacoes_tokens (nome_token, id_tipo_token) VALUES ("220", (SELECT id_chave_tipo_token FROM tipos_tokens WHERE nome_tipo_token = "numeral"));
INSERT IGNORE INTO tokens (nome_token, acentuada, id_tipo_token) VALUES ("220", "220", (SELECT id_tipo_token FROM classificacoes_tokens WHERE BINARY nome_token = "220"));
  INSERT IGNORE INTO tokens (nome_token, acentuada, id_tipo_token) VALUES ("ma", "ma", (SELECT id_tipo_token FROM classificacoes_tokens WHERE BINARY nome_token = "ma"));
  INSERT IGNORE INTO classificacoes_tokens (nome_token, id_tipo_token) VALUES ("2702", (SELECT id_chave_tipo_token FROM tipos_tokens WHERE nome_tipo_token = "numeral"));
INSERT IGNORE INTO tokens (nome_token, acentuada, id_tipo_token) VALUES ("2702", "2702", (SELECT id_tipo_token FROM classificacoes_tokens WHERE BINARY nome_token = "2702"));
  INSERT IGNORE INTO classificacoes_tokens (nome_token, id_tipo_token) VALUES ("314", (SELECT id_chave_tipo_token FROM tipos_tokens WHERE nome_tipo_token = "numeral"));
INSERT IGNORE INTO tokens (nome_token, acentuada, id_tipo_token) VALUES ("314", "314", (SELECT id_tipo_token FROM classificacoes_tokens WHERE BINARY nome_token = "314"));
  INSERT IGNORE INTO classificacoes_tokens (nome_token, id_tipo_token) VALUES ("310", (SELECT id_chave_tipo_token FROM tipos_tokens WHERE nome_tipo_token = "numeral"));
INSERT IGNORE INTO tokens (nome_token, acentuada, id_tipo_token) VALUES ("310", "310", (SELECT id_tipo_token FROM classificacoes_tokens WHERE BINARY nome_token = "310"));
  INSERT IGNORE INTO tokens (nome_token, acentuada, id_tipo_token) VALUES ("capilar", "capilar", (SELECT id_tipo_token FROM classificacoes_tokens WHERE BINARY nome_token = "capilar"));
  INSERT IGNORE INTO tokens (nome_token, acentuada, id_tipo_token) VALUES ("alongamento", "alongamento", (SELECT id_tipo_token FROM classificacoes_tokens WHERE BINARY nome_token = "alongamento"));
  INSERT IGNORE INTO classificacoes_tokens (nome_token, id_tipo_token) VALUES ("291", (SELECT id_chave_tipo_token FROM tipos_tokens WHERE nome_tipo_token = "numeral"));
INSERT IGNORE INTO tokens (nome_token, acentuada, id_tipo_token) VALUES ("291", "291", (SELECT id_tipo_token FROM classificacoes_tokens WHERE BINARY nome_token = "291"));
  INSERT IGNORE INTO tokens (nome_token, acentuada, id_tipo_token) VALUES ("pedicure", "pedicure", (SELECT id_tipo_token FROM classificacoes_tokens WHERE BINARY nome_token = "pedicure"));
  INSERT IGNORE INTO tokens (nome_token, acentuada, id_tipo_token) VALUES ("manicure", "manicure", (SELECT id_tipo_token FROM classificacoes_tokens WHERE BINARY nome_token = "manicure"));
  INSERT IGNORE INTO classificacoes_tokens (nome_token, id_tipo_token) VALUES ("18", (SELECT id_chave_tipo_token FROM tipos_tokens WHERE nome_tipo_token = "numeral"));
INSERT IGNORE INTO tokens (nome_token, acentuada, id_tipo_token) VALUES ("18", "18", (SELECT id_tipo_token FROM classificacoes_tokens WHERE BINARY nome_token = "18"));
  INSERT IGNORE INTO classificacoes_tokens (nome_token, id_tipo_token) VALUES ("293", (SELECT id_chave_tipo_token FROM tipos_tokens WHERE nome_tipo_token = "numeral"));
INSERT IGNORE INTO tokens (nome_token, acentuada, id_tipo_token) VALUES ("293", "293", (SELECT id_tipo_token FROM classificacoes_tokens WHERE BINARY nome_token = "293"));
  INSERT IGNORE INTO tokens (nome_token, acentuada, id_tipo_token) VALUES ("noivas", "noivas", (SELECT id_tipo_token FROM classificacoes_tokens WHERE BINARY nome_token = "noivas"));
  INSERT IGNORE INTO classificacoes_tokens (nome_token, id_tipo_token) VALUES ("275", (SELECT id_chave_tipo_token FROM tipos_tokens WHERE nome_tipo_token = "numeral"));
INSERT IGNORE INTO tokens (nome_token, acentuada, id_tipo_token) VALUES ("275", "275", (SELECT id_tipo_token FROM classificacoes_tokens WHERE BINARY nome_token = "275"));
  INSERT IGNORE INTO classificacoes_tokens (nome_token, id_tipo_token) VALUES ("13", (SELECT id_chave_tipo_token FROM tipos_tokens WHERE nome_tipo_token = "numeral"));
INSERT IGNORE INTO tokens (nome_token, acentuada, id_tipo_token) VALUES ("13", "13", (SELECT id_tipo_token FROM classificacoes_tokens WHERE BINARY nome_token = "13"));
  INSERT IGNORE INTO classificacoes_tokens (nome_token, id_tipo_token) VALUES ("197", (SELECT id_chave_tipo_token FROM tipos_tokens WHERE nome_tipo_token = "numeral"));
INSERT IGNORE INTO tokens (nome_token, acentuada, id_tipo_token) VALUES ("197", "197", (SELECT id_tipo_token FROM classificacoes_tokens WHERE BINARY nome_token = "197"));
  INSERT IGNORE INTO tokens (nome_token, acentuada, id_tipo_token) VALUES ("modelagem", "modelagem", (SELECT id_tipo_token FROM classificacoes_tokens WHERE BINARY nome_token = "modelagem"));
  INSERT IGNORE INTO classificacoes_tokens (nome_token, id_tipo_token) VALUES ("245", (SELECT id_chave_tipo_token FROM tipos_tokens WHERE nome_tipo_token = "numeral"));
INSERT IGNORE INTO tokens (nome_token, acentuada, id_tipo_token) VALUES ("245", "245", (SELECT id_tipo_token FROM classificacoes_tokens WHERE BINARY nome_token = "245"));
  INSERT IGNORE INTO tokens (nome_token, acentuada, id_tipo_token) VALUES ("penteado", "penteado", (SELECT id_tipo_token FROM classificacoes_tokens WHERE BINARY nome_token = "penteado"));
  INSERT IGNORE INTO classificacoes_tokens (nome_token, id_tipo_token) VALUES ("224", (SELECT id_chave_tipo_token FROM tipos_tokens WHERE nome_tipo_token = "numeral"));
INSERT IGNORE INTO tokens (nome_token, acentuada, id_tipo_token) VALUES ("224", "224", (SELECT id_tipo_token FROM classificacoes_tokens WHERE BINARY nome_token = "224"));
  INSERT IGNORE INTO tokens (nome_token, acentuada, id_tipo_token) VALUES ("salao", "salão", (SELECT id_tipo_token FROM classificacoes_tokens WHERE BINARY nome_token = "salão"));
  INSERT IGNORE INTO tokens (nome_token, acentuada, id_tipo_token) VALUES ("administracao", "administração", (SELECT id_tipo_token FROM classificacoes_tokens WHERE BINARY nome_token = "administração"));
  INSERT IGNORE INTO classificacoes_tokens (nome_token, id_tipo_token) VALUES ("1", (SELECT id_chave_tipo_token FROM tipos_tokens WHERE nome_tipo_token = "numeral"));
INSERT IGNORE INTO tokens (nome_token, acentuada, id_tipo_token) VALUES ("1", "1", (SELECT id_tipo_token FROM classificacoes_tokens WHERE BINARY nome_token = "1"));
  INSERT IGNORE INTO classificacoes_tokens (nome_token, id_tipo_token) VALUES ("213", (SELECT id_chave_tipo_token FROM tipos_tokens WHERE nome_tipo_token = "numeral"));
INSERT IGNORE INTO tokens (nome_token, acentuada, id_tipo_token) VALUES ("213", "213", (SELECT id_tipo_token FROM classificacoes_tokens WHERE BINARY nome_token = "213"));
  INSERT IGNORE INTO tokens (nome_token, acentuada, id_tipo_token) VALUES ("do", "do", (SELECT id_tipo_token FROM classificacoes_tokens WHERE BINARY nome_token = "do"));
  INSERT IGNORE INTO tokens (nome_token, acentuada, id_tipo_token) VALUES ("praticas", "práticas", (SELECT id_tipo_token FROM classificacoes_tokens WHERE BINARY nome_token = "práticas"));
  INSERT IGNORE INTO classificacoes_tokens (nome_token, id_tipo_token) VALUES ("78", (SELECT id_chave_tipo_token FROM tipos_tokens WHERE nome_tipo_token = "numeral"));
INSERT IGNORE INTO tokens (nome_token, acentuada, id_tipo_token) VALUES ("78", "78", (SELECT id_tipo_token FROM classificacoes_tokens WHERE BINARY nome_token = "78"));
  INSERT IGNORE INTO tokens (nome_token, acentuada, id_tipo_token) VALUES ("barba", "barba", (SELECT id_tipo_token FROM classificacoes_tokens WHERE BINARY nome_token = "barba"));
  INSERT IGNORE INTO tokens (nome_token, acentuada, id_tipo_token) VALUES ("design", "design", (SELECT id_tipo_token FROM classificacoes_tokens WHERE BINARY nome_token = "design"));
  INSERT IGNORE INTO classificacoes_tokens (nome_token, id_tipo_token) VALUES ("7", (SELECT id_chave_tipo_token FROM tipos_tokens WHERE nome_tipo_token = "numeral"));
INSERT IGNORE INTO tokens (nome_token, acentuada, id_tipo_token) VALUES ("7", "7", (SELECT id_tipo_token FROM classificacoes_tokens WHERE BINARY nome_token = "7"));
  INSERT IGNORE INTO classificacoes_tokens (nome_token, id_tipo_token) VALUES ("58", (SELECT id_chave_tipo_token FROM tipos_tokens WHERE nome_tipo_token = "numeral"));
INSERT IGNORE INTO tokens (nome_token, acentuada, id_tipo_token) VALUES ("58", "58", (SELECT id_tipo_token FROM classificacoes_tokens WHERE BINARY nome_token = "58"));
  INSERT IGNORE INTO classificacoes_tokens (nome_token, id_tipo_token) VALUES ("192", (SELECT id_chave_tipo_token FROM tipos_tokens WHERE nome_tipo_token = "numeral"));
INSERT IGNORE INTO tokens (nome_token, acentuada, id_tipo_token) VALUES ("192", "192", (SELECT id_tipo_token FROM classificacoes_tokens WHERE BINARY nome_token = "192"));
  INSERT IGNORE INTO tokens (nome_token, acentuada, id_tipo_token) VALUES ("cacheados", "cacheados", (SELECT id_tipo_token FROM classificacoes_tokens WHERE BINARY nome_token = "cacheados"));
  INSERT IGNORE INTO tokens (nome_token, acentuada, id_tipo_token) VALUES ("crespos", "crespos", (SELECT id_tipo_token FROM classificacoes_tokens WHERE BINARY nome_token = "crespos"));
  INSERT IGNORE INTO tokens (nome_token, acentuada, id_tipo_token) VALUES ("cabelos", "cabelos", (SELECT id_tipo_token FROM classificacoes_tokens WHERE BINARY nome_token = "cabelos"));
  INSERT IGNORE INTO tokens (nome_token, acentuada, id_tipo_token) VALUES ("colorimetria", "colorimetria", (SELECT id_tipo_token FROM classificacoes_tokens WHERE BINARY nome_token = "colorimetria"));
  INSERT IGNORE INTO classificacoes_tokens (nome_token, id_tipo_token) VALUES ("55", (SELECT id_chave_tipo_token FROM tipos_tokens WHERE nome_tipo_token = "numeral"));
INSERT IGNORE INTO tokens (nome_token, acentuada, id_tipo_token) VALUES ("55", "55", (SELECT id_tipo_token FROM classificacoes_tokens WHERE BINARY nome_token = "55"));
  INSERT IGNORE INTO classificacoes_tokens (nome_token, id_tipo_token) VALUES ("180", (SELECT id_chave_tipo_token FROM tipos_tokens WHERE nome_tipo_token = "numeral"));
INSERT IGNORE INTO tokens (nome_token, acentuada, id_tipo_token) VALUES ("180", "180", (SELECT id_tipo_token FROM classificacoes_tokens WHERE BINARY nome_token = "180"));
  INSERT IGNORE INTO tokens (nome_token, acentuada, id_tipo_token) VALUES ("tesoura", "tesoura", (SELECT id_tipo_token FROM classificacoes_tokens WHERE BINARY nome_token = "tesoura"));
  INSERT IGNORE INTO tokens (nome_token, acentuada, id_tipo_token) VALUES ("masculinos", "masculinos", (SELECT id_tipo_token FROM classificacoes_tokens WHERE BINARY nome_token = "masculinos"));
  INSERT IGNORE INTO classificacoes_tokens (nome_token, id_tipo_token) VALUES ("70", (SELECT id_chave_tipo_token FROM tipos_tokens WHERE nome_tipo_token = "numeral"));
INSERT IGNORE INTO tokens (nome_token, acentuada, id_tipo_token) VALUES ("70", "70", (SELECT id_tipo_token FROM classificacoes_tokens WHERE BINARY nome_token = "70"));
  INSERT IGNORE INTO classificacoes_tokens (nome_token, id_tipo_token) VALUES ("150", (SELECT id_chave_tipo_token FROM tipos_tokens WHERE nome_tipo_token = "numeral"));
INSERT IGNORE INTO tokens (nome_token, acentuada, id_tipo_token) VALUES ("150", "150", (SELECT id_tipo_token FROM classificacoes_tokens WHERE BINARY nome_token = "150"));
  INSERT IGNORE INTO tokens (nome_token, acentuada, id_tipo_token) VALUES ("pes", "pés", (SELECT id_tipo_token FROM classificacoes_tokens WHERE BINARY nome_token = "pés"));
  INSERT IGNORE INTO tokens (nome_token, acentuada, id_tipo_token) VALUES ("dos", "dos", (SELECT id_tipo_token FROM classificacoes_tokens WHERE BINARY nome_token = "dos"));
  INSERT IGNORE INTO tokens (nome_token, acentuada, id_tipo_token) VALUES ("maos", "mãos", (SELECT id_tipo_token FROM classificacoes_tokens WHERE BINARY nome_token = "mãos"));
  INSERT IGNORE INTO tokens (nome_token, acentuada, id_tipo_token) VALUES ("das", "das", (SELECT id_tipo_token FROM classificacoes_tokens WHERE BINARY nome_token = "das"));
  INSERT IGNORE INTO tokens (nome_token, acentuada, id_tipo_token) VALUES ("embelezamento", "embelezamento", (SELECT id_tipo_token FROM classificacoes_tokens WHERE BINARY nome_token = "embelezamento"));
  INSERT IGNORE INTO tokens (nome_token, acentuada, id_tipo_token) VALUES ("branco", "branco", (SELECT id_tipo_token FROM classificacoes_tokens WHERE BINARY nome_token = "branco"));
  INSERT IGNORE INTO tokens (nome_token, acentuada, id_tipo_token) VALUES ("ac", "ac", (SELECT id_tipo_token FROM classificacoes_tokens WHERE BINARY nome_token = "ac"));
  INSERT IGNORE INTO tokens (nome_token, acentuada, id_tipo_token) VALUES ("feminino", "feminino", (SELECT id_tipo_token FROM classificacoes_tokens WHERE BINARY nome_token = "feminino"));
  INSERT IGNORE INTO classificacoes_tokens (nome_token, id_tipo_token) VALUES ("9", (SELECT id_chave_tipo_token FROM tipos_tokens WHERE nome_tipo_token = "numeral"));
INSERT IGNORE INTO tokens (nome_token, acentuada, id_tipo_token) VALUES ("9", "9", (SELECT id_tipo_token FROM classificacoes_tokens WHERE BINARY nome_token = "9"));
  INSERT IGNORE INTO classificacoes_tokens (nome_token, id_tipo_token) VALUES ("61", (SELECT id_chave_tipo_token FROM tipos_tokens WHERE nome_tipo_token = "numeral"));
INSERT IGNORE INTO tokens (nome_token, acentuada, id_tipo_token) VALUES ("61", "61", (SELECT id_tipo_token FROM classificacoes_tokens WHERE BINARY nome_token = "61"));
  INSERT IGNORE INTO classificacoes_tokens (nome_token, id_tipo_token) VALUES ("80", (SELECT id_chave_tipo_token FROM tipos_tokens WHERE nome_tipo_token = "numeral"));
INSERT IGNORE INTO tokens (nome_token, acentuada, id_tipo_token) VALUES ("80", "80", (SELECT id_tipo_token FROM classificacoes_tokens WHERE BINARY nome_token = "80"));
  INSERT IGNORE INTO tokens (nome_token, acentuada, id_tipo_token) VALUES ("gel", "gel", (SELECT id_tipo_token FROM classificacoes_tokens WHERE BINARY nome_token = "gel"));
  INSERT IGNORE INTO tokens (nome_token, acentuada, id_tipo_token) VALUES ("esmaltacao", "esmaltação", (SELECT id_tipo_token FROM classificacoes_tokens WHERE BINARY nome_token = "esmaltação"));
  INSERT IGNORE INTO classificacoes_tokens (nome_token, id_tipo_token) VALUES ("151", (SELECT id_chave_tipo_token FROM tipos_tokens WHERE nome_tipo_token = "numeral"));
INSERT IGNORE INTO tokens (nome_token, acentuada, id_tipo_token) VALUES ("151", "151", (SELECT id_tipo_token FROM classificacoes_tokens WHERE BINARY nome_token = "151"));
  INSERT IGNORE INTO classificacoes_tokens (nome_token, id_tipo_token) VALUES ("145", (SELECT id_chave_tipo_token FROM tipos_tokens WHERE nome_tipo_token = "numeral"));
INSERT IGNORE INTO tokens (nome_token, acentuada, id_tipo_token) VALUES ("145", "145", (SELECT id_tipo_token FROM classificacoes_tokens WHERE BINARY nome_token = "145"));
  INSERT IGNORE INTO tokens (nome_token, acentuada, id_tipo_token) VALUES ("festas", "festas", (SELECT id_tipo_token FROM classificacoes_tokens WHERE BINARY nome_token = "festas"));
  INSERT IGNORE INTO tokens (nome_token, acentuada, id_tipo_token) VALUES ("eventos", "eventos", (SELECT id_tipo_token FROM classificacoes_tokens WHERE BINARY nome_token = "eventos"));
  INSERT IGNORE INTO tokens (nome_token, acentuada, id_tipo_token) VALUES ("hair", "hair", (SELECT id_tipo_token FROM classificacoes_tokens WHERE BINARY nome_token = "hair"));
  INSERT IGNORE INTO tokens (nome_token, acentuada, id_tipo_token) VALUES ("&", "&", (SELECT id_tipo_token FROM classificacoes_tokens WHERE BINARY nome_token = "&"));
  INSERT IGNORE INTO classificacoes_tokens (nome_token, id_tipo_token) VALUES ("92", (SELECT id_chave_tipo_token FROM tipos_tokens WHERE nome_tipo_token = "numeral"));
INSERT IGNORE INTO tokens (nome_token, acentuada, id_tipo_token) VALUES ("92", "92", (SELECT id_tipo_token FROM classificacoes_tokens WHERE BINARY nome_token = "92"));
  INSERT IGNORE INTO tokens (nome_token, acentuada, id_tipo_token) VALUES ("negocios", "negócios", (SELECT id_tipo_token FROM classificacoes_tokens WHERE BINARY nome_token = "negócios"));
  INSERT IGNORE INTO tokens (nome_token, acentuada, id_tipo_token) VALUES ("empreendedorismo", "empreendedorismo", (SELECT id_tipo_token FROM classificacoes_tokens WHERE BINARY nome_token = "empreendedorismo"));
  INSERT IGNORE INTO classificacoes_tokens (nome_token, id_tipo_token) VALUES ("137", (SELECT id_chave_tipo_token FROM tipos_tokens WHERE nome_tipo_token = "numeral"));
INSERT IGNORE INTO tokens (nome_token, acentuada, id_tipo_token) VALUES ("137", "137", (SELECT id_tipo_token FROM classificacoes_tokens WHERE BINARY nome_token = "137"));
  INSERT IGNORE INTO tokens (nome_token, acentuada, id_tipo_token) VALUES ("social", "social", (SELECT id_tipo_token FROM classificacoes_tokens WHERE BINARY nome_token = "social"));
  INSERT IGNORE INTO tokens (nome_token, acentuada, id_tipo_token) VALUES ("make", "make", (SELECT id_tipo_token FROM classificacoes_tokens WHERE BINARY nome_token = "make"));
  INSERT IGNORE INTO classificacoes_tokens (nome_token, id_tipo_token) VALUES ("129", (SELECT id_chave_tipo_token FROM tipos_tokens WHERE nome_tipo_token = "numeral"));
INSERT IGNORE INTO tokens (nome_token, acentuada, id_tipo_token) VALUES ("129", "129", (SELECT id_tipo_token FROM classificacoes_tokens WHERE BINARY nome_token = "129"));
  INSERT IGNORE INTO tokens (nome_token, acentuada, id_tipo_token) VALUES ("maquiagem", "maquiagem", (SELECT id_tipo_token FROM classificacoes_tokens WHERE BINARY nome_token = "maquiagem"));
  INSERT IGNORE INTO classificacoes_tokens (nome_token, id_tipo_token) VALUES ("52", (SELECT id_chave_tipo_token FROM tipos_tokens WHERE nome_tipo_token = "numeral"));
INSERT IGNORE INTO tokens (nome_token, acentuada, id_tipo_token) VALUES ("52", "52", (SELECT id_tipo_token FROM classificacoes_tokens WHERE BINARY nome_token = "52"));
  INSERT IGNORE INTO classificacoes_tokens (nome_token, id_tipo_token) VALUES ("69", (SELECT id_chave_tipo_token FROM tipos_tokens WHERE nome_tipo_token = "numeral"));
INSERT IGNORE INTO tokens (nome_token, acentuada, id_tipo_token) VALUES ("69", "69", (SELECT id_tipo_token FROM classificacoes_tokens WHERE BINARY nome_token = "69"));
  INSERT IGNORE INTO classificacoes_tokens (nome_token, id_tipo_token) VALUES ("126", (SELECT id_chave_tipo_token FROM tipos_tokens WHERE nome_tipo_token = "numeral"));
INSERT IGNORE INTO tokens (nome_token, acentuada, id_tipo_token) VALUES ("126", "126", (SELECT id_tipo_token FROM classificacoes_tokens WHERE BINARY nome_token = "126"));
  INSERT IGNORE INTO tokens (nome_token, acentuada, id_tipo_token) VALUES ("tricologia", "tricologia", (SELECT id_tipo_token FROM classificacoes_tokens WHERE BINARY nome_token = "tricologia"));
  INSERT IGNORE INTO classificacoes_tokens (nome_token, id_tipo_token) VALUES ("914", (SELECT id_chave_tipo_token FROM tipos_tokens WHERE nome_tipo_token = "numeral"));
INSERT IGNORE INTO tokens (nome_token, acentuada, id_tipo_token) VALUES ("914", "914", (SELECT id_tipo_token FROM classificacoes_tokens WHERE BINARY nome_token = "914"));
  INSERT IGNORE INTO tokens (nome_token, acentuada, id_tipo_token) VALUES ("florianopolis", "florianópolis", (SELECT id_tipo_token FROM classificacoes_tokens WHERE BINARY nome_token = "florianópolis"));
  INSERT IGNORE INTO tokens (nome_token, acentuada, id_tipo_token) VALUES ("sc", "sc", (SELECT id_tipo_token FROM classificacoes_tokens WHERE BINARY nome_token = "sc"));
  INSERT IGNORE INTO tokens (nome_token, acentuada, id_tipo_token) VALUES ("maquiador", "maquiador", (SELECT id_tipo_token FROM classificacoes_tokens WHERE BINARY nome_token = "maquiador"));
  INSERT IGNORE INTO classificacoes_tokens (nome_token, id_tipo_token) VALUES ("90", (SELECT id_chave_tipo_token FROM tipos_tokens WHERE nome_tipo_token = "numeral"));
INSERT IGNORE INTO tokens (nome_token, acentuada, id_tipo_token) VALUES ("90", "90", (SELECT id_tipo_token FROM classificacoes_tokens WHERE BINARY nome_token = "90"));
  INSERT IGNORE INTO classificacoes_tokens (nome_token, id_tipo_token) VALUES ("17", (SELECT id_chave_tipo_token FROM tipos_tokens WHERE nome_tipo_token = "numeral"));
INSERT IGNORE INTO tokens (nome_token, acentuada, id_tipo_token) VALUES ("17", "17", (SELECT id_tipo_token FROM classificacoes_tokens WHERE BINARY nome_token = "17"));
  INSERT IGNORE INTO tokens (nome_token, acentuada, id_tipo_token) VALUES ("atuais", "atuais", (SELECT id_tipo_token FROM classificacoes_tokens WHERE BINARY nome_token = "atuais"));
  INSERT IGNORE INTO tokens (nome_token, acentuada, id_tipo_token) VALUES ("tendencias", "tendências", (SELECT id_tipo_token FROM classificacoes_tokens WHERE BINARY nome_token = "tendências"));
  INSERT IGNORE INTO classificacoes_tokens (nome_token, id_tipo_token) VALUES ("3", (SELECT id_chave_tipo_token FROM tipos_tokens WHERE nome_tipo_token = "numeral"));
INSERT IGNORE INTO tokens (nome_token, acentuada, id_tipo_token) VALUES ("3", "3", (SELECT id_tipo_token FROM classificacoes_tokens WHERE BINARY nome_token = "3"));
  INSERT IGNORE INTO tokens (nome_token, acentuada, id_tipo_token) VALUES ("natal", "natal", (SELECT id_tipo_token FROM classificacoes_tokens WHERE BINARY nome_token = "natal"));
  INSERT IGNORE INTO tokens (nome_token, acentuada, id_tipo_token) VALUES ("rn", "rn", (SELECT id_tipo_token FROM classificacoes_tokens WHERE BINARY nome_token = "rn"));
  INSERT IGNORE INTO tokens (nome_token, acentuada, id_tipo_token) VALUES ("barbearia", "barbearia", (SELECT id_tipo_token FROM classificacoes_tokens WHERE BINARY nome_token = "barbearia"));
  INSERT IGNORE INTO classificacoes_tokens (nome_token, id_tipo_token) VALUES ("59", (SELECT id_chave_tipo_token FROM tipos_tokens WHERE nome_tipo_token = "numeral"));
INSERT IGNORE INTO tokens (nome_token, acentuada, id_tipo_token) VALUES ("59", "59", (SELECT id_tipo_token FROM classificacoes_tokens WHERE BINARY nome_token = "59"));
  INSERT IGNORE INTO tokens (nome_token, acentuada, id_tipo_token) VALUES ("velho", "velho", (SELECT id_tipo_token FROM classificacoes_tokens WHERE BINARY nome_token = "velho"));
  INSERT IGNORE INTO tokens (nome_token, acentuada, id_tipo_token) VALUES ("ro", "ro", (SELECT id_tipo_token FROM classificacoes_tokens WHERE BINARY nome_token = "ro"));
  INSERT IGNORE INTO tokens (nome_token, acentuada, id_tipo_token) VALUES ("penteados", "penteados", (SELECT id_tipo_token FROM classificacoes_tokens WHERE BINARY nome_token = "penteados"));
  INSERT IGNORE INTO tokens (nome_token, acentuada, id_tipo_token) VALUES ("trancas", "tranças", (SELECT id_tipo_token FROM classificacoes_tokens WHERE BINARY nome_token = "tranças"));
  INSERT IGNORE INTO classificacoes_tokens (nome_token, id_tipo_token) VALUES ("14", (SELECT id_chave_tipo_token FROM tipos_tokens WHERE nome_tipo_token = "numeral"));
INSERT IGNORE INTO tokens (nome_token, acentuada, id_tipo_token) VALUES ("14", "14", (SELECT id_tipo_token FROM classificacoes_tokens WHERE BINARY nome_token = "14"));
  INSERT IGNORE INTO classificacoes_tokens (nome_token, id_tipo_token) VALUES ("72", (SELECT id_chave_tipo_token FROM tipos_tokens WHERE nome_tipo_token = "numeral"));
INSERT IGNORE INTO tokens (nome_token, acentuada, id_tipo_token) VALUES ("72", "72", (SELECT id_tipo_token FROM classificacoes_tokens WHERE BINARY nome_token = "72"));
  INSERT IGNORE INTO classificacoes_tokens (nome_token, id_tipo_token) VALUES ("118", (SELECT id_chave_tipo_token FROM tipos_tokens WHERE nome_tipo_token = "numeral"));
INSERT IGNORE INTO tokens (nome_token, acentuada, id_tipo_token) VALUES ("118", "118", (SELECT id_tipo_token FROM classificacoes_tokens WHERE BINARY nome_token = "118"));
  INSERT IGNORE INTO tokens (nome_token, acentuada, id_tipo_token) VALUES ("midias", "mídias", (SELECT id_tipo_token FROM classificacoes_tokens WHERE BINARY nome_token = "mídias"));
  INSERT IGNORE INTO tokens (nome_token, acentuada, id_tipo_token) VALUES ("nas", "nas", (SELECT id_tipo_token FROM classificacoes_tokens WHERE BINARY nome_token = "nas"));
  INSERT IGNORE INTO classificacoes_tokens (nome_token, id_tipo_token) VALUES ("21", (SELECT id_chave_tipo_token FROM tipos_tokens WHERE nome_tipo_token = "numeral"));
INSERT IGNORE INTO tokens (nome_token, acentuada, id_tipo_token) VALUES ("21", "21", (SELECT id_tipo_token FROM classificacoes_tokens WHERE BINARY nome_token = "21"));
  INSERT IGNORE INTO classificacoes_tokens (nome_token, id_tipo_token) VALUES ("84", (SELECT id_chave_tipo_token FROM tipos_tokens WHERE nome_tipo_token = "numeral"));
INSERT IGNORE INTO tokens (nome_token, acentuada, id_tipo_token) VALUES ("84", "84", (SELECT id_tipo_token FROM classificacoes_tokens WHERE BINARY nome_token = "84"));
  INSERT IGNORE INTO classificacoes_tokens (nome_token, id_tipo_token) VALUES ("8", (SELECT id_chave_tipo_token FROM tipos_tokens WHERE nome_tipo_token = "numeral"));
INSERT IGNORE INTO tokens (nome_token, acentuada, id_tipo_token) VALUES ("8", "8", (SELECT id_tipo_token FROM classificacoes_tokens WHERE BINARY nome_token = "8"));
  INSERT IGNORE INTO tokens (nome_token, acentuada, id_tipo_token) VALUES ("artisticas", "artísticas", (SELECT id_tipo_token FROM classificacoes_tokens WHERE BINARY nome_token = "artísticas"));
  INSERT IGNORE INTO tokens (nome_token, acentuada, id_tipo_token) VALUES ("unhas", "unhas", (SELECT id_tipo_token FROM classificacoes_tokens WHERE BINARY nome_token = "unhas"));
  INSERT IGNORE INTO classificacoes_tokens (nome_token, id_tipo_token) VALUES ("6", (SELECT id_chave_tipo_token FROM tipos_tokens WHERE nome_tipo_token = "numeral"));
INSERT IGNORE INTO tokens (nome_token, acentuada, id_tipo_token) VALUES ("6", "6", (SELECT id_tipo_token FROM classificacoes_tokens WHERE BINARY nome_token = "6"));
  INSERT IGNORE INTO classificacoes_tokens (nome_token, id_tipo_token) VALUES ("110", (SELECT id_chave_tipo_token FROM tipos_tokens WHERE nome_tipo_token = "numeral"));
INSERT IGNORE INTO tokens (nome_token, acentuada, id_tipo_token) VALUES ("110", "110", (SELECT id_tipo_token FROM classificacoes_tokens WHERE BINARY nome_token = "110"));
  INSERT IGNORE INTO tokens (nome_token, acentuada, id_tipo_token) VALUES ("profissionais", "profissionais", (SELECT id_tipo_token FROM classificacoes_tokens WHERE BINARY nome_token = "profissionais"));
  INSERT IGNORE INTO tokens (nome_token, acentuada, id_tipo_token) VALUES ("carreira", "carreira", (SELECT id_tipo_token FROM classificacoes_tokens WHERE BINARY nome_token = "carreira"));
  INSERT IGNORE INTO tokens (nome_token, acentuada, id_tipo_token) VALUES ("construcao", "construção", (SELECT id_tipo_token FROM classificacoes_tokens WHERE BINARY nome_token = "construção"));
  INSERT IGNORE INTO classificacoes_tokens (nome_token, id_tipo_token) VALUES ("33", (SELECT id_chave_tipo_token FROM tipos_tokens WHERE nome_tipo_token = "numeral"));
INSERT IGNORE INTO tokens (nome_token, acentuada, id_tipo_token) VALUES ("33", "33", (SELECT id_tipo_token FROM classificacoes_tokens WHERE BINARY nome_token = "33"));
  INSERT IGNORE INTO classificacoes_tokens (nome_token, id_tipo_token) VALUES ("108", (SELECT id_chave_tipo_token FROM tipos_tokens WHERE nome_tipo_token = "numeral"));
INSERT IGNORE INTO tokens (nome_token, acentuada, id_tipo_token) VALUES ("108", "108", (SELECT id_tipo_token FROM classificacoes_tokens WHERE BINARY nome_token = "108"));
  INSERT IGNORE INTO tokens (nome_token, acentuada, id_tipo_token) VALUES ("escova", "escova", (SELECT id_tipo_token FROM classificacoes_tokens WHERE BINARY nome_token = "escova"));
  INSERT IGNORE INTO tokens (nome_token, acentuada, id_tipo_token) VALUES ("hidratacao", "hidratação", (SELECT id_tipo_token FROM classificacoes_tokens WHERE BINARY nome_token = "hidratação"));
  INSERT IGNORE INTO tokens (nome_token, acentuada, id_tipo_token) VALUES ("corte", "corte", (SELECT id_tipo_token FROM classificacoes_tokens WHERE BINARY nome_token = "corte"));
  INSERT IGNORE INTO classificacoes_tokens (nome_token, id_tipo_token) VALUES ("4", (SELECT id_chave_tipo_token FROM tipos_tokens WHERE nome_tipo_token = "numeral"));
INSERT IGNORE INTO tokens (nome_token, acentuada, id_tipo_token) VALUES ("4", "4", (SELECT id_tipo_token FROM classificacoes_tokens WHERE BINARY nome_token = "4"));
  INSERT IGNORE INTO classificacoes_tokens (nome_token, id_tipo_token) VALUES ("56", (SELECT id_chave_tipo_token FROM tipos_tokens WHERE nome_tipo_token = "numeral"));
INSERT IGNORE INTO tokens (nome_token, acentuada, id_tipo_token) VALUES ("56", "56", (SELECT id_tipo_token FROM classificacoes_tokens WHERE BINARY nome_token = "56"));
  INSERT IGNORE INTO classificacoes_tokens (nome_token, id_tipo_token) VALUES ("66", (SELECT id_chave_tipo_token FROM tipos_tokens WHERE nome_tipo_token = "numeral"));
INSERT IGNORE INTO tokens (nome_token, acentuada, id_tipo_token) VALUES ("66", "66", (SELECT id_tipo_token FROM classificacoes_tokens WHERE BINARY nome_token = "66"));
  INSERT IGNORE INTO tokens (nome_token, acentuada, id_tipo_token) VALUES ("barbear", "barbear", (SELECT id_tipo_token FROM classificacoes_tokens WHERE BINARY nome_token = "barbear"));
  INSERT IGNORE INTO tokens (nome_token, acentuada, id_tipo_token) VALUES ("masculino", "masculino", (SELECT id_tipo_token FROM classificacoes_tokens WHERE BINARY nome_token = "masculino"));
  INSERT IGNORE INTO tokens (nome_token, acentuada, id_tipo_token) VALUES ("cabelo", "cabelo", (SELECT id_tipo_token FROM classificacoes_tokens WHERE BINARY nome_token = "cabelo"));
  INSERT IGNORE INTO tokens (nome_token, acentuada, id_tipo_token) VALUES ("cortes", "cortes", (SELECT id_tipo_token FROM classificacoes_tokens WHERE BINARY nome_token = "cortes"));
  INSERT IGNORE INTO classificacoes_tokens (nome_token, id_tipo_token) VALUES ("27", (SELECT id_chave_tipo_token FROM tipos_tokens WHERE nome_tipo_token = "numeral"));
INSERT IGNORE INTO tokens (nome_token, acentuada, id_tipo_token) VALUES ("27", "27", (SELECT id_tipo_token FROM classificacoes_tokens WHERE BINARY nome_token = "27"));
  INSERT IGNORE INTO classificacoes_tokens (nome_token, id_tipo_token) VALUES ("57", (SELECT id_chave_tipo_token FROM tipos_tokens WHERE nome_tipo_token = "numeral"));
INSERT IGNORE INTO tokens (nome_token, acentuada, id_tipo_token) VALUES ("57", "57", (SELECT id_tipo_token FROM classificacoes_tokens WHERE BINARY nome_token = "57"));
  INSERT IGNORE INTO classificacoes_tokens (nome_token, id_tipo_token) VALUES ("65", (SELECT id_chave_tipo_token FROM tipos_tokens WHERE nome_tipo_token = "numeral"));
INSERT IGNORE INTO tokens (nome_token, acentuada, id_tipo_token) VALUES ("65", "65", (SELECT id_tipo_token FROM classificacoes_tokens WHERE BINARY nome_token = "65"));
  INSERT IGNORE INTO tokens (nome_token, acentuada, id_tipo_token) VALUES ("teresina", "teresina", (SELECT id_tipo_token FROM classificacoes_tokens WHERE BINARY nome_token = "teresina"));
  INSERT IGNORE INTO tokens (nome_token, acentuada, id_tipo_token) VALUES ("pi", "pi", (SELECT id_tipo_token FROM classificacoes_tokens WHERE BINARY nome_token = "pi"));
  INSERT IGNORE INTO tokens (nome_token, acentuada, id_tipo_token) VALUES ("depilador", "depilador", (SELECT id_tipo_token FROM classificacoes_tokens WHERE BINARY nome_token = "depilador"));
  INSERT IGNORE INTO tokens (nome_token, acentuada, id_tipo_token) VALUES ("cabeleireiro", "cabeleireiro", (SELECT id_tipo_token FROM classificacoes_tokens WHERE BINARY nome_token = "cabeleireiro"));
  INSERT IGNORE INTO classificacoes_tokens (nome_token, id_tipo_token) VALUES ("2731", (SELECT id_chave_tipo_token FROM tipos_tokens WHERE nome_tipo_token = "numeral"));
INSERT IGNORE INTO tokens (nome_token, acentuada, id_tipo_token) VALUES ("2731", "2731", (SELECT id_tipo_token FROM classificacoes_tokens WHERE BINARY nome_token = "2731"));
  INSERT IGNORE INTO tokens (nome_token, acentuada, id_tipo_token) VALUES ("beleza", "beleza", (SELECT id_tipo_token FROM classificacoes_tokens WHERE BINARY nome_token = "beleza"));
  INSERT IGNORE INTO classificacoes_tokens (nome_token, id_tipo_token) VALUES ("139", (SELECT id_chave_tipo_token FROM tipos_tokens WHERE nome_tipo_token = "numeral"));
INSERT IGNORE INTO tokens (nome_token, acentuada, id_tipo_token) VALUES ("139", "139", (SELECT id_tipo_token FROM classificacoes_tokens WHERE BINARY nome_token = "139"));
  INSERT IGNORE INTO tokens (nome_token, acentuada, id_tipo_token) VALUES ("aracaju", "aracaju", (SELECT id_tipo_token FROM classificacoes_tokens WHERE BINARY nome_token = "aracaju"));
  INSERT IGNORE INTO classificacoes_tokens (nome_token, id_tipo_token) VALUES ("60", (SELECT id_chave_tipo_token FROM tipos_tokens WHERE nome_tipo_token = "numeral"));
INSERT IGNORE INTO tokens (nome_token, acentuada, id_tipo_token) VALUES ("60", "60", (SELECT id_tipo_token FROM classificacoes_tokens WHERE BINARY nome_token = "60"));
  INSERT IGNORE INTO tokens (nome_token, acentuada, id_tipo_token) VALUES ("se", "se", (SELECT id_tipo_token FROM classificacoes_tokens WHERE BINARY nome_token = "se"));
  INSERT IGNORE INTO tokens (nome_token, acentuada, id_tipo_token) VALUES ("vista", "vista", (SELECT id_tipo_token FROM classificacoes_tokens WHERE BINARY nome_token = "vista"));
  INSERT IGNORE INTO tokens (nome_token, acentuada, id_tipo_token) VALUES ("boa", "boa", (SELECT id_tipo_token FROM classificacoes_tokens WHERE BINARY nome_token = "boa"));
  INSERT IGNORE INTO tokens (nome_token, acentuada, id_tipo_token) VALUES ("rr", "rr", (SELECT id_tipo_token FROM classificacoes_tokens WHERE BINARY nome_token = "rr"));
  INSERT IGNORE INTO tokens (nome_token, acentuada, id_tipo_token) VALUES ("janeiro", "janeiro", (SELECT id_tipo_token FROM classificacoes_tokens WHERE BINARY nome_token = "janeiro"));
  INSERT IGNORE INTO tokens (nome_token, acentuada, id_tipo_token) VALUES ("rio", "rio", (SELECT id_tipo_token FROM classificacoes_tokens WHERE BINARY nome_token = "rio"));
  INSERT IGNORE INTO tokens (nome_token, acentuada, id_tipo_token) VALUES ("rj", "rj", (SELECT id_tipo_token FROM classificacoes_tokens WHERE BINARY nome_token = "rj"));
  INSERT IGNORE INTO tokens (nome_token, acentuada, id_tipo_token) VALUES ("goiania", "goiânia", (SELECT id_tipo_token FROM classificacoes_tokens WHERE BINARY nome_token = "goiânia"));
  INSERT IGNORE INTO tokens (nome_token, acentuada, id_tipo_token) VALUES ("go", "go", (SELECT id_tipo_token FROM classificacoes_tokens WHERE BINARY nome_token = "go"));
  INSERT IGNORE INTO classificacoes_tokens (nome_token, id_tipo_token) VALUES ("40", (SELECT id_chave_tipo_token FROM tipos_tokens WHERE nome_tipo_token = "numeral"));
INSERT IGNORE INTO tokens (nome_token, acentuada, id_tipo_token) VALUES ("40", "40", (SELECT id_tipo_token FROM classificacoes_tokens WHERE BINARY nome_token = "40"));
  INSERT IGNORE INTO classificacoes_tokens (nome_token, id_tipo_token) VALUES ("125", (SELECT id_chave_tipo_token FROM tipos_tokens WHERE nome_tipo_token = "numeral"));
INSERT IGNORE INTO tokens (nome_token, acentuada, id_tipo_token) VALUES ("125", "125", (SELECT id_tipo_token FROM classificacoes_tokens WHERE BINARY nome_token = "125"));
  INSERT IGNORE INTO classificacoes_tokens (nome_token, id_tipo_token) VALUES ("188", (SELECT id_chave_tipo_token FROM tipos_tokens WHERE nome_tipo_token = "numeral"));
INSERT IGNORE INTO tokens (nome_token, acentuada, id_tipo_token) VALUES ("188", "188", (SELECT id_tipo_token FROM classificacoes_tokens WHERE BINARY nome_token = "188"));
  INSERT IGNORE INTO classificacoes_tokens (nome_token, id_tipo_token) VALUES ("2198", (SELECT id_chave_tipo_token FROM tipos_tokens WHERE nome_tipo_token = "numeral"));
INSERT IGNORE INTO tokens (nome_token, acentuada, id_tipo_token) VALUES ("2198", "2198", (SELECT id_tipo_token FROM classificacoes_tokens WHERE BINARY nome_token = "2198"));
  INSERT IGNORE INTO classificacoes_tokens (nome_token, id_tipo_token) VALUES ("162", (SELECT id_chave_tipo_token FROM tipos_tokens WHERE nome_tipo_token = "numeral"));
INSERT IGNORE INTO tokens (nome_token, acentuada, id_tipo_token) VALUES ("162", "162", (SELECT id_tipo_token FROM classificacoes_tokens WHERE BINARY nome_token = "162"));
  INSERT IGNORE INTO tokens (nome_token, acentuada, id_tipo_token) VALUES ("jardineiro", "jardineiro", (SELECT id_tipo_token FROM classificacoes_tokens WHERE BINARY nome_token = "jardineiro"));
  INSERT IGNORE INTO classificacoes_tokens (nome_token, id_tipo_token) VALUES ("2195", (SELECT id_chave_tipo_token FROM tipos_tokens WHERE nome_tipo_token = "numeral"));
INSERT IGNORE INTO tokens (nome_token, acentuada, id_tipo_token) VALUES ("2195", "2195", (SELECT id_tipo_token FROM classificacoes_tokens WHERE BINARY nome_token = "2195"));
  INSERT IGNORE INTO classificacoes_tokens (nome_token, id_tipo_token) VALUES ("100", (SELECT id_chave_tipo_token FROM tipos_tokens WHERE nome_tipo_token = "numeral"));
INSERT IGNORE INTO tokens (nome_token, acentuada, id_tipo_token) VALUES ("100", "100", (SELECT id_tipo_token FROM classificacoes_tokens WHERE BINARY nome_token = "100"));
  INSERT IGNORE INTO tokens (nome_token, acentuada, id_tipo_token) VALUES ("ambientes", "ambientes", (SELECT id_tipo_token FROM classificacoes_tokens WHERE BINARY nome_token = "ambientes"));
  INSERT IGNORE INTO tokens (nome_token, acentuada, id_tipo_token) VALUES ("higienizacao", "higienização", (SELECT id_tipo_token FROM classificacoes_tokens WHERE BINARY nome_token = "higienização"));
  INSERT IGNORE INTO tokens (nome_token, acentuada, id_tipo_token) VALUES ("servicos", "serviços", (SELECT id_tipo_token FROM classificacoes_tokens WHERE BINARY nome_token = "serviços"));
  INSERT IGNORE INTO classificacoes_tokens (nome_token, id_tipo_token) VALUES ("12", (SELECT id_chave_tipo_token FROM tipos_tokens WHERE nome_tipo_token = "numeral"));
INSERT IGNORE INTO tokens (nome_token, acentuada, id_tipo_token) VALUES ("12", "12", (SELECT id_tipo_token FROM classificacoes_tokens WHERE BINARY nome_token = "12"));
  INSERT IGNORE INTO classificacoes_tokens (nome_token, id_tipo_token) VALUES ("2237", (SELECT id_chave_tipo_token FROM tipos_tokens WHERE nome_tipo_token = "numeral"));
INSERT IGNORE INTO tokens (nome_token, acentuada, id_tipo_token) VALUES ("2237", "2237", (SELECT id_tipo_token FROM classificacoes_tokens WHERE BINARY nome_token = "2237"));
  INSERT IGNORE INTO classificacoes_tokens (nome_token, id_tipo_token) VALUES ("99", (SELECT id_chave_tipo_token FROM tipos_tokens WHERE nome_tipo_token = "numeral"));
INSERT IGNORE INTO tokens (nome_token, acentuada, id_tipo_token) VALUES ("99", "99", (SELECT id_tipo_token FROM classificacoes_tokens WHERE BINARY nome_token = "99"));
  INSERT IGNORE INTO tokens (nome_token, acentuada, id_tipo_token) VALUES ("predial", "predial", (SELECT id_tipo_token FROM classificacoes_tokens WHERE BINARY nome_token = "predial"));
  INSERT IGNORE INTO tokens (nome_token, acentuada, id_tipo_token) VALUES ("manutencao", "manutenção", (SELECT id_tipo_token FROM classificacoes_tokens WHERE BINARY nome_token = "manutenção"));
  INSERT IGNORE INTO tokens (nome_token, acentuada, id_tipo_token) VALUES ("auxiliar", "auxiliar", (SELECT id_tipo_token FROM classificacoes_tokens WHERE BINARY nome_token = "auxiliar"));
  INSERT IGNORE INTO classificacoes_tokens (nome_token, id_tipo_token) VALUES ("2192", (SELECT id_chave_tipo_token FROM tipos_tokens WHERE nome_tipo_token = "numeral"));
INSERT IGNORE INTO tokens (nome_token, acentuada, id_tipo_token) VALUES ("2192", "2192", (SELECT id_tipo_token FROM classificacoes_tokens WHERE BINARY nome_token = "2192"));
  INSERT IGNORE INTO classificacoes_tokens (nome_token, id_tipo_token) VALUES ("43", (SELECT id_chave_tipo_token FROM tipos_tokens WHERE nome_tipo_token = "numeral"));
INSERT IGNORE INTO tokens (nome_token, acentuada, id_tipo_token) VALUES ("43", "43", (SELECT id_tipo_token FROM classificacoes_tokens WHERE BINARY nome_token = "43"));
  INSERT IGNORE INTO tokens (nome_token, acentuada, id_tipo_token) VALUES ("limpeza", "limpeza", (SELECT id_tipo_token FROM classificacoes_tokens WHERE BINARY nome_token = "limpeza"));
  INSERT IGNORE INTO tokens (nome_token, acentuada, id_tipo_token) VALUES ("agente", "agente", (SELECT id_tipo_token FROM classificacoes_tokens WHERE BINARY nome_token = "agente"));
  INSERT IGNORE INTO classificacoes_tokens (nome_token, id_tipo_token) VALUES ("2186", (SELECT id_chave_tipo_token FROM tipos_tokens WHERE nome_tipo_token = "numeral"));
INSERT IGNORE INTO tokens (nome_token, acentuada, id_tipo_token) VALUES ("2186", "2186", (SELECT id_tipo_token FROM classificacoes_tokens WHERE BINARY nome_token = "2186"));
  INSERT IGNORE INTO tokens (nome_token, acentuada, id_tipo_token) VALUES ("zelador", "zelador", (SELECT id_tipo_token FROM classificacoes_tokens WHERE BINARY nome_token = "zelador"));
  INSERT IGNORE INTO classificacoes_tokens (nome_token, id_tipo_token) VALUES ("2204", (SELECT id_chave_tipo_token FROM tipos_tokens WHERE nome_tipo_token = "numeral"));
INSERT IGNORE INTO tokens (nome_token, acentuada, id_tipo_token) VALUES ("2204", "2204", (SELECT id_tipo_token FROM classificacoes_tokens WHERE BINARY nome_token = "2204"));
  INSERT IGNORE INTO tokens (nome_token, acentuada, id_tipo_token) VALUES ("maceio", "maceió", (SELECT id_tipo_token FROM classificacoes_tokens WHERE BINARY nome_token = "maceió"));
  INSERT IGNORE INTO tokens (nome_token, acentuada, id_tipo_token) VALUES ("al", "al", (SELECT id_tipo_token FROM classificacoes_tokens WHERE BINARY nome_token = "al"));
  INSERT IGNORE INTO tokens (nome_token, acentuada, id_tipo_token) VALUES ("vigia", "vigia", (SELECT id_tipo_token FROM classificacoes_tokens WHERE BINARY nome_token = "vigia"));
  INSERT IGNORE INTO tokens (nome_token, acentuada, id_tipo_token) VALUES ("porteiro", "porteiro", (SELECT id_tipo_token FROM classificacoes_tokens WHERE BINARY nome_token = "porteiro"));
  INSERT IGNORE INTO classificacoes_tokens (nome_token, id_tipo_token) VALUES ("2199", (SELECT id_chave_tipo_token FROM tipos_tokens WHERE nome_tipo_token = "numeral"));
INSERT IGNORE INTO tokens (nome_token, acentuada, id_tipo_token) VALUES ("2199", "2199", (SELECT id_tipo_token FROM classificacoes_tokens WHERE BINARY nome_token = "2199"));
  INSERT IGNORE INTO tokens (nome_token, acentuada, id_tipo_token) VALUES ("zeladoria", "zeladoria", (SELECT id_tipo_token FROM classificacoes_tokens WHERE BINARY nome_token = "zeladoria"));
  INSERT IGNORE INTO tokens (nome_token, acentuada, id_tipo_token) VALUES ("conservacao", "conservação", (SELECT id_tipo_token FROM classificacoes_tokens WHERE BINARY nome_token = "conservação"));
  INSERT IGNORE INTO tokens (nome_token, acentuada, id_tipo_token) VALUES ("asseio", "asseio", (SELECT id_tipo_token FROM classificacoes_tokens WHERE BINARY nome_token = "asseio"));
  INSERT IGNORE INTO classificacoes_tokens (nome_token, id_tipo_token) VALUES ("624", (SELECT id_chave_tipo_token FROM tipos_tokens WHERE nome_tipo_token = "numeral"));
INSERT IGNORE INTO tokens (nome_token, acentuada, id_tipo_token) VALUES ("624", "624", (SELECT id_tipo_token FROM classificacoes_tokens WHERE BINARY nome_token = "624"));
  INSERT IGNORE INTO tokens (nome_token, acentuada, id_tipo_token) VALUES ("celular", "celular", (SELECT id_tipo_token FROM classificacoes_tokens WHERE BINARY nome_token = "celular"));
  INSERT IGNORE INTO tokens (nome_token, acentuada, id_tipo_token) VALUES ("comercial", "comercial", (SELECT id_tipo_token FROM classificacoes_tokens WHERE BINARY nome_token = "comercial"));
  INSERT IGNORE INTO classificacoes_tokens (nome_token, id_tipo_token) VALUES ("364", (SELECT id_chave_tipo_token FROM tipos_tokens WHERE nome_tipo_token = "numeral"));
INSERT IGNORE INTO tokens (nome_token, acentuada, id_tipo_token) VALUES ("364", "364", (SELECT id_tipo_token FROM classificacoes_tokens WHERE BINARY nome_token = "364"));
  INSERT IGNORE INTO classificacoes_tokens (nome_token, id_tipo_token) VALUES ("322", (SELECT id_chave_tipo_token FROM tipos_tokens WHERE nome_tipo_token = "numeral"));
INSERT IGNORE INTO tokens (nome_token, acentuada, id_tipo_token) VALUES ("322", "322", (SELECT id_tipo_token FROM classificacoes_tokens WHERE BINARY nome_token = "322"));
  INSERT IGNORE INTO classificacoes_tokens (nome_token, id_tipo_token) VALUES ("290", (SELECT id_chave_tipo_token FROM tipos_tokens WHERE nome_tipo_token = "numeral"));
INSERT IGNORE INTO tokens (nome_token, acentuada, id_tipo_token) VALUES ("290", "290", (SELECT id_tipo_token FROM classificacoes_tokens WHERE BINARY nome_token = "290"));
  INSERT IGNORE INTO tokens (nome_token, acentuada, id_tipo_token) VALUES ("sociais", "sociais", (SELECT id_tipo_token FROM classificacoes_tokens WHERE BINARY nome_token = "sociais"));
  INSERT IGNORE INTO tokens (nome_token, acentuada, id_tipo_token) VALUES ("redes", "redes", (SELECT id_tipo_token FROM classificacoes_tokens WHERE BINARY nome_token = "redes"));
  INSERT IGNORE INTO tokens (nome_token, acentuada, id_tipo_token) VALUES ("criativa", "criativa", (SELECT id_tipo_token FROM classificacoes_tokens WHERE BINARY nome_token = "criativa"));
  INSERT IGNORE INTO classificacoes_tokens (nome_token, id_tipo_token) VALUES ("68", (SELECT id_chave_tipo_token FROM tipos_tokens WHERE nome_tipo_token = "numeral"));
INSERT IGNORE INTO tokens (nome_token, acentuada, id_tipo_token) VALUES ("68", "68", (SELECT id_tipo_token FROM classificacoes_tokens WHERE BINARY nome_token = "68"));
  INSERT IGNORE INTO classificacoes_tokens (nome_token, id_tipo_token) VALUES ("15", (SELECT id_chave_tipo_token FROM tipos_tokens WHERE nome_tipo_token = "numeral"));
INSERT IGNORE INTO tokens (nome_token, acentuada, id_tipo_token) VALUES ("15", "15", (SELECT id_tipo_token FROM classificacoes_tokens WHERE BINARY nome_token = "15"));
  INSERT IGNORE INTO tokens (nome_token, acentuada, id_tipo_token) VALUES ("cuiaba", "cuiabá", (SELECT id_tipo_token FROM classificacoes_tokens WHERE BINARY nome_token = "cuiabá"));
  INSERT IGNORE INTO classificacoes_tokens (nome_token, id_tipo_token) VALUES ("235", (SELECT id_chave_tipo_token FROM tipos_tokens WHERE nome_tipo_token = "numeral"));
INSERT IGNORE INTO tokens (nome_token, acentuada, id_tipo_token) VALUES ("235", "235", (SELECT id_tipo_token FROM classificacoes_tokens WHERE BINARY nome_token = "235"));
  INSERT IGNORE INTO tokens (nome_token, acentuada, id_tipo_token) VALUES ("mt", "mt", (SELECT id_tipo_token FROM classificacoes_tokens WHERE BINARY nome_token = "mt"));
  INSERT IGNORE INTO tokens (nome_token, acentuada, id_tipo_token) VALUES ("macapa", "macapá", (SELECT id_tipo_token FROM classificacoes_tokens WHERE BINARY nome_token = "macapá"));
  INSERT IGNORE INTO tokens (nome_token, acentuada, id_tipo_token) VALUES ("ap", "ap", (SELECT id_tipo_token FROM classificacoes_tokens WHERE BINARY nome_token = "ap"));
  INSERT IGNORE INTO tokens (nome_token, acentuada, id_tipo_token) VALUES ("tecido", "tecido", (SELECT id_tipo_token FROM classificacoes_tokens WHERE BINARY nome_token = "tecido"));
  INSERT IGNORE INTO tokens (nome_token, acentuada, id_tipo_token) VALUES ("pintura", "pintura", (SELECT id_tipo_token FROM classificacoes_tokens WHERE BINARY nome_token = "pintura"));
  INSERT IGNORE INTO tokens (nome_token, acentuada, id_tipo_token) VALUES ("artesao", "artesão", (SELECT id_tipo_token FROM classificacoes_tokens WHERE BINARY nome_token = "artesão"));
  INSERT IGNORE INTO classificacoes_tokens (nome_token, id_tipo_token) VALUES ("1841", (SELECT id_chave_tipo_token FROM tipos_tokens WHERE nome_tipo_token = "numeral"));
INSERT IGNORE INTO tokens (nome_token, acentuada, id_tipo_token) VALUES ("1841", "1841", (SELECT id_tipo_token FROM classificacoes_tokens WHERE BINARY nome_token = "1841"));
  INSERT IGNORE INTO classificacoes_tokens (nome_token, id_tipo_token) VALUES ("239", (SELECT id_chave_tipo_token FROM tipos_tokens WHERE nome_tipo_token = "numeral"));
INSERT IGNORE INTO tokens (nome_token, acentuada, id_tipo_token) VALUES ("239", "239", (SELECT id_tipo_token FROM classificacoes_tokens WHERE BINARY nome_token = "239"));
  INSERT IGNORE INTO tokens (nome_token, acentuada, id_tipo_token) VALUES ("recursos", "recursos", (SELECT id_tipo_token FROM classificacoes_tokens WHERE BINARY nome_token = "recursos"));
  INSERT IGNORE INTO tokens (nome_token, acentuada, id_tipo_token) VALUES ("obtencao", "obtenção", (SELECT id_tipo_token FROM classificacoes_tokens WHERE BINARY nome_token = "obtenção"));
  INSERT IGNORE INTO tokens (nome_token, acentuada, id_tipo_token) VALUES ("para", "para", (SELECT id_tipo_token FROM classificacoes_tokens WHERE BINARY nome_token = "para"));
  INSERT IGNORE INTO tokens (nome_token, acentuada, id_tipo_token) VALUES ("estrategias", "estratégias", (SELECT id_tipo_token FROM classificacoes_tokens WHERE BINARY nome_token = "estratégias"));
  INSERT IGNORE INTO tokens (nome_token, acentuada, id_tipo_token) VALUES ("tecnicas", "técnicas", (SELECT id_tipo_token FROM classificacoes_tokens WHERE BINARY nome_token = "técnicas"));
  INSERT IGNORE INTO tokens (nome_token, acentuada, id_tipo_token) VALUES ("culturais", "culturais", (SELECT id_tipo_token FROM classificacoes_tokens WHERE BINARY nome_token = "culturais"));
  INSERT IGNORE INTO tokens (nome_token, acentuada, id_tipo_token) VALUES ("projetos", "projetos", (SELECT id_tipo_token FROM classificacoes_tokens WHERE BINARY nome_token = "projetos"));
  INSERT IGNORE INTO classificacoes_tokens (nome_token, id_tipo_token) VALUES ("1810", (SELECT id_chave_tipo_token FROM tipos_tokens WHERE nome_tipo_token = "numeral"));
INSERT IGNORE INTO tokens (nome_token, acentuada, id_tipo_token) VALUES ("1810", "1810", (SELECT id_tipo_token FROM classificacoes_tokens WHERE BINARY nome_token = "1810"));
  INSERT IGNORE INTO classificacoes_tokens (nome_token, id_tipo_token) VALUES ("175", (SELECT id_chave_tipo_token FROM tipos_tokens WHERE nome_tipo_token = "numeral"));
INSERT IGNORE INTO tokens (nome_token, acentuada, id_tipo_token) VALUES ("175", "175", (SELECT id_tipo_token FROM classificacoes_tokens WHERE BINARY nome_token = "175"));
  INSERT IGNORE INTO tokens (nome_token, acentuada, id_tipo_token) VALUES ("flash", "flash", (SELECT id_tipo_token FROM classificacoes_tokens WHERE BINARY nome_token = "flash"));
  INSERT IGNORE INTO tokens (nome_token, acentuada, id_tipo_token) VALUES ("com", "com", (SELECT id_tipo_token FROM classificacoes_tokens WHERE BINARY nome_token = "com"));
  INSERT IGNORE INTO tokens (nome_token, acentuada, id_tipo_token) VALUES ("fotografica", "fotográfica", (SELECT id_tipo_token FROM classificacoes_tokens WHERE BINARY nome_token = "fotográfica"));
  INSERT IGNORE INTO tokens (nome_token, acentuada, id_tipo_token) VALUES ("iluminacao", "iluminação", (SELECT id_tipo_token FROM classificacoes_tokens WHERE BINARY nome_token = "iluminação"));
  INSERT IGNORE INTO classificacoes_tokens (nome_token, id_tipo_token) VALUES ("89", (SELECT id_chave_tipo_token FROM tipos_tokens WHERE nome_tipo_token = "numeral"));
INSERT IGNORE INTO tokens (nome_token, acentuada, id_tipo_token) VALUES ("89", "89", (SELECT id_tipo_token FROM classificacoes_tokens WHERE BINARY nome_token = "89"));
  INSERT IGNORE INTO tokens (nome_token, acentuada, id_tipo_token) VALUES ("alegre", "alegre", (SELECT id_tipo_token FROM classificacoes_tokens WHERE BINARY nome_token = "alegre"));
  INSERT IGNORE INTO tokens (nome_token, acentuada, id_tipo_token) VALUES ("porto", "porto", (SELECT id_tipo_token FROM classificacoes_tokens WHERE BINARY nome_token = "porto"));
  INSERT IGNORE INTO classificacoes_tokens (nome_token, id_tipo_token) VALUES ("50", (SELECT id_chave_tipo_token FROM tipos_tokens WHERE nome_tipo_token = "numeral"));
INSERT IGNORE INTO tokens (nome_token, acentuada, id_tipo_token) VALUES ("50", "50", (SELECT id_tipo_token FROM classificacoes_tokens WHERE BINARY nome_token = "50"));
  INSERT IGNORE INTO tokens (nome_token, acentuada, id_tipo_token) VALUES ("rs", "rs", (SELECT id_tipo_token FROM classificacoes_tokens WHERE BINARY nome_token = "rs"));
  INSERT IGNORE INTO tokens (nome_token, acentuada, id_tipo_token) VALUES ("recife", "recife", (SELECT id_tipo_token FROM classificacoes_tokens WHERE BINARY nome_token = "recife"));
  INSERT IGNORE INTO tokens (nome_token, acentuada, id_tipo_token) VALUES ("pe", "pe", (SELECT id_tipo_token FROM classificacoes_tokens WHERE BINARY nome_token = "pe"));
  INSERT IGNORE INTO tokens (nome_token, acentuada, id_tipo_token) VALUES ("horizonte", "horizonte", (SELECT id_tipo_token FROM classificacoes_tokens WHERE BINARY nome_token = "horizonte"));
  INSERT IGNORE INTO tokens (nome_token, acentuada, id_tipo_token) VALUES ("belo", "belo", (SELECT id_tipo_token FROM classificacoes_tokens WHERE BINARY nome_token = "belo"));
  INSERT IGNORE INTO classificacoes_tokens (nome_token, id_tipo_token) VALUES ("44", (SELECT id_chave_tipo_token FROM tipos_tokens WHERE nome_tipo_token = "numeral"));
INSERT IGNORE INTO tokens (nome_token, acentuada, id_tipo_token) VALUES ("44", "44", (SELECT id_tipo_token FROM classificacoes_tokens WHERE BINARY nome_token = "44"));
  INSERT IGNORE INTO tokens (nome_token, acentuada, id_tipo_token) VALUES ("mg", "mg", (SELECT id_tipo_token FROM classificacoes_tokens WHERE BINARY nome_token = "mg"));
  INSERT IGNORE INTO classificacoes_tokens (nome_token, id_tipo_token) VALUES ("2942", (SELECT id_chave_tipo_token FROM tipos_tokens WHERE nome_tipo_token = "numeral"));
INSERT IGNORE INTO tokens (nome_token, acentuada, id_tipo_token) VALUES ("2942", "2942", (SELECT id_tipo_token FROM classificacoes_tokens WHERE BINARY nome_token = "2942"));
  INSERT IGNORE INTO classificacoes_tokens (nome_token, id_tipo_token) VALUES ("46", (SELECT id_chave_tipo_token FROM tipos_tokens WHERE nome_tipo_token = "numeral"));
INSERT IGNORE INTO tokens (nome_token, acentuada, id_tipo_token) VALUES ("46", "46", (SELECT id_tipo_token FROM classificacoes_tokens WHERE BINARY nome_token = "46"));
  INSERT IGNORE INTO classificacoes_tokens (nome_token, id_tipo_token) VALUES ("82", (SELECT id_chave_tipo_token FROM tipos_tokens WHERE nome_tipo_token = "numeral"));
INSERT IGNORE INTO tokens (nome_token, acentuada, id_tipo_token) VALUES ("82", "82", (SELECT id_tipo_token FROM classificacoes_tokens WHERE BINARY nome_token = "82"));
  INSERT IGNORE INTO tokens (nome_token, acentuada, id_tipo_token) VALUES ("patchwork", "patchwork", (SELECT id_tipo_token FROM classificacoes_tokens WHERE BINARY nome_token = "patchwork"));
  INSERT IGNORE INTO tokens (nome_token, acentuada, id_tipo_token) VALUES ("em", "em", (SELECT id_tipo_token FROM classificacoes_tokens WHERE BINARY nome_token = "em"));
  INSERT IGNORE INTO tokens (nome_token, acentuada, id_tipo_token) VALUES ("confeccionador", "confeccionador", (SELECT id_tipo_token FROM classificacoes_tokens WHERE BINARY nome_token = "confeccionador"));
  INSERT IGNORE INTO classificacoes_tokens (nome_token, id_tipo_token) VALUES ("1111", (SELECT id_chave_tipo_token FROM tipos_tokens WHERE nome_tipo_token = "numeral"));
INSERT IGNORE INTO tokens (nome_token, acentuada, id_tipo_token) VALUES ("1111", "1111", (SELECT id_tipo_token FROM classificacoes_tokens WHERE BINARY nome_token = "1111"));
  INSERT IGNORE INTO classificacoes_tokens (nome_token, id_tipo_token) VALUES ("123", (SELECT id_chave_tipo_token FROM tipos_tokens WHERE nome_tipo_token = "numeral"));
INSERT IGNORE INTO tokens (nome_token, acentuada, id_tipo_token) VALUES ("123", "123", (SELECT id_tipo_token FROM classificacoes_tokens WHERE BINARY nome_token = "123"));
  INSERT IGNORE INTO tokens (nome_token, acentuada, id_tipo_token) VALUES ("imagem", "imagem", (SELECT id_tipo_token FROM classificacoes_tokens WHERE BINARY nome_token = "imagem"));
  INSERT IGNORE INTO tokens (nome_token, acentuada, id_tipo_token) VALUES ("tratamento", "tratamento", (SELECT id_tipo_token FROM classificacoes_tokens WHERE BINARY nome_token = "tratamento"));
  INSERT IGNORE INTO tokens (nome_token, acentuada, id_tipo_token) VALUES ("trabalho", "trabalho", (SELECT id_tipo_token FROM classificacoes_tokens WHERE BINARY nome_token = "trabalho"));
  INSERT IGNORE INTO tokens (nome_token, acentuada, id_tipo_token) VALUES ("fluxo", "fluxo", (SELECT id_tipo_token FROM classificacoes_tokens WHERE BINARY nome_token = "fluxo"));
  INSERT IGNORE INTO tokens (nome_token, acentuada, id_tipo_token) VALUES (":", ":", (SELECT id_tipo_token FROM classificacoes_tokens WHERE BINARY nome_token = ":"));
  INSERT IGNORE INTO tokens (nome_token, acentuada, id_tipo_token) VALUES ("lightroom", "lightroom", (SELECT id_tipo_token FROM classificacoes_tokens WHERE BINARY nome_token = "lightroom"));
  INSERT IGNORE INTO classificacoes_tokens (nome_token, id_tipo_token) VALUES ("54", (SELECT id_chave_tipo_token FROM tipos_tokens WHERE nome_tipo_token = "numeral"));
INSERT IGNORE INTO tokens (nome_token, acentuada, id_tipo_token) VALUES ("54", "54", (SELECT id_tipo_token FROM classificacoes_tokens WHERE BINARY nome_token = "54"));
  INSERT IGNORE INTO classificacoes_tokens (nome_token, id_tipo_token) VALUES ("120", (SELECT id_chave_tipo_token FROM tipos_tokens WHERE nome_tipo_token = "numeral"));
INSERT IGNORE INTO tokens (nome_token, acentuada, id_tipo_token) VALUES ("120", "120", (SELECT id_tipo_token FROM classificacoes_tokens WHERE BINARY nome_token = "120"));
  INSERT IGNORE INTO tokens (nome_token, acentuada, id_tipo_token) VALUES ("editoriais", "editoriais", (SELECT id_tipo_token FROM classificacoes_tokens WHERE BINARY nome_token = "editoriais"));
  INSERT IGNORE INTO tokens (nome_token, acentuada, id_tipo_token) VALUES ("e", "e", (SELECT id_tipo_token FROM classificacoes_tokens WHERE BINARY nome_token = "e"));
  INSERT IGNORE INTO tokens (nome_token, acentuada, id_tipo_token) VALUES ("moda", "moda", (SELECT id_tipo_token FROM classificacoes_tokens WHERE BINARY nome_token = "moda"));
  INSERT IGNORE INTO tokens (nome_token, acentuada, id_tipo_token) VALUES ("-", "-", (SELECT id_tipo_token FROM classificacoes_tokens WHERE BINARY nome_token = "-"));
  INSERT IGNORE INTO tokens (nome_token, acentuada, id_tipo_token) VALUES ("fotografia", "fotografia", (SELECT id_tipo_token FROM classificacoes_tokens WHERE BINARY nome_token = "fotografia"));
  INSERT IGNORE INTO classificacoes_tokens (nome_token, id_tipo_token) VALUES ("76", (SELECT id_chave_tipo_token FROM tipos_tokens WHERE nome_tipo_token = "numeral"));
INSERT IGNORE INTO tokens (nome_token, acentuada, id_tipo_token) VALUES ("76", "76", (SELECT id_tipo_token FROM classificacoes_tokens WHERE BINARY nome_token = "76"));
  INSERT IGNORE INTO tokens (nome_token, acentuada, id_tipo_token) VALUES (".", ".", (SELECT id_tipo_token FROM classificacoes_tokens WHERE BINARY nome_token = "."));
  INSERT IGNORE INTO classificacoes_tokens (nome_token, id_tipo_token) VALUES ("382", (SELECT id_chave_tipo_token FROM tipos_tokens WHERE nome_tipo_token = "numeral"));
INSERT IGNORE INTO tokens (nome_token, acentuada, id_tipo_token) VALUES ("382", "382", (SELECT id_tipo_token FROM classificacoes_tokens WHERE BINARY nome_token = "382"));
  INSERT IGNORE INTO tokens (nome_token, acentuada, id_tipo_token) VALUES ("aperfeicoamento", "aperfeiçoamento", (SELECT id_tipo_token FROM classificacoes_tokens WHERE BINARY nome_token = "aperfeiçoamento"));
  INSERT IGNORE INTO classificacoes_tokens (nome_token, id_tipo_token) VALUES ("62", (SELECT id_chave_tipo_token FROM tipos_tokens WHERE nome_tipo_token = "numeral"));
INSERT IGNORE INTO tokens (nome_token, acentuada, id_tipo_token) VALUES ("62", "62", (SELECT id_tipo_token FROM classificacoes_tokens WHERE BINARY nome_token = "62"));
  INSERT IGNORE INTO tokens (nome_token, acentuada, id_tipo_token) VALUES ("pessoa", "pessoa", (SELECT id_tipo_token FROM classificacoes_tokens WHERE BINARY nome_token = "pessoa"));
  INSERT IGNORE INTO tokens (nome_token, acentuada, id_tipo_token) VALUES ("joao", "joão", (SELECT id_tipo_token FROM classificacoes_tokens WHERE BINARY nome_token = "joão"));
  INSERT IGNORE INTO classificacoes_tokens (nome_token, id_tipo_token) VALUES ("20", (SELECT id_chave_tipo_token FROM tipos_tokens WHERE nome_tipo_token = "numeral"));
INSERT IGNORE INTO tokens (nome_token, acentuada, id_tipo_token) VALUES ("20", "20", (SELECT id_tipo_token FROM classificacoes_tokens WHERE BINARY nome_token = "20"));
  INSERT IGNORE INTO tokens (nome_token, acentuada, id_tipo_token) VALUES ("pb", "pb", (SELECT id_tipo_token FROM classificacoes_tokens WHERE BINARY nome_token = "pb"));
  INSERT IGNORE INTO tokens (nome_token, acentuada, id_tipo_token) VALUES ("belem", "belém", (SELECT id_tipo_token FROM classificacoes_tokens WHERE BINARY nome_token = "belém"));
  INSERT IGNORE INTO classificacoes_tokens (nome_token, id_tipo_token) VALUES ("5", (SELECT id_chave_tipo_token FROM tipos_tokens WHERE nome_tipo_token = "numeral"));
INSERT IGNORE INTO tokens (nome_token, acentuada, id_tipo_token) VALUES ("5", "5", (SELECT id_tipo_token FROM classificacoes_tokens WHERE BINARY nome_token = "5"));
  INSERT IGNORE INTO tokens (nome_token, acentuada, id_tipo_token) VALUES ("pa", "pa", (SELECT id_tipo_token FROM classificacoes_tokens WHERE BINARY nome_token = "pa"));
  INSERT IGNORE INTO tokens (nome_token, acentuada, id_tipo_token) VALUES ("vitoria", "vitória", (SELECT id_tipo_token FROM classificacoes_tokens WHERE BINARY nome_token = "vitória"));
  INSERT IGNORE INTO classificacoes_tokens (nome_token, id_tipo_token) VALUES ("10", (SELECT id_chave_tipo_token FROM tipos_tokens WHERE nome_tipo_token = "numeral"));
INSERT IGNORE INTO tokens (nome_token, acentuada, id_tipo_token) VALUES ("10", "10", (SELECT id_tipo_token FROM classificacoes_tokens WHERE BINARY nome_token = "10"));
  INSERT IGNORE INTO tokens (nome_token, acentuada, id_tipo_token) VALUES ("es", "es", (SELECT id_tipo_token FROM classificacoes_tokens WHERE BINARY nome_token = "es"));
  INSERT IGNORE INTO tokens (nome_token, acentuada, id_tipo_token) VALUES ("fotografo", "fotógrafo", (SELECT id_tipo_token FROM classificacoes_tokens WHERE BINARY nome_token = "fotógrafo"));
  INSERT IGNORE INTO classificacoes_tokens (nome_token, id_tipo_token) VALUES ("1918", (SELECT id_chave_tipo_token FROM tipos_tokens WHERE nome_tipo_token = "numeral"));
INSERT IGNORE INTO tokens (nome_token, acentuada, id_tipo_token) VALUES ("1918", "1918", (SELECT id_tipo_token FROM classificacoes_tokens WHERE BINARY nome_token = "1918"));
  INSERT IGNORE INTO tokens (nome_token, acentuada, id_tipo_token) VALUES ("brasilia", "brasília", (SELECT id_tipo_token FROM classificacoes_tokens WHERE BINARY nome_token = "brasília"));
  INSERT IGNORE INTO classificacoes_tokens (nome_token, id_tipo_token) VALUES ("25", (SELECT id_chave_tipo_token FROM tipos_tokens WHERE nome_tipo_token = "numeral"));
INSERT IGNORE INTO tokens (nome_token, acentuada, id_tipo_token) VALUES ("25", "25", (SELECT id_tipo_token FROM classificacoes_tokens WHERE BINARY nome_token = "25"));
  INSERT IGNORE INTO tokens (nome_token, acentuada, id_tipo_token) VALUES ("df", "df", (SELECT id_tipo_token FROM classificacoes_tokens WHERE BINARY nome_token = "df"));
  INSERT IGNORE INTO tokens (nome_token, acentuada, id_tipo_token) VALUES ("manaus", "manaus", (SELECT id_tipo_token FROM classificacoes_tokens WHERE BINARY nome_token = "manaus"));
  INSERT IGNORE INTO tokens (nome_token, acentuada, id_tipo_token) VALUES ("am", "am", (SELECT id_tipo_token FROM classificacoes_tokens WHERE BINARY nome_token = "am"));
  INSERT IGNORE INTO tokens (nome_token, acentuada, id_tipo_token) VALUES ("florista", "florista", (SELECT id_tipo_token FROM classificacoes_tokens WHERE BINARY nome_token = "florista"));
  INSERT IGNORE INTO classificacoes_tokens (nome_token, id_tipo_token) VALUES ("806", (SELECT id_chave_tipo_token FROM tipos_tokens WHERE nome_tipo_token = "numeral"));
INSERT IGNORE INTO tokens (nome_token, acentuada, id_tipo_token) VALUES ("806", "806", (SELECT id_tipo_token FROM classificacoes_tokens WHERE BINARY nome_token = "806"));
  INSERT IGNORE INTO tokens (nome_token, acentuada, id_tipo_token) VALUES ("palmas", "palmas", (SELECT id_tipo_token FROM classificacoes_tokens WHERE BINARY nome_token = "palmas"));
  INSERT IGNORE INTO classificacoes_tokens (nome_token, id_tipo_token) VALUES ("16", (SELECT id_chave_tipo_token FROM tipos_tokens WHERE nome_tipo_token = "numeral"));
INSERT IGNORE INTO tokens (nome_token, acentuada, id_tipo_token) VALUES ("16", "16", (SELECT id_tipo_token FROM classificacoes_tokens WHERE BINARY nome_token = "16"));
  INSERT IGNORE INTO tokens (nome_token, acentuada, id_tipo_token) VALUES ("to", "to", (SELECT id_tipo_token FROM classificacoes_tokens WHERE BINARY nome_token = "to"));
  INSERT IGNORE INTO tokens (nome_token, acentuada, id_tipo_token) VALUES ("fortaleza", "fortaleza", (SELECT id_tipo_token FROM classificacoes_tokens WHERE BINARY nome_token = "fortaleza"));
  INSERT IGNORE INTO classificacoes_tokens (nome_token, id_tipo_token) VALUES ("30", (SELECT id_chave_tipo_token FROM tipos_tokens WHERE nome_tipo_token = "numeral"));
INSERT IGNORE INTO tokens (nome_token, acentuada, id_tipo_token) VALUES ("30", "30", (SELECT id_tipo_token FROM classificacoes_tokens WHERE BINARY nome_token = "30"));
  INSERT IGNORE INTO tokens (nome_token, acentuada, id_tipo_token) VALUES ("ce", "ce", (SELECT id_tipo_token FROM classificacoes_tokens WHERE BINARY nome_token = "ce"));
  INSERT IGNORE INTO tokens (nome_token, acentuada, id_tipo_token) VALUES ("serigrafo", "serígrafo", (SELECT id_tipo_token FROM classificacoes_tokens WHERE BINARY nome_token = "serígrafo"));
  INSERT IGNORE INTO classificacoes_tokens (nome_token, id_tipo_token) VALUES ("1907", (SELECT id_chave_tipo_token FROM tipos_tokens WHERE nome_tipo_token = "numeral"));
INSERT IGNORE INTO tokens (nome_token, acentuada, id_tipo_token) VALUES ("1907", "1907", (SELECT id_tipo_token FROM classificacoes_tokens WHERE BINARY nome_token = "1907"));
  INSERT IGNORE INTO tokens (nome_token, acentuada, id_tipo_token) VALUES ("paulo", "paulo", (SELECT id_tipo_token FROM classificacoes_tokens WHERE BINARY nome_token = "paulo"));
  INSERT IGNORE INTO tokens (nome_token, acentuada, id_tipo_token) VALUES ("sao", "são", (SELECT id_tipo_token FROM classificacoes_tokens WHERE BINARY nome_token = "são"));
  INSERT IGNORE INTO classificacoes_tokens (nome_token, id_tipo_token) VALUES ("36", (SELECT id_chave_tipo_token FROM tipos_tokens WHERE nome_tipo_token = "numeral"));
INSERT IGNORE INTO tokens (nome_token, acentuada, id_tipo_token) VALUES ("36", "36", (SELECT id_tipo_token FROM classificacoes_tokens WHERE BINARY nome_token = "36"));
  INSERT IGNORE INTO tokens (nome_token, acentuada, id_tipo_token) VALUES ("sp", "sp", (SELECT id_tipo_token FROM classificacoes_tokens WHERE BINARY nome_token = "sp"));
  INSERT IGNORE INTO tokens (nome_token, acentuada, id_tipo_token) VALUES ("arte", "arte", (SELECT id_tipo_token FROM classificacoes_tokens WHERE BINARY nome_token = "arte"));
  INSERT IGNORE INTO classificacoes_tokens (nome_token, id_tipo_token) VALUES ("2789", (SELECT id_chave_tipo_token FROM tipos_tokens WHERE nome_tipo_token = "numeral"));
INSERT IGNORE INTO tokens (nome_token, acentuada, id_tipo_token) VALUES ("2789", "2789", (SELECT id_tipo_token FROM classificacoes_tokens WHERE BINARY nome_token = "2789"));
  INSERT IGNORE INTO tokens (nome_token, acentuada, id_tipo_token) VALUES ("grande", "grande", (SELECT id_tipo_token FROM classificacoes_tokens WHERE BINARY nome_token = "grande"));
  INSERT IGNORE INTO tokens (nome_token, acentuada, id_tipo_token) VALUES ("campo", "campo", (SELECT id_tipo_token FROM classificacoes_tokens WHERE BINARY nome_token = "campo"));
  INSERT IGNORE INTO classificacoes_tokens (nome_token, id_tipo_token) VALUES ("35", (SELECT id_chave_tipo_token FROM tipos_tokens WHERE nome_tipo_token = "numeral"));
INSERT IGNORE INTO tokens (nome_token, acentuada, id_tipo_token) VALUES ("35", "35", (SELECT id_tipo_token FROM classificacoes_tokens WHERE BINARY nome_token = "35"));
  INSERT IGNORE INTO tokens (nome_token, acentuada, id_tipo_token) VALUES ("ms", "ms", (SELECT id_tipo_token FROM classificacoes_tokens WHERE BINARY nome_token = "ms"));
  INSERT IGNORE INTO tokens (nome_token, acentuada, id_tipo_token) VALUES ("audiovisual", "audiovisual", (SELECT id_tipo_token FROM classificacoes_tokens WHERE BINARY nome_token = "audiovisual"));
  INSERT IGNORE INTO tokens (nome_token, acentuada, id_tipo_token) VALUES ("producao", "produção", (SELECT id_tipo_token FROM classificacoes_tokens WHERE BINARY nome_token = "produção"));
  INSERT IGNORE INTO tokens (nome_token, acentuada, id_tipo_token) VALUES ("de", "de", (SELECT id_tipo_token FROM classificacoes_tokens WHERE BINARY nome_token = "de"));
  INSERT IGNORE INTO tokens (nome_token, acentuada, id_tipo_token) VALUES ("assistente", "assistente", (SELECT id_tipo_token FROM classificacoes_tokens WHERE BINARY nome_token = "assistente"));
  INSERT IGNORE INTO classificacoes_tokens (nome_token, id_tipo_token) VALUES ("3062", (SELECT id_chave_tipo_token FROM tipos_tokens WHERE nome_tipo_token = "numeral"));
INSERT IGNORE INTO tokens (nome_token, acentuada, id_tipo_token) VALUES ("3062", "3062", (SELECT id_tipo_token FROM classificacoes_tokens WHERE BINARY nome_token = "3062"));
  INSERT IGNORE INTO tokens (nome_token, acentuada, id_tipo_token) VALUES ("curitiba", "curitiba", (SELECT id_tipo_token FROM classificacoes_tokens WHERE BINARY nome_token = "curitiba"));
  INSERT IGNORE INTO classificacoes_tokens (nome_token, id_tipo_token) VALUES ("26", (SELECT id_chave_tipo_token FROM tipos_tokens WHERE nome_tipo_token = "numeral"));
INSERT IGNORE INTO tokens (nome_token, acentuada, id_tipo_token) VALUES ("26", "26", (SELECT id_tipo_token FROM classificacoes_tokens WHERE BINARY nome_token = "26"));
  INSERT IGNORE INTO tokens (nome_token, acentuada, id_tipo_token) VALUES ("pr", "pr", (SELECT id_tipo_token FROM classificacoes_tokens WHERE BINARY nome_token = "pr"));
  INSERT IGNORE INTO tokens (nome_token, acentuada, id_tipo_token) VALUES ("titulo", "título", (SELECT id_tipo_token FROM classificacoes_tokens WHERE BINARY nome_token = "título"));
  INSERT IGNORE INTO classificacoes_tokens (nome_token, id_tipo_token) VALUES ("1912", (SELECT id_chave_tipo_token FROM tipos_tokens WHERE nome_tipo_token = "numeral"));
INSERT IGNORE INTO tokens (nome_token, acentuada, id_tipo_token) VALUES ("1912", "1912", (SELECT id_tipo_token FROM classificacoes_tokens WHERE BINARY nome_token = "1912"));
  INSERT IGNORE INTO tokens (nome_token, acentuada, id_tipo_token) VALUES ("profissional", "profissional", (SELECT id_tipo_token FROM classificacoes_tokens WHERE BINARY nome_token = "profissional"));
  INSERT IGNORE INTO tokens (nome_token, acentuada, id_tipo_token) VALUES ("qualificacao", "qualificação", (SELECT id_tipo_token FROM classificacoes_tokens WHERE BINARY nome_token = "qualificação"));
  INSERT IGNORE INTO tokens (nome_token, acentuada, id_tipo_token) VALUES ("artes", "artes", (SELECT id_tipo_token FROM classificacoes_tokens WHERE BINARY nome_token = "artes"));
  INSERT IGNORE INTO tipos_cursos (nome_tipo_curso) VALUES ("programas_instrumentais");
INSERT IGNORE INTO tipos_cursos (nome_tipo_curso) VALUES ("aperfeiçoamento");
INSERT IGNORE INTO tipos_cursos (nome_tipo_curso) VALUES ("qualificação_profissional");
INSERT INTO cursos (nome_curso, id_tipo_curso, id_instituicao) VALUES ("senac_1_1", (select id_chave_tipo_curso from tipos_cursos where nome_tipo_curso = "qualificação_profissional"), (SELECT id_chave_instituicao FROM instituicoes WHERE identificador = "senac"));
INSERT INTO cursos (nome_curso, id_tipo_curso, id_instituicao) VALUES ("senac_1_2", (select id_chave_tipo_curso from tipos_cursos where nome_tipo_curso = "qualificação_profissional"), (SELECT id_chave_instituicao FROM instituicoes WHERE identificador = "senac"));
INSERT INTO cursos (nome_curso, id_tipo_curso, id_instituicao) VALUES ("senac_1_3", (select id_chave_tipo_curso from tipos_cursos where nome_tipo_curso = "qualificação_profissional"), (SELECT id_chave_instituicao FROM instituicoes WHERE identificador = "senac"));
INSERT INTO cursos (nome_curso, id_tipo_curso, id_instituicao) VALUES ("senac_1_4", (select id_chave_tipo_curso from tipos_cursos where nome_tipo_curso = "qualificação_profissional"), (SELECT id_chave_instituicao FROM instituicoes WHERE identificador = "senac"));
INSERT INTO cursos (nome_curso, id_tipo_curso, id_instituicao) VALUES ("senac_1_5", (select id_chave_tipo_curso from tipos_cursos where nome_tipo_curso = "qualificação_profissional"), (SELECT id_chave_instituicao FROM instituicoes WHERE identificador = "senac"));
INSERT INTO cursos (nome_curso, id_tipo_curso, id_instituicao) VALUES ("senac_1_6", (select id_chave_tipo_curso from tipos_cursos where nome_tipo_curso = "qualificação_profissional"), (SELECT id_chave_instituicao FROM instituicoes WHERE identificador = "senac"));
INSERT INTO cursos (nome_curso, id_tipo_curso, id_instituicao) VALUES ("senac_1_7", (select id_chave_tipo_curso from tipos_cursos where nome_tipo_curso = "qualificação_profissional"), (SELECT id_chave_instituicao FROM instituicoes WHERE identificador = "senac"));
INSERT INTO cursos (nome_curso, id_tipo_curso, id_instituicao) VALUES ("senac_1_8", (select id_chave_tipo_curso from tipos_cursos where nome_tipo_curso = "qualificação_profissional"), (SELECT id_chave_instituicao FROM instituicoes WHERE identificador = "senac"));
INSERT INTO cursos (nome_curso, id_tipo_curso, id_instituicao) VALUES ("senac_1_9", (select id_chave_tipo_curso from tipos_cursos where nome_tipo_curso = "qualificação_profissional"), (SELECT id_chave_instituicao FROM instituicoes WHERE identificador = "senac"));
INSERT INTO cursos (nome_curso, id_tipo_curso, id_instituicao) VALUES ("senac_1_10", (select id_chave_tipo_curso from tipos_cursos where nome_tipo_curso = "qualificação_profissional"), (SELECT id_chave_instituicao FROM instituicoes WHERE identificador = "senac"));
INSERT INTO cursos (nome_curso, id_tipo_curso, id_instituicao) VALUES ("senac_1_11", (select id_chave_tipo_curso from tipos_cursos where nome_tipo_curso = "qualificação_profissional"), (SELECT id_chave_instituicao FROM instituicoes WHERE identificador = "senac"));
INSERT INTO cursos (nome_curso, id_tipo_curso, id_instituicao) VALUES ("senac_1_12", (select id_chave_tipo_curso from tipos_cursos where nome_tipo_curso = "qualificação_profissional"), (SELECT id_chave_instituicao FROM instituicoes WHERE identificador = "senac"));
INSERT INTO cursos (nome_curso, id_tipo_curso, id_instituicao) VALUES ("senac_1_13", (select id_chave_tipo_curso from tipos_cursos where nome_tipo_curso = "aperfeiçoamento"), (SELECT id_chave_instituicao FROM instituicoes WHERE identificador = "senac"));
INSERT INTO cursos (nome_curso, id_tipo_curso, id_instituicao) VALUES ("senac_1_14", (select id_chave_tipo_curso from tipos_cursos where nome_tipo_curso = "aperfeiçoamento"), (SELECT id_chave_instituicao FROM instituicoes WHERE identificador = "senac"));
INSERT INTO cursos (nome_curso, id_tipo_curso, id_instituicao) VALUES ("senac_1_15", (select id_chave_tipo_curso from tipos_cursos where nome_tipo_curso = "qualificação_profissional"), (SELECT id_chave_instituicao FROM instituicoes WHERE identificador = "senac"));
INSERT INTO cursos (nome_curso, id_tipo_curso, id_instituicao) VALUES ("senac_1_16", (select id_chave_tipo_curso from tipos_cursos where nome_tipo_curso = "qualificação_profissional"), (SELECT id_chave_instituicao FROM instituicoes WHERE identificador = "senac"));
INSERT INTO cursos (nome_curso, id_tipo_curso, id_instituicao) VALUES ("senac_1_17", (select id_chave_tipo_curso from tipos_cursos where nome_tipo_curso = "qualificação_profissional"), (SELECT id_chave_instituicao FROM instituicoes WHERE identificador = "senac"));
INSERT INTO cursos (nome_curso, id_tipo_curso, id_instituicao) VALUES ("senac_1_18", (select id_chave_tipo_curso from tipos_cursos where nome_tipo_curso = "qualificação_profissional"), (SELECT id_chave_instituicao FROM instituicoes WHERE identificador = "senac"));
INSERT INTO cursos (nome_curso, id_tipo_curso, id_instituicao) VALUES ("senac_1_19", (select id_chave_tipo_curso from tipos_cursos where nome_tipo_curso = "qualificação_profissional"), (SELECT id_chave_instituicao FROM instituicoes WHERE identificador = "senac"));
INSERT INTO cursos (nome_curso, id_tipo_curso, id_instituicao) VALUES ("senac_1_20", (select id_chave_tipo_curso from tipos_cursos where nome_tipo_curso = "qualificação_profissional"), (SELECT id_chave_instituicao FROM instituicoes WHERE identificador = "senac"));
INSERT INTO cursos (nome_curso, id_tipo_curso, id_instituicao) VALUES ("senac_1_21", (select id_chave_tipo_curso from tipos_cursos where nome_tipo_curso = "aperfeiçoamento"), (SELECT id_chave_instituicao FROM instituicoes WHERE identificador = "senac"));
INSERT INTO cursos (nome_curso, id_tipo_curso, id_instituicao) VALUES ("senac_1_22", (select id_chave_tipo_curso from tipos_cursos where nome_tipo_curso = "aperfeiçoamento"), (SELECT id_chave_instituicao FROM instituicoes WHERE identificador = "senac"));
INSERT INTO cursos (nome_curso, id_tipo_curso, id_instituicao) VALUES ("senac_1_23", (select id_chave_tipo_curso from tipos_cursos where nome_tipo_curso = "qualificação_profissional"), (SELECT id_chave_instituicao FROM instituicoes WHERE identificador = "senac"));
INSERT INTO cursos (nome_curso, id_tipo_curso, id_instituicao) VALUES ("senac_1_24", (select id_chave_tipo_curso from tipos_cursos where nome_tipo_curso = "qualificação_profissional"), (SELECT id_chave_instituicao FROM instituicoes WHERE identificador = "senac"));
INSERT INTO cursos (nome_curso, id_tipo_curso, id_instituicao) VALUES ("senac_1_25", (select id_chave_tipo_curso from tipos_cursos where nome_tipo_curso = "qualificação_profissional"), (SELECT id_chave_instituicao FROM instituicoes WHERE identificador = "senac"));
INSERT INTO cursos (nome_curso, id_tipo_curso, id_instituicao) VALUES ("senac_1_26", (select id_chave_tipo_curso from tipos_cursos where nome_tipo_curso = "aperfeiçoamento"), (SELECT id_chave_instituicao FROM instituicoes WHERE identificador = "senac"));
INSERT INTO cursos (nome_curso, id_tipo_curso, id_instituicao) VALUES ("senac_1_27", (select id_chave_tipo_curso from tipos_cursos where nome_tipo_curso = "aperfeiçoamento"), (SELECT id_chave_instituicao FROM instituicoes WHERE identificador = "senac"));
INSERT INTO cursos (nome_curso, id_tipo_curso, id_instituicao) VALUES ("senac_1_28", (select id_chave_tipo_curso from tipos_cursos where nome_tipo_curso = "qualificação_profissional"), (SELECT id_chave_instituicao FROM instituicoes WHERE identificador = "senac"));
INSERT INTO cursos (nome_curso, id_tipo_curso, id_instituicao) VALUES ("senac_1_29", (select id_chave_tipo_curso from tipos_cursos where nome_tipo_curso = "aperfeiçoamento"), (SELECT id_chave_instituicao FROM instituicoes WHERE identificador = "senac"));
INSERT INTO cursos (nome_curso, id_tipo_curso, id_instituicao) VALUES ("senac_1_30", (select id_chave_tipo_curso from tipos_cursos where nome_tipo_curso = "qualificação_profissional"), (SELECT id_chave_instituicao FROM instituicoes WHERE identificador = "senac"));
INSERT INTO cursos (nome_curso, id_tipo_curso, id_instituicao) VALUES ("senac_1_31", (select id_chave_tipo_curso from tipos_cursos where nome_tipo_curso = "qualificação_profissional"), (SELECT id_chave_instituicao FROM instituicoes WHERE identificador = "senac"));
INSERT INTO cursos (nome_curso, id_tipo_curso, id_instituicao) VALUES ("senac_1_32", (select id_chave_tipo_curso from tipos_cursos where nome_tipo_curso = "qualificação_profissional"), (SELECT id_chave_instituicao FROM instituicoes WHERE identificador = "senac"));
INSERT INTO cursos (nome_curso, id_tipo_curso, id_instituicao) VALUES ("senac_1_33", (select id_chave_tipo_curso from tipos_cursos where nome_tipo_curso = "qualificação_profissional"), (SELECT id_chave_instituicao FROM instituicoes WHERE identificador = "senac"));
INSERT INTO cursos (nome_curso, id_tipo_curso, id_instituicao) VALUES ("senac_1_34", (select id_chave_tipo_curso from tipos_cursos where nome_tipo_curso = "qualificação_profissional"), (SELECT id_chave_instituicao FROM instituicoes WHERE identificador = "senac"));
INSERT INTO cursos (nome_curso, id_tipo_curso, id_instituicao) VALUES ("senac_1_35", (select id_chave_tipo_curso from tipos_cursos where nome_tipo_curso = "aperfeiçoamento"), (SELECT id_chave_instituicao FROM instituicoes WHERE identificador = "senac"));
INSERT INTO cursos (nome_curso, id_tipo_curso, id_instituicao) VALUES ("senac_1_36", (select id_chave_tipo_curso from tipos_cursos where nome_tipo_curso = "qualificação_profissional"), (SELECT id_chave_instituicao FROM instituicoes WHERE identificador = "senac"));
INSERT INTO cursos (nome_curso, id_tipo_curso, id_instituicao) VALUES ("senac_1_37", (select id_chave_tipo_curso from tipos_cursos where nome_tipo_curso = "qualificação_profissional"), (SELECT id_chave_instituicao FROM instituicoes WHERE identificador = "senac"));
INSERT INTO cursos (nome_curso, id_tipo_curso, id_instituicao) VALUES ("senac_1_38", (select id_chave_tipo_curso from tipos_cursos where nome_tipo_curso = "qualificação_profissional"), (SELECT id_chave_instituicao FROM instituicoes WHERE identificador = "senac"));
INSERT INTO cursos (nome_curso, id_tipo_curso, id_instituicao) VALUES ("senac_1_39", (select id_chave_tipo_curso from tipos_cursos where nome_tipo_curso = "qualificação_profissional"), (SELECT id_chave_instituicao FROM instituicoes WHERE identificador = "senac"));
INSERT INTO cursos (nome_curso, id_tipo_curso, id_instituicao) VALUES ("senac_1_40", (select id_chave_tipo_curso from tipos_cursos where nome_tipo_curso = "qualificação_profissional"), (SELECT id_chave_instituicao FROM instituicoes WHERE identificador = "senac"));
INSERT INTO cursos (nome_curso, id_tipo_curso, id_instituicao) VALUES ("senac_1_41", (select id_chave_tipo_curso from tipos_cursos where nome_tipo_curso = "qualificação_profissional"), (SELECT id_chave_instituicao FROM instituicoes WHERE identificador = "senac"));
INSERT INTO cursos (nome_curso, id_tipo_curso, id_instituicao) VALUES ("senac_1_42", (select id_chave_tipo_curso from tipos_cursos where nome_tipo_curso = "qualificação_profissional"), (SELECT id_chave_instituicao FROM instituicoes WHERE identificador = "senac"));
INSERT INTO cursos (nome_curso, id_tipo_curso, id_instituicao) VALUES ("senac_1_43", (select id_chave_tipo_curso from tipos_cursos where nome_tipo_curso = "qualificação_profissional"), (SELECT id_chave_instituicao FROM instituicoes WHERE identificador = "senac"));
INSERT INTO cursos (nome_curso, id_tipo_curso, id_instituicao) VALUES ("senac_1_44", (select id_chave_tipo_curso from tipos_cursos where nome_tipo_curso = "qualificação_profissional"), (SELECT id_chave_instituicao FROM instituicoes WHERE identificador = "senac"));
INSERT INTO cursos (nome_curso, id_tipo_curso, id_instituicao) VALUES ("senac_1_45", (select id_chave_tipo_curso from tipos_cursos where nome_tipo_curso = "qualificação_profissional"), (SELECT id_chave_instituicao FROM instituicoes WHERE identificador = "senac"));
INSERT INTO cursos (nome_curso, id_tipo_curso, id_instituicao) VALUES ("senac_1_46", (select id_chave_tipo_curso from tipos_cursos where nome_tipo_curso = "qualificação_profissional"), (SELECT id_chave_instituicao FROM instituicoes WHERE identificador = "senac"));
INSERT INTO cursos (nome_curso, id_tipo_curso, id_instituicao) VALUES ("senac_1_47", (select id_chave_tipo_curso from tipos_cursos where nome_tipo_curso = "qualificação_profissional"), (SELECT id_chave_instituicao FROM instituicoes WHERE identificador = "senac"));
INSERT INTO cursos (nome_curso, id_tipo_curso, id_instituicao) VALUES ("senac_1_48", (select id_chave_tipo_curso from tipos_cursos where nome_tipo_curso = "qualificação_profissional"), (SELECT id_chave_instituicao FROM instituicoes WHERE identificador = "senac"));
INSERT INTO cursos (nome_curso, id_tipo_curso, id_instituicao) VALUES ("senac_1_49", (select id_chave_tipo_curso from tipos_cursos where nome_tipo_curso = "qualificação_profissional"), (SELECT id_chave_instituicao FROM instituicoes WHERE identificador = "senac"));
INSERT INTO cursos (nome_curso, id_tipo_curso, id_instituicao) VALUES ("senac_1_50", (select id_chave_tipo_curso from tipos_cursos where nome_tipo_curso = "qualificação_profissional"), (SELECT id_chave_instituicao FROM instituicoes WHERE identificador = "senac"));
INSERT INTO cursos (nome_curso, id_tipo_curso, id_instituicao) VALUES ("senac_1_51", (select id_chave_tipo_curso from tipos_cursos where nome_tipo_curso = "qualificação_profissional"), (SELECT id_chave_instituicao FROM instituicoes WHERE identificador = "senac"));
INSERT INTO cursos (nome_curso, id_tipo_curso, id_instituicao) VALUES ("senac_1_52", (select id_chave_tipo_curso from tipos_cursos where nome_tipo_curso = "aperfeiçoamento"), (SELECT id_chave_instituicao FROM instituicoes WHERE identificador = "senac"));
INSERT INTO cursos (nome_curso, id_tipo_curso, id_instituicao) VALUES ("senac_1_53", (select id_chave_tipo_curso from tipos_cursos where nome_tipo_curso = "aperfeiçoamento"), (SELECT id_chave_instituicao FROM instituicoes WHERE identificador = "senac"));
INSERT INTO cursos (nome_curso, id_tipo_curso, id_instituicao) VALUES ("senac_1_54", (select id_chave_tipo_curso from tipos_cursos where nome_tipo_curso = "aperfeiçoamento"), (SELECT id_chave_instituicao FROM instituicoes WHERE identificador = "senac"));
INSERT INTO cursos (nome_curso, id_tipo_curso, id_instituicao) VALUES ("senac_1_55", (select id_chave_tipo_curso from tipos_cursos where nome_tipo_curso = "aperfeiçoamento"), (SELECT id_chave_instituicao FROM instituicoes WHERE identificador = "senac"));
INSERT INTO cursos (nome_curso, id_tipo_curso, id_instituicao) VALUES ("senac_1_56", (select id_chave_tipo_curso from tipos_cursos where nome_tipo_curso = "aperfeiçoamento"), (SELECT id_chave_instituicao FROM instituicoes WHERE identificador = "senac"));
INSERT INTO cursos (nome_curso, id_tipo_curso, id_instituicao) VALUES ("senac_1_57", (select id_chave_tipo_curso from tipos_cursos where nome_tipo_curso = "aperfeiçoamento"), (SELECT id_chave_instituicao FROM instituicoes WHERE identificador = "senac"));
INSERT INTO cursos (nome_curso, id_tipo_curso, id_instituicao) VALUES ("senac_1_58", (select id_chave_tipo_curso from tipos_cursos where nome_tipo_curso = "aperfeiçoamento"), (SELECT id_chave_instituicao FROM instituicoes WHERE identificador = "senac"));
INSERT INTO cursos (nome_curso, id_tipo_curso, id_instituicao) VALUES ("senac_1_59", (select id_chave_tipo_curso from tipos_cursos where nome_tipo_curso = "aperfeiçoamento"), (SELECT id_chave_instituicao FROM instituicoes WHERE identificador = "senac"));
INSERT INTO cursos (nome_curso, id_tipo_curso, id_instituicao) VALUES ("senac_1_60", (select id_chave_tipo_curso from tipos_cursos where nome_tipo_curso = "aperfeiçoamento"), (SELECT id_chave_instituicao FROM instituicoes WHERE identificador = "senac"));
INSERT INTO cursos (nome_curso, id_tipo_curso, id_instituicao) VALUES ("senac_1_61", (select id_chave_tipo_curso from tipos_cursos where nome_tipo_curso = "aperfeiçoamento"), (SELECT id_chave_instituicao FROM instituicoes WHERE identificador = "senac"));
INSERT INTO cursos (nome_curso, id_tipo_curso, id_instituicao) VALUES ("senac_1_62", (select id_chave_tipo_curso from tipos_cursos where nome_tipo_curso = "aperfeiçoamento"), (SELECT id_chave_instituicao FROM instituicoes WHERE identificador = "senac"));
INSERT INTO cursos (nome_curso, id_tipo_curso, id_instituicao) VALUES ("senac_1_63", (select id_chave_tipo_curso from tipos_cursos where nome_tipo_curso = "aperfeiçoamento"), (SELECT id_chave_instituicao FROM instituicoes WHERE identificador = "senac"));
INSERT INTO cursos (nome_curso, id_tipo_curso, id_instituicao) VALUES ("senac_1_64", (select id_chave_tipo_curso from tipos_cursos where nome_tipo_curso = "aperfeiçoamento"), (SELECT id_chave_instituicao FROM instituicoes WHERE identificador = "senac"));
INSERT INTO cursos (nome_curso, id_tipo_curso, id_instituicao) VALUES ("senac_1_65", (select id_chave_tipo_curso from tipos_cursos where nome_tipo_curso = "aperfeiçoamento"), (SELECT id_chave_instituicao FROM instituicoes WHERE identificador = "senac"));
INSERT INTO cursos (nome_curso, id_tipo_curso, id_instituicao) VALUES ("senac_1_66", (select id_chave_tipo_curso from tipos_cursos where nome_tipo_curso = "aperfeiçoamento"), (SELECT id_chave_instituicao FROM instituicoes WHERE identificador = "senac"));
INSERT INTO cursos (nome_curso, id_tipo_curso, id_instituicao) VALUES ("senac_1_67", (select id_chave_tipo_curso from tipos_cursos where nome_tipo_curso = "aperfeiçoamento"), (SELECT id_chave_instituicao FROM instituicoes WHERE identificador = "senac"));
INSERT INTO cursos (nome_curso, id_tipo_curso, id_instituicao) VALUES ("senac_1_68", (select id_chave_tipo_curso from tipos_cursos where nome_tipo_curso = "aperfeiçoamento"), (SELECT id_chave_instituicao FROM instituicoes WHERE identificador = "senac"));
INSERT INTO cursos (nome_curso, id_tipo_curso, id_instituicao) VALUES ("senac_1_69", (select id_chave_tipo_curso from tipos_cursos where nome_tipo_curso = "aperfeiçoamento"), (SELECT id_chave_instituicao FROM instituicoes WHERE identificador = "senac"));
INSERT INTO cursos (nome_curso, id_tipo_curso, id_instituicao) VALUES ("senac_1_70", (select id_chave_tipo_curso from tipos_cursos where nome_tipo_curso = "qualificação_profissional"), (SELECT id_chave_instituicao FROM instituicoes WHERE identificador = "senac"));
INSERT INTO cursos (nome_curso, id_tipo_curso, id_instituicao) VALUES ("senac_1_71", (select id_chave_tipo_curso from tipos_cursos where nome_tipo_curso = "aperfeiçoamento"), (SELECT id_chave_instituicao FROM instituicoes WHERE identificador = "senac"));
INSERT INTO cursos (nome_curso, id_tipo_curso, id_instituicao) VALUES ("senac_1_72", (select id_chave_tipo_curso from tipos_cursos where nome_tipo_curso = "aperfeiçoamento"), (SELECT id_chave_instituicao FROM instituicoes WHERE identificador = "senac"));
INSERT INTO cursos (nome_curso, id_tipo_curso, id_instituicao) VALUES ("senac_1_73", (select id_chave_tipo_curso from tipos_cursos where nome_tipo_curso = "aperfeiçoamento"), (SELECT id_chave_instituicao FROM instituicoes WHERE identificador = "senac"));
INSERT INTO cursos (nome_curso, id_tipo_curso, id_instituicao) VALUES ("senac_1_74", (select id_chave_tipo_curso from tipos_cursos where nome_tipo_curso = "aperfeiçoamento"), (SELECT id_chave_instituicao FROM instituicoes WHERE identificador = "senac"));
INSERT INTO cursos (nome_curso, id_tipo_curso, id_instituicao) VALUES ("senac_1_75", (select id_chave_tipo_curso from tipos_cursos where nome_tipo_curso = "aperfeiçoamento"), (SELECT id_chave_instituicao FROM instituicoes WHERE identificador = "senac"));
INSERT INTO cursos (nome_curso, id_tipo_curso, id_instituicao) VALUES ("senac_1_76", (select id_chave_tipo_curso from tipos_cursos where nome_tipo_curso = "aperfeiçoamento"), (SELECT id_chave_instituicao FROM instituicoes WHERE identificador = "senac"));
INSERT INTO cursos (nome_curso, id_tipo_curso, id_instituicao) VALUES ("senac_1_77", (select id_chave_tipo_curso from tipos_cursos where nome_tipo_curso = "aperfeiçoamento"), (SELECT id_chave_instituicao FROM instituicoes WHERE identificador = "senac"));
INSERT INTO cursos (nome_curso, id_tipo_curso, id_instituicao) VALUES ("senac_1_78", (select id_chave_tipo_curso from tipos_cursos where nome_tipo_curso = "aperfeiçoamento"), (SELECT id_chave_instituicao FROM instituicoes WHERE identificador = "senac"));
INSERT INTO cursos (nome_curso, id_tipo_curso, id_instituicao) VALUES ("senac_1_79", (select id_chave_tipo_curso from tipos_cursos where nome_tipo_curso = "aperfeiçoamento"), (SELECT id_chave_instituicao FROM instituicoes WHERE identificador = "senac"));
INSERT INTO cursos (nome_curso, id_tipo_curso, id_instituicao) VALUES ("senac_1_80", (select id_chave_tipo_curso from tipos_cursos where nome_tipo_curso = "aperfeiçoamento"), (SELECT id_chave_instituicao FROM instituicoes WHERE identificador = "senac"));
INSERT INTO cursos (nome_curso, id_tipo_curso, id_instituicao) VALUES ("senac_1_81", (select id_chave_tipo_curso from tipos_cursos where nome_tipo_curso = "aperfeiçoamento"), (SELECT id_chave_instituicao FROM instituicoes WHERE identificador = "senac"));
INSERT INTO cursos (nome_curso, id_tipo_curso, id_instituicao) VALUES ("senac_1_82", (select id_chave_tipo_curso from tipos_cursos where nome_tipo_curso = "aperfeiçoamento"), (SELECT id_chave_instituicao FROM instituicoes WHERE identificador = "senac"));
INSERT INTO cursos (nome_curso, id_tipo_curso, id_instituicao) VALUES ("senac_1_83", (select id_chave_tipo_curso from tipos_cursos where nome_tipo_curso = "aperfeiçoamento"), (SELECT id_chave_instituicao FROM instituicoes WHERE identificador = "senac"));
INSERT INTO cursos (nome_curso, id_tipo_curso, id_instituicao) VALUES ("senac_1_84", (select id_chave_tipo_curso from tipos_cursos where nome_tipo_curso = "aperfeiçoamento"), (SELECT id_chave_instituicao FROM instituicoes WHERE identificador = "senac"));
INSERT INTO cursos (nome_curso, id_tipo_curso, id_instituicao) VALUES ("senac_1_85", (select id_chave_tipo_curso from tipos_cursos where nome_tipo_curso = "aperfeiçoamento"), (SELECT id_chave_instituicao FROM instituicoes WHERE identificador = "senac"));
INSERT INTO cursos (nome_curso, id_tipo_curso, id_instituicao) VALUES ("senac_1_86", (select id_chave_tipo_curso from tipos_cursos where nome_tipo_curso = "aperfeiçoamento"), (SELECT id_chave_instituicao FROM instituicoes WHERE identificador = "senac"));
INSERT INTO cursos (nome_curso, id_tipo_curso, id_instituicao) VALUES ("senac_1_87", (select id_chave_tipo_curso from tipos_cursos where nome_tipo_curso = "aperfeiçoamento"), (SELECT id_chave_instituicao FROM instituicoes WHERE identificador = "senac"));
INSERT INTO cursos (nome_curso, id_tipo_curso, id_instituicao) VALUES ("senac_1_88", (select id_chave_tipo_curso from tipos_cursos where nome_tipo_curso = "aperfeiçoamento"), (SELECT id_chave_instituicao FROM instituicoes WHERE identificador = "senac"));
INSERT INTO cursos (nome_curso, id_tipo_curso, id_instituicao) VALUES ("senac_1_89", (select id_chave_tipo_curso from tipos_cursos where nome_tipo_curso = "aperfeiçoamento"), (SELECT id_chave_instituicao FROM instituicoes WHERE identificador = "senac"));
INSERT INTO cursos (nome_curso, id_tipo_curso, id_instituicao) VALUES ("senac_1_90", (select id_chave_tipo_curso from tipos_cursos where nome_tipo_curso = "aperfeiçoamento"), (SELECT id_chave_instituicao FROM instituicoes WHERE identificador = "senac"));
INSERT INTO cursos (nome_curso, id_tipo_curso, id_instituicao) VALUES ("senac_1_91", (select id_chave_tipo_curso from tipos_cursos where nome_tipo_curso = "aperfeiçoamento"), (SELECT id_chave_instituicao FROM instituicoes WHERE identificador = "senac"));
INSERT INTO cursos (nome_curso, id_tipo_curso, id_instituicao) VALUES ("senac_1_92", (select id_chave_tipo_curso from tipos_cursos where nome_tipo_curso = "aperfeiçoamento"), (SELECT id_chave_instituicao FROM instituicoes WHERE identificador = "senac"));
INSERT INTO cursos (nome_curso, id_tipo_curso, id_instituicao) VALUES ("senac_1_93", (select id_chave_tipo_curso from tipos_cursos where nome_tipo_curso = "aperfeiçoamento"), (SELECT id_chave_instituicao FROM instituicoes WHERE identificador = "senac"));
INSERT INTO cursos (nome_curso, id_tipo_curso, id_instituicao) VALUES ("senac_1_94", (select id_chave_tipo_curso from tipos_cursos where nome_tipo_curso = "aperfeiçoamento"), (SELECT id_chave_instituicao FROM instituicoes WHERE identificador = "senac"));
INSERT INTO cursos (nome_curso, id_tipo_curso, id_instituicao) VALUES ("senac_1_95", (select id_chave_tipo_curso from tipos_cursos where nome_tipo_curso = "aperfeiçoamento"), (SELECT id_chave_instituicao FROM instituicoes WHERE identificador = "senac"));
INSERT INTO cursos (nome_curso, id_tipo_curso, id_instituicao) VALUES ("senac_1_96", (select id_chave_tipo_curso from tipos_cursos where nome_tipo_curso = "aperfeiçoamento"), (SELECT id_chave_instituicao FROM instituicoes WHERE identificador = "senac"));
INSERT INTO cursos (nome_curso, id_tipo_curso, id_instituicao) VALUES ("senac_1_97", (select id_chave_tipo_curso from tipos_cursos where nome_tipo_curso = "aperfeiçoamento"), (SELECT id_chave_instituicao FROM instituicoes WHERE identificador = "senac"));
INSERT INTO cursos (nome_curso, id_tipo_curso, id_instituicao) VALUES ("senac_1_98", (select id_chave_tipo_curso from tipos_cursos where nome_tipo_curso = "aperfeiçoamento"), (SELECT id_chave_instituicao FROM instituicoes WHERE identificador = "senac"));
INSERT INTO cursos (nome_curso, id_tipo_curso, id_instituicao) VALUES ("senac_1_99", (select id_chave_tipo_curso from tipos_cursos where nome_tipo_curso = "aperfeiçoamento"), (SELECT id_chave_instituicao FROM instituicoes WHERE identificador = "senac"));
INSERT INTO cursos (nome_curso, id_tipo_curso, id_instituicao) VALUES ("senac_1_100", (select id_chave_tipo_curso from tipos_cursos where nome_tipo_curso = "aperfeiçoamento"), (SELECT id_chave_instituicao FROM instituicoes WHERE identificador = "senac"));
INSERT INTO cursos (nome_curso, id_tipo_curso, id_instituicao) VALUES ("senac_1_101", (select id_chave_tipo_curso from tipos_cursos where nome_tipo_curso = "aperfeiçoamento"), (SELECT id_chave_instituicao FROM instituicoes WHERE identificador = "senac"));
INSERT INTO cursos (nome_curso, id_tipo_curso, id_instituicao) VALUES ("senac_1_102", (select id_chave_tipo_curso from tipos_cursos where nome_tipo_curso = "qualificação_profissional"), (SELECT id_chave_instituicao FROM instituicoes WHERE identificador = "senac"));
INSERT INTO cursos (nome_curso, id_tipo_curso, id_instituicao) VALUES ("senac_1_103", (select id_chave_tipo_curso from tipos_cursos where nome_tipo_curso = "qualificação_profissional"), (SELECT id_chave_instituicao FROM instituicoes WHERE identificador = "senac"));
INSERT INTO cursos (nome_curso, id_tipo_curso, id_instituicao) VALUES ("senac_1_104", (select id_chave_tipo_curso from tipos_cursos where nome_tipo_curso = "aperfeiçoamento"), (SELECT id_chave_instituicao FROM instituicoes WHERE identificador = "senac"));
INSERT INTO cursos (nome_curso, id_tipo_curso, id_instituicao) VALUES ("senac_1_105", (select id_chave_tipo_curso from tipos_cursos where nome_tipo_curso = "aperfeiçoamento"), (SELECT id_chave_instituicao FROM instituicoes WHERE identificador = "senac"));
INSERT INTO cursos (nome_curso, id_tipo_curso, id_instituicao) VALUES ("senac_1_106", (select id_chave_tipo_curso from tipos_cursos where nome_tipo_curso = "qualificação_profissional"), (SELECT id_chave_instituicao FROM instituicoes WHERE identificador = "senac"));
INSERT INTO cursos (nome_curso, id_tipo_curso, id_instituicao) VALUES ("senac_1_107", (select id_chave_tipo_curso from tipos_cursos where nome_tipo_curso = "qualificação_profissional"), (SELECT id_chave_instituicao FROM instituicoes WHERE identificador = "senac"));
INSERT INTO cursos (nome_curso, id_tipo_curso, id_instituicao) VALUES ("senac_1_108", (select id_chave_tipo_curso from tipos_cursos where nome_tipo_curso = "qualificação_profissional"), (SELECT id_chave_instituicao FROM instituicoes WHERE identificador = "senac"));
INSERT INTO cursos (nome_curso, id_tipo_curso, id_instituicao) VALUES ("senac_1_109", (select id_chave_tipo_curso from tipos_cursos where nome_tipo_curso = "aperfeiçoamento"), (SELECT id_chave_instituicao FROM instituicoes WHERE identificador = "senac"));
INSERT INTO cursos (nome_curso, id_tipo_curso, id_instituicao) VALUES ("senac_1_110", (select id_chave_tipo_curso from tipos_cursos where nome_tipo_curso = "aperfeiçoamento"), (SELECT id_chave_instituicao FROM instituicoes WHERE identificador = "senac"));
INSERT INTO cursos (nome_curso, id_tipo_curso, id_instituicao) VALUES ("senac_1_111", (select id_chave_tipo_curso from tipos_cursos where nome_tipo_curso = "aperfeiçoamento"), (SELECT id_chave_instituicao FROM instituicoes WHERE identificador = "senac"));
INSERT INTO cursos (nome_curso, id_tipo_curso, id_instituicao) VALUES ("senac_1_112", (select id_chave_tipo_curso from tipos_cursos where nome_tipo_curso = "aperfeiçoamento"), (SELECT id_chave_instituicao FROM instituicoes WHERE identificador = "senac"));
INSERT INTO cursos (nome_curso, id_tipo_curso, id_instituicao) VALUES ("senac_1_113", (select id_chave_tipo_curso from tipos_cursos where nome_tipo_curso = "aperfeiçoamento"), (SELECT id_chave_instituicao FROM instituicoes WHERE identificador = "senac"));
INSERT INTO cursos (nome_curso, id_tipo_curso, id_instituicao) VALUES ("senac_1_114", (select id_chave_tipo_curso from tipos_cursos where nome_tipo_curso = "aperfeiçoamento"), (SELECT id_chave_instituicao FROM instituicoes WHERE identificador = "senac"));
INSERT INTO cursos (nome_curso, id_tipo_curso, id_instituicao) VALUES ("senac_1_115", (select id_chave_tipo_curso from tipos_cursos where nome_tipo_curso = "aperfeiçoamento"), (SELECT id_chave_instituicao FROM instituicoes WHERE identificador = "senac"));
INSERT INTO cursos (nome_curso, id_tipo_curso, id_instituicao) VALUES ("senac_1_116", (select id_chave_tipo_curso from tipos_cursos where nome_tipo_curso = "aperfeiçoamento"), (SELECT id_chave_instituicao FROM instituicoes WHERE identificador = "senac"));
INSERT INTO cursos (nome_curso, id_tipo_curso, id_instituicao) VALUES ("senac_1_117", (select id_chave_tipo_curso from tipos_cursos where nome_tipo_curso = "aperfeiçoamento"), (SELECT id_chave_instituicao FROM instituicoes WHERE identificador = "senac"));
INSERT INTO cursos (nome_curso, id_tipo_curso, id_instituicao) VALUES ("senac_1_118", (select id_chave_tipo_curso from tipos_cursos where nome_tipo_curso = "aperfeiçoamento"), (SELECT id_chave_instituicao FROM instituicoes WHERE identificador = "senac"));
INSERT INTO cursos (nome_curso, id_tipo_curso, id_instituicao) VALUES ("senac_1_119", (select id_chave_tipo_curso from tipos_cursos where nome_tipo_curso = "aperfeiçoamento"), (SELECT id_chave_instituicao FROM instituicoes WHERE identificador = "senac"));
INSERT INTO cursos (nome_curso, id_tipo_curso, id_instituicao) VALUES ("senac_1_120", (select id_chave_tipo_curso from tipos_cursos where nome_tipo_curso = "aperfeiçoamento"), (SELECT id_chave_instituicao FROM instituicoes WHERE identificador = "senac"));
INSERT INTO cursos (nome_curso, id_tipo_curso, id_instituicao) VALUES ("senac_1_121", (select id_chave_tipo_curso from tipos_cursos where nome_tipo_curso = "aperfeiçoamento"), (SELECT id_chave_instituicao FROM instituicoes WHERE identificador = "senac"));
INSERT INTO cursos (nome_curso, id_tipo_curso, id_instituicao) VALUES ("senac_1_122", (select id_chave_tipo_curso from tipos_cursos where nome_tipo_curso = "aperfeiçoamento"), (SELECT id_chave_instituicao FROM instituicoes WHERE identificador = "senac"));
INSERT INTO cursos (nome_curso, id_tipo_curso, id_instituicao) VALUES ("senac_1_123", (select id_chave_tipo_curso from tipos_cursos where nome_tipo_curso = "aperfeiçoamento"), (SELECT id_chave_instituicao FROM instituicoes WHERE identificador = "senac"));
INSERT INTO cursos (nome_curso, id_tipo_curso, id_instituicao) VALUES ("senac_1_124", (select id_chave_tipo_curso from tipos_cursos where nome_tipo_curso = "aperfeiçoamento"), (SELECT id_chave_instituicao FROM instituicoes WHERE identificador = "senac"));
INSERT INTO cursos (nome_curso, id_tipo_curso, id_instituicao) VALUES ("senac_1_125", (select id_chave_tipo_curso from tipos_cursos where nome_tipo_curso = "aperfeiçoamento"), (SELECT id_chave_instituicao FROM instituicoes WHERE identificador = "senac"));
INSERT INTO cursos (nome_curso, id_tipo_curso, id_instituicao) VALUES ("senac_1_126", (select id_chave_tipo_curso from tipos_cursos where nome_tipo_curso = "aperfeiçoamento"), (SELECT id_chave_instituicao FROM instituicoes WHERE identificador = "senac"));
INSERT INTO cursos (nome_curso, id_tipo_curso, id_instituicao) VALUES ("senac_1_127", (select id_chave_tipo_curso from tipos_cursos where nome_tipo_curso = "aperfeiçoamento"), (SELECT id_chave_instituicao FROM instituicoes WHERE identificador = "senac"));
INSERT INTO cursos (nome_curso, id_tipo_curso, id_instituicao) VALUES ("senac_1_128", (select id_chave_tipo_curso from tipos_cursos where nome_tipo_curso = "aperfeiçoamento"), (SELECT id_chave_instituicao FROM instituicoes WHERE identificador = "senac"));
INSERT INTO cursos (nome_curso, id_tipo_curso, id_instituicao) VALUES ("senac_1_129", (select id_chave_tipo_curso from tipos_cursos where nome_tipo_curso = "aperfeiçoamento"), (SELECT id_chave_instituicao FROM instituicoes WHERE identificador = "senac"));
INSERT INTO cursos (nome_curso, id_tipo_curso, id_instituicao) VALUES ("senac_1_130", (select id_chave_tipo_curso from tipos_cursos where nome_tipo_curso = "aperfeiçoamento"), (SELECT id_chave_instituicao FROM instituicoes WHERE identificador = "senac"));
INSERT INTO cursos (nome_curso, id_tipo_curso, id_instituicao) VALUES ("senac_1_131", (select id_chave_tipo_curso from tipos_cursos where nome_tipo_curso = "aperfeiçoamento"), (SELECT id_chave_instituicao FROM instituicoes WHERE identificador = "senac"));
INSERT INTO cursos (nome_curso, id_tipo_curso, id_instituicao) VALUES ("senac_1_132", (select id_chave_tipo_curso from tipos_cursos where nome_tipo_curso = "aperfeiçoamento"), (SELECT id_chave_instituicao FROM instituicoes WHERE identificador = "senac"));
INSERT INTO cursos (nome_curso, id_tipo_curso, id_instituicao) VALUES ("senac_1_133", (select id_chave_tipo_curso from tipos_cursos where nome_tipo_curso = "aperfeiçoamento"), (SELECT id_chave_instituicao FROM instituicoes WHERE identificador = "senac"));
INSERT INTO cursos (nome_curso, id_tipo_curso, id_instituicao) VALUES ("senac_1_134", (select id_chave_tipo_curso from tipos_cursos where nome_tipo_curso = "aperfeiçoamento"), (SELECT id_chave_instituicao FROM instituicoes WHERE identificador = "senac"));
INSERT INTO cursos (nome_curso, id_tipo_curso, id_instituicao) VALUES ("senac_1_135", (select id_chave_tipo_curso from tipos_cursos where nome_tipo_curso = "aperfeiçoamento"), (SELECT id_chave_instituicao FROM instituicoes WHERE identificador = "senac"));
INSERT INTO cursos (nome_curso, id_tipo_curso, id_instituicao) VALUES ("senac_1_136", (select id_chave_tipo_curso from tipos_cursos where nome_tipo_curso = "aperfeiçoamento"), (SELECT id_chave_instituicao FROM instituicoes WHERE identificador = "senac"));
INSERT INTO cursos (nome_curso, id_tipo_curso, id_instituicao) VALUES ("senac_1_137", (select id_chave_tipo_curso from tipos_cursos where nome_tipo_curso = "aperfeiçoamento"), (SELECT id_chave_instituicao FROM instituicoes WHERE identificador = "senac"));
INSERT INTO cursos (nome_curso, id_tipo_curso, id_instituicao) VALUES ("senac_1_138", (select id_chave_tipo_curso from tipos_cursos where nome_tipo_curso = "aperfeiçoamento"), (SELECT id_chave_instituicao FROM instituicoes WHERE identificador = "senac"));
INSERT INTO cursos (nome_curso, id_tipo_curso, id_instituicao) VALUES ("senac_1_139", (select id_chave_tipo_curso from tipos_cursos where nome_tipo_curso = "aperfeiçoamento"), (SELECT id_chave_instituicao FROM instituicoes WHERE identificador = "senac"));
INSERT INTO cursos (nome_curso, id_tipo_curso, id_instituicao) VALUES ("senac_1_140", (select id_chave_tipo_curso from tipos_cursos where nome_tipo_curso = "aperfeiçoamento"), (SELECT id_chave_instituicao FROM instituicoes WHERE identificador = "senac"));
INSERT INTO cursos (nome_curso, id_tipo_curso, id_instituicao) VALUES ("senac_1_141", (select id_chave_tipo_curso from tipos_cursos where nome_tipo_curso = "aperfeiçoamento"), (SELECT id_chave_instituicao FROM instituicoes WHERE identificador = "senac"));
INSERT INTO cursos (nome_curso, id_tipo_curso, id_instituicao) VALUES ("senac_1_142", (select id_chave_tipo_curso from tipos_cursos where nome_tipo_curso = "aperfeiçoamento"), (SELECT id_chave_instituicao FROM instituicoes WHERE identificador = "senac"));
INSERT INTO cursos (nome_curso, id_tipo_curso, id_instituicao) VALUES ("senac_1_143", (select id_chave_tipo_curso from tipos_cursos where nome_tipo_curso = "aperfeiçoamento"), (SELECT id_chave_instituicao FROM instituicoes WHERE identificador = "senac"));
INSERT INTO cursos (nome_curso, id_tipo_curso, id_instituicao) VALUES ("senac_1_144", (select id_chave_tipo_curso from tipos_cursos where nome_tipo_curso = "aperfeiçoamento"), (SELECT id_chave_instituicao FROM instituicoes WHERE identificador = "senac"));
INSERT INTO cursos (nome_curso, id_tipo_curso, id_instituicao) VALUES ("senac_1_145", (select id_chave_tipo_curso from tipos_cursos where nome_tipo_curso = "aperfeiçoamento"), (SELECT id_chave_instituicao FROM instituicoes WHERE identificador = "senac"));
INSERT INTO cursos (nome_curso, id_tipo_curso, id_instituicao) VALUES ("senac_1_146", (select id_chave_tipo_curso from tipos_cursos where nome_tipo_curso = "aperfeiçoamento"), (SELECT id_chave_instituicao FROM instituicoes WHERE identificador = "senac"));
INSERT INTO cursos (nome_curso, id_tipo_curso, id_instituicao) VALUES ("senac_1_147", (select id_chave_tipo_curso from tipos_cursos where nome_tipo_curso = "aperfeiçoamento"), (SELECT id_chave_instituicao FROM instituicoes WHERE identificador = "senac"));
INSERT INTO cursos (nome_curso, id_tipo_curso, id_instituicao) VALUES ("senac_1_148", (select id_chave_tipo_curso from tipos_cursos where nome_tipo_curso = "aperfeiçoamento"), (SELECT id_chave_instituicao FROM instituicoes WHERE identificador = "senac"));
INSERT INTO cursos (nome_curso, id_tipo_curso, id_instituicao) VALUES ("senac_1_149", (select id_chave_tipo_curso from tipos_cursos where nome_tipo_curso = "aperfeiçoamento"), (SELECT id_chave_instituicao FROM instituicoes WHERE identificador = "senac"));
INSERT INTO cursos (nome_curso, id_tipo_curso, id_instituicao) VALUES ("senac_1_150", (select id_chave_tipo_curso from tipos_cursos where nome_tipo_curso = "aperfeiçoamento"), (SELECT id_chave_instituicao FROM instituicoes WHERE identificador = "senac"));
INSERT INTO cursos (nome_curso, id_tipo_curso, id_instituicao) VALUES ("senac_1_151", (select id_chave_tipo_curso from tipos_cursos where nome_tipo_curso = "aperfeiçoamento"), (SELECT id_chave_instituicao FROM instituicoes WHERE identificador = "senac"));
INSERT INTO cursos (nome_curso, id_tipo_curso, id_instituicao) VALUES ("senac_1_152", (select id_chave_tipo_curso from tipos_cursos where nome_tipo_curso = "aperfeiçoamento"), (SELECT id_chave_instituicao FROM instituicoes WHERE identificador = "senac"));
INSERT INTO cursos (nome_curso, id_tipo_curso, id_instituicao) VALUES ("senac_1_153", (select id_chave_tipo_curso from tipos_cursos where nome_tipo_curso = "aperfeiçoamento"), (SELECT id_chave_instituicao FROM instituicoes WHERE identificador = "senac"));
INSERT INTO cursos (nome_curso, id_tipo_curso, id_instituicao) VALUES ("senac_1_154", (select id_chave_tipo_curso from tipos_cursos where nome_tipo_curso = "aperfeiçoamento"), (SELECT id_chave_instituicao FROM instituicoes WHERE identificador = "senac"));
INSERT INTO cursos (nome_curso, id_tipo_curso, id_instituicao) VALUES ("senac_1_155", (select id_chave_tipo_curso from tipos_cursos where nome_tipo_curso = "aperfeiçoamento"), (SELECT id_chave_instituicao FROM instituicoes WHERE identificador = "senac"));
INSERT INTO cursos (nome_curso, id_tipo_curso, id_instituicao) VALUES ("senac_1_156", (select id_chave_tipo_curso from tipos_cursos where nome_tipo_curso = "aperfeiçoamento"), (SELECT id_chave_instituicao FROM instituicoes WHERE identificador = "senac"));
INSERT INTO cursos (nome_curso, id_tipo_curso, id_instituicao) VALUES ("senac_1_157", (select id_chave_tipo_curso from tipos_cursos where nome_tipo_curso = "aperfeiçoamento"), (SELECT id_chave_instituicao FROM instituicoes WHERE identificador = "senac"));
INSERT INTO cursos (nome_curso, id_tipo_curso, id_instituicao) VALUES ("senac_1_158", (select id_chave_tipo_curso from tipos_cursos where nome_tipo_curso = "aperfeiçoamento"), (SELECT id_chave_instituicao FROM instituicoes WHERE identificador = "senac"));
INSERT INTO cursos (nome_curso, id_tipo_curso, id_instituicao) VALUES ("senac_1_159", (select id_chave_tipo_curso from tipos_cursos where nome_tipo_curso = "aperfeiçoamento"), (SELECT id_chave_instituicao FROM instituicoes WHERE identificador = "senac"));
INSERT INTO cursos (nome_curso, id_tipo_curso, id_instituicao) VALUES ("senac_1_160", (select id_chave_tipo_curso from tipos_cursos where nome_tipo_curso = "aperfeiçoamento"), (SELECT id_chave_instituicao FROM instituicoes WHERE identificador = "senac"));
INSERT INTO cursos (nome_curso, id_tipo_curso, id_instituicao) VALUES ("senac_1_161", (select id_chave_tipo_curso from tipos_cursos where nome_tipo_curso = "aperfeiçoamento"), (SELECT id_chave_instituicao FROM instituicoes WHERE identificador = "senac"));
INSERT INTO cursos (nome_curso, id_tipo_curso, id_instituicao) VALUES ("senac_1_162", (select id_chave_tipo_curso from tipos_cursos where nome_tipo_curso = "aperfeiçoamento"), (SELECT id_chave_instituicao FROM instituicoes WHERE identificador = "senac"));
INSERT INTO cursos (nome_curso, id_tipo_curso, id_instituicao) VALUES ("senac_1_163", (select id_chave_tipo_curso from tipos_cursos where nome_tipo_curso = "aperfeiçoamento"), (SELECT id_chave_instituicao FROM instituicoes WHERE identificador = "senac"));
INSERT INTO cursos (nome_curso, id_tipo_curso, id_instituicao) VALUES ("senac_1_164", (select id_chave_tipo_curso from tipos_cursos where nome_tipo_curso = "aperfeiçoamento"), (SELECT id_chave_instituicao FROM instituicoes WHERE identificador = "senac"));
INSERT INTO cursos (nome_curso, id_tipo_curso, id_instituicao) VALUES ("senac_1_165", (select id_chave_tipo_curso from tipos_cursos where nome_tipo_curso = "qualificação_profissional"), (SELECT id_chave_instituicao FROM instituicoes WHERE identificador = "senac"));
INSERT INTO cursos (nome_curso, id_tipo_curso, id_instituicao) VALUES ("senac_1_166", (select id_chave_tipo_curso from tipos_cursos where nome_tipo_curso = "qualificação_profissional"), (SELECT id_chave_instituicao FROM instituicoes WHERE identificador = "senac"));
INSERT INTO cursos (nome_curso, id_tipo_curso, id_instituicao) VALUES ("senac_1_167", (select id_chave_tipo_curso from tipos_cursos where nome_tipo_curso = "qualificação_profissional"), (SELECT id_chave_instituicao FROM instituicoes WHERE identificador = "senac"));
INSERT INTO cursos (nome_curso, id_tipo_curso, id_instituicao) VALUES ("senac_1_168", (select id_chave_tipo_curso from tipos_cursos where nome_tipo_curso = "qualificação_profissional"), (SELECT id_chave_instituicao FROM instituicoes WHERE identificador = "senac"));
INSERT INTO cursos (nome_curso, id_tipo_curso, id_instituicao) VALUES ("senac_1_169", (select id_chave_tipo_curso from tipos_cursos where nome_tipo_curso = "qualificação_profissional"), (SELECT id_chave_instituicao FROM instituicoes WHERE identificador = "senac"));
INSERT INTO cursos (nome_curso, id_tipo_curso, id_instituicao) VALUES ("senac_1_170", (select id_chave_tipo_curso from tipos_cursos where nome_tipo_curso = "qualificação_profissional"), (SELECT id_chave_instituicao FROM instituicoes WHERE identificador = "senac"));
INSERT INTO cursos (nome_curso, id_tipo_curso, id_instituicao) VALUES ("senac_1_171", (select id_chave_tipo_curso from tipos_cursos where nome_tipo_curso = "qualificação_profissional"), (SELECT id_chave_instituicao FROM instituicoes WHERE identificador = "senac"));
INSERT INTO cursos (nome_curso, id_tipo_curso, id_instituicao) VALUES ("senac_1_172", (select id_chave_tipo_curso from tipos_cursos where nome_tipo_curso = "qualificação_profissional"), (SELECT id_chave_instituicao FROM instituicoes WHERE identificador = "senac"));
INSERT INTO cursos (nome_curso, id_tipo_curso, id_instituicao) VALUES ("senac_1_173", (select id_chave_tipo_curso from tipos_cursos where nome_tipo_curso = "qualificação_profissional"), (SELECT id_chave_instituicao FROM instituicoes WHERE identificador = "senac"));
INSERT INTO cursos (nome_curso, id_tipo_curso, id_instituicao) VALUES ("senac_1_174", (select id_chave_tipo_curso from tipos_cursos where nome_tipo_curso = "aperfeiçoamento"), (SELECT id_chave_instituicao FROM instituicoes WHERE identificador = "senac"));
INSERT INTO cursos (nome_curso, id_tipo_curso, id_instituicao) VALUES ("senac_1_175", (select id_chave_tipo_curso from tipos_cursos where nome_tipo_curso = "aperfeiçoamento"), (SELECT id_chave_instituicao FROM instituicoes WHERE identificador = "senac"));
INSERT INTO cursos (nome_curso, id_tipo_curso, id_instituicao) VALUES ("senac_1_176", (select id_chave_tipo_curso from tipos_cursos where nome_tipo_curso = "aperfeiçoamento"), (SELECT id_chave_instituicao FROM instituicoes WHERE identificador = "senac"));
INSERT INTO cursos (nome_curso, id_tipo_curso, id_instituicao) VALUES ("senac_1_177", (select id_chave_tipo_curso from tipos_cursos where nome_tipo_curso = "aperfeiçoamento"), (SELECT id_chave_instituicao FROM instituicoes WHERE identificador = "senac"));
INSERT INTO cursos (nome_curso, id_tipo_curso, id_instituicao) VALUES ("senac_1_178", (select id_chave_tipo_curso from tipos_cursos where nome_tipo_curso = "aperfeiçoamento"), (SELECT id_chave_instituicao FROM instituicoes WHERE identificador = "senac"));
INSERT INTO cursos (nome_curso, id_tipo_curso, id_instituicao) VALUES ("senac_1_179", (select id_chave_tipo_curso from tipos_cursos where nome_tipo_curso = "aperfeiçoamento"), (SELECT id_chave_instituicao FROM instituicoes WHERE identificador = "senac"));
INSERT INTO cursos (nome_curso, id_tipo_curso, id_instituicao) VALUES ("senac_1_180", (select id_chave_tipo_curso from tipos_cursos where nome_tipo_curso = "aperfeiçoamento"), (SELECT id_chave_instituicao FROM instituicoes WHERE identificador = "senac"));
INSERT INTO cursos (nome_curso, id_tipo_curso, id_instituicao) VALUES ("senac_1_181", (select id_chave_tipo_curso from tipos_cursos where nome_tipo_curso = "aperfeiçoamento"), (SELECT id_chave_instituicao FROM instituicoes WHERE identificador = "senac"));
INSERT INTO cursos (nome_curso, id_tipo_curso, id_instituicao) VALUES ("senac_1_182", (select id_chave_tipo_curso from tipos_cursos where nome_tipo_curso = "aperfeiçoamento"), (SELECT id_chave_instituicao FROM instituicoes WHERE identificador = "senac"));
INSERT INTO cursos (nome_curso, id_tipo_curso, id_instituicao) VALUES ("senac_1_183", (select id_chave_tipo_curso from tipos_cursos where nome_tipo_curso = "aperfeiçoamento"), (SELECT id_chave_instituicao FROM instituicoes WHERE identificador = "senac"));
INSERT INTO cursos (nome_curso, id_tipo_curso, id_instituicao) VALUES ("senac_1_184", (select id_chave_tipo_curso from tipos_cursos where nome_tipo_curso = "aperfeiçoamento"), (SELECT id_chave_instituicao FROM instituicoes WHERE identificador = "senac"));
INSERT INTO cursos (nome_curso, id_tipo_curso, id_instituicao) VALUES ("senac_1_185", (select id_chave_tipo_curso from tipos_cursos where nome_tipo_curso = "aperfeiçoamento"), (SELECT id_chave_instituicao FROM instituicoes WHERE identificador = "senac"));
INSERT INTO cursos (nome_curso, id_tipo_curso, id_instituicao) VALUES ("senac_1_186", (select id_chave_tipo_curso from tipos_cursos where nome_tipo_curso = "aperfeiçoamento"), (SELECT id_chave_instituicao FROM instituicoes WHERE identificador = "senac"));
INSERT INTO cursos (nome_curso, id_tipo_curso, id_instituicao) VALUES ("senac_1_187", (select id_chave_tipo_curso from tipos_cursos where nome_tipo_curso = "aperfeiçoamento"), (SELECT id_chave_instituicao FROM instituicoes WHERE identificador = "senac"));
INSERT INTO cursos (nome_curso, id_tipo_curso, id_instituicao) VALUES ("senac_1_188", (select id_chave_tipo_curso from tipos_cursos where nome_tipo_curso = "aperfeiçoamento"), (SELECT id_chave_instituicao FROM instituicoes WHERE identificador = "senac"));
INSERT INTO cursos (nome_curso, id_tipo_curso, id_instituicao) VALUES ("senac_1_189", (select id_chave_tipo_curso from tipos_cursos where nome_tipo_curso = "aperfeiçoamento"), (SELECT id_chave_instituicao FROM instituicoes WHERE identificador = "senac"));
INSERT INTO cursos (nome_curso, id_tipo_curso, id_instituicao) VALUES ("senac_1_190", (select id_chave_tipo_curso from tipos_cursos where nome_tipo_curso = "aperfeiçoamento"), (SELECT id_chave_instituicao FROM instituicoes WHERE identificador = "senac"));
INSERT INTO cursos (nome_curso, id_tipo_curso, id_instituicao) VALUES ("senac_1_191", (select id_chave_tipo_curso from tipos_cursos where nome_tipo_curso = "aperfeiçoamento"), (SELECT id_chave_instituicao FROM instituicoes WHERE identificador = "senac"));
INSERT INTO cursos (nome_curso, id_tipo_curso, id_instituicao) VALUES ("senac_1_192", (select id_chave_tipo_curso from tipos_cursos where nome_tipo_curso = "qualificação_profissional"), (SELECT id_chave_instituicao FROM instituicoes WHERE identificador = "senac"));
INSERT INTO cursos (nome_curso, id_tipo_curso, id_instituicao) VALUES ("senac_1_193", (select id_chave_tipo_curso from tipos_cursos where nome_tipo_curso = "qualificação_profissional"), (SELECT id_chave_instituicao FROM instituicoes WHERE identificador = "senac"));
INSERT INTO cursos (nome_curso, id_tipo_curso, id_instituicao) VALUES ("senac_1_194", (select id_chave_tipo_curso from tipos_cursos where nome_tipo_curso = "qualificação_profissional"), (SELECT id_chave_instituicao FROM instituicoes WHERE identificador = "senac"));
INSERT INTO cursos (nome_curso, id_tipo_curso, id_instituicao) VALUES ("senac_1_195", (select id_chave_tipo_curso from tipos_cursos where nome_tipo_curso = "qualificação_profissional"), (SELECT id_chave_instituicao FROM instituicoes WHERE identificador = "senac"));
INSERT INTO cursos (nome_curso, id_tipo_curso, id_instituicao) VALUES ("senac_1_196", (select id_chave_tipo_curso from tipos_cursos where nome_tipo_curso = "qualificação_profissional"), (SELECT id_chave_instituicao FROM instituicoes WHERE identificador = "senac"));
INSERT INTO cursos (nome_curso, id_tipo_curso, id_instituicao) VALUES ("senac_1_197", (select id_chave_tipo_curso from tipos_cursos where nome_tipo_curso = "qualificação_profissional"), (SELECT id_chave_instituicao FROM instituicoes WHERE identificador = "senac"));
INSERT INTO cursos (nome_curso, id_tipo_curso, id_instituicao) VALUES ("senac_1_198", (select id_chave_tipo_curso from tipos_cursos where nome_tipo_curso = "qualificação_profissional"), (SELECT id_chave_instituicao FROM instituicoes WHERE identificador = "senac"));
INSERT INTO cursos (nome_curso, id_tipo_curso, id_instituicao) VALUES ("senac_1_199", (select id_chave_tipo_curso from tipos_cursos where nome_tipo_curso = "qualificação_profissional"), (SELECT id_chave_instituicao FROM instituicoes WHERE identificador = "senac"));
INSERT INTO cursos (nome_curso, id_tipo_curso, id_instituicao) VALUES ("senac_1_200", (select id_chave_tipo_curso from tipos_cursos where nome_tipo_curso = "qualificação_profissional"), (SELECT id_chave_instituicao FROM instituicoes WHERE identificador = "senac"));
INSERT INTO cursos (nome_curso, id_tipo_curso, id_instituicao) VALUES ("senac_1_201", (select id_chave_tipo_curso from tipos_cursos where nome_tipo_curso = "qualificação_profissional"), (SELECT id_chave_instituicao FROM instituicoes WHERE identificador = "senac"));
INSERT INTO cursos (nome_curso, id_tipo_curso, id_instituicao) VALUES ("senac_1_202", (select id_chave_tipo_curso from tipos_cursos where nome_tipo_curso = "qualificação_profissional"), (SELECT id_chave_instituicao FROM instituicoes WHERE identificador = "senac"));
INSERT INTO cursos (nome_curso, id_tipo_curso, id_instituicao) VALUES ("senac_1_203", (select id_chave_tipo_curso from tipos_cursos where nome_tipo_curso = "qualificação_profissional"), (SELECT id_chave_instituicao FROM instituicoes WHERE identificador = "senac"));
INSERT INTO cursos (nome_curso, id_tipo_curso, id_instituicao) VALUES ("senac_1_204", (select id_chave_tipo_curso from tipos_cursos where nome_tipo_curso = "qualificação_profissional"), (SELECT id_chave_instituicao FROM instituicoes WHERE identificador = "senac"));
INSERT INTO cursos (nome_curso, id_tipo_curso, id_instituicao) VALUES ("senac_1_205", (select id_chave_tipo_curso from tipos_cursos where nome_tipo_curso = "qualificação_profissional"), (SELECT id_chave_instituicao FROM instituicoes WHERE identificador = "senac"));
INSERT INTO cursos (nome_curso, id_tipo_curso, id_instituicao) VALUES ("senac_1_206", (select id_chave_tipo_curso from tipos_cursos where nome_tipo_curso = "qualificação_profissional"), (SELECT id_chave_instituicao FROM instituicoes WHERE identificador = "senac"));
INSERT INTO cursos (nome_curso, id_tipo_curso, id_instituicao) VALUES ("senac_1_207", (select id_chave_tipo_curso from tipos_cursos where nome_tipo_curso = "qualificação_profissional"), (SELECT id_chave_instituicao FROM instituicoes WHERE identificador = "senac"));
INSERT INTO cursos (nome_curso, id_tipo_curso, id_instituicao) VALUES ("senac_1_208", (select id_chave_tipo_curso from tipos_cursos where nome_tipo_curso = "qualificação_profissional"), (SELECT id_chave_instituicao FROM instituicoes WHERE identificador = "senac"));
INSERT INTO cursos (nome_curso, id_tipo_curso, id_instituicao) VALUES ("senac_1_209", (select id_chave_tipo_curso from tipos_cursos where nome_tipo_curso = "qualificação_profissional"), (SELECT id_chave_instituicao FROM instituicoes WHERE identificador = "senac"));
INSERT INTO cursos (nome_curso, id_tipo_curso, id_instituicao) VALUES ("senac_1_210", (select id_chave_tipo_curso from tipos_cursos where nome_tipo_curso = "qualificação_profissional"), (SELECT id_chave_instituicao FROM instituicoes WHERE identificador = "senac"));
INSERT INTO cursos (nome_curso, id_tipo_curso, id_instituicao) VALUES ("senac_1_211", (select id_chave_tipo_curso from tipos_cursos where nome_tipo_curso = "aperfeiçoamento"), (SELECT id_chave_instituicao FROM instituicoes WHERE identificador = "senac"));
INSERT INTO cursos (nome_curso, id_tipo_curso, id_instituicao) VALUES ("senac_1_212", (select id_chave_tipo_curso from tipos_cursos where nome_tipo_curso = "aperfeiçoamento"), (SELECT id_chave_instituicao FROM instituicoes WHERE identificador = "senac"));
INSERT INTO cursos (nome_curso, id_tipo_curso, id_instituicao) VALUES ("senac_1_213", (select id_chave_tipo_curso from tipos_cursos where nome_tipo_curso = "aperfeiçoamento"), (SELECT id_chave_instituicao FROM instituicoes WHERE identificador = "senac"));
INSERT INTO cursos (nome_curso, id_tipo_curso, id_instituicao) VALUES ("senac_1_214", (select id_chave_tipo_curso from tipos_cursos where nome_tipo_curso = "aperfeiçoamento"), (SELECT id_chave_instituicao FROM instituicoes WHERE identificador = "senac"));
INSERT INTO cursos (nome_curso, id_tipo_curso, id_instituicao) VALUES ("senac_1_215", (select id_chave_tipo_curso from tipos_cursos where nome_tipo_curso = "aperfeiçoamento"), (SELECT id_chave_instituicao FROM instituicoes WHERE identificador = "senac"));
INSERT INTO cursos (nome_curso, id_tipo_curso, id_instituicao) VALUES ("senac_1_216", (select id_chave_tipo_curso from tipos_cursos where nome_tipo_curso = "aperfeiçoamento"), (SELECT id_chave_instituicao FROM instituicoes WHERE identificador = "senac"));
INSERT INTO cursos (nome_curso, id_tipo_curso, id_instituicao) VALUES ("senac_1_217", (select id_chave_tipo_curso from tipos_cursos where nome_tipo_curso = "aperfeiçoamento"), (SELECT id_chave_instituicao FROM instituicoes WHERE identificador = "senac"));
INSERT INTO cursos (nome_curso, id_tipo_curso, id_instituicao) VALUES ("senac_1_218", (select id_chave_tipo_curso from tipos_cursos where nome_tipo_curso = "aperfeiçoamento"), (SELECT id_chave_instituicao FROM instituicoes WHERE identificador = "senac"));
INSERT INTO cursos (nome_curso, id_tipo_curso, id_instituicao) VALUES ("senac_1_219", (select id_chave_tipo_curso from tipos_cursos where nome_tipo_curso = "aperfeiçoamento"), (SELECT id_chave_instituicao FROM instituicoes WHERE identificador = "senac"));
INSERT INTO cursos (nome_curso, id_tipo_curso, id_instituicao) VALUES ("senac_1_220", (select id_chave_tipo_curso from tipos_cursos where nome_tipo_curso = "aperfeiçoamento"), (SELECT id_chave_instituicao FROM instituicoes WHERE identificador = "senac"));
INSERT INTO cursos (nome_curso, id_tipo_curso, id_instituicao) VALUES ("senac_1_221", (select id_chave_tipo_curso from tipos_cursos where nome_tipo_curso = "aperfeiçoamento"), (SELECT id_chave_instituicao FROM instituicoes WHERE identificador = "senac"));
INSERT INTO cursos (nome_curso, id_tipo_curso, id_instituicao) VALUES ("senac_1_222", (select id_chave_tipo_curso from tipos_cursos where nome_tipo_curso = "qualificação_profissional"), (SELECT id_chave_instituicao FROM instituicoes WHERE identificador = "senac"));
INSERT INTO cursos (nome_curso, id_tipo_curso, id_instituicao) VALUES ("senac_1_223", (select id_chave_tipo_curso from tipos_cursos where nome_tipo_curso = "qualificação_profissional"), (SELECT id_chave_instituicao FROM instituicoes WHERE identificador = "senac"));
INSERT INTO cursos (nome_curso, id_tipo_curso, id_instituicao) VALUES ("senac_1_224", (select id_chave_tipo_curso from tipos_cursos where nome_tipo_curso = "qualificação_profissional"), (SELECT id_chave_instituicao FROM instituicoes WHERE identificador = "senac"));
INSERT INTO cursos (nome_curso, id_tipo_curso, id_instituicao) VALUES ("senac_1_225", (select id_chave_tipo_curso from tipos_cursos where nome_tipo_curso = "qualificação_profissional"), (SELECT id_chave_instituicao FROM instituicoes WHERE identificador = "senac"));
INSERT INTO cursos (nome_curso, id_tipo_curso, id_instituicao) VALUES ("senac_1_226", (select id_chave_tipo_curso from tipos_cursos where nome_tipo_curso = "qualificação_profissional"), (SELECT id_chave_instituicao FROM instituicoes WHERE identificador = "senac"));
INSERT INTO cursos (nome_curso, id_tipo_curso, id_instituicao) VALUES ("senac_1_227", (select id_chave_tipo_curso from tipos_cursos where nome_tipo_curso = "qualificação_profissional"), (SELECT id_chave_instituicao FROM instituicoes WHERE identificador = "senac"));
INSERT INTO cursos (nome_curso, id_tipo_curso, id_instituicao) VALUES ("senac_1_228", (select id_chave_tipo_curso from tipos_cursos where nome_tipo_curso = "qualificação_profissional"), (SELECT id_chave_instituicao FROM instituicoes WHERE identificador = "senac"));
INSERT INTO cursos (nome_curso, id_tipo_curso, id_instituicao) VALUES ("senac_1_229", (select id_chave_tipo_curso from tipos_cursos where nome_tipo_curso = "qualificação_profissional"), (SELECT id_chave_instituicao FROM instituicoes WHERE identificador = "senac"));
INSERT INTO cursos (nome_curso, id_tipo_curso, id_instituicao) VALUES ("senac_1_230", (select id_chave_tipo_curso from tipos_cursos where nome_tipo_curso = "qualificação_profissional"), (SELECT id_chave_instituicao FROM instituicoes WHERE identificador = "senac"));
INSERT INTO cursos (nome_curso, id_tipo_curso, id_instituicao) VALUES ("senac_1_231", (select id_chave_tipo_curso from tipos_cursos where nome_tipo_curso = "qualificação_profissional"), (SELECT id_chave_instituicao FROM instituicoes WHERE identificador = "senac"));
INSERT INTO cursos (nome_curso, id_tipo_curso, id_instituicao) VALUES ("senac_1_232", (select id_chave_tipo_curso from tipos_cursos where nome_tipo_curso = "qualificação_profissional"), (SELECT id_chave_instituicao FROM instituicoes WHERE identificador = "senac"));
INSERT INTO cursos (nome_curso, id_tipo_curso, id_instituicao) VALUES ("senac_1_233", (select id_chave_tipo_curso from tipos_cursos where nome_tipo_curso = "qualificação_profissional"), (SELECT id_chave_instituicao FROM instituicoes WHERE identificador = "senac"));
INSERT INTO cursos (nome_curso, id_tipo_curso, id_instituicao) VALUES ("senac_1_234", (select id_chave_tipo_curso from tipos_cursos where nome_tipo_curso = "qualificação_profissional"), (SELECT id_chave_instituicao FROM instituicoes WHERE identificador = "senac"));
INSERT INTO cursos (nome_curso, id_tipo_curso, id_instituicao) VALUES ("senac_1_235", (select id_chave_tipo_curso from tipos_cursos where nome_tipo_curso = "qualificação_profissional"), (SELECT id_chave_instituicao FROM instituicoes WHERE identificador = "senac"));
INSERT INTO cursos (nome_curso, id_tipo_curso, id_instituicao) VALUES ("senac_1_236", (select id_chave_tipo_curso from tipos_cursos where nome_tipo_curso = "qualificação_profissional"), (SELECT id_chave_instituicao FROM instituicoes WHERE identificador = "senac"));
INSERT INTO cursos (nome_curso, id_tipo_curso, id_instituicao) VALUES ("senac_1_237", (select id_chave_tipo_curso from tipos_cursos where nome_tipo_curso = "qualificação_profissional"), (SELECT id_chave_instituicao FROM instituicoes WHERE identificador = "senac"));
INSERT INTO cursos (nome_curso, id_tipo_curso, id_instituicao) VALUES ("senac_1_238", (select id_chave_tipo_curso from tipos_cursos where nome_tipo_curso = "qualificação_profissional"), (SELECT id_chave_instituicao FROM instituicoes WHERE identificador = "senac"));
INSERT INTO cursos (nome_curso, id_tipo_curso, id_instituicao) VALUES ("senac_1_239", (select id_chave_tipo_curso from tipos_cursos where nome_tipo_curso = "qualificação_profissional"), (SELECT id_chave_instituicao FROM instituicoes WHERE identificador = "senac"));
INSERT INTO cursos (nome_curso, id_tipo_curso, id_instituicao) VALUES ("senac_1_240", (select id_chave_tipo_curso from tipos_cursos where nome_tipo_curso = "qualificação_profissional"), (SELECT id_chave_instituicao FROM instituicoes WHERE identificador = "senac"));
INSERT INTO cursos (nome_curso, id_tipo_curso, id_instituicao) VALUES ("senac_1_241", (select id_chave_tipo_curso from tipos_cursos where nome_tipo_curso = "qualificação_profissional"), (SELECT id_chave_instituicao FROM instituicoes WHERE identificador = "senac"));
INSERT INTO cursos (nome_curso, id_tipo_curso, id_instituicao) VALUES ("senac_1_242", (select id_chave_tipo_curso from tipos_cursos where nome_tipo_curso = "qualificação_profissional"), (SELECT id_chave_instituicao FROM instituicoes WHERE identificador = "senac"));
INSERT INTO cursos (nome_curso, id_tipo_curso, id_instituicao) VALUES ("senac_1_243", (select id_chave_tipo_curso from tipos_cursos where nome_tipo_curso = "qualificação_profissional"), (SELECT id_chave_instituicao FROM instituicoes WHERE identificador = "senac"));
INSERT INTO cursos (nome_curso, id_tipo_curso, id_instituicao) VALUES ("senac_1_244", (select id_chave_tipo_curso from tipos_cursos where nome_tipo_curso = "qualificação_profissional"), (SELECT id_chave_instituicao FROM instituicoes WHERE identificador = "senac"));
INSERT INTO cursos (nome_curso, id_tipo_curso, id_instituicao) VALUES ("senac_1_245", (select id_chave_tipo_curso from tipos_cursos where nome_tipo_curso = "qualificação_profissional"), (SELECT id_chave_instituicao FROM instituicoes WHERE identificador = "senac"));
INSERT INTO cursos (nome_curso, id_tipo_curso, id_instituicao) VALUES ("senac_1_246", (select id_chave_tipo_curso from tipos_cursos where nome_tipo_curso = "qualificação_profissional"), (SELECT id_chave_instituicao FROM instituicoes WHERE identificador = "senac"));
INSERT INTO cursos (nome_curso, id_tipo_curso, id_instituicao) VALUES ("senac_1_247", (select id_chave_tipo_curso from tipos_cursos where nome_tipo_curso = "qualificação_profissional"), (SELECT id_chave_instituicao FROM instituicoes WHERE identificador = "senac"));
INSERT INTO cursos (nome_curso, id_tipo_curso, id_instituicao) VALUES ("senac_1_248", (select id_chave_tipo_curso from tipos_cursos where nome_tipo_curso = "qualificação_profissional"), (SELECT id_chave_instituicao FROM instituicoes WHERE identificador = "senac"));
INSERT INTO cursos (nome_curso, id_tipo_curso, id_instituicao) VALUES ("senac_1_249", (select id_chave_tipo_curso from tipos_cursos where nome_tipo_curso = "qualificação_profissional"), (SELECT id_chave_instituicao FROM instituicoes WHERE identificador = "senac"));
INSERT INTO cursos (nome_curso, id_tipo_curso, id_instituicao) VALUES ("senac_1_250", (select id_chave_tipo_curso from tipos_cursos where nome_tipo_curso = "qualificação_profissional"), (SELECT id_chave_instituicao FROM instituicoes WHERE identificador = "senac"));
INSERT INTO cursos (nome_curso, id_tipo_curso, id_instituicao) VALUES ("senac_1_251", (select id_chave_tipo_curso from tipos_cursos where nome_tipo_curso = "qualificação_profissional"), (SELECT id_chave_instituicao FROM instituicoes WHERE identificador = "senac"));
INSERT INTO cursos (nome_curso, id_tipo_curso, id_instituicao) VALUES ("senac_1_252", (select id_chave_tipo_curso from tipos_cursos where nome_tipo_curso = "qualificação_profissional"), (SELECT id_chave_instituicao FROM instituicoes WHERE identificador = "senac"));
INSERT INTO cursos (nome_curso, id_tipo_curso, id_instituicao) VALUES ("senac_1_253", (select id_chave_tipo_curso from tipos_cursos where nome_tipo_curso = "qualificação_profissional"), (SELECT id_chave_instituicao FROM instituicoes WHERE identificador = "senac"));
INSERT INTO cursos (nome_curso, id_tipo_curso, id_instituicao) VALUES ("senac_1_254", (select id_chave_tipo_curso from tipos_cursos where nome_tipo_curso = "qualificação_profissional"), (SELECT id_chave_instituicao FROM instituicoes WHERE identificador = "senac"));
INSERT INTO cursos (nome_curso, id_tipo_curso, id_instituicao) VALUES ("senac_1_255", (select id_chave_tipo_curso from tipos_cursos where nome_tipo_curso = "qualificação_profissional"), (SELECT id_chave_instituicao FROM instituicoes WHERE identificador = "senac"));
INSERT INTO cursos (nome_curso, id_tipo_curso, id_instituicao) VALUES ("senac_1_256", (select id_chave_tipo_curso from tipos_cursos where nome_tipo_curso = "qualificação_profissional"), (SELECT id_chave_instituicao FROM instituicoes WHERE identificador = "senac"));
INSERT INTO cursos (nome_curso, id_tipo_curso, id_instituicao) VALUES ("senac_1_257", (select id_chave_tipo_curso from tipos_cursos where nome_tipo_curso = "qualificação_profissional"), (SELECT id_chave_instituicao FROM instituicoes WHERE identificador = "senac"));
INSERT INTO cursos (nome_curso, id_tipo_curso, id_instituicao) VALUES ("senac_1_258", (select id_chave_tipo_curso from tipos_cursos where nome_tipo_curso = "qualificação_profissional"), (SELECT id_chave_instituicao FROM instituicoes WHERE identificador = "senac"));
INSERT INTO cursos (nome_curso, id_tipo_curso, id_instituicao) VALUES ("senac_1_259", (select id_chave_tipo_curso from tipos_cursos where nome_tipo_curso = "qualificação_profissional"), (SELECT id_chave_instituicao FROM instituicoes WHERE identificador = "senac"));
INSERT INTO cursos (nome_curso, id_tipo_curso, id_instituicao) VALUES ("senac_1_260", (select id_chave_tipo_curso from tipos_cursos where nome_tipo_curso = "qualificação_profissional"), (SELECT id_chave_instituicao FROM instituicoes WHERE identificador = "senac"));
INSERT INTO cursos (nome_curso, id_tipo_curso, id_instituicao) VALUES ("senac_1_261", (select id_chave_tipo_curso from tipos_cursos where nome_tipo_curso = "qualificação_profissional"), (SELECT id_chave_instituicao FROM instituicoes WHERE identificador = "senac"));
INSERT INTO cursos (nome_curso, id_tipo_curso, id_instituicao) VALUES ("senac_1_262", (select id_chave_tipo_curso from tipos_cursos where nome_tipo_curso = "qualificação_profissional"), (SELECT id_chave_instituicao FROM instituicoes WHERE identificador = "senac"));
INSERT INTO cursos (nome_curso, id_tipo_curso, id_instituicao) VALUES ("senac_1_263", (select id_chave_tipo_curso from tipos_cursos where nome_tipo_curso = "qualificação_profissional"), (SELECT id_chave_instituicao FROM instituicoes WHERE identificador = "senac"));
INSERT INTO cursos (nome_curso, id_tipo_curso, id_instituicao) VALUES ("senac_1_264", (select id_chave_tipo_curso from tipos_cursos where nome_tipo_curso = "qualificação_profissional"), (SELECT id_chave_instituicao FROM instituicoes WHERE identificador = "senac"));
INSERT INTO cursos (nome_curso, id_tipo_curso, id_instituicao) VALUES ("senac_1_265", (select id_chave_tipo_curso from tipos_cursos where nome_tipo_curso = "qualificação_profissional"), (SELECT id_chave_instituicao FROM instituicoes WHERE identificador = "senac"));
INSERT INTO cursos (nome_curso, id_tipo_curso, id_instituicao) VALUES ("senac_1_266", (select id_chave_tipo_curso from tipos_cursos where nome_tipo_curso = "qualificação_profissional"), (SELECT id_chave_instituicao FROM instituicoes WHERE identificador = "senac"));
INSERT INTO cursos (nome_curso, id_tipo_curso, id_instituicao) VALUES ("senac_1_267", (select id_chave_tipo_curso from tipos_cursos where nome_tipo_curso = "qualificação_profissional"), (SELECT id_chave_instituicao FROM instituicoes WHERE identificador = "senac"));
INSERT INTO cursos (nome_curso, id_tipo_curso, id_instituicao) VALUES ("senac_1_268", (select id_chave_tipo_curso from tipos_cursos where nome_tipo_curso = "qualificação_profissional"), (SELECT id_chave_instituicao FROM instituicoes WHERE identificador = "senac"));
INSERT INTO cursos (nome_curso, id_tipo_curso, id_instituicao) VALUES ("senac_1_269", (select id_chave_tipo_curso from tipos_cursos where nome_tipo_curso = "qualificação_profissional"), (SELECT id_chave_instituicao FROM instituicoes WHERE identificador = "senac"));
INSERT INTO cursos (nome_curso, id_tipo_curso, id_instituicao) VALUES ("senac_1_270", (select id_chave_tipo_curso from tipos_cursos where nome_tipo_curso = "qualificação_profissional"), (SELECT id_chave_instituicao FROM instituicoes WHERE identificador = "senac"));
INSERT INTO cursos (nome_curso, id_tipo_curso, id_instituicao) VALUES ("senac_1_271", (select id_chave_tipo_curso from tipos_cursos where nome_tipo_curso = "qualificação_profissional"), (SELECT id_chave_instituicao FROM instituicoes WHERE identificador = "senac"));
INSERT INTO cursos (nome_curso, id_tipo_curso, id_instituicao) VALUES ("senac_1_272", (select id_chave_tipo_curso from tipos_cursos where nome_tipo_curso = "qualificação_profissional"), (SELECT id_chave_instituicao FROM instituicoes WHERE identificador = "senac"));
INSERT INTO cursos (nome_curso, id_tipo_curso, id_instituicao) VALUES ("senac_1_273", (select id_chave_tipo_curso from tipos_cursos where nome_tipo_curso = "qualificação_profissional"), (SELECT id_chave_instituicao FROM instituicoes WHERE identificador = "senac"));
INSERT INTO cursos (nome_curso, id_tipo_curso, id_instituicao) VALUES ("senac_1_274", (select id_chave_tipo_curso from tipos_cursos where nome_tipo_curso = "qualificação_profissional"), (SELECT id_chave_instituicao FROM instituicoes WHERE identificador = "senac"));
INSERT INTO cursos (nome_curso, id_tipo_curso, id_instituicao) VALUES ("senac_1_275", (select id_chave_tipo_curso from tipos_cursos where nome_tipo_curso = "qualificação_profissional"), (SELECT id_chave_instituicao FROM instituicoes WHERE identificador = "senac"));
INSERT INTO cursos (nome_curso, id_tipo_curso, id_instituicao) VALUES ("senac_1_276", (select id_chave_tipo_curso from tipos_cursos where nome_tipo_curso = "qualificação_profissional"), (SELECT id_chave_instituicao FROM instituicoes WHERE identificador = "senac"));
INSERT INTO cursos (nome_curso, id_tipo_curso, id_instituicao) VALUES ("senac_1_277", (select id_chave_tipo_curso from tipos_cursos where nome_tipo_curso = "qualificação_profissional"), (SELECT id_chave_instituicao FROM instituicoes WHERE identificador = "senac"));
INSERT INTO cursos (nome_curso, id_tipo_curso, id_instituicao) VALUES ("senac_1_278", (select id_chave_tipo_curso from tipos_cursos where nome_tipo_curso = "qualificação_profissional"), (SELECT id_chave_instituicao FROM instituicoes WHERE identificador = "senac"));
INSERT INTO cursos (nome_curso, id_tipo_curso, id_instituicao) VALUES ("senac_1_279", (select id_chave_tipo_curso from tipos_cursos where nome_tipo_curso = "qualificação_profissional"), (SELECT id_chave_instituicao FROM instituicoes WHERE identificador = "senac"));
INSERT INTO cursos (nome_curso, id_tipo_curso, id_instituicao) VALUES ("senac_1_280", (select id_chave_tipo_curso from tipos_cursos where nome_tipo_curso = "qualificação_profissional"), (SELECT id_chave_instituicao FROM instituicoes WHERE identificador = "senac"));
INSERT INTO cursos (nome_curso, id_tipo_curso, id_instituicao) VALUES ("senac_1_281", (select id_chave_tipo_curso from tipos_cursos where nome_tipo_curso = "qualificação_profissional"), (SELECT id_chave_instituicao FROM instituicoes WHERE identificador = "senac"));
INSERT INTO cursos (nome_curso, id_tipo_curso, id_instituicao) VALUES ("senac_1_282", (select id_chave_tipo_curso from tipos_cursos where nome_tipo_curso = "qualificação_profissional"), (SELECT id_chave_instituicao FROM instituicoes WHERE identificador = "senac"));
INSERT INTO cursos (nome_curso, id_tipo_curso, id_instituicao) VALUES ("senac_1_283", (select id_chave_tipo_curso from tipos_cursos where nome_tipo_curso = "qualificação_profissional"), (SELECT id_chave_instituicao FROM instituicoes WHERE identificador = "senac"));
INSERT INTO cursos (nome_curso, id_tipo_curso, id_instituicao) VALUES ("senac_1_284", (select id_chave_tipo_curso from tipos_cursos where nome_tipo_curso = "qualificação_profissional"), (SELECT id_chave_instituicao FROM instituicoes WHERE identificador = "senac"));
INSERT INTO cursos (nome_curso, id_tipo_curso, id_instituicao) VALUES ("senac_1_285", (select id_chave_tipo_curso from tipos_cursos where nome_tipo_curso = "qualificação_profissional"), (SELECT id_chave_instituicao FROM instituicoes WHERE identificador = "senac"));
INSERT INTO cursos (nome_curso, id_tipo_curso, id_instituicao) VALUES ("senac_1_286", (select id_chave_tipo_curso from tipos_cursos where nome_tipo_curso = "qualificação_profissional"), (SELECT id_chave_instituicao FROM instituicoes WHERE identificador = "senac"));
INSERT INTO cursos (nome_curso, id_tipo_curso, id_instituicao) VALUES ("senac_1_287", (select id_chave_tipo_curso from tipos_cursos where nome_tipo_curso = "qualificação_profissional"), (SELECT id_chave_instituicao FROM instituicoes WHERE identificador = "senac"));
INSERT INTO cursos (nome_curso, id_tipo_curso, id_instituicao) VALUES ("senac_1_288", (select id_chave_tipo_curso from tipos_cursos where nome_tipo_curso = "qualificação_profissional"), (SELECT id_chave_instituicao FROM instituicoes WHERE identificador = "senac"));
INSERT INTO cursos (nome_curso, id_tipo_curso, id_instituicao) VALUES ("senac_1_289", (select id_chave_tipo_curso from tipos_cursos where nome_tipo_curso = "qualificação_profissional"), (SELECT id_chave_instituicao FROM instituicoes WHERE identificador = "senac"));
INSERT INTO cursos (nome_curso, id_tipo_curso, id_instituicao) VALUES ("senac_1_290", (select id_chave_tipo_curso from tipos_cursos where nome_tipo_curso = "qualificação_profissional"), (SELECT id_chave_instituicao FROM instituicoes WHERE identificador = "senac"));
INSERT INTO cursos (nome_curso, id_tipo_curso, id_instituicao) VALUES ("senac_1_291", (select id_chave_tipo_curso from tipos_cursos where nome_tipo_curso = "qualificação_profissional"), (SELECT id_chave_instituicao FROM instituicoes WHERE identificador = "senac"));
INSERT INTO cursos (nome_curso, id_tipo_curso, id_instituicao) VALUES ("senac_1_292", (select id_chave_tipo_curso from tipos_cursos where nome_tipo_curso = "qualificação_profissional"), (SELECT id_chave_instituicao FROM instituicoes WHERE identificador = "senac"));
INSERT INTO cursos (nome_curso, id_tipo_curso, id_instituicao) VALUES ("senac_1_293", (select id_chave_tipo_curso from tipos_cursos where nome_tipo_curso = "qualificação_profissional"), (SELECT id_chave_instituicao FROM instituicoes WHERE identificador = "senac"));
INSERT INTO cursos (nome_curso, id_tipo_curso, id_instituicao) VALUES ("senac_1_294", (select id_chave_tipo_curso from tipos_cursos where nome_tipo_curso = "qualificação_profissional"), (SELECT id_chave_instituicao FROM instituicoes WHERE identificador = "senac"));
INSERT INTO cursos (nome_curso, id_tipo_curso, id_instituicao) VALUES ("senac_1_295", (select id_chave_tipo_curso from tipos_cursos where nome_tipo_curso = "qualificação_profissional"), (SELECT id_chave_instituicao FROM instituicoes WHERE identificador = "senac"));
INSERT INTO cursos (nome_curso, id_tipo_curso, id_instituicao) VALUES ("senac_1_296", (select id_chave_tipo_curso from tipos_cursos where nome_tipo_curso = "qualificação_profissional"), (SELECT id_chave_instituicao FROM instituicoes WHERE identificador = "senac"));
INSERT INTO cursos (nome_curso, id_tipo_curso, id_instituicao) VALUES ("senac_1_297", (select id_chave_tipo_curso from tipos_cursos where nome_tipo_curso = "qualificação_profissional"), (SELECT id_chave_instituicao FROM instituicoes WHERE identificador = "senac"));
INSERT INTO cursos (nome_curso, id_tipo_curso, id_instituicao) VALUES ("senac_1_298", (select id_chave_tipo_curso from tipos_cursos where nome_tipo_curso = "qualificação_profissional"), (SELECT id_chave_instituicao FROM instituicoes WHERE identificador = "senac"));
INSERT INTO cursos (nome_curso, id_tipo_curso, id_instituicao) VALUES ("senac_1_299", (select id_chave_tipo_curso from tipos_cursos where nome_tipo_curso = "qualificação_profissional"), (SELECT id_chave_instituicao FROM instituicoes WHERE identificador = "senac"));
INSERT INTO cursos (nome_curso, id_tipo_curso, id_instituicao) VALUES ("senac_1_300", (select id_chave_tipo_curso from tipos_cursos where nome_tipo_curso = "qualificação_profissional"), (SELECT id_chave_instituicao FROM instituicoes WHERE identificador = "senac"));
INSERT INTO cursos (nome_curso, id_tipo_curso, id_instituicao) VALUES ("senac_1_301", (select id_chave_tipo_curso from tipos_cursos where nome_tipo_curso = "qualificação_profissional"), (SELECT id_chave_instituicao FROM instituicoes WHERE identificador = "senac"));
INSERT INTO cursos (nome_curso, id_tipo_curso, id_instituicao) VALUES ("senac_1_302", (select id_chave_tipo_curso from tipos_cursos where nome_tipo_curso = "qualificação_profissional"), (SELECT id_chave_instituicao FROM instituicoes WHERE identificador = "senac"));
INSERT INTO cursos (nome_curso, id_tipo_curso, id_instituicao) VALUES ("senac_1_303", (select id_chave_tipo_curso from tipos_cursos where nome_tipo_curso = "qualificação_profissional"), (SELECT id_chave_instituicao FROM instituicoes WHERE identificador = "senac"));
INSERT INTO cursos (nome_curso, id_tipo_curso, id_instituicao) VALUES ("senac_1_304", (select id_chave_tipo_curso from tipos_cursos where nome_tipo_curso = "qualificação_profissional"), (SELECT id_chave_instituicao FROM instituicoes WHERE identificador = "senac"));
INSERT INTO cursos (nome_curso, id_tipo_curso, id_instituicao) VALUES ("senac_1_305", (select id_chave_tipo_curso from tipos_cursos where nome_tipo_curso = "aperfeiçoamento"), (SELECT id_chave_instituicao FROM instituicoes WHERE identificador = "senac"));
INSERT INTO cursos (nome_curso, id_tipo_curso, id_instituicao) VALUES ("senac_1_306", (select id_chave_tipo_curso from tipos_cursos where nome_tipo_curso = "aperfeiçoamento"), (SELECT id_chave_instituicao FROM instituicoes WHERE identificador = "senac"));
INSERT INTO cursos (nome_curso, id_tipo_curso, id_instituicao) VALUES ("senac_1_307", (select id_chave_tipo_curso from tipos_cursos where nome_tipo_curso = "aperfeiçoamento"), (SELECT id_chave_instituicao FROM instituicoes WHERE identificador = "senac"));
INSERT INTO cursos (nome_curso, id_tipo_curso, id_instituicao) VALUES ("senac_1_308", (select id_chave_tipo_curso from tipos_cursos where nome_tipo_curso = "aperfeiçoamento"), (SELECT id_chave_instituicao FROM instituicoes WHERE identificador = "senac"));
INSERT INTO cursos (nome_curso, id_tipo_curso, id_instituicao) VALUES ("senac_1_309", (select id_chave_tipo_curso from tipos_cursos where nome_tipo_curso = "aperfeiçoamento"), (SELECT id_chave_instituicao FROM instituicoes WHERE identificador = "senac"));
INSERT INTO cursos (nome_curso, id_tipo_curso, id_instituicao) VALUES ("senac_1_310", (select id_chave_tipo_curso from tipos_cursos where nome_tipo_curso = "aperfeiçoamento"), (SELECT id_chave_instituicao FROM instituicoes WHERE identificador = "senac"));
INSERT INTO cursos (nome_curso, id_tipo_curso, id_instituicao) VALUES ("senac_1_311", (select id_chave_tipo_curso from tipos_cursos where nome_tipo_curso = "aperfeiçoamento"), (SELECT id_chave_instituicao FROM instituicoes WHERE identificador = "senac"));
INSERT INTO cursos (nome_curso, id_tipo_curso, id_instituicao) VALUES ("senac_1_312", (select id_chave_tipo_curso from tipos_cursos where nome_tipo_curso = "aperfeiçoamento"), (SELECT id_chave_instituicao FROM instituicoes WHERE identificador = "senac"));
INSERT INTO cursos (nome_curso, id_tipo_curso, id_instituicao) VALUES ("senac_1_313", (select id_chave_tipo_curso from tipos_cursos where nome_tipo_curso = "aperfeiçoamento"), (SELECT id_chave_instituicao FROM instituicoes WHERE identificador = "senac"));
INSERT INTO cursos (nome_curso, id_tipo_curso, id_instituicao) VALUES ("senac_1_314", (select id_chave_tipo_curso from tipos_cursos where nome_tipo_curso = "aperfeiçoamento"), (SELECT id_chave_instituicao FROM instituicoes WHERE identificador = "senac"));
INSERT INTO cursos (nome_curso, id_tipo_curso, id_instituicao) VALUES ("senac_1_315", (select id_chave_tipo_curso from tipos_cursos where nome_tipo_curso = "aperfeiçoamento"), (SELECT id_chave_instituicao FROM instituicoes WHERE identificador = "senac"));
INSERT INTO cursos (nome_curso, id_tipo_curso, id_instituicao) VALUES ("senac_1_316", (select id_chave_tipo_curso from tipos_cursos where nome_tipo_curso = "aperfeiçoamento"), (SELECT id_chave_instituicao FROM instituicoes WHERE identificador = "senac"));
INSERT INTO cursos (nome_curso, id_tipo_curso, id_instituicao) VALUES ("senac_1_317", (select id_chave_tipo_curso from tipos_cursos where nome_tipo_curso = "aperfeiçoamento"), (SELECT id_chave_instituicao FROM instituicoes WHERE identificador = "senac"));
INSERT INTO cursos (nome_curso, id_tipo_curso, id_instituicao) VALUES ("senac_1_318", (select id_chave_tipo_curso from tipos_cursos where nome_tipo_curso = "aperfeiçoamento"), (SELECT id_chave_instituicao FROM instituicoes WHERE identificador = "senac"));
INSERT INTO cursos (nome_curso, id_tipo_curso, id_instituicao) VALUES ("senac_1_319", (select id_chave_tipo_curso from tipos_cursos where nome_tipo_curso = "aperfeiçoamento"), (SELECT id_chave_instituicao FROM instituicoes WHERE identificador = "senac"));
INSERT INTO cursos (nome_curso, id_tipo_curso, id_instituicao) VALUES ("senac_1_320", (select id_chave_tipo_curso from tipos_cursos where nome_tipo_curso = "aperfeiçoamento"), (SELECT id_chave_instituicao FROM instituicoes WHERE identificador = "senac"));
INSERT INTO cursos (nome_curso, id_tipo_curso, id_instituicao) VALUES ("senac_1_321", (select id_chave_tipo_curso from tipos_cursos where nome_tipo_curso = "aperfeiçoamento"), (SELECT id_chave_instituicao FROM instituicoes WHERE identificador = "senac"));
INSERT INTO cursos (nome_curso, id_tipo_curso, id_instituicao) VALUES ("senac_1_322", (select id_chave_tipo_curso from tipos_cursos where nome_tipo_curso = "aperfeiçoamento"), (SELECT id_chave_instituicao FROM instituicoes WHERE identificador = "senac"));
INSERT INTO cursos (nome_curso, id_tipo_curso, id_instituicao) VALUES ("senac_1_323", (select id_chave_tipo_curso from tipos_cursos where nome_tipo_curso = "aperfeiçoamento"), (SELECT id_chave_instituicao FROM instituicoes WHERE identificador = "senac"));
INSERT INTO cursos (nome_curso, id_tipo_curso, id_instituicao) VALUES ("senac_1_324", (select id_chave_tipo_curso from tipos_cursos where nome_tipo_curso = "aperfeiçoamento"), (SELECT id_chave_instituicao FROM instituicoes WHERE identificador = "senac"));
INSERT INTO cursos (nome_curso, id_tipo_curso, id_instituicao) VALUES ("senac_1_325", (select id_chave_tipo_curso from tipos_cursos where nome_tipo_curso = "aperfeiçoamento"), (SELECT id_chave_instituicao FROM instituicoes WHERE identificador = "senac"));
INSERT INTO cursos (nome_curso, id_tipo_curso, id_instituicao) VALUES ("senac_1_326", (select id_chave_tipo_curso from tipos_cursos where nome_tipo_curso = "aperfeiçoamento"), (SELECT id_chave_instituicao FROM instituicoes WHERE identificador = "senac"));
INSERT INTO cursos (nome_curso, id_tipo_curso, id_instituicao) VALUES ("senac_1_327", (select id_chave_tipo_curso from tipos_cursos where nome_tipo_curso = "aperfeiçoamento"), (SELECT id_chave_instituicao FROM instituicoes WHERE identificador = "senac"));
INSERT INTO cursos (nome_curso, id_tipo_curso, id_instituicao) VALUES ("senac_1_328", (select id_chave_tipo_curso from tipos_cursos where nome_tipo_curso = "aperfeiçoamento"), (SELECT id_chave_instituicao FROM instituicoes WHERE identificador = "senac"));
INSERT INTO cursos (nome_curso, id_tipo_curso, id_instituicao) VALUES ("senac_1_329", (select id_chave_tipo_curso from tipos_cursos where nome_tipo_curso = "aperfeiçoamento"), (SELECT id_chave_instituicao FROM instituicoes WHERE identificador = "senac"));
INSERT INTO cursos (nome_curso, id_tipo_curso, id_instituicao) VALUES ("senac_1_330", (select id_chave_tipo_curso from tipos_cursos where nome_tipo_curso = "aperfeiçoamento"), (SELECT id_chave_instituicao FROM instituicoes WHERE identificador = "senac"));
INSERT INTO cursos (nome_curso, id_tipo_curso, id_instituicao) VALUES ("senac_1_331", (select id_chave_tipo_curso from tipos_cursos where nome_tipo_curso = "aperfeiçoamento"), (SELECT id_chave_instituicao FROM instituicoes WHERE identificador = "senac"));
INSERT INTO cursos (nome_curso, id_tipo_curso, id_instituicao) VALUES ("senac_1_332", (select id_chave_tipo_curso from tipos_cursos where nome_tipo_curso = "aperfeiçoamento"), (SELECT id_chave_instituicao FROM instituicoes WHERE identificador = "senac"));
INSERT INTO cursos (nome_curso, id_tipo_curso, id_instituicao) VALUES ("senac_1_333", (select id_chave_tipo_curso from tipos_cursos where nome_tipo_curso = "aperfeiçoamento"), (SELECT id_chave_instituicao FROM instituicoes WHERE identificador = "senac"));
INSERT INTO cursos (nome_curso, id_tipo_curso, id_instituicao) VALUES ("senac_1_334", (select id_chave_tipo_curso from tipos_cursos where nome_tipo_curso = "aperfeiçoamento"), (SELECT id_chave_instituicao FROM instituicoes WHERE identificador = "senac"));
INSERT INTO cursos (nome_curso, id_tipo_curso, id_instituicao) VALUES ("senac_1_335", (select id_chave_tipo_curso from tipos_cursos where nome_tipo_curso = "aperfeiçoamento"), (SELECT id_chave_instituicao FROM instituicoes WHERE identificador = "senac"));
INSERT INTO cursos (nome_curso, id_tipo_curso, id_instituicao) VALUES ("senac_1_336", (select id_chave_tipo_curso from tipos_cursos where nome_tipo_curso = "aperfeiçoamento"), (SELECT id_chave_instituicao FROM instituicoes WHERE identificador = "senac"));
INSERT INTO cursos (nome_curso, id_tipo_curso, id_instituicao) VALUES ("senac_1_337", (select id_chave_tipo_curso from tipos_cursos where nome_tipo_curso = "aperfeiçoamento"), (SELECT id_chave_instituicao FROM instituicoes WHERE identificador = "senac"));
INSERT INTO cursos (nome_curso, id_tipo_curso, id_instituicao) VALUES ("senac_1_338", (select id_chave_tipo_curso from tipos_cursos where nome_tipo_curso = "qualificação_profissional"), (SELECT id_chave_instituicao FROM instituicoes WHERE identificador = "senac"));
INSERT INTO cursos (nome_curso, id_tipo_curso, id_instituicao) VALUES ("senac_1_339", (select id_chave_tipo_curso from tipos_cursos where nome_tipo_curso = "qualificação_profissional"), (SELECT id_chave_instituicao FROM instituicoes WHERE identificador = "senac"));
INSERT INTO cursos (nome_curso, id_tipo_curso, id_instituicao) VALUES ("senac_1_340", (select id_chave_tipo_curso from tipos_cursos where nome_tipo_curso = "qualificação_profissional"), (SELECT id_chave_instituicao FROM instituicoes WHERE identificador = "senac"));
INSERT INTO cursos (nome_curso, id_tipo_curso, id_instituicao) VALUES ("senac_1_341", (select id_chave_tipo_curso from tipos_cursos where nome_tipo_curso = "qualificação_profissional"), (SELECT id_chave_instituicao FROM instituicoes WHERE identificador = "senac"));
INSERT INTO cursos (nome_curso, id_tipo_curso, id_instituicao) VALUES ("senac_1_342", (select id_chave_tipo_curso from tipos_cursos where nome_tipo_curso = "aperfeiçoamento"), (SELECT id_chave_instituicao FROM instituicoes WHERE identificador = "senac"));
INSERT INTO cursos (nome_curso, id_tipo_curso, id_instituicao) VALUES ("senac_1_343", (select id_chave_tipo_curso from tipos_cursos where nome_tipo_curso = "aperfeiçoamento"), (SELECT id_chave_instituicao FROM instituicoes WHERE identificador = "senac"));
INSERT INTO cursos (nome_curso, id_tipo_curso, id_instituicao) VALUES ("senac_1_344", (select id_chave_tipo_curso from tipos_cursos where nome_tipo_curso = "aperfeiçoamento"), (SELECT id_chave_instituicao FROM instituicoes WHERE identificador = "senac"));
INSERT INTO cursos (nome_curso, id_tipo_curso, id_instituicao) VALUES ("senac_1_345", (select id_chave_tipo_curso from tipos_cursos where nome_tipo_curso = "aperfeiçoamento"), (SELECT id_chave_instituicao FROM instituicoes WHERE identificador = "senac"));
INSERT INTO cursos (nome_curso, id_tipo_curso, id_instituicao) VALUES ("senac_1_346", (select id_chave_tipo_curso from tipos_cursos where nome_tipo_curso = "aperfeiçoamento"), (SELECT id_chave_instituicao FROM instituicoes WHERE identificador = "senac"));
INSERT INTO cursos (nome_curso, id_tipo_curso, id_instituicao) VALUES ("senac_1_347", (select id_chave_tipo_curso from tipos_cursos where nome_tipo_curso = "aperfeiçoamento"), (SELECT id_chave_instituicao FROM instituicoes WHERE identificador = "senac"));
INSERT INTO cursos (nome_curso, id_tipo_curso, id_instituicao) VALUES ("senac_1_348", (select id_chave_tipo_curso from tipos_cursos where nome_tipo_curso = "aperfeiçoamento"), (SELECT id_chave_instituicao FROM instituicoes WHERE identificador = "senac"));
INSERT INTO cursos (nome_curso, id_tipo_curso, id_instituicao) VALUES ("senac_1_349", (select id_chave_tipo_curso from tipos_cursos where nome_tipo_curso = "aperfeiçoamento"), (SELECT id_chave_instituicao FROM instituicoes WHERE identificador = "senac"));
INSERT INTO cursos (nome_curso, id_tipo_curso, id_instituicao) VALUES ("senac_1_350", (select id_chave_tipo_curso from tipos_cursos where nome_tipo_curso = "aperfeiçoamento"), (SELECT id_chave_instituicao FROM instituicoes WHERE identificador = "senac"));
INSERT INTO cursos (nome_curso, id_tipo_curso, id_instituicao) VALUES ("senac_1_351", (select id_chave_tipo_curso from tipos_cursos where nome_tipo_curso = "aperfeiçoamento"), (SELECT id_chave_instituicao FROM instituicoes WHERE identificador = "senac"));
INSERT INTO cursos (nome_curso, id_tipo_curso, id_instituicao) VALUES ("senac_1_352", (select id_chave_tipo_curso from tipos_cursos where nome_tipo_curso = "aperfeiçoamento"), (SELECT id_chave_instituicao FROM instituicoes WHERE identificador = "senac"));
INSERT INTO cursos (nome_curso, id_tipo_curso, id_instituicao) VALUES ("senac_1_353", (select id_chave_tipo_curso from tipos_cursos where nome_tipo_curso = "aperfeiçoamento"), (SELECT id_chave_instituicao FROM instituicoes WHERE identificador = "senac"));
INSERT INTO cursos (nome_curso, id_tipo_curso, id_instituicao) VALUES ("senac_1_354", (select id_chave_tipo_curso from tipos_cursos where nome_tipo_curso = "aperfeiçoamento"), (SELECT id_chave_instituicao FROM instituicoes WHERE identificador = "senac"));
INSERT INTO cursos (nome_curso, id_tipo_curso, id_instituicao) VALUES ("senac_1_355", (select id_chave_tipo_curso from tipos_cursos where nome_tipo_curso = "aperfeiçoamento"), (SELECT id_chave_instituicao FROM instituicoes WHERE identificador = "senac"));
INSERT INTO cursos (nome_curso, id_tipo_curso, id_instituicao) VALUES ("senac_1_356", (select id_chave_tipo_curso from tipos_cursos where nome_tipo_curso = "aperfeiçoamento"), (SELECT id_chave_instituicao FROM instituicoes WHERE identificador = "senac"));
INSERT INTO cursos (nome_curso, id_tipo_curso, id_instituicao) VALUES ("senac_1_357", (select id_chave_tipo_curso from tipos_cursos where nome_tipo_curso = "aperfeiçoamento"), (SELECT id_chave_instituicao FROM instituicoes WHERE identificador = "senac"));
INSERT INTO cursos (nome_curso, id_tipo_curso, id_instituicao) VALUES ("senac_1_358", (select id_chave_tipo_curso from tipos_cursos where nome_tipo_curso = "aperfeiçoamento"), (SELECT id_chave_instituicao FROM instituicoes WHERE identificador = "senac"));
INSERT INTO cursos (nome_curso, id_tipo_curso, id_instituicao) VALUES ("senac_1_359", (select id_chave_tipo_curso from tipos_cursos where nome_tipo_curso = "aperfeiçoamento"), (SELECT id_chave_instituicao FROM instituicoes WHERE identificador = "senac"));
INSERT INTO cursos (nome_curso, id_tipo_curso, id_instituicao) VALUES ("senac_1_360", (select id_chave_tipo_curso from tipos_cursos where nome_tipo_curso = "aperfeiçoamento"), (SELECT id_chave_instituicao FROM instituicoes WHERE identificador = "senac"));
INSERT INTO cursos (nome_curso, id_tipo_curso, id_instituicao) VALUES ("senac_1_361", (select id_chave_tipo_curso from tipos_cursos where nome_tipo_curso = "aperfeiçoamento"), (SELECT id_chave_instituicao FROM instituicoes WHERE identificador = "senac"));
INSERT INTO cursos (nome_curso, id_tipo_curso, id_instituicao) VALUES ("senac_1_362", (select id_chave_tipo_curso from tipos_cursos where nome_tipo_curso = "aperfeiçoamento"), (SELECT id_chave_instituicao FROM instituicoes WHERE identificador = "senac"));
INSERT INTO cursos (nome_curso, id_tipo_curso, id_instituicao) VALUES ("senac_1_363", (select id_chave_tipo_curso from tipos_cursos where nome_tipo_curso = "aperfeiçoamento"), (SELECT id_chave_instituicao FROM instituicoes WHERE identificador = "senac"));
INSERT INTO cursos (nome_curso, id_tipo_curso, id_instituicao) VALUES ("senac_1_364", (select id_chave_tipo_curso from tipos_cursos where nome_tipo_curso = "aperfeiçoamento"), (SELECT id_chave_instituicao FROM instituicoes WHERE identificador = "senac"));
INSERT INTO cursos (nome_curso, id_tipo_curso, id_instituicao) VALUES ("senac_1_365", (select id_chave_tipo_curso from tipos_cursos where nome_tipo_curso = "aperfeiçoamento"), (SELECT id_chave_instituicao FROM instituicoes WHERE identificador = "senac"));
INSERT INTO cursos (nome_curso, id_tipo_curso, id_instituicao) VALUES ("senac_1_366", (select id_chave_tipo_curso from tipos_cursos where nome_tipo_curso = "qualificação_profissional"), (SELECT id_chave_instituicao FROM instituicoes WHERE identificador = "senac"));
INSERT INTO cursos (nome_curso, id_tipo_curso, id_instituicao) VALUES ("senac_1_367", (select id_chave_tipo_curso from tipos_cursos where nome_tipo_curso = "qualificação_profissional"), (SELECT id_chave_instituicao FROM instituicoes WHERE identificador = "senac"));
INSERT INTO cursos (nome_curso, id_tipo_curso, id_instituicao) VALUES ("senac_1_368", (select id_chave_tipo_curso from tipos_cursos where nome_tipo_curso = "aperfeiçoamento"), (SELECT id_chave_instituicao FROM instituicoes WHERE identificador = "senac"));
INSERT INTO cursos (nome_curso, id_tipo_curso, id_instituicao) VALUES ("senac_1_369", (select id_chave_tipo_curso from tipos_cursos where nome_tipo_curso = "aperfeiçoamento"), (SELECT id_chave_instituicao FROM instituicoes WHERE identificador = "senac"));
INSERT INTO cursos (nome_curso, id_tipo_curso, id_instituicao) VALUES ("senac_1_370", (select id_chave_tipo_curso from tipos_cursos where nome_tipo_curso = "aperfeiçoamento"), (SELECT id_chave_instituicao FROM instituicoes WHERE identificador = "senac"));
INSERT INTO cursos (nome_curso, id_tipo_curso, id_instituicao) VALUES ("senac_1_371", (select id_chave_tipo_curso from tipos_cursos where nome_tipo_curso = "aperfeiçoamento"), (SELECT id_chave_instituicao FROM instituicoes WHERE identificador = "senac"));
INSERT INTO cursos (nome_curso, id_tipo_curso, id_instituicao) VALUES ("senac_1_372", (select id_chave_tipo_curso from tipos_cursos where nome_tipo_curso = "aperfeiçoamento"), (SELECT id_chave_instituicao FROM instituicoes WHERE identificador = "senac"));
INSERT INTO cursos (nome_curso, id_tipo_curso, id_instituicao) VALUES ("senac_1_373", (select id_chave_tipo_curso from tipos_cursos where nome_tipo_curso = "aperfeiçoamento"), (SELECT id_chave_instituicao FROM instituicoes WHERE identificador = "senac"));
INSERT INTO cursos (nome_curso, id_tipo_curso, id_instituicao) VALUES ("senac_1_374", (select id_chave_tipo_curso from tipos_cursos where nome_tipo_curso = "qualificação_profissional"), (SELECT id_chave_instituicao FROM instituicoes WHERE identificador = "senac"));
INSERT INTO cursos (nome_curso, id_tipo_curso, id_instituicao) VALUES ("senac_1_375", (select id_chave_tipo_curso from tipos_cursos where nome_tipo_curso = "aperfeiçoamento"), (SELECT id_chave_instituicao FROM instituicoes WHERE identificador = "senac"));
INSERT INTO cursos (nome_curso, id_tipo_curso, id_instituicao) VALUES ("senac_1_376", (select id_chave_tipo_curso from tipos_cursos where nome_tipo_curso = "aperfeiçoamento"), (SELECT id_chave_instituicao FROM instituicoes WHERE identificador = "senac"));
INSERT INTO cursos (nome_curso, id_tipo_curso, id_instituicao) VALUES ("senac_1_377", (select id_chave_tipo_curso from tipos_cursos where nome_tipo_curso = "aperfeiçoamento"), (SELECT id_chave_instituicao FROM instituicoes WHERE identificador = "senac"));
INSERT INTO cursos (nome_curso, id_tipo_curso, id_instituicao) VALUES ("senac_1_378", (select id_chave_tipo_curso from tipos_cursos where nome_tipo_curso = "aperfeiçoamento"), (SELECT id_chave_instituicao FROM instituicoes WHERE identificador = "senac"));
INSERT INTO cursos (nome_curso, id_tipo_curso, id_instituicao) VALUES ("senac_1_379", (select id_chave_tipo_curso from tipos_cursos where nome_tipo_curso = "aperfeiçoamento"), (SELECT id_chave_instituicao FROM instituicoes WHERE identificador = "senac"));
INSERT INTO cursos (nome_curso, id_tipo_curso, id_instituicao) VALUES ("senac_1_380", (select id_chave_tipo_curso from tipos_cursos where nome_tipo_curso = "aperfeiçoamento"), (SELECT id_chave_instituicao FROM instituicoes WHERE identificador = "senac"));
INSERT INTO cursos (nome_curso, id_tipo_curso, id_instituicao) VALUES ("senac_1_381", (select id_chave_tipo_curso from tipos_cursos where nome_tipo_curso = "aperfeiçoamento"), (SELECT id_chave_instituicao FROM instituicoes WHERE identificador = "senac"));
INSERT INTO cursos (nome_curso, id_tipo_curso, id_instituicao) VALUES ("senac_1_382", (select id_chave_tipo_curso from tipos_cursos where nome_tipo_curso = "aperfeiçoamento"), (SELECT id_chave_instituicao FROM instituicoes WHERE identificador = "senac"));
INSERT INTO cursos (nome_curso, id_tipo_curso, id_instituicao) VALUES ("senac_1_383", (select id_chave_tipo_curso from tipos_cursos where nome_tipo_curso = "qualificação_profissional"), (SELECT id_chave_instituicao FROM instituicoes WHERE identificador = "senac"));
INSERT INTO cursos (nome_curso, id_tipo_curso, id_instituicao) VALUES ("senac_1_384", (select id_chave_tipo_curso from tipos_cursos where nome_tipo_curso = "qualificação_profissional"), (SELECT id_chave_instituicao FROM instituicoes WHERE identificador = "senac"));
INSERT INTO cursos (nome_curso, id_tipo_curso, id_instituicao) VALUES ("senac_1_385", (select id_chave_tipo_curso from tipos_cursos where nome_tipo_curso = "qualificação_profissional"), (SELECT id_chave_instituicao FROM instituicoes WHERE identificador = "senac"));
INSERT INTO cursos (nome_curso, id_tipo_curso, id_instituicao) VALUES ("senac_1_386", (select id_chave_tipo_curso from tipos_cursos where nome_tipo_curso = "qualificação_profissional"), (SELECT id_chave_instituicao FROM instituicoes WHERE identificador = "senac"));
INSERT INTO cursos (nome_curso, id_tipo_curso, id_instituicao) VALUES ("senac_1_387", (select id_chave_tipo_curso from tipos_cursos where nome_tipo_curso = "qualificação_profissional"), (SELECT id_chave_instituicao FROM instituicoes WHERE identificador = "senac"));
INSERT INTO cursos (nome_curso, id_tipo_curso, id_instituicao) VALUES ("senac_1_388", (select id_chave_tipo_curso from tipos_cursos where nome_tipo_curso = "qualificação_profissional"), (SELECT id_chave_instituicao FROM instituicoes WHERE identificador = "senac"));
INSERT INTO cursos (nome_curso, id_tipo_curso, id_instituicao) VALUES ("senac_1_389", (select id_chave_tipo_curso from tipos_cursos where nome_tipo_curso = "qualificação_profissional"), (SELECT id_chave_instituicao FROM instituicoes WHERE identificador = "senac"));
INSERT INTO cursos (nome_curso, id_tipo_curso, id_instituicao) VALUES ("senac_1_390", (select id_chave_tipo_curso from tipos_cursos where nome_tipo_curso = "qualificação_profissional"), (SELECT id_chave_instituicao FROM instituicoes WHERE identificador = "senac"));
INSERT INTO cursos (nome_curso, id_tipo_curso, id_instituicao) VALUES ("senac_1_391", (select id_chave_tipo_curso from tipos_cursos where nome_tipo_curso = "qualificação_profissional"), (SELECT id_chave_instituicao FROM instituicoes WHERE identificador = "senac"));
INSERT INTO cursos (nome_curso, id_tipo_curso, id_instituicao) VALUES ("senac_1_392", (select id_chave_tipo_curso from tipos_cursos where nome_tipo_curso = "qualificação_profissional"), (SELECT id_chave_instituicao FROM instituicoes WHERE identificador = "senac"));
INSERT INTO cursos (nome_curso, id_tipo_curso, id_instituicao) VALUES ("senac_1_393", (select id_chave_tipo_curso from tipos_cursos where nome_tipo_curso = "qualificação_profissional"), (SELECT id_chave_instituicao FROM instituicoes WHERE identificador = "senac"));
INSERT INTO cursos (nome_curso, id_tipo_curso, id_instituicao) VALUES ("senac_1_394", (select id_chave_tipo_curso from tipos_cursos where nome_tipo_curso = "qualificação_profissional"), (SELECT id_chave_instituicao FROM instituicoes WHERE identificador = "senac"));
INSERT INTO cursos (nome_curso, id_tipo_curso, id_instituicao) VALUES ("senac_1_395", (select id_chave_tipo_curso from tipos_cursos where nome_tipo_curso = "qualificação_profissional"), (SELECT id_chave_instituicao FROM instituicoes WHERE identificador = "senac"));
INSERT INTO cursos (nome_curso, id_tipo_curso, id_instituicao) VALUES ("senac_1_396", (select id_chave_tipo_curso from tipos_cursos where nome_tipo_curso = "qualificação_profissional"), (SELECT id_chave_instituicao FROM instituicoes WHERE identificador = "senac"));
INSERT INTO cursos (nome_curso, id_tipo_curso, id_instituicao) VALUES ("senac_1_397", (select id_chave_tipo_curso from tipos_cursos where nome_tipo_curso = "qualificação_profissional"), (SELECT id_chave_instituicao FROM instituicoes WHERE identificador = "senac"));
INSERT INTO cursos (nome_curso, id_tipo_curso, id_instituicao) VALUES ("senac_1_398", (select id_chave_tipo_curso from tipos_cursos where nome_tipo_curso = "qualificação_profissional"), (SELECT id_chave_instituicao FROM instituicoes WHERE identificador = "senac"));
INSERT INTO cursos (nome_curso, id_tipo_curso, id_instituicao) VALUES ("senac_1_399", (select id_chave_tipo_curso from tipos_cursos where nome_tipo_curso = "aperfeiçoamento"), (SELECT id_chave_instituicao FROM instituicoes WHERE identificador = "senac"));
INSERT INTO cursos (nome_curso, id_tipo_curso, id_instituicao) VALUES ("senac_1_400", (select id_chave_tipo_curso from tipos_cursos where nome_tipo_curso = "aperfeiçoamento"), (SELECT id_chave_instituicao FROM instituicoes WHERE identificador = "senac"));
INSERT INTO cursos (nome_curso, id_tipo_curso, id_instituicao) VALUES ("senac_1_401", (select id_chave_tipo_curso from tipos_cursos where nome_tipo_curso = "aperfeiçoamento"), (SELECT id_chave_instituicao FROM instituicoes WHERE identificador = "senac"));
INSERT INTO cursos (nome_curso, id_tipo_curso, id_instituicao) VALUES ("senac_1_402", (select id_chave_tipo_curso from tipos_cursos where nome_tipo_curso = "qualificação_profissional"), (SELECT id_chave_instituicao FROM instituicoes WHERE identificador = "senac"));
INSERT INTO cursos (nome_curso, id_tipo_curso, id_instituicao) VALUES ("senac_1_403", (select id_chave_tipo_curso from tipos_cursos where nome_tipo_curso = "qualificação_profissional"), (SELECT id_chave_instituicao FROM instituicoes WHERE identificador = "senac"));
INSERT INTO cursos (nome_curso, id_tipo_curso, id_instituicao) VALUES ("senac_1_404", (select id_chave_tipo_curso from tipos_cursos where nome_tipo_curso = "qualificação_profissional"), (SELECT id_chave_instituicao FROM instituicoes WHERE identificador = "senac"));
INSERT INTO cursos (nome_curso, id_tipo_curso, id_instituicao) VALUES ("senac_1_405", (select id_chave_tipo_curso from tipos_cursos where nome_tipo_curso = "qualificação_profissional"), (SELECT id_chave_instituicao FROM instituicoes WHERE identificador = "senac"));
INSERT INTO cursos (nome_curso, id_tipo_curso, id_instituicao) VALUES ("senac_1_406", (select id_chave_tipo_curso from tipos_cursos where nome_tipo_curso = "qualificação_profissional"), (SELECT id_chave_instituicao FROM instituicoes WHERE identificador = "senac"));
INSERT INTO cursos (nome_curso, id_tipo_curso, id_instituicao) VALUES ("senac_1_407", (select id_chave_tipo_curso from tipos_cursos where nome_tipo_curso = "qualificação_profissional"), (SELECT id_chave_instituicao FROM instituicoes WHERE identificador = "senac"));
INSERT INTO cursos (nome_curso, id_tipo_curso, id_instituicao) VALUES ("senac_1_408", (select id_chave_tipo_curso from tipos_cursos where nome_tipo_curso = "qualificação_profissional"), (SELECT id_chave_instituicao FROM instituicoes WHERE identificador = "senac"));
INSERT INTO cursos (nome_curso, id_tipo_curso, id_instituicao) VALUES ("senac_1_409", (select id_chave_tipo_curso from tipos_cursos where nome_tipo_curso = "qualificação_profissional"), (SELECT id_chave_instituicao FROM instituicoes WHERE identificador = "senac"));
INSERT INTO cursos (nome_curso, id_tipo_curso, id_instituicao) VALUES ("senac_1_410", (select id_chave_tipo_curso from tipos_cursos where nome_tipo_curso = "qualificação_profissional"), (SELECT id_chave_instituicao FROM instituicoes WHERE identificador = "senac"));
INSERT INTO cursos (nome_curso, id_tipo_curso, id_instituicao) VALUES ("senac_1_411", (select id_chave_tipo_curso from tipos_cursos where nome_tipo_curso = "qualificação_profissional"), (SELECT id_chave_instituicao FROM instituicoes WHERE identificador = "senac"));
INSERT INTO cursos (nome_curso, id_tipo_curso, id_instituicao) VALUES ("senac_1_412", (select id_chave_tipo_curso from tipos_cursos where nome_tipo_curso = "aperfeiçoamento"), (SELECT id_chave_instituicao FROM instituicoes WHERE identificador = "senac"));
INSERT INTO cursos (nome_curso, id_tipo_curso, id_instituicao) VALUES ("senac_1_413", (select id_chave_tipo_curso from tipos_cursos where nome_tipo_curso = "aperfeiçoamento"), (SELECT id_chave_instituicao FROM instituicoes WHERE identificador = "senac"));
INSERT INTO cursos (nome_curso, id_tipo_curso, id_instituicao) VALUES ("senac_1_414", (select id_chave_tipo_curso from tipos_cursos where nome_tipo_curso = "aperfeiçoamento"), (SELECT id_chave_instituicao FROM instituicoes WHERE identificador = "senac"));
INSERT INTO cursos (nome_curso, id_tipo_curso, id_instituicao) VALUES ("senac_1_415", (select id_chave_tipo_curso from tipos_cursos where nome_tipo_curso = "aperfeiçoamento"), (SELECT id_chave_instituicao FROM instituicoes WHERE identificador = "senac"));
INSERT INTO cursos (nome_curso, id_tipo_curso, id_instituicao) VALUES ("senac_1_416", (select id_chave_tipo_curso from tipos_cursos where nome_tipo_curso = "aperfeiçoamento"), (SELECT id_chave_instituicao FROM instituicoes WHERE identificador = "senac"));
INSERT INTO cursos (nome_curso, id_tipo_curso, id_instituicao) VALUES ("senac_1_417", (select id_chave_tipo_curso from tipos_cursos where nome_tipo_curso = "qualificação_profissional"), (SELECT id_chave_instituicao FROM instituicoes WHERE identificador = "senac"));
INSERT INTO cursos (nome_curso, id_tipo_curso, id_instituicao) VALUES ("senac_1_418", (select id_chave_tipo_curso from tipos_cursos where nome_tipo_curso = "qualificação_profissional"), (SELECT id_chave_instituicao FROM instituicoes WHERE identificador = "senac"));
INSERT INTO cursos (nome_curso, id_tipo_curso, id_instituicao) VALUES ("senac_1_419", (select id_chave_tipo_curso from tipos_cursos where nome_tipo_curso = "qualificação_profissional"), (SELECT id_chave_instituicao FROM instituicoes WHERE identificador = "senac"));
INSERT INTO cursos (nome_curso, id_tipo_curso, id_instituicao) VALUES ("senac_1_420", (select id_chave_tipo_curso from tipos_cursos where nome_tipo_curso = "qualificação_profissional"), (SELECT id_chave_instituicao FROM instituicoes WHERE identificador = "senac"));
INSERT INTO cursos (nome_curso, id_tipo_curso, id_instituicao) VALUES ("senac_1_421", (select id_chave_tipo_curso from tipos_cursos where nome_tipo_curso = "aperfeiçoamento"), (SELECT id_chave_instituicao FROM instituicoes WHERE identificador = "senac"));
INSERT INTO cursos (nome_curso, id_tipo_curso, id_instituicao) VALUES ("senac_1_422", (select id_chave_tipo_curso from tipos_cursos where nome_tipo_curso = "aperfeiçoamento"), (SELECT id_chave_instituicao FROM instituicoes WHERE identificador = "senac"));
INSERT INTO cursos (nome_curso, id_tipo_curso, id_instituicao) VALUES ("senac_1_423", (select id_chave_tipo_curso from tipos_cursos where nome_tipo_curso = "aperfeiçoamento"), (SELECT id_chave_instituicao FROM instituicoes WHERE identificador = "senac"));
INSERT INTO cursos (nome_curso, id_tipo_curso, id_instituicao) VALUES ("senac_1_424", (select id_chave_tipo_curso from tipos_cursos where nome_tipo_curso = "aperfeiçoamento"), (SELECT id_chave_instituicao FROM instituicoes WHERE identificador = "senac"));
INSERT INTO cursos (nome_curso, id_tipo_curso, id_instituicao) VALUES ("senac_1_425", (select id_chave_tipo_curso from tipos_cursos where nome_tipo_curso = "aperfeiçoamento"), (SELECT id_chave_instituicao FROM instituicoes WHERE identificador = "senac"));
INSERT INTO cursos (nome_curso, id_tipo_curso, id_instituicao) VALUES ("senac_1_426", (select id_chave_tipo_curso from tipos_cursos where nome_tipo_curso = "aperfeiçoamento"), (SELECT id_chave_instituicao FROM instituicoes WHERE identificador = "senac"));
INSERT INTO cursos (nome_curso, id_tipo_curso, id_instituicao) VALUES ("senac_1_427", (select id_chave_tipo_curso from tipos_cursos where nome_tipo_curso = "aperfeiçoamento"), (SELECT id_chave_instituicao FROM instituicoes WHERE identificador = "senac"));
INSERT INTO cursos (nome_curso, id_tipo_curso, id_instituicao) VALUES ("senac_1_428", (select id_chave_tipo_curso from tipos_cursos where nome_tipo_curso = "aperfeiçoamento"), (SELECT id_chave_instituicao FROM instituicoes WHERE identificador = "senac"));
INSERT INTO cursos (nome_curso, id_tipo_curso, id_instituicao) VALUES ("senac_1_429", (select id_chave_tipo_curso from tipos_cursos where nome_tipo_curso = "aperfeiçoamento"), (SELECT id_chave_instituicao FROM instituicoes WHERE identificador = "senac"));
INSERT INTO cursos (nome_curso, id_tipo_curso, id_instituicao) VALUES ("senac_1_430", (select id_chave_tipo_curso from tipos_cursos where nome_tipo_curso = "aperfeiçoamento"), (SELECT id_chave_instituicao FROM instituicoes WHERE identificador = "senac"));
INSERT INTO cursos (nome_curso, id_tipo_curso, id_instituicao) VALUES ("senac_1_431", (select id_chave_tipo_curso from tipos_cursos where nome_tipo_curso = "aperfeiçoamento"), (SELECT id_chave_instituicao FROM instituicoes WHERE identificador = "senac"));
INSERT INTO cursos (nome_curso, id_tipo_curso, id_instituicao) VALUES ("senac_1_432", (select id_chave_tipo_curso from tipos_cursos where nome_tipo_curso = "aperfeiçoamento"), (SELECT id_chave_instituicao FROM instituicoes WHERE identificador = "senac"));
INSERT INTO cursos (nome_curso, id_tipo_curso, id_instituicao) VALUES ("senac_1_433", (select id_chave_tipo_curso from tipos_cursos where nome_tipo_curso = "aperfeiçoamento"), (SELECT id_chave_instituicao FROM instituicoes WHERE identificador = "senac"));
INSERT INTO cursos (nome_curso, id_tipo_curso, id_instituicao) VALUES ("senac_1_434", (select id_chave_tipo_curso from tipos_cursos where nome_tipo_curso = "aperfeiçoamento"), (SELECT id_chave_instituicao FROM instituicoes WHERE identificador = "senac"));
INSERT INTO cursos (nome_curso, id_tipo_curso, id_instituicao) VALUES ("senac_1_435", (select id_chave_tipo_curso from tipos_cursos where nome_tipo_curso = "aperfeiçoamento"), (SELECT id_chave_instituicao FROM instituicoes WHERE identificador = "senac"));
INSERT INTO cursos (nome_curso, id_tipo_curso, id_instituicao) VALUES ("senac_1_436", (select id_chave_tipo_curso from tipos_cursos where nome_tipo_curso = "aperfeiçoamento"), (SELECT id_chave_instituicao FROM instituicoes WHERE identificador = "senac"));
INSERT INTO cursos (nome_curso, id_tipo_curso, id_instituicao) VALUES ("senac_1_437", (select id_chave_tipo_curso from tipos_cursos where nome_tipo_curso = "aperfeiçoamento"), (SELECT id_chave_instituicao FROM instituicoes WHERE identificador = "senac"));
INSERT INTO cursos (nome_curso, id_tipo_curso, id_instituicao) VALUES ("senac_1_438", (select id_chave_tipo_curso from tipos_cursos where nome_tipo_curso = "aperfeiçoamento"), (SELECT id_chave_instituicao FROM instituicoes WHERE identificador = "senac"));
INSERT INTO cursos (nome_curso, id_tipo_curso, id_instituicao) VALUES ("senac_1_439", (select id_chave_tipo_curso from tipos_cursos where nome_tipo_curso = "qualificação_profissional"), (SELECT id_chave_instituicao FROM instituicoes WHERE identificador = "senac"));
INSERT INTO cursos (nome_curso, id_tipo_curso, id_instituicao) VALUES ("senac_1_440", (select id_chave_tipo_curso from tipos_cursos where nome_tipo_curso = "qualificação_profissional"), (SELECT id_chave_instituicao FROM instituicoes WHERE identificador = "senac"));
INSERT INTO cursos (nome_curso, id_tipo_curso, id_instituicao) VALUES ("senac_1_441", (select id_chave_tipo_curso from tipos_cursos where nome_tipo_curso = "qualificação_profissional"), (SELECT id_chave_instituicao FROM instituicoes WHERE identificador = "senac"));
INSERT INTO cursos (nome_curso, id_tipo_curso, id_instituicao) VALUES ("senac_1_442", (select id_chave_tipo_curso from tipos_cursos where nome_tipo_curso = "qualificação_profissional"), (SELECT id_chave_instituicao FROM instituicoes WHERE identificador = "senac"));
INSERT INTO cursos (nome_curso, id_tipo_curso, id_instituicao) VALUES ("senac_1_443", (select id_chave_tipo_curso from tipos_cursos where nome_tipo_curso = "qualificação_profissional"), (SELECT id_chave_instituicao FROM instituicoes WHERE identificador = "senac"));
INSERT INTO cursos (nome_curso, id_tipo_curso, id_instituicao) VALUES ("senac_1_444", (select id_chave_tipo_curso from tipos_cursos where nome_tipo_curso = "aperfeiçoamento"), (SELECT id_chave_instituicao FROM instituicoes WHERE identificador = "senac"));
INSERT INTO cursos (nome_curso, id_tipo_curso, id_instituicao) VALUES ("senac_1_445", (select id_chave_tipo_curso from tipos_cursos where nome_tipo_curso = "aperfeiçoamento"), (SELECT id_chave_instituicao FROM instituicoes WHERE identificador = "senac"));
INSERT INTO cursos (nome_curso, id_tipo_curso, id_instituicao) VALUES ("senac_1_446", (select id_chave_tipo_curso from tipos_cursos where nome_tipo_curso = "aperfeiçoamento"), (SELECT id_chave_instituicao FROM instituicoes WHERE identificador = "senac"));
INSERT INTO cursos (nome_curso, id_tipo_curso, id_instituicao) VALUES ("senac_1_447", (select id_chave_tipo_curso from tipos_cursos where nome_tipo_curso = "aperfeiçoamento"), (SELECT id_chave_instituicao FROM instituicoes WHERE identificador = "senac"));
INSERT INTO cursos (nome_curso, id_tipo_curso, id_instituicao) VALUES ("senac_1_448", (select id_chave_tipo_curso from tipos_cursos where nome_tipo_curso = "aperfeiçoamento"), (SELECT id_chave_instituicao FROM instituicoes WHERE identificador = "senac"));
INSERT INTO cursos (nome_curso, id_tipo_curso, id_instituicao) VALUES ("senac_1_449", (select id_chave_tipo_curso from tipos_cursos where nome_tipo_curso = "aperfeiçoamento"), (SELECT id_chave_instituicao FROM instituicoes WHERE identificador = "senac"));
INSERT INTO cursos (nome_curso, id_tipo_curso, id_instituicao) VALUES ("senac_1_450", (select id_chave_tipo_curso from tipos_cursos where nome_tipo_curso = "aperfeiçoamento"), (SELECT id_chave_instituicao FROM instituicoes WHERE identificador = "senac"));
INSERT INTO cursos (nome_curso, id_tipo_curso, id_instituicao) VALUES ("senac_1_451", (select id_chave_tipo_curso from tipos_cursos where nome_tipo_curso = "qualificação_profissional"), (SELECT id_chave_instituicao FROM instituicoes WHERE identificador = "senac"));
INSERT INTO cursos (nome_curso, id_tipo_curso, id_instituicao) VALUES ("senac_1_452", (select id_chave_tipo_curso from tipos_cursos where nome_tipo_curso = "qualificação_profissional"), (SELECT id_chave_instituicao FROM instituicoes WHERE identificador = "senac"));
INSERT INTO cursos (nome_curso, id_tipo_curso, id_instituicao) VALUES ("senac_1_453", (select id_chave_tipo_curso from tipos_cursos where nome_tipo_curso = "qualificação_profissional"), (SELECT id_chave_instituicao FROM instituicoes WHERE identificador = "senac"));
INSERT INTO cursos (nome_curso, id_tipo_curso, id_instituicao) VALUES ("senac_1_454", (select id_chave_tipo_curso from tipos_cursos where nome_tipo_curso = "qualificação_profissional"), (SELECT id_chave_instituicao FROM instituicoes WHERE identificador = "senac"));
INSERT INTO cursos (nome_curso, id_tipo_curso, id_instituicao) VALUES ("senac_1_455", (select id_chave_tipo_curso from tipos_cursos where nome_tipo_curso = "qualificação_profissional"), (SELECT id_chave_instituicao FROM instituicoes WHERE identificador = "senac"));
INSERT INTO cursos (nome_curso, id_tipo_curso, id_instituicao) VALUES ("senac_1_456", (select id_chave_tipo_curso from tipos_cursos where nome_tipo_curso = "qualificação_profissional"), (SELECT id_chave_instituicao FROM instituicoes WHERE identificador = "senac"));
INSERT INTO cursos (nome_curso, id_tipo_curso, id_instituicao) VALUES ("senac_1_457", (select id_chave_tipo_curso from tipos_cursos where nome_tipo_curso = "qualificação_profissional"), (SELECT id_chave_instituicao FROM instituicoes WHERE identificador = "senac"));
INSERT INTO cursos (nome_curso, id_tipo_curso, id_instituicao) VALUES ("senac_1_458", (select id_chave_tipo_curso from tipos_cursos where nome_tipo_curso = "qualificação_profissional"), (SELECT id_chave_instituicao FROM instituicoes WHERE identificador = "senac"));
INSERT INTO cursos (nome_curso, id_tipo_curso, id_instituicao) VALUES ("senac_1_459", (select id_chave_tipo_curso from tipos_cursos where nome_tipo_curso = "qualificação_profissional"), (SELECT id_chave_instituicao FROM instituicoes WHERE identificador = "senac"));
INSERT INTO cursos (nome_curso, id_tipo_curso, id_instituicao) VALUES ("senac_1_460", (select id_chave_tipo_curso from tipos_cursos where nome_tipo_curso = "qualificação_profissional"), (SELECT id_chave_instituicao FROM instituicoes WHERE identificador = "senac"));
INSERT INTO cursos (nome_curso, id_tipo_curso, id_instituicao) VALUES ("senac_1_461", (select id_chave_tipo_curso from tipos_cursos where nome_tipo_curso = "qualificação_profissional"), (SELECT id_chave_instituicao FROM instituicoes WHERE identificador = "senac"));
INSERT INTO cursos (nome_curso, id_tipo_curso, id_instituicao) VALUES ("senac_1_462", (select id_chave_tipo_curso from tipos_cursos where nome_tipo_curso = "qualificação_profissional"), (SELECT id_chave_instituicao FROM instituicoes WHERE identificador = "senac"));
INSERT INTO cursos (nome_curso, id_tipo_curso, id_instituicao) VALUES ("senac_1_463", (select id_chave_tipo_curso from tipos_cursos where nome_tipo_curso = "qualificação_profissional"), (SELECT id_chave_instituicao FROM instituicoes WHERE identificador = "senac"));
INSERT INTO cursos (nome_curso, id_tipo_curso, id_instituicao) VALUES ("senac_1_464", (select id_chave_tipo_curso from tipos_cursos where nome_tipo_curso = "qualificação_profissional"), (SELECT id_chave_instituicao FROM instituicoes WHERE identificador = "senac"));
INSERT INTO cursos (nome_curso, id_tipo_curso, id_instituicao) VALUES ("senac_1_465", (select id_chave_tipo_curso from tipos_cursos where nome_tipo_curso = "qualificação_profissional"), (SELECT id_chave_instituicao FROM instituicoes WHERE identificador = "senac"));
INSERT INTO cursos (nome_curso, id_tipo_curso, id_instituicao) VALUES ("senac_1_466", (select id_chave_tipo_curso from tipos_cursos where nome_tipo_curso = "qualificação_profissional"), (SELECT id_chave_instituicao FROM instituicoes WHERE identificador = "senac"));
INSERT INTO cursos (nome_curso, id_tipo_curso, id_instituicao) VALUES ("senac_1_467", (select id_chave_tipo_curso from tipos_cursos where nome_tipo_curso = "qualificação_profissional"), (SELECT id_chave_instituicao FROM instituicoes WHERE identificador = "senac"));
INSERT INTO cursos (nome_curso, id_tipo_curso, id_instituicao) VALUES ("senac_1_468", (select id_chave_tipo_curso from tipos_cursos where nome_tipo_curso = "qualificação_profissional"), (SELECT id_chave_instituicao FROM instituicoes WHERE identificador = "senac"));
INSERT INTO cursos (nome_curso, id_tipo_curso, id_instituicao) VALUES ("senac_1_469", (select id_chave_tipo_curso from tipos_cursos where nome_tipo_curso = "qualificação_profissional"), (SELECT id_chave_instituicao FROM instituicoes WHERE identificador = "senac"));
INSERT INTO cursos (nome_curso, id_tipo_curso, id_instituicao) VALUES ("senac_1_470", (select id_chave_tipo_curso from tipos_cursos where nome_tipo_curso = "qualificação_profissional"), (SELECT id_chave_instituicao FROM instituicoes WHERE identificador = "senac"));
INSERT INTO cursos (nome_curso, id_tipo_curso, id_instituicao) VALUES ("senac_1_471", (select id_chave_tipo_curso from tipos_cursos where nome_tipo_curso = "qualificação_profissional"), (SELECT id_chave_instituicao FROM instituicoes WHERE identificador = "senac"));
INSERT INTO cursos (nome_curso, id_tipo_curso, id_instituicao) VALUES ("senac_1_472", (select id_chave_tipo_curso from tipos_cursos where nome_tipo_curso = "qualificação_profissional"), (SELECT id_chave_instituicao FROM instituicoes WHERE identificador = "senac"));
INSERT INTO cursos (nome_curso, id_tipo_curso, id_instituicao) VALUES ("senac_1_473", (select id_chave_tipo_curso from tipos_cursos where nome_tipo_curso = "qualificação_profissional"), (SELECT id_chave_instituicao FROM instituicoes WHERE identificador = "senac"));
INSERT INTO cursos (nome_curso, id_tipo_curso, id_instituicao) VALUES ("senac_1_474", (select id_chave_tipo_curso from tipos_cursos where nome_tipo_curso = "qualificação_profissional"), (SELECT id_chave_instituicao FROM instituicoes WHERE identificador = "senac"));
INSERT INTO cursos (nome_curso, id_tipo_curso, id_instituicao) VALUES ("senac_1_475", (select id_chave_tipo_curso from tipos_cursos where nome_tipo_curso = "qualificação_profissional"), (SELECT id_chave_instituicao FROM instituicoes WHERE identificador = "senac"));
INSERT INTO cursos (nome_curso, id_tipo_curso, id_instituicao) VALUES ("senac_1_476", (select id_chave_tipo_curso from tipos_cursos where nome_tipo_curso = "qualificação_profissional"), (SELECT id_chave_instituicao FROM instituicoes WHERE identificador = "senac"));
INSERT INTO cursos (nome_curso, id_tipo_curso, id_instituicao) VALUES ("senac_1_477", (select id_chave_tipo_curso from tipos_cursos where nome_tipo_curso = "aperfeiçoamento"), (SELECT id_chave_instituicao FROM instituicoes WHERE identificador = "senac"));
INSERT INTO cursos (nome_curso, id_tipo_curso, id_instituicao) VALUES ("senac_1_478", (select id_chave_tipo_curso from tipos_cursos where nome_tipo_curso = "aperfeiçoamento"), (SELECT id_chave_instituicao FROM instituicoes WHERE identificador = "senac"));
INSERT INTO cursos (nome_curso, id_tipo_curso, id_instituicao) VALUES ("senac_1_479", (select id_chave_tipo_curso from tipos_cursos where nome_tipo_curso = "aperfeiçoamento"), (SELECT id_chave_instituicao FROM instituicoes WHERE identificador = "senac"));
INSERT INTO cursos (nome_curso, id_tipo_curso, id_instituicao) VALUES ("senac_1_480", (select id_chave_tipo_curso from tipos_cursos where nome_tipo_curso = "aperfeiçoamento"), (SELECT id_chave_instituicao FROM instituicoes WHERE identificador = "senac"));
INSERT INTO cursos (nome_curso, id_tipo_curso, id_instituicao) VALUES ("senac_1_481", (select id_chave_tipo_curso from tipos_cursos where nome_tipo_curso = "aperfeiçoamento"), (SELECT id_chave_instituicao FROM instituicoes WHERE identificador = "senac"));
INSERT INTO cursos (nome_curso, id_tipo_curso, id_instituicao) VALUES ("senac_1_482", (select id_chave_tipo_curso from tipos_cursos where nome_tipo_curso = "aperfeiçoamento"), (SELECT id_chave_instituicao FROM instituicoes WHERE identificador = "senac"));
INSERT INTO cursos (nome_curso, id_tipo_curso, id_instituicao) VALUES ("senac_1_483", (select id_chave_tipo_curso from tipos_cursos where nome_tipo_curso = "aperfeiçoamento"), (SELECT id_chave_instituicao FROM instituicoes WHERE identificador = "senac"));
INSERT INTO cursos (nome_curso, id_tipo_curso, id_instituicao) VALUES ("senac_1_484", (select id_chave_tipo_curso from tipos_cursos where nome_tipo_curso = "aperfeiçoamento"), (SELECT id_chave_instituicao FROM instituicoes WHERE identificador = "senac"));
INSERT INTO cursos (nome_curso, id_tipo_curso, id_instituicao) VALUES ("senac_1_485", (select id_chave_tipo_curso from tipos_cursos where nome_tipo_curso = "aperfeiçoamento"), (SELECT id_chave_instituicao FROM instituicoes WHERE identificador = "senac"));
INSERT INTO cursos (nome_curso, id_tipo_curso, id_instituicao) VALUES ("senac_1_486", (select id_chave_tipo_curso from tipos_cursos where nome_tipo_curso = "aperfeiçoamento"), (SELECT id_chave_instituicao FROM instituicoes WHERE identificador = "senac"));
INSERT INTO cursos (nome_curso, id_tipo_curso, id_instituicao) VALUES ("senac_1_487", (select id_chave_tipo_curso from tipos_cursos where nome_tipo_curso = "qualificação_profissional"), (SELECT id_chave_instituicao FROM instituicoes WHERE identificador = "senac"));
INSERT INTO cursos (nome_curso, id_tipo_curso, id_instituicao) VALUES ("senac_1_488", (select id_chave_tipo_curso from tipos_cursos where nome_tipo_curso = "qualificação_profissional"), (SELECT id_chave_instituicao FROM instituicoes WHERE identificador = "senac"));
INSERT INTO cursos (nome_curso, id_tipo_curso, id_instituicao) VALUES ("senac_1_489", (select id_chave_tipo_curso from tipos_cursos where nome_tipo_curso = "qualificação_profissional"), (SELECT id_chave_instituicao FROM instituicoes WHERE identificador = "senac"));
INSERT INTO cursos (nome_curso, id_tipo_curso, id_instituicao) VALUES ("senac_1_490", (select id_chave_tipo_curso from tipos_cursos where nome_tipo_curso = "qualificação_profissional"), (SELECT id_chave_instituicao FROM instituicoes WHERE identificador = "senac"));
INSERT INTO cursos (nome_curso, id_tipo_curso, id_instituicao) VALUES ("senac_1_491", (select id_chave_tipo_curso from tipos_cursos where nome_tipo_curso = "qualificação_profissional"), (SELECT id_chave_instituicao FROM instituicoes WHERE identificador = "senac"));
INSERT INTO cursos (nome_curso, id_tipo_curso, id_instituicao) VALUES ("senac_1_492", (select id_chave_tipo_curso from tipos_cursos where nome_tipo_curso = "qualificação_profissional"), (SELECT id_chave_instituicao FROM instituicoes WHERE identificador = "senac"));
INSERT INTO cursos (nome_curso, id_tipo_curso, id_instituicao) VALUES ("senac_1_493", (select id_chave_tipo_curso from tipos_cursos where nome_tipo_curso = "qualificação_profissional"), (SELECT id_chave_instituicao FROM instituicoes WHERE identificador = "senac"));
INSERT INTO cursos (nome_curso, id_tipo_curso, id_instituicao) VALUES ("senac_1_494", (select id_chave_tipo_curso from tipos_cursos where nome_tipo_curso = "qualificação_profissional"), (SELECT id_chave_instituicao FROM instituicoes WHERE identificador = "senac"));
INSERT INTO cursos (nome_curso, id_tipo_curso, id_instituicao) VALUES ("senac_1_495", (select id_chave_tipo_curso from tipos_cursos where nome_tipo_curso = "qualificação_profissional"), (SELECT id_chave_instituicao FROM instituicoes WHERE identificador = "senac"));
INSERT INTO cursos (nome_curso, id_tipo_curso, id_instituicao) VALUES ("senac_1_496", (select id_chave_tipo_curso from tipos_cursos where nome_tipo_curso = "qualificação_profissional"), (SELECT id_chave_instituicao FROM instituicoes WHERE identificador = "senac"));
INSERT INTO cursos (nome_curso, id_tipo_curso, id_instituicao) VALUES ("senac_1_497", (select id_chave_tipo_curso from tipos_cursos where nome_tipo_curso = "qualificação_profissional"), (SELECT id_chave_instituicao FROM instituicoes WHERE identificador = "senac"));
INSERT INTO cursos (nome_curso, id_tipo_curso, id_instituicao) VALUES ("senac_1_498", (select id_chave_tipo_curso from tipos_cursos where nome_tipo_curso = "qualificação_profissional"), (SELECT id_chave_instituicao FROM instituicoes WHERE identificador = "senac"));
INSERT INTO cursos (nome_curso, id_tipo_curso, id_instituicao) VALUES ("senac_1_499", (select id_chave_tipo_curso from tipos_cursos where nome_tipo_curso = "qualificação_profissional"), (SELECT id_chave_instituicao FROM instituicoes WHERE identificador = "senac"));
INSERT INTO cursos (nome_curso, id_tipo_curso, id_instituicao) VALUES ("senac_1_500", (select id_chave_tipo_curso from tipos_cursos where nome_tipo_curso = "qualificação_profissional"), (SELECT id_chave_instituicao FROM instituicoes WHERE identificador = "senac"));
INSERT INTO cursos (nome_curso, id_tipo_curso, id_instituicao) VALUES ("senac_1_501", (select id_chave_tipo_curso from tipos_cursos where nome_tipo_curso = "qualificação_profissional"), (SELECT id_chave_instituicao FROM instituicoes WHERE identificador = "senac"));
INSERT INTO cursos (nome_curso, id_tipo_curso, id_instituicao) VALUES ("senac_1_502", (select id_chave_tipo_curso from tipos_cursos where nome_tipo_curso = "aperfeiçoamento"), (SELECT id_chave_instituicao FROM instituicoes WHERE identificador = "senac"));
INSERT INTO cursos (nome_curso, id_tipo_curso, id_instituicao) VALUES ("senac_1_503", (select id_chave_tipo_curso from tipos_cursos where nome_tipo_curso = "aperfeiçoamento"), (SELECT id_chave_instituicao FROM instituicoes WHERE identificador = "senac"));
INSERT INTO cursos (nome_curso, id_tipo_curso, id_instituicao) VALUES ("senac_1_504", (select id_chave_tipo_curso from tipos_cursos where nome_tipo_curso = "qualificação_profissional"), (SELECT id_chave_instituicao FROM instituicoes WHERE identificador = "senac"));
INSERT INTO cursos (nome_curso, id_tipo_curso, id_instituicao) VALUES ("senac_1_505", (select id_chave_tipo_curso from tipos_cursos where nome_tipo_curso = "qualificação_profissional"), (SELECT id_chave_instituicao FROM instituicoes WHERE identificador = "senac"));
INSERT INTO cursos (nome_curso, id_tipo_curso, id_instituicao) VALUES ("senac_1_506", (select id_chave_tipo_curso from tipos_cursos where nome_tipo_curso = "aperfeiçoamento"), (SELECT id_chave_instituicao FROM instituicoes WHERE identificador = "senac"));
INSERT INTO cursos (nome_curso, id_tipo_curso, id_instituicao) VALUES ("senac_1_507", (select id_chave_tipo_curso from tipos_cursos where nome_tipo_curso = "aperfeiçoamento"), (SELECT id_chave_instituicao FROM instituicoes WHERE identificador = "senac"));
INSERT INTO cursos (nome_curso, id_tipo_curso, id_instituicao) VALUES ("senac_1_508", (select id_chave_tipo_curso from tipos_cursos where nome_tipo_curso = "qualificação_profissional"), (SELECT id_chave_instituicao FROM instituicoes WHERE identificador = "senac"));
INSERT INTO cursos (nome_curso, id_tipo_curso, id_instituicao) VALUES ("senac_1_509", (select id_chave_tipo_curso from tipos_cursos where nome_tipo_curso = "qualificação_profissional"), (SELECT id_chave_instituicao FROM instituicoes WHERE identificador = "senac"));
INSERT INTO cursos (nome_curso, id_tipo_curso, id_instituicao) VALUES ("senac_1_510", (select id_chave_tipo_curso from tipos_cursos where nome_tipo_curso = "qualificação_profissional"), (SELECT id_chave_instituicao FROM instituicoes WHERE identificador = "senac"));
INSERT INTO cursos (nome_curso, id_tipo_curso, id_instituicao) VALUES ("senac_1_511", (select id_chave_tipo_curso from tipos_cursos where nome_tipo_curso = "aperfeiçoamento"), (SELECT id_chave_instituicao FROM instituicoes WHERE identificador = "senac"));
INSERT INTO cursos (nome_curso, id_tipo_curso, id_instituicao) VALUES ("senac_1_512", (select id_chave_tipo_curso from tipos_cursos where nome_tipo_curso = "aperfeiçoamento"), (SELECT id_chave_instituicao FROM instituicoes WHERE identificador = "senac"));
INSERT INTO cursos (nome_curso, id_tipo_curso, id_instituicao) VALUES ("senac_1_513", (select id_chave_tipo_curso from tipos_cursos where nome_tipo_curso = "aperfeiçoamento"), (SELECT id_chave_instituicao FROM instituicoes WHERE identificador = "senac"));
INSERT INTO cursos (nome_curso, id_tipo_curso, id_instituicao) VALUES ("senac_1_514", (select id_chave_tipo_curso from tipos_cursos where nome_tipo_curso = "aperfeiçoamento"), (SELECT id_chave_instituicao FROM instituicoes WHERE identificador = "senac"));
INSERT INTO cursos (nome_curso, id_tipo_curso, id_instituicao) VALUES ("senac_1_515", (select id_chave_tipo_curso from tipos_cursos where nome_tipo_curso = "aperfeiçoamento"), (SELECT id_chave_instituicao FROM instituicoes WHERE identificador = "senac"));
INSERT INTO cursos (nome_curso, id_tipo_curso, id_instituicao) VALUES ("senac_1_516", (select id_chave_tipo_curso from tipos_cursos where nome_tipo_curso = "aperfeiçoamento"), (SELECT id_chave_instituicao FROM instituicoes WHERE identificador = "senac"));
INSERT INTO cursos (nome_curso, id_tipo_curso, id_instituicao) VALUES ("senac_1_517", (select id_chave_tipo_curso from tipos_cursos where nome_tipo_curso = "aperfeiçoamento"), (SELECT id_chave_instituicao FROM instituicoes WHERE identificador = "senac"));
INSERT INTO cursos (nome_curso, id_tipo_curso, id_instituicao) VALUES ("senac_1_518", (select id_chave_tipo_curso from tipos_cursos where nome_tipo_curso = "qualificação_profissional"), (SELECT id_chave_instituicao FROM instituicoes WHERE identificador = "senac"));
INSERT INTO cursos (nome_curso, id_tipo_curso, id_instituicao) VALUES ("senac_1_519", (select id_chave_tipo_curso from tipos_cursos where nome_tipo_curso = "aperfeiçoamento"), (SELECT id_chave_instituicao FROM instituicoes WHERE identificador = "senac"));
INSERT INTO cursos (nome_curso, id_tipo_curso, id_instituicao) VALUES ("senac_1_520", (select id_chave_tipo_curso from tipos_cursos where nome_tipo_curso = "aperfeiçoamento"), (SELECT id_chave_instituicao FROM instituicoes WHERE identificador = "senac"));
INSERT INTO cursos (nome_curso, id_tipo_curso, id_instituicao) VALUES ("senac_1_521", (select id_chave_tipo_curso from tipos_cursos where nome_tipo_curso = "qualificação_profissional"), (SELECT id_chave_instituicao FROM instituicoes WHERE identificador = "senac"));
INSERT INTO cursos (nome_curso, id_tipo_curso, id_instituicao) VALUES ("senac_1_522", (select id_chave_tipo_curso from tipos_cursos where nome_tipo_curso = "qualificação_profissional"), (SELECT id_chave_instituicao FROM instituicoes WHERE identificador = "senac"));
INSERT INTO cursos (nome_curso, id_tipo_curso, id_instituicao) VALUES ("senac_1_523", (select id_chave_tipo_curso from tipos_cursos where nome_tipo_curso = "qualificação_profissional"), (SELECT id_chave_instituicao FROM instituicoes WHERE identificador = "senac"));
INSERT INTO cursos (nome_curso, id_tipo_curso, id_instituicao) VALUES ("senac_1_524", (select id_chave_tipo_curso from tipos_cursos where nome_tipo_curso = "aperfeiçoamento"), (SELECT id_chave_instituicao FROM instituicoes WHERE identificador = "senac"));
INSERT INTO cursos (nome_curso, id_tipo_curso, id_instituicao) VALUES ("senac_1_525", (select id_chave_tipo_curso from tipos_cursos where nome_tipo_curso = "aperfeiçoamento"), (SELECT id_chave_instituicao FROM instituicoes WHERE identificador = "senac"));
INSERT INTO cursos (nome_curso, id_tipo_curso, id_instituicao) VALUES ("senac_1_526", (select id_chave_tipo_curso from tipos_cursos where nome_tipo_curso = "aperfeiçoamento"), (SELECT id_chave_instituicao FROM instituicoes WHERE identificador = "senac"));
INSERT INTO cursos (nome_curso, id_tipo_curso, id_instituicao) VALUES ("senac_1_527", (select id_chave_tipo_curso from tipos_cursos where nome_tipo_curso = "aperfeiçoamento"), (SELECT id_chave_instituicao FROM instituicoes WHERE identificador = "senac"));
INSERT INTO cursos (nome_curso, id_tipo_curso, id_instituicao) VALUES ("senac_1_528", (select id_chave_tipo_curso from tipos_cursos where nome_tipo_curso = "aperfeiçoamento"), (SELECT id_chave_instituicao FROM instituicoes WHERE identificador = "senac"));
INSERT INTO cursos (nome_curso, id_tipo_curso, id_instituicao) VALUES ("senac_1_529", (select id_chave_tipo_curso from tipos_cursos where nome_tipo_curso = "aperfeiçoamento"), (SELECT id_chave_instituicao FROM instituicoes WHERE identificador = "senac"));
INSERT INTO cursos (nome_curso, id_tipo_curso, id_instituicao) VALUES ("senac_1_530", (select id_chave_tipo_curso from tipos_cursos where nome_tipo_curso = "aperfeiçoamento"), (SELECT id_chave_instituicao FROM instituicoes WHERE identificador = "senac"));
INSERT INTO cursos (nome_curso, id_tipo_curso, id_instituicao) VALUES ("senac_1_531", (select id_chave_tipo_curso from tipos_cursos where nome_tipo_curso = "aperfeiçoamento"), (SELECT id_chave_instituicao FROM instituicoes WHERE identificador = "senac"));
INSERT INTO cursos (nome_curso, id_tipo_curso, id_instituicao) VALUES ("senac_1_532", (select id_chave_tipo_curso from tipos_cursos where nome_tipo_curso = "qualificação_profissional"), (SELECT id_chave_instituicao FROM instituicoes WHERE identificador = "senac"));
INSERT INTO cursos (nome_curso, id_tipo_curso, id_instituicao) VALUES ("senac_1_533", (select id_chave_tipo_curso from tipos_cursos where nome_tipo_curso = "aperfeiçoamento"), (SELECT id_chave_instituicao FROM instituicoes WHERE identificador = "senac"));
INSERT INTO cursos (nome_curso, id_tipo_curso, id_instituicao) VALUES ("senac_1_534", (select id_chave_tipo_curso from tipos_cursos where nome_tipo_curso = "aperfeiçoamento"), (SELECT id_chave_instituicao FROM instituicoes WHERE identificador = "senac"));
INSERT INTO cursos (nome_curso, id_tipo_curso, id_instituicao) VALUES ("senac_1_535", (select id_chave_tipo_curso from tipos_cursos where nome_tipo_curso = "aperfeiçoamento"), (SELECT id_chave_instituicao FROM instituicoes WHERE identificador = "senac"));
INSERT INTO cursos (nome_curso, id_tipo_curso, id_instituicao) VALUES ("senac_1_536", (select id_chave_tipo_curso from tipos_cursos where nome_tipo_curso = "aperfeiçoamento"), (SELECT id_chave_instituicao FROM instituicoes WHERE identificador = "senac"));
INSERT INTO cursos (nome_curso, id_tipo_curso, id_instituicao) VALUES ("senac_1_537", (select id_chave_tipo_curso from tipos_cursos where nome_tipo_curso = "qualificação_profissional"), (SELECT id_chave_instituicao FROM instituicoes WHERE identificador = "senac"));
INSERT INTO cursos (nome_curso, id_tipo_curso, id_instituicao) VALUES ("senac_1_538", (select id_chave_tipo_curso from tipos_cursos where nome_tipo_curso = "qualificação_profissional"), (SELECT id_chave_instituicao FROM instituicoes WHERE identificador = "senac"));
INSERT INTO cursos (nome_curso, id_tipo_curso, id_instituicao) VALUES ("senac_1_539", (select id_chave_tipo_curso from tipos_cursos where nome_tipo_curso = "qualificação_profissional"), (SELECT id_chave_instituicao FROM instituicoes WHERE identificador = "senac"));
INSERT INTO cursos (nome_curso, id_tipo_curso, id_instituicao) VALUES ("senac_1_540", (select id_chave_tipo_curso from tipos_cursos where nome_tipo_curso = "qualificação_profissional"), (SELECT id_chave_instituicao FROM instituicoes WHERE identificador = "senac"));
INSERT INTO cursos (nome_curso, id_tipo_curso, id_instituicao) VALUES ("senac_1_541", (select id_chave_tipo_curso from tipos_cursos where nome_tipo_curso = "qualificação_profissional"), (SELECT id_chave_instituicao FROM instituicoes WHERE identificador = "senac"));
INSERT INTO cursos (nome_curso, id_tipo_curso, id_instituicao) VALUES ("senac_1_542", (select id_chave_tipo_curso from tipos_cursos where nome_tipo_curso = "qualificação_profissional"), (SELECT id_chave_instituicao FROM instituicoes WHERE identificador = "senac"));
INSERT INTO cursos (nome_curso, id_tipo_curso, id_instituicao) VALUES ("senac_1_543", (select id_chave_tipo_curso from tipos_cursos where nome_tipo_curso = "qualificação_profissional"), (SELECT id_chave_instituicao FROM instituicoes WHERE identificador = "senac"));
INSERT INTO cursos (nome_curso, id_tipo_curso, id_instituicao) VALUES ("senac_1_544", (select id_chave_tipo_curso from tipos_cursos where nome_tipo_curso = "qualificação_profissional"), (SELECT id_chave_instituicao FROM instituicoes WHERE identificador = "senac"));
INSERT INTO cursos (nome_curso, id_tipo_curso, id_instituicao) VALUES ("senac_1_545", (select id_chave_tipo_curso from tipos_cursos where nome_tipo_curso = "qualificação_profissional"), (SELECT id_chave_instituicao FROM instituicoes WHERE identificador = "senac"));
INSERT INTO cursos (nome_curso, id_tipo_curso, id_instituicao) VALUES ("senac_1_546", (select id_chave_tipo_curso from tipos_cursos where nome_tipo_curso = "qualificação_profissional"), (SELECT id_chave_instituicao FROM instituicoes WHERE identificador = "senac"));
INSERT INTO cursos (nome_curso, id_tipo_curso, id_instituicao) VALUES ("senac_1_547", (select id_chave_tipo_curso from tipos_cursos where nome_tipo_curso = "aperfeiçoamento"), (SELECT id_chave_instituicao FROM instituicoes WHERE identificador = "senac"));
INSERT INTO cursos (nome_curso, id_tipo_curso, id_instituicao) VALUES ("senac_1_548", (select id_chave_tipo_curso from tipos_cursos where nome_tipo_curso = "aperfeiçoamento"), (SELECT id_chave_instituicao FROM instituicoes WHERE identificador = "senac"));
INSERT INTO cursos (nome_curso, id_tipo_curso, id_instituicao) VALUES ("senac_1_549", (select id_chave_tipo_curso from tipos_cursos where nome_tipo_curso = "aperfeiçoamento"), (SELECT id_chave_instituicao FROM instituicoes WHERE identificador = "senac"));
INSERT INTO cursos (nome_curso, id_tipo_curso, id_instituicao) VALUES ("senac_1_550", (select id_chave_tipo_curso from tipos_cursos where nome_tipo_curso = "aperfeiçoamento"), (SELECT id_chave_instituicao FROM instituicoes WHERE identificador = "senac"));
INSERT INTO cursos (nome_curso, id_tipo_curso, id_instituicao) VALUES ("senac_1_551", (select id_chave_tipo_curso from tipos_cursos where nome_tipo_curso = "aperfeiçoamento"), (SELECT id_chave_instituicao FROM instituicoes WHERE identificador = "senac"));
INSERT INTO cursos (nome_curso, id_tipo_curso, id_instituicao) VALUES ("senac_1_552", (select id_chave_tipo_curso from tipos_cursos where nome_tipo_curso = "aperfeiçoamento"), (SELECT id_chave_instituicao FROM instituicoes WHERE identificador = "senac"));
INSERT INTO cursos (nome_curso, id_tipo_curso, id_instituicao) VALUES ("senac_1_553", (select id_chave_tipo_curso from tipos_cursos where nome_tipo_curso = "aperfeiçoamento"), (SELECT id_chave_instituicao FROM instituicoes WHERE identificador = "senac"));
INSERT INTO cursos (nome_curso, id_tipo_curso, id_instituicao) VALUES ("senac_1_554", (select id_chave_tipo_curso from tipos_cursos where nome_tipo_curso = "aperfeiçoamento"), (SELECT id_chave_instituicao FROM instituicoes WHERE identificador = "senac"));
INSERT INTO cursos (nome_curso, id_tipo_curso, id_instituicao) VALUES ("senac_1_555", (select id_chave_tipo_curso from tipos_cursos where nome_tipo_curso = "aperfeiçoamento"), (SELECT id_chave_instituicao FROM instituicoes WHERE identificador = "senac"));
INSERT INTO cursos (nome_curso, id_tipo_curso, id_instituicao) VALUES ("senac_1_556", (select id_chave_tipo_curso from tipos_cursos where nome_tipo_curso = "aperfeiçoamento"), (SELECT id_chave_instituicao FROM instituicoes WHERE identificador = "senac"));
INSERT INTO cursos (nome_curso, id_tipo_curso, id_instituicao) VALUES ("senac_1_557", (select id_chave_tipo_curso from tipos_cursos where nome_tipo_curso = "aperfeiçoamento"), (SELECT id_chave_instituicao FROM instituicoes WHERE identificador = "senac"));
INSERT INTO cursos (nome_curso, id_tipo_curso, id_instituicao) VALUES ("senac_1_558", (select id_chave_tipo_curso from tipos_cursos where nome_tipo_curso = "aperfeiçoamento"), (SELECT id_chave_instituicao FROM instituicoes WHERE identificador = "senac"));
INSERT INTO cursos (nome_curso, id_tipo_curso, id_instituicao) VALUES ("senac_1_559", (select id_chave_tipo_curso from tipos_cursos where nome_tipo_curso = "qualificação_profissional"), (SELECT id_chave_instituicao FROM instituicoes WHERE identificador = "senac"));
INSERT INTO cursos (nome_curso, id_tipo_curso, id_instituicao) VALUES ("senac_1_560", (select id_chave_tipo_curso from tipos_cursos where nome_tipo_curso = "qualificação_profissional"), (SELECT id_chave_instituicao FROM instituicoes WHERE identificador = "senac"));
INSERT INTO cursos (nome_curso, id_tipo_curso, id_instituicao) VALUES ("senac_1_561", (select id_chave_tipo_curso from tipos_cursos where nome_tipo_curso = "qualificação_profissional"), (SELECT id_chave_instituicao FROM instituicoes WHERE identificador = "senac"));
INSERT INTO cursos (nome_curso, id_tipo_curso, id_instituicao) VALUES ("senac_1_562", (select id_chave_tipo_curso from tipos_cursos where nome_tipo_curso = "qualificação_profissional"), (SELECT id_chave_instituicao FROM instituicoes WHERE identificador = "senac"));
INSERT INTO cursos (nome_curso, id_tipo_curso, id_instituicao) VALUES ("senac_1_563", (select id_chave_tipo_curso from tipos_cursos where nome_tipo_curso = "qualificação_profissional"), (SELECT id_chave_instituicao FROM instituicoes WHERE identificador = "senac"));
INSERT INTO cursos (nome_curso, id_tipo_curso, id_instituicao) VALUES ("senac_1_564", (select id_chave_tipo_curso from tipos_cursos where nome_tipo_curso = "aperfeiçoamento"), (SELECT id_chave_instituicao FROM instituicoes WHERE identificador = "senac"));
INSERT INTO cursos (nome_curso, id_tipo_curso, id_instituicao) VALUES ("senac_1_565", (select id_chave_tipo_curso from tipos_cursos where nome_tipo_curso = "aperfeiçoamento"), (SELECT id_chave_instituicao FROM instituicoes WHERE identificador = "senac"));
INSERT INTO cursos (nome_curso, id_tipo_curso, id_instituicao) VALUES ("senac_1_566", (select id_chave_tipo_curso from tipos_cursos where nome_tipo_curso = "aperfeiçoamento"), (SELECT id_chave_instituicao FROM instituicoes WHERE identificador = "senac"));
INSERT INTO cursos (nome_curso, id_tipo_curso, id_instituicao) VALUES ("senac_1_567", (select id_chave_tipo_curso from tipos_cursos where nome_tipo_curso = "programas_instrumentais"), (SELECT id_chave_instituicao FROM instituicoes WHERE identificador = "senac"));
INSERT INTO cursos (nome_curso, id_tipo_curso, id_instituicao) VALUES ("senac_1_568", (select id_chave_tipo_curso from tipos_cursos where nome_tipo_curso = "programas_instrumentais"), (SELECT id_chave_instituicao FROM instituicoes WHERE identificador = "senac"));
INSERT INTO cursos (nome_curso, id_tipo_curso, id_instituicao) VALUES ("senac_1_569", (select id_chave_tipo_curso from tipos_cursos where nome_tipo_curso = "qualificação_profissional"), (SELECT id_chave_instituicao FROM instituicoes WHERE identificador = "senac"));
INSERT INTO cursos (nome_curso, id_tipo_curso, id_instituicao) VALUES ("senac_1_570", (select id_chave_tipo_curso from tipos_cursos where nome_tipo_curso = "aperfeiçoamento"), (SELECT id_chave_instituicao FROM instituicoes WHERE identificador = "senac"));
INSERT INTO cursos (nome_curso, id_tipo_curso, id_instituicao) VALUES ("senac_1_571", (select id_chave_tipo_curso from tipos_cursos where nome_tipo_curso = "aperfeiçoamento"), (SELECT id_chave_instituicao FROM instituicoes WHERE identificador = "senac"));
INSERT INTO cursos (nome_curso, id_tipo_curso, id_instituicao) VALUES ("senac_1_572", (select id_chave_tipo_curso from tipos_cursos where nome_tipo_curso = "qualificação_profissional"), (SELECT id_chave_instituicao FROM instituicoes WHERE identificador = "senac"));
INSERT INTO cursos (nome_curso, id_tipo_curso, id_instituicao) VALUES ("senac_1_573", (select id_chave_tipo_curso from tipos_cursos where nome_tipo_curso = "qualificação_profissional"), (SELECT id_chave_instituicao FROM instituicoes WHERE identificador = "senac"));
INSERT INTO cursos (nome_curso, id_tipo_curso, id_instituicao) VALUES ("senac_1_574", (select id_chave_tipo_curso from tipos_cursos where nome_tipo_curso = "qualificação_profissional"), (SELECT id_chave_instituicao FROM instituicoes WHERE identificador = "senac"));
INSERT INTO cursos (nome_curso, id_tipo_curso, id_instituicao) VALUES ("senac_1_575", (select id_chave_tipo_curso from tipos_cursos where nome_tipo_curso = "qualificação_profissional"), (SELECT id_chave_instituicao FROM instituicoes WHERE identificador = "senac"));
INSERT INTO cursos (nome_curso, id_tipo_curso, id_instituicao) VALUES ("senac_1_576", (select id_chave_tipo_curso from tipos_cursos where nome_tipo_curso = "qualificação_profissional"), (SELECT id_chave_instituicao FROM instituicoes WHERE identificador = "senac"));
INSERT INTO cursos (nome_curso, id_tipo_curso, id_instituicao) VALUES ("senac_1_577", (select id_chave_tipo_curso from tipos_cursos where nome_tipo_curso = "qualificação_profissional"), (SELECT id_chave_instituicao FROM instituicoes WHERE identificador = "senac"));
INSERT INTO cursos (nome_curso, id_tipo_curso, id_instituicao) VALUES ("senac_1_578", (select id_chave_tipo_curso from tipos_cursos where nome_tipo_curso = "qualificação_profissional"), (SELECT id_chave_instituicao FROM instituicoes WHERE identificador = "senac"));
INSERT INTO cursos (nome_curso, id_tipo_curso, id_instituicao) VALUES ("senac_1_579", (select id_chave_tipo_curso from tipos_cursos where nome_tipo_curso = "programas_instrumentais"), (SELECT id_chave_instituicao FROM instituicoes WHERE identificador = "senac"));
INSERT INTO cursos (nome_curso, id_tipo_curso, id_instituicao) VALUES ("senac_1_580", (select id_chave_tipo_curso from tipos_cursos where nome_tipo_curso = "aperfeiçoamento"), (SELECT id_chave_instituicao FROM instituicoes WHERE identificador = "senac"));
INSERT INTO cursos (nome_curso, id_tipo_curso, id_instituicao) VALUES ("senac_1_581", (select id_chave_tipo_curso from tipos_cursos where nome_tipo_curso = "aperfeiçoamento"), (SELECT id_chave_instituicao FROM instituicoes WHERE identificador = "senac"));
INSERT INTO cursos (nome_curso, id_tipo_curso, id_instituicao) VALUES ("senac_1_582", (select id_chave_tipo_curso from tipos_cursos where nome_tipo_curso = "aperfeiçoamento"), (SELECT id_chave_instituicao FROM instituicoes WHERE identificador = "senac"));
INSERT INTO cursos (nome_curso, id_tipo_curso, id_instituicao) VALUES ("senac_1_583", (select id_chave_tipo_curso from tipos_cursos where nome_tipo_curso = "aperfeiçoamento"), (SELECT id_chave_instituicao FROM instituicoes WHERE identificador = "senac"));
INSERT INTO cursos (nome_curso, id_tipo_curso, id_instituicao) VALUES ("senac_1_584", (select id_chave_tipo_curso from tipos_cursos where nome_tipo_curso = "aperfeiçoamento"), (SELECT id_chave_instituicao FROM instituicoes WHERE identificador = "senac"));
INSERT INTO cursos (nome_curso, id_tipo_curso, id_instituicao) VALUES ("senac_1_585", (select id_chave_tipo_curso from tipos_cursos where nome_tipo_curso = "aperfeiçoamento"), (SELECT id_chave_instituicao FROM instituicoes WHERE identificador = "senac"));
INSERT INTO cursos (nome_curso, id_tipo_curso, id_instituicao) VALUES ("senac_1_586", (select id_chave_tipo_curso from tipos_cursos where nome_tipo_curso = "qualificação_profissional"), (SELECT id_chave_instituicao FROM instituicoes WHERE identificador = "senac"));
INSERT INTO cursos (nome_curso, id_tipo_curso, id_instituicao) VALUES ("senac_1_587", (select id_chave_tipo_curso from tipos_cursos where nome_tipo_curso = "programas_instrumentais"), (SELECT id_chave_instituicao FROM instituicoes WHERE identificador = "senac"));
INSERT INTO cursos (nome_curso, id_tipo_curso, id_instituicao) VALUES ("senac_1_588", (select id_chave_tipo_curso from tipos_cursos where nome_tipo_curso = "programas_instrumentais"), (SELECT id_chave_instituicao FROM instituicoes WHERE identificador = "senac"));
INSERT INTO cursos (nome_curso, id_tipo_curso, id_instituicao) VALUES ("senac_1_589", (select id_chave_tipo_curso from tipos_cursos where nome_tipo_curso = "qualificação_profissional"), (SELECT id_chave_instituicao FROM instituicoes WHERE identificador = "senac"));
INSERT INTO cursos (nome_curso, id_tipo_curso, id_instituicao) VALUES ("senac_1_590", (select id_chave_tipo_curso from tipos_cursos where nome_tipo_curso = "qualificação_profissional"), (SELECT id_chave_instituicao FROM instituicoes WHERE identificador = "senac"));
INSERT INTO cursos (nome_curso, id_tipo_curso, id_instituicao) VALUES ("senac_1_591", (select id_chave_tipo_curso from tipos_cursos where nome_tipo_curso = "qualificação_profissional"), (SELECT id_chave_instituicao FROM instituicoes WHERE identificador = "senac"));
INSERT INTO cursos (nome_curso, id_tipo_curso, id_instituicao) VALUES ("senac_1_592", (select id_chave_tipo_curso from tipos_cursos where nome_tipo_curso = "aperfeiçoamento"), (SELECT id_chave_instituicao FROM instituicoes WHERE identificador = "senac"));
INSERT INTO cursos (nome_curso, id_tipo_curso, id_instituicao) VALUES ("senac_1_593", (select id_chave_tipo_curso from tipos_cursos where nome_tipo_curso = "qualificação_profissional"), (SELECT id_chave_instituicao FROM instituicoes WHERE identificador = "senac"));
INSERT INTO cursos (nome_curso, id_tipo_curso, id_instituicao) VALUES ("senac_1_594", (select id_chave_tipo_curso from tipos_cursos where nome_tipo_curso = "qualificação_profissional"), (SELECT id_chave_instituicao FROM instituicoes WHERE identificador = "senac"));
INSERT INTO cursos (nome_curso, id_tipo_curso, id_instituicao) VALUES ("senac_1_595", (select id_chave_tipo_curso from tipos_cursos where nome_tipo_curso = "aperfeiçoamento"), (SELECT id_chave_instituicao FROM instituicoes WHERE identificador = "senac"));
INSERT INTO cursos (nome_curso, id_tipo_curso, id_instituicao) VALUES ("senac_1_596", (select id_chave_tipo_curso from tipos_cursos where nome_tipo_curso = "aperfeiçoamento"), (SELECT id_chave_instituicao FROM instituicoes WHERE identificador = "senac"));
INSERT INTO cursos (nome_curso, id_tipo_curso, id_instituicao) VALUES ("senac_1_597", (select id_chave_tipo_curso from tipos_cursos where nome_tipo_curso = "aperfeiçoamento"), (SELECT id_chave_instituicao FROM instituicoes WHERE identificador = "senac"));
INSERT INTO cursos (nome_curso, id_tipo_curso, id_instituicao) VALUES ("senac_1_598", (select id_chave_tipo_curso from tipos_cursos where nome_tipo_curso = "aperfeiçoamento"), (SELECT id_chave_instituicao FROM instituicoes WHERE identificador = "senac"));
INSERT INTO cursos (nome_curso, id_tipo_curso, id_instituicao) VALUES ("senac_1_599", (select id_chave_tipo_curso from tipos_cursos where nome_tipo_curso = "aperfeiçoamento"), (SELECT id_chave_instituicao FROM instituicoes WHERE identificador = "senac"));
INSERT INTO cursos (nome_curso, id_tipo_curso, id_instituicao) VALUES ("senac_1_600", (select id_chave_tipo_curso from tipos_cursos where nome_tipo_curso = "qualificação_profissional"), (SELECT id_chave_instituicao FROM instituicoes WHERE identificador = "senac"));
INSERT INTO cursos (nome_curso, id_tipo_curso, id_instituicao) VALUES ("senac_1_601", (select id_chave_tipo_curso from tipos_cursos where nome_tipo_curso = "qualificação_profissional"), (SELECT id_chave_instituicao FROM instituicoes WHERE identificador = "senac"));
INSERT INTO cursos (nome_curso, id_tipo_curso, id_instituicao) VALUES ("senac_1_602", (select id_chave_tipo_curso from tipos_cursos where nome_tipo_curso = "qualificação_profissional"), (SELECT id_chave_instituicao FROM instituicoes WHERE identificador = "senac"));
INSERT INTO cursos (nome_curso, id_tipo_curso, id_instituicao) VALUES ("senac_1_603", (select id_chave_tipo_curso from tipos_cursos where nome_tipo_curso = "qualificação_profissional"), (SELECT id_chave_instituicao FROM instituicoes WHERE identificador = "senac"));
INSERT INTO cursos (nome_curso, id_tipo_curso, id_instituicao) VALUES ("senac_1_604", (select id_chave_tipo_curso from tipos_cursos where nome_tipo_curso = "qualificação_profissional"), (SELECT id_chave_instituicao FROM instituicoes WHERE identificador = "senac"));
INSERT INTO cursos (nome_curso, id_tipo_curso, id_instituicao) VALUES ("senac_1_605", (select id_chave_tipo_curso from tipos_cursos where nome_tipo_curso = "qualificação_profissional"), (SELECT id_chave_instituicao FROM instituicoes WHERE identificador = "senac"));
INSERT INTO cursos (nome_curso, id_tipo_curso, id_instituicao) VALUES ("senac_1_606", (select id_chave_tipo_curso from tipos_cursos where nome_tipo_curso = "qualificação_profissional"), (SELECT id_chave_instituicao FROM instituicoes WHERE identificador = "senac"));
INSERT INTO cursos (nome_curso, id_tipo_curso, id_instituicao) VALUES ("senac_1_607", (select id_chave_tipo_curso from tipos_cursos where nome_tipo_curso = "qualificação_profissional"), (SELECT id_chave_instituicao FROM instituicoes WHERE identificador = "senac"));
INSERT INTO cursos (nome_curso, id_tipo_curso, id_instituicao) VALUES ("senac_1_608", (select id_chave_tipo_curso from tipos_cursos where nome_tipo_curso = "qualificação_profissional"), (SELECT id_chave_instituicao FROM instituicoes WHERE identificador = "senac"));
INSERT INTO cursos (nome_curso, id_tipo_curso, id_instituicao) VALUES ("senac_1_609", (select id_chave_tipo_curso from tipos_cursos where nome_tipo_curso = "aperfeiçoamento"), (SELECT id_chave_instituicao FROM instituicoes WHERE identificador = "senac"));
INSERT INTO cursos (nome_curso, id_tipo_curso, id_instituicao) VALUES ("senac_1_610", (select id_chave_tipo_curso from tipos_cursos where nome_tipo_curso = "aperfeiçoamento"), (SELECT id_chave_instituicao FROM instituicoes WHERE identificador = "senac"));
INSERT INTO cursos (nome_curso, id_tipo_curso, id_instituicao) VALUES ("senac_1_611", (select id_chave_tipo_curso from tipos_cursos where nome_tipo_curso = "aperfeiçoamento"), (SELECT id_chave_instituicao FROM instituicoes WHERE identificador = "senac"));
INSERT INTO cursos (nome_curso, id_tipo_curso, id_instituicao) VALUES ("senac_1_612", (select id_chave_tipo_curso from tipos_cursos where nome_tipo_curso = "aperfeiçoamento"), (SELECT id_chave_instituicao FROM instituicoes WHERE identificador = "senac"));
INSERT INTO cursos (nome_curso, id_tipo_curso, id_instituicao) VALUES ("senac_1_613", (select id_chave_tipo_curso from tipos_cursos where nome_tipo_curso = "aperfeiçoamento"), (SELECT id_chave_instituicao FROM instituicoes WHERE identificador = "senac"));
INSERT INTO cursos (nome_curso, id_tipo_curso, id_instituicao) VALUES ("senac_1_614", (select id_chave_tipo_curso from tipos_cursos where nome_tipo_curso = "qualificação_profissional"), (SELECT id_chave_instituicao FROM instituicoes WHERE identificador = "senac"));
INSERT INTO cursos (nome_curso, id_tipo_curso, id_instituicao) VALUES ("senac_1_615", (select id_chave_tipo_curso from tipos_cursos where nome_tipo_curso = "qualificação_profissional"), (SELECT id_chave_instituicao FROM instituicoes WHERE identificador = "senac"));
INSERT INTO cursos (nome_curso, id_tipo_curso, id_instituicao) VALUES ("senac_1_616", (select id_chave_tipo_curso from tipos_cursos where nome_tipo_curso = "qualificação_profissional"), (SELECT id_chave_instituicao FROM instituicoes WHERE identificador = "senac"));
INSERT INTO cursos (nome_curso, id_tipo_curso, id_instituicao) VALUES ("senac_1_617", (select id_chave_tipo_curso from tipos_cursos where nome_tipo_curso = "qualificação_profissional"), (SELECT id_chave_instituicao FROM instituicoes WHERE identificador = "senac"));
INSERT INTO cursos (nome_curso, id_tipo_curso, id_instituicao) VALUES ("senac_1_618", (select id_chave_tipo_curso from tipos_cursos where nome_tipo_curso = "qualificação_profissional"), (SELECT id_chave_instituicao FROM instituicoes WHERE identificador = "senac"));
INSERT INTO cursos (nome_curso, id_tipo_curso, id_instituicao) VALUES ("senac_1_619", (select id_chave_tipo_curso from tipos_cursos where nome_tipo_curso = "qualificação_profissional"), (SELECT id_chave_instituicao FROM instituicoes WHERE identificador = "senac"));
INSERT INTO cursos (nome_curso, id_tipo_curso, id_instituicao) VALUES ("senac_1_620", (select id_chave_tipo_curso from tipos_cursos where nome_tipo_curso = "qualificação_profissional"), (SELECT id_chave_instituicao FROM instituicoes WHERE identificador = "senac"));
INSERT INTO cursos (nome_curso, id_tipo_curso, id_instituicao) VALUES ("senac_1_621", (select id_chave_tipo_curso from tipos_cursos where nome_tipo_curso = "qualificação_profissional"), (SELECT id_chave_instituicao FROM instituicoes WHERE identificador = "senac"));
INSERT INTO cursos (nome_curso, id_tipo_curso, id_instituicao) VALUES ("senac_1_622", (select id_chave_tipo_curso from tipos_cursos where nome_tipo_curso = "qualificação_profissional"), (SELECT id_chave_instituicao FROM instituicoes WHERE identificador = "senac"));
INSERT INTO cursos (nome_curso, id_tipo_curso, id_instituicao) VALUES ("senac_1_623", (select id_chave_tipo_curso from tipos_cursos where nome_tipo_curso = "qualificação_profissional"), (SELECT id_chave_instituicao FROM instituicoes WHERE identificador = "senac"));
INSERT INTO cursos (nome_curso, id_tipo_curso, id_instituicao) VALUES ("senac_1_624", (select id_chave_tipo_curso from tipos_cursos where nome_tipo_curso = "qualificação_profissional"), (SELECT id_chave_instituicao FROM instituicoes WHERE identificador = "senac"));
INSERT INTO cursos (nome_curso, id_tipo_curso, id_instituicao) VALUES ("senac_1_625", (select id_chave_tipo_curso from tipos_cursos where nome_tipo_curso = "qualificação_profissional"), (SELECT id_chave_instituicao FROM instituicoes WHERE identificador = "senac"));
INSERT INTO cursos (nome_curso, id_tipo_curso, id_instituicao) VALUES ("senac_1_626", (select id_chave_tipo_curso from tipos_cursos where nome_tipo_curso = "qualificação_profissional"), (SELECT id_chave_instituicao FROM instituicoes WHERE identificador = "senac"));
INSERT INTO cursos (nome_curso, id_tipo_curso, id_instituicao) VALUES ("senac_1_627", (select id_chave_tipo_curso from tipos_cursos where nome_tipo_curso = "qualificação_profissional"), (SELECT id_chave_instituicao FROM instituicoes WHERE identificador = "senac"));
INSERT INTO cursos (nome_curso, id_tipo_curso, id_instituicao) VALUES ("senac_1_628", (select id_chave_tipo_curso from tipos_cursos where nome_tipo_curso = "qualificação_profissional"), (SELECT id_chave_instituicao FROM instituicoes WHERE identificador = "senac"));
INSERT INTO cursos (nome_curso, id_tipo_curso, id_instituicao) VALUES ("senac_1_629", (select id_chave_tipo_curso from tipos_cursos where nome_tipo_curso = "qualificação_profissional"), (SELECT id_chave_instituicao FROM instituicoes WHERE identificador = "senac"));
INSERT INTO cursos (nome_curso, id_tipo_curso, id_instituicao) VALUES ("senac_1_630", (select id_chave_tipo_curso from tipos_cursos where nome_tipo_curso = "qualificação_profissional"), (SELECT id_chave_instituicao FROM instituicoes WHERE identificador = "senac"));
INSERT INTO cursos (nome_curso, id_tipo_curso, id_instituicao) VALUES ("senac_1_631", (select id_chave_tipo_curso from tipos_cursos where nome_tipo_curso = "qualificação_profissional"), (SELECT id_chave_instituicao FROM instituicoes WHERE identificador = "senac"));
INSERT INTO cursos (nome_curso, id_tipo_curso, id_instituicao) VALUES ("senac_1_632", (select id_chave_tipo_curso from tipos_cursos where nome_tipo_curso = "qualificação_profissional"), (SELECT id_chave_instituicao FROM instituicoes WHERE identificador = "senac"));
INSERT INTO cursos (nome_curso, id_tipo_curso, id_instituicao) VALUES ("senac_1_633", (select id_chave_tipo_curso from tipos_cursos where nome_tipo_curso = "qualificação_profissional"), (SELECT id_chave_instituicao FROM instituicoes WHERE identificador = "senac"));
INSERT INTO cursos (nome_curso, id_tipo_curso, id_instituicao) VALUES ("senac_1_634", (select id_chave_tipo_curso from tipos_cursos where nome_tipo_curso = "qualificação_profissional"), (SELECT id_chave_instituicao FROM instituicoes WHERE identificador = "senac"));
INSERT INTO cursos (nome_curso, id_tipo_curso, id_instituicao) VALUES ("senac_1_635", (select id_chave_tipo_curso from tipos_cursos where nome_tipo_curso = "qualificação_profissional"), (SELECT id_chave_instituicao FROM instituicoes WHERE identificador = "senac"));
INSERT INTO cursos (nome_curso, id_tipo_curso, id_instituicao) VALUES ("senac_1_636", (select id_chave_tipo_curso from tipos_cursos where nome_tipo_curso = "qualificação_profissional"), (SELECT id_chave_instituicao FROM instituicoes WHERE identificador = "senac"));
INSERT INTO cursos (nome_curso, id_tipo_curso, id_instituicao) VALUES ("senac_1_637", (select id_chave_tipo_curso from tipos_cursos where nome_tipo_curso = "qualificação_profissional"), (SELECT id_chave_instituicao FROM instituicoes WHERE identificador = "senac"));
INSERT INTO cursos (nome_curso, id_tipo_curso, id_instituicao) VALUES ("senac_1_638", (select id_chave_tipo_curso from tipos_cursos where nome_tipo_curso = "qualificação_profissional"), (SELECT id_chave_instituicao FROM instituicoes WHERE identificador = "senac"));
INSERT INTO cursos (nome_curso, id_tipo_curso, id_instituicao) VALUES ("senac_1_639", (select id_chave_tipo_curso from tipos_cursos where nome_tipo_curso = "qualificação_profissional"), (SELECT id_chave_instituicao FROM instituicoes WHERE identificador = "senac"));
INSERT INTO cursos (nome_curso, id_tipo_curso, id_instituicao) VALUES ("senac_1_640", (select id_chave_tipo_curso from tipos_cursos where nome_tipo_curso = "qualificação_profissional"), (SELECT id_chave_instituicao FROM instituicoes WHERE identificador = "senac"));
INSERT INTO cursos (nome_curso, id_tipo_curso, id_instituicao) VALUES ("senac_1_641", (select id_chave_tipo_curso from tipos_cursos where nome_tipo_curso = "qualificação_profissional"), (SELECT id_chave_instituicao FROM instituicoes WHERE identificador = "senac"));
INSERT INTO cursos (nome_curso, id_tipo_curso, id_instituicao) VALUES ("senac_1_642", (select id_chave_tipo_curso from tipos_cursos where nome_tipo_curso = "qualificação_profissional"), (SELECT id_chave_instituicao FROM instituicoes WHERE identificador = "senac"));
INSERT INTO cursos (nome_curso, id_tipo_curso, id_instituicao) VALUES ("senac_1_643", (select id_chave_tipo_curso from tipos_cursos where nome_tipo_curso = "qualificação_profissional"), (SELECT id_chave_instituicao FROM instituicoes WHERE identificador = "senac"));
INSERT INTO cursos (nome_curso, id_tipo_curso, id_instituicao) VALUES ("senac_1_644", (select id_chave_tipo_curso from tipos_cursos where nome_tipo_curso = "qualificação_profissional"), (SELECT id_chave_instituicao FROM instituicoes WHERE identificador = "senac"));
INSERT INTO cursos (nome_curso, id_tipo_curso, id_instituicao) VALUES ("senac_1_645", (select id_chave_tipo_curso from tipos_cursos where nome_tipo_curso = "qualificação_profissional"), (SELECT id_chave_instituicao FROM instituicoes WHERE identificador = "senac"));
INSERT INTO cursos (nome_curso, id_tipo_curso, id_instituicao) VALUES ("senac_1_646", (select id_chave_tipo_curso from tipos_cursos where nome_tipo_curso = "qualificação_profissional"), (SELECT id_chave_instituicao FROM instituicoes WHERE identificador = "senac"));
INSERT INTO cursos (nome_curso, id_tipo_curso, id_instituicao) VALUES ("senac_1_647", (select id_chave_tipo_curso from tipos_cursos where nome_tipo_curso = "qualificação_profissional"), (SELECT id_chave_instituicao FROM instituicoes WHERE identificador = "senac"));
INSERT INTO cursos (nome_curso, id_tipo_curso, id_instituicao) VALUES ("senac_1_648", (select id_chave_tipo_curso from tipos_cursos where nome_tipo_curso = "programas_instrumentais"), (SELECT id_chave_instituicao FROM instituicoes WHERE identificador = "senac"));
INSERT INTO cursos (nome_curso, id_tipo_curso, id_instituicao) VALUES ("senac_1_649", (select id_chave_tipo_curso from tipos_cursos where nome_tipo_curso = "aperfeiçoamento"), (SELECT id_chave_instituicao FROM instituicoes WHERE identificador = "senac"));
INSERT INTO cursos (nome_curso, id_tipo_curso, id_instituicao) VALUES ("senac_1_650", (select id_chave_tipo_curso from tipos_cursos where nome_tipo_curso = "qualificação_profissional"), (SELECT id_chave_instituicao FROM instituicoes WHERE identificador = "senac"));
INSERT INTO cursos (nome_curso, id_tipo_curso, id_instituicao) VALUES ("senac_1_651", (select id_chave_tipo_curso from tipos_cursos where nome_tipo_curso = "qualificação_profissional"), (SELECT id_chave_instituicao FROM instituicoes WHERE identificador = "senac"));
INSERT INTO cursos (nome_curso, id_tipo_curso, id_instituicao) VALUES ("senac_1_652", (select id_chave_tipo_curso from tipos_cursos where nome_tipo_curso = "qualificação_profissional"), (SELECT id_chave_instituicao FROM instituicoes WHERE identificador = "senac"));
INSERT INTO cursos (nome_curso, id_tipo_curso, id_instituicao) VALUES ("senac_1_653", (select id_chave_tipo_curso from tipos_cursos where nome_tipo_curso = "qualificação_profissional"), (SELECT id_chave_instituicao FROM instituicoes WHERE identificador = "senac"));
INSERT INTO cursos (nome_curso, id_tipo_curso, id_instituicao) VALUES ("senac_1_654", (select id_chave_tipo_curso from tipos_cursos where nome_tipo_curso = "qualificação_profissional"), (SELECT id_chave_instituicao FROM instituicoes WHERE identificador = "senac"));
INSERT INTO cursos (nome_curso, id_tipo_curso, id_instituicao) VALUES ("senac_1_655", (select id_chave_tipo_curso from tipos_cursos where nome_tipo_curso = "aperfeiçoamento"), (SELECT id_chave_instituicao FROM instituicoes WHERE identificador = "senac"));
INSERT INTO cursos (nome_curso, id_tipo_curso, id_instituicao) VALUES ("senac_1_656", (select id_chave_tipo_curso from tipos_cursos where nome_tipo_curso = "aperfeiçoamento"), (SELECT id_chave_instituicao FROM instituicoes WHERE identificador = "senac"));
INSERT INTO cursos (nome_curso, id_tipo_curso, id_instituicao) VALUES ("senac_1_657", (select id_chave_tipo_curso from tipos_cursos where nome_tipo_curso = "aperfeiçoamento"), (SELECT id_chave_instituicao FROM instituicoes WHERE identificador = "senac"));
INSERT INTO cursos (nome_curso, id_tipo_curso, id_instituicao) VALUES ("senac_1_658", (select id_chave_tipo_curso from tipos_cursos where nome_tipo_curso = "aperfeiçoamento"), (SELECT id_chave_instituicao FROM instituicoes WHERE identificador = "senac"));
INSERT INTO cursos (nome_curso, id_tipo_curso, id_instituicao) VALUES ("senac_1_659", (select id_chave_tipo_curso from tipos_cursos where nome_tipo_curso = "aperfeiçoamento"), (SELECT id_chave_instituicao FROM instituicoes WHERE identificador = "senac"));
INSERT INTO cursos (nome_curso, id_tipo_curso, id_instituicao) VALUES ("senac_1_660", (select id_chave_tipo_curso from tipos_cursos where nome_tipo_curso = "aperfeiçoamento"), (SELECT id_chave_instituicao FROM instituicoes WHERE identificador = "senac"));
INSERT INTO cursos (nome_curso, id_tipo_curso, id_instituicao) VALUES ("senac_1_661", (select id_chave_tipo_curso from tipos_cursos where nome_tipo_curso = "aperfeiçoamento"), (SELECT id_chave_instituicao FROM instituicoes WHERE identificador = "senac"));
INSERT INTO cursos (nome_curso, id_tipo_curso, id_instituicao) VALUES ("senac_1_662", (select id_chave_tipo_curso from tipos_cursos where nome_tipo_curso = "aperfeiçoamento"), (SELECT id_chave_instituicao FROM instituicoes WHERE identificador = "senac"));
INSERT INTO cursos (nome_curso, id_tipo_curso, id_instituicao) VALUES ("senac_1_663", (select id_chave_tipo_curso from tipos_cursos where nome_tipo_curso = "qualificação_profissional"), (SELECT id_chave_instituicao FROM instituicoes WHERE identificador = "senac"));
INSERT INTO cursos (nome_curso, id_tipo_curso, id_instituicao) VALUES ("senac_1_664", (select id_chave_tipo_curso from tipos_cursos where nome_tipo_curso = "qualificação_profissional"), (SELECT id_chave_instituicao FROM instituicoes WHERE identificador = "senac"));
INSERT INTO cursos (nome_curso, id_tipo_curso, id_instituicao) VALUES ("senac_1_665", (select id_chave_tipo_curso from tipos_cursos where nome_tipo_curso = "qualificação_profissional"), (SELECT id_chave_instituicao FROM instituicoes WHERE identificador = "senac"));
INSERT INTO cursos (nome_curso, id_tipo_curso, id_instituicao) VALUES ("senac_1_666", (select id_chave_tipo_curso from tipos_cursos where nome_tipo_curso = "aperfeiçoamento"), (SELECT id_chave_instituicao FROM instituicoes WHERE identificador = "senac"));
INSERT INTO cursos (nome_curso, id_tipo_curso, id_instituicao) VALUES ("senac_1_667", (select id_chave_tipo_curso from tipos_cursos where nome_tipo_curso = "aperfeiçoamento"), (SELECT id_chave_instituicao FROM instituicoes WHERE identificador = "senac"));
INSERT INTO cursos (nome_curso, id_tipo_curso, id_instituicao) VALUES ("senac_1_668", (select id_chave_tipo_curso from tipos_cursos where nome_tipo_curso = "aperfeiçoamento"), (SELECT id_chave_instituicao FROM instituicoes WHERE identificador = "senac"));
INSERT INTO cursos (nome_curso, id_tipo_curso, id_instituicao) VALUES ("senac_1_669", (select id_chave_tipo_curso from tipos_cursos where nome_tipo_curso = "aperfeiçoamento"), (SELECT id_chave_instituicao FROM instituicoes WHERE identificador = "senac"));
INSERT INTO cursos (nome_curso, id_tipo_curso, id_instituicao) VALUES ("senac_1_670", (select id_chave_tipo_curso from tipos_cursos where nome_tipo_curso = "aperfeiçoamento"), (SELECT id_chave_instituicao FROM instituicoes WHERE identificador = "senac"));
INSERT INTO cursos (nome_curso, id_tipo_curso, id_instituicao) VALUES ("senac_1_671", (select id_chave_tipo_curso from tipos_cursos where nome_tipo_curso = "aperfeiçoamento"), (SELECT id_chave_instituicao FROM instituicoes WHERE identificador = "senac"));
INSERT INTO cursos (nome_curso, id_tipo_curso, id_instituicao) VALUES ("senac_1_672", (select id_chave_tipo_curso from tipos_cursos where nome_tipo_curso = "aperfeiçoamento"), (SELECT id_chave_instituicao FROM instituicoes WHERE identificador = "senac"));
INSERT INTO cursos (nome_curso, id_tipo_curso, id_instituicao) VALUES ("senac_1_673", (select id_chave_tipo_curso from tipos_cursos where nome_tipo_curso = "aperfeiçoamento"), (SELECT id_chave_instituicao FROM instituicoes WHERE identificador = "senac"));
INSERT INTO cursos (nome_curso, id_tipo_curso, id_instituicao) VALUES ("senac_1_674", (select id_chave_tipo_curso from tipos_cursos where nome_tipo_curso = "aperfeiçoamento"), (SELECT id_chave_instituicao FROM instituicoes WHERE identificador = "senac"));
INSERT INTO cursos (nome_curso, id_tipo_curso, id_instituicao) VALUES ("senac_1_675", (select id_chave_tipo_curso from tipos_cursos where nome_tipo_curso = "aperfeiçoamento"), (SELECT id_chave_instituicao FROM instituicoes WHERE identificador = "senac"));
INSERT INTO cursos (nome_curso, id_tipo_curso, id_instituicao) VALUES ("senac_1_676", (select id_chave_tipo_curso from tipos_cursos where nome_tipo_curso = "aperfeiçoamento"), (SELECT id_chave_instituicao FROM instituicoes WHERE identificador = "senac"));
INSERT INTO cursos (nome_curso, id_tipo_curso, id_instituicao) VALUES ("senac_1_677", (select id_chave_tipo_curso from tipos_cursos where nome_tipo_curso = "aperfeiçoamento"), (SELECT id_chave_instituicao FROM instituicoes WHERE identificador = "senac"));
INSERT INTO cursos (nome_curso, id_tipo_curso, id_instituicao) VALUES ("senac_1_678", (select id_chave_tipo_curso from tipos_cursos where nome_tipo_curso = "qualificação_profissional"), (SELECT id_chave_instituicao FROM instituicoes WHERE identificador = "senac"));
INSERT INTO cursos (nome_curso, id_tipo_curso, id_instituicao) VALUES ("senac_1_679", (select id_chave_tipo_curso from tipos_cursos where nome_tipo_curso = "qualificação_profissional"), (SELECT id_chave_instituicao FROM instituicoes WHERE identificador = "senac"));
INSERT INTO cursos (nome_curso, id_tipo_curso, id_instituicao) VALUES ("senac_1_680", (select id_chave_tipo_curso from tipos_cursos where nome_tipo_curso = "qualificação_profissional"), (SELECT id_chave_instituicao FROM instituicoes WHERE identificador = "senac"));
INSERT INTO cursos (nome_curso, id_tipo_curso, id_instituicao) VALUES ("senac_1_681", (select id_chave_tipo_curso from tipos_cursos where nome_tipo_curso = "qualificação_profissional"), (SELECT id_chave_instituicao FROM instituicoes WHERE identificador = "senac"));
INSERT INTO cursos (nome_curso, id_tipo_curso, id_instituicao) VALUES ("senac_1_682", (select id_chave_tipo_curso from tipos_cursos where nome_tipo_curso = "aperfeiçoamento"), (SELECT id_chave_instituicao FROM instituicoes WHERE identificador = "senac"));
INSERT INTO cursos (nome_curso, id_tipo_curso, id_instituicao) VALUES ("senac_1_683", (select id_chave_tipo_curso from tipos_cursos where nome_tipo_curso = "aperfeiçoamento"), (SELECT id_chave_instituicao FROM instituicoes WHERE identificador = "senac"));
INSERT INTO cursos (nome_curso, id_tipo_curso, id_instituicao) VALUES ("senac_1_684", (select id_chave_tipo_curso from tipos_cursos where nome_tipo_curso = "aperfeiçoamento"), (SELECT id_chave_instituicao FROM instituicoes WHERE identificador = "senac"));
INSERT INTO cursos (nome_curso, id_tipo_curso, id_instituicao) VALUES ("senac_1_685", (select id_chave_tipo_curso from tipos_cursos where nome_tipo_curso = "aperfeiçoamento"), (SELECT id_chave_instituicao FROM instituicoes WHERE identificador = "senac"));
INSERT INTO cursos (nome_curso, id_tipo_curso, id_instituicao) VALUES ("senac_1_686", (select id_chave_tipo_curso from tipos_cursos where nome_tipo_curso = "aperfeiçoamento"), (SELECT id_chave_instituicao FROM instituicoes WHERE identificador = "senac"));
INSERT INTO cursos (nome_curso, id_tipo_curso, id_instituicao) VALUES ("senac_1_687", (select id_chave_tipo_curso from tipos_cursos where nome_tipo_curso = "aperfeiçoamento"), (SELECT id_chave_instituicao FROM instituicoes WHERE identificador = "senac"));
INSERT INTO cursos (nome_curso, id_tipo_curso, id_instituicao) VALUES ("senac_1_688", (select id_chave_tipo_curso from tipos_cursos where nome_tipo_curso = "aperfeiçoamento"), (SELECT id_chave_instituicao FROM instituicoes WHERE identificador = "senac"));
INSERT INTO cursos (nome_curso, id_tipo_curso, id_instituicao) VALUES ("senac_1_689", (select id_chave_tipo_curso from tipos_cursos where nome_tipo_curso = "aperfeiçoamento"), (SELECT id_chave_instituicao FROM instituicoes WHERE identificador = "senac"));
INSERT INTO cursos (nome_curso, id_tipo_curso, id_instituicao) VALUES ("senac_1_690", (select id_chave_tipo_curso from tipos_cursos where nome_tipo_curso = "aperfeiçoamento"), (SELECT id_chave_instituicao FROM instituicoes WHERE identificador = "senac"));
INSERT INTO cursos (nome_curso, id_tipo_curso, id_instituicao) VALUES ("senac_1_691", (select id_chave_tipo_curso from tipos_cursos where nome_tipo_curso = "aperfeiçoamento"), (SELECT id_chave_instituicao FROM instituicoes WHERE identificador = "senac"));
INSERT INTO cursos (nome_curso, id_tipo_curso, id_instituicao) VALUES ("senac_1_692", (select id_chave_tipo_curso from tipos_cursos where nome_tipo_curso = "aperfeiçoamento"), (SELECT id_chave_instituicao FROM instituicoes WHERE identificador = "senac"));
INSERT INTO cursos (nome_curso, id_tipo_curso, id_instituicao) VALUES ("senac_1_693", (select id_chave_tipo_curso from tipos_cursos where nome_tipo_curso = "aperfeiçoamento"), (SELECT id_chave_instituicao FROM instituicoes WHERE identificador = "senac"));
INSERT INTO cursos (nome_curso, id_tipo_curso, id_instituicao) VALUES ("senac_1_694", (select id_chave_tipo_curso from tipos_cursos where nome_tipo_curso = "aperfeiçoamento"), (SELECT id_chave_instituicao FROM instituicoes WHERE identificador = "senac"));
INSERT INTO cursos (nome_curso, id_tipo_curso, id_instituicao) VALUES ("senac_1_695", (select id_chave_tipo_curso from tipos_cursos where nome_tipo_curso = "aperfeiçoamento"), (SELECT id_chave_instituicao FROM instituicoes WHERE identificador = "senac"));
INSERT INTO cursos (nome_curso, id_tipo_curso, id_instituicao) VALUES ("senac_1_696", (select id_chave_tipo_curso from tipos_cursos where nome_tipo_curso = "aperfeiçoamento"), (SELECT id_chave_instituicao FROM instituicoes WHERE identificador = "senac"));
INSERT INTO cursos (nome_curso, id_tipo_curso, id_instituicao) VALUES ("senac_1_697", (select id_chave_tipo_curso from tipos_cursos where nome_tipo_curso = "aperfeiçoamento"), (SELECT id_chave_instituicao FROM instituicoes WHERE identificador = "senac"));
INSERT INTO cursos (nome_curso, id_tipo_curso, id_instituicao) VALUES ("senac_1_698", (select id_chave_tipo_curso from tipos_cursos where nome_tipo_curso = "aperfeiçoamento"), (SELECT id_chave_instituicao FROM instituicoes WHERE identificador = "senac"));
INSERT INTO cursos (nome_curso, id_tipo_curso, id_instituicao) VALUES ("senac_1_699", (select id_chave_tipo_curso from tipos_cursos where nome_tipo_curso = "aperfeiçoamento"), (SELECT id_chave_instituicao FROM instituicoes WHERE identificador = "senac"));
INSERT INTO cursos (nome_curso, id_tipo_curso, id_instituicao) VALUES ("senac_1_700", (select id_chave_tipo_curso from tipos_cursos where nome_tipo_curso = "aperfeiçoamento"), (SELECT id_chave_instituicao FROM instituicoes WHERE identificador = "senac"));
INSERT INTO cursos (nome_curso, id_tipo_curso, id_instituicao) VALUES ("senac_1_701", (select id_chave_tipo_curso from tipos_cursos where nome_tipo_curso = "aperfeiçoamento"), (SELECT id_chave_instituicao FROM instituicoes WHERE identificador = "senac"));
INSERT INTO cursos (nome_curso, id_tipo_curso, id_instituicao) VALUES ("senac_1_702", (select id_chave_tipo_curso from tipos_cursos where nome_tipo_curso = "aperfeiçoamento"), (SELECT id_chave_instituicao FROM instituicoes WHERE identificador = "senac"));
INSERT INTO cursos (nome_curso, id_tipo_curso, id_instituicao) VALUES ("senac_1_703", (select id_chave_tipo_curso from tipos_cursos where nome_tipo_curso = "aperfeiçoamento"), (SELECT id_chave_instituicao FROM instituicoes WHERE identificador = "senac"));
INSERT INTO cursos (nome_curso, id_tipo_curso, id_instituicao) VALUES ("senac_1_704", (select id_chave_tipo_curso from tipos_cursos where nome_tipo_curso = "aperfeiçoamento"), (SELECT id_chave_instituicao FROM instituicoes WHERE identificador = "senac"));
INSERT INTO cursos (nome_curso, id_tipo_curso, id_instituicao) VALUES ("senac_1_705", (select id_chave_tipo_curso from tipos_cursos where nome_tipo_curso = "aperfeiçoamento"), (SELECT id_chave_instituicao FROM instituicoes WHERE identificador = "senac"));
INSERT INTO cursos (nome_curso, id_tipo_curso, id_instituicao) VALUES ("senac_1_706", (select id_chave_tipo_curso from tipos_cursos where nome_tipo_curso = "aperfeiçoamento"), (SELECT id_chave_instituicao FROM instituicoes WHERE identificador = "senac"));
INSERT INTO cursos (nome_curso, id_tipo_curso, id_instituicao) VALUES ("senac_1_707", (select id_chave_tipo_curso from tipos_cursos where nome_tipo_curso = "aperfeiçoamento"), (SELECT id_chave_instituicao FROM instituicoes WHERE identificador = "senac"));
INSERT INTO cursos (nome_curso, id_tipo_curso, id_instituicao) VALUES ("senac_1_708", (select id_chave_tipo_curso from tipos_cursos where nome_tipo_curso = "aperfeiçoamento"), (SELECT id_chave_instituicao FROM instituicoes WHERE identificador = "senac"));
INSERT INTO cursos (nome_curso, id_tipo_curso, id_instituicao) VALUES ("senac_1_709", (select id_chave_tipo_curso from tipos_cursos where nome_tipo_curso = "aperfeiçoamento"), (SELECT id_chave_instituicao FROM instituicoes WHERE identificador = "senac"));
INSERT INTO cursos (nome_curso, id_tipo_curso, id_instituicao) VALUES ("senac_1_710", (select id_chave_tipo_curso from tipos_cursos where nome_tipo_curso = "aperfeiçoamento"), (SELECT id_chave_instituicao FROM instituicoes WHERE identificador = "senac"));
INSERT INTO cursos (nome_curso, id_tipo_curso, id_instituicao) VALUES ("senac_1_711", (select id_chave_tipo_curso from tipos_cursos where nome_tipo_curso = "aperfeiçoamento"), (SELECT id_chave_instituicao FROM instituicoes WHERE identificador = "senac"));
INSERT INTO cursos (nome_curso, id_tipo_curso, id_instituicao) VALUES ("senac_1_712", (select id_chave_tipo_curso from tipos_cursos where nome_tipo_curso = "aperfeiçoamento"), (SELECT id_chave_instituicao FROM instituicoes WHERE identificador = "senac"));
INSERT INTO cursos (nome_curso, id_tipo_curso, id_instituicao) VALUES ("senac_1_713", (select id_chave_tipo_curso from tipos_cursos where nome_tipo_curso = "aperfeiçoamento"), (SELECT id_chave_instituicao FROM instituicoes WHERE identificador = "senac"));
INSERT INTO cursos (nome_curso, id_tipo_curso, id_instituicao) VALUES ("senac_1_714", (select id_chave_tipo_curso from tipos_cursos where nome_tipo_curso = "aperfeiçoamento"), (SELECT id_chave_instituicao FROM instituicoes WHERE identificador = "senac"));
INSERT INTO cursos (nome_curso, id_tipo_curso, id_instituicao) VALUES ("senac_1_715", (select id_chave_tipo_curso from tipos_cursos where nome_tipo_curso = "aperfeiçoamento"), (SELECT id_chave_instituicao FROM instituicoes WHERE identificador = "senac"));
INSERT INTO cursos (nome_curso, id_tipo_curso, id_instituicao) VALUES ("senac_1_716", (select id_chave_tipo_curso from tipos_cursos where nome_tipo_curso = "aperfeiçoamento"), (SELECT id_chave_instituicao FROM instituicoes WHERE identificador = "senac"));
INSERT INTO cursos (nome_curso, id_tipo_curso, id_instituicao) VALUES ("senac_1_717", (select id_chave_tipo_curso from tipos_cursos where nome_tipo_curso = "aperfeiçoamento"), (SELECT id_chave_instituicao FROM instituicoes WHERE identificador = "senac"));
INSERT INTO cursos (nome_curso, id_tipo_curso, id_instituicao) VALUES ("senac_1_718", (select id_chave_tipo_curso from tipos_cursos where nome_tipo_curso = "aperfeiçoamento"), (SELECT id_chave_instituicao FROM instituicoes WHERE identificador = "senac"));
INSERT INTO cursos (nome_curso, id_tipo_curso, id_instituicao) VALUES ("senac_1_719", (select id_chave_tipo_curso from tipos_cursos where nome_tipo_curso = "aperfeiçoamento"), (SELECT id_chave_instituicao FROM instituicoes WHERE identificador = "senac"));
INSERT INTO cursos (nome_curso, id_tipo_curso, id_instituicao) VALUES ("senac_1_720", (select id_chave_tipo_curso from tipos_cursos where nome_tipo_curso = "aperfeiçoamento"), (SELECT id_chave_instituicao FROM instituicoes WHERE identificador = "senac"));
INSERT INTO cursos (nome_curso, id_tipo_curso, id_instituicao) VALUES ("senac_1_721", (select id_chave_tipo_curso from tipos_cursos where nome_tipo_curso = "aperfeiçoamento"), (SELECT id_chave_instituicao FROM instituicoes WHERE identificador = "senac"));
INSERT INTO cursos (nome_curso, id_tipo_curso, id_instituicao) VALUES ("senac_1_722", (select id_chave_tipo_curso from tipos_cursos where nome_tipo_curso = "aperfeiçoamento"), (SELECT id_chave_instituicao FROM instituicoes WHERE identificador = "senac"));
INSERT INTO cursos (nome_curso, id_tipo_curso, id_instituicao) VALUES ("senac_1_723", (select id_chave_tipo_curso from tipos_cursos where nome_tipo_curso = "aperfeiçoamento"), (SELECT id_chave_instituicao FROM instituicoes WHERE identificador = "senac"));
INSERT INTO cursos (nome_curso, id_tipo_curso, id_instituicao) VALUES ("senac_1_724", (select id_chave_tipo_curso from tipos_cursos where nome_tipo_curso = "aperfeiçoamento"), (SELECT id_chave_instituicao FROM instituicoes WHERE identificador = "senac"));
INSERT INTO cursos (nome_curso, id_tipo_curso, id_instituicao) VALUES ("senac_1_725", (select id_chave_tipo_curso from tipos_cursos where nome_tipo_curso = "aperfeiçoamento"), (SELECT id_chave_instituicao FROM instituicoes WHERE identificador = "senac"));
INSERT INTO cursos (nome_curso, id_tipo_curso, id_instituicao) VALUES ("senac_1_726", (select id_chave_tipo_curso from tipos_cursos where nome_tipo_curso = "aperfeiçoamento"), (SELECT id_chave_instituicao FROM instituicoes WHERE identificador = "senac"));
INSERT INTO cursos (nome_curso, id_tipo_curso, id_instituicao) VALUES ("senac_1_727", (select id_chave_tipo_curso from tipos_cursos where nome_tipo_curso = "aperfeiçoamento"), (SELECT id_chave_instituicao FROM instituicoes WHERE identificador = "senac"));
INSERT INTO cursos (nome_curso, id_tipo_curso, id_instituicao) VALUES ("senac_1_728", (select id_chave_tipo_curso from tipos_cursos where nome_tipo_curso = "aperfeiçoamento"), (SELECT id_chave_instituicao FROM instituicoes WHERE identificador = "senac"));
INSERT INTO cursos (nome_curso, id_tipo_curso, id_instituicao) VALUES ("senac_1_729", (select id_chave_tipo_curso from tipos_cursos where nome_tipo_curso = "aperfeiçoamento"), (SELECT id_chave_instituicao FROM instituicoes WHERE identificador = "senac"));
INSERT INTO cursos (nome_curso, id_tipo_curso, id_instituicao) VALUES ("senac_1_730", (select id_chave_tipo_curso from tipos_cursos where nome_tipo_curso = "aperfeiçoamento"), (SELECT id_chave_instituicao FROM instituicoes WHERE identificador = "senac"));
INSERT INTO cursos (nome_curso, id_tipo_curso, id_instituicao) VALUES ("senac_1_731", (select id_chave_tipo_curso from tipos_cursos where nome_tipo_curso = "aperfeiçoamento"), (SELECT id_chave_instituicao FROM instituicoes WHERE identificador = "senac"));
INSERT INTO cursos (nome_curso, id_tipo_curso, id_instituicao) VALUES ("senac_1_732", (select id_chave_tipo_curso from tipos_cursos where nome_tipo_curso = "aperfeiçoamento"), (SELECT id_chave_instituicao FROM instituicoes WHERE identificador = "senac"));
INSERT INTO cursos (nome_curso, id_tipo_curso, id_instituicao) VALUES ("senac_1_733", (select id_chave_tipo_curso from tipos_cursos where nome_tipo_curso = "aperfeiçoamento"), (SELECT id_chave_instituicao FROM instituicoes WHERE identificador = "senac"));
INSERT INTO cursos (nome_curso, id_tipo_curso, id_instituicao) VALUES ("senac_1_734", (select id_chave_tipo_curso from tipos_cursos where nome_tipo_curso = "aperfeiçoamento"), (SELECT id_chave_instituicao FROM instituicoes WHERE identificador = "senac"));
INSERT INTO cursos (nome_curso, id_tipo_curso, id_instituicao) VALUES ("senac_1_735", (select id_chave_tipo_curso from tipos_cursos where nome_tipo_curso = "aperfeiçoamento"), (SELECT id_chave_instituicao FROM instituicoes WHERE identificador = "senac"));
INSERT INTO cursos (nome_curso, id_tipo_curso, id_instituicao) VALUES ("senac_1_736", (select id_chave_tipo_curso from tipos_cursos where nome_tipo_curso = "qualificação_profissional"), (SELECT id_chave_instituicao FROM instituicoes WHERE identificador = "senac"));
INSERT INTO cursos (nome_curso, id_tipo_curso, id_instituicao) VALUES ("senac_1_737", (select id_chave_tipo_curso from tipos_cursos where nome_tipo_curso = "qualificação_profissional"), (SELECT id_chave_instituicao FROM instituicoes WHERE identificador = "senac"));
INSERT INTO cursos (nome_curso, id_tipo_curso, id_instituicao) VALUES ("senac_1_738", (select id_chave_tipo_curso from tipos_cursos where nome_tipo_curso = "qualificação_profissional"), (SELECT id_chave_instituicao FROM instituicoes WHERE identificador = "senac"));
INSERT INTO cursos (nome_curso, id_tipo_curso, id_instituicao) VALUES ("senac_1_739", (select id_chave_tipo_curso from tipos_cursos where nome_tipo_curso = "aperfeiçoamento"), (SELECT id_chave_instituicao FROM instituicoes WHERE identificador = "senac"));
INSERT INTO cursos (nome_curso, id_tipo_curso, id_instituicao) VALUES ("senac_1_740", (select id_chave_tipo_curso from tipos_cursos where nome_tipo_curso = "aperfeiçoamento"), (SELECT id_chave_instituicao FROM instituicoes WHERE identificador = "senac"));
INSERT INTO cursos (nome_curso, id_tipo_curso, id_instituicao) VALUES ("senac_1_741", (select id_chave_tipo_curso from tipos_cursos where nome_tipo_curso = "aperfeiçoamento"), (SELECT id_chave_instituicao FROM instituicoes WHERE identificador = "senac"));
INSERT INTO cursos (nome_curso, id_tipo_curso, id_instituicao) VALUES ("senac_1_742", (select id_chave_tipo_curso from tipos_cursos where nome_tipo_curso = "aperfeiçoamento"), (SELECT id_chave_instituicao FROM instituicoes WHERE identificador = "senac"));
INSERT INTO cursos (nome_curso, id_tipo_curso, id_instituicao) VALUES ("senac_1_743", (select id_chave_tipo_curso from tipos_cursos where nome_tipo_curso = "aperfeiçoamento"), (SELECT id_chave_instituicao FROM instituicoes WHERE identificador = "senac"));
INSERT INTO cursos (nome_curso, id_tipo_curso, id_instituicao) VALUES ("senac_1_744", (select id_chave_tipo_curso from tipos_cursos where nome_tipo_curso = "aperfeiçoamento"), (SELECT id_chave_instituicao FROM instituicoes WHERE identificador = "senac"));
INSERT INTO cursos (nome_curso, id_tipo_curso, id_instituicao) VALUES ("senac_1_745", (select id_chave_tipo_curso from tipos_cursos where nome_tipo_curso = "aperfeiçoamento"), (SELECT id_chave_instituicao FROM instituicoes WHERE identificador = "senac"));
INSERT INTO cursos (nome_curso, id_tipo_curso, id_instituicao) VALUES ("senac_1_746", (select id_chave_tipo_curso from tipos_cursos where nome_tipo_curso = "aperfeiçoamento"), (SELECT id_chave_instituicao FROM instituicoes WHERE identificador = "senac"));
INSERT INTO cursos (nome_curso, id_tipo_curso, id_instituicao) VALUES ("senac_1_747", (select id_chave_tipo_curso from tipos_cursos where nome_tipo_curso = "aperfeiçoamento"), (SELECT id_chave_instituicao FROM instituicoes WHERE identificador = "senac"));
INSERT INTO cursos (nome_curso, id_tipo_curso, id_instituicao) VALUES ("senac_1_748", (select id_chave_tipo_curso from tipos_cursos where nome_tipo_curso = "aperfeiçoamento"), (SELECT id_chave_instituicao FROM instituicoes WHERE identificador = "senac"));
INSERT INTO cursos (nome_curso, id_tipo_curso, id_instituicao) VALUES ("senac_1_749", (select id_chave_tipo_curso from tipos_cursos where nome_tipo_curso = "aperfeiçoamento"), (SELECT id_chave_instituicao FROM instituicoes WHERE identificador = "senac"));
INSERT INTO cursos (nome_curso, id_tipo_curso, id_instituicao) VALUES ("senac_1_750", (select id_chave_tipo_curso from tipos_cursos where nome_tipo_curso = "aperfeiçoamento"), (SELECT id_chave_instituicao FROM instituicoes WHERE identificador = "senac"));
INSERT INTO cursos (nome_curso, id_tipo_curso, id_instituicao) VALUES ("senac_1_751", (select id_chave_tipo_curso from tipos_cursos where nome_tipo_curso = "aperfeiçoamento"), (SELECT id_chave_instituicao FROM instituicoes WHERE identificador = "senac"));
INSERT INTO cursos (nome_curso, id_tipo_curso, id_instituicao) VALUES ("senac_1_752", (select id_chave_tipo_curso from tipos_cursos where nome_tipo_curso = "aperfeiçoamento"), (SELECT id_chave_instituicao FROM instituicoes WHERE identificador = "senac"));
INSERT INTO cursos (nome_curso, id_tipo_curso, id_instituicao) VALUES ("senac_1_753", (select id_chave_tipo_curso from tipos_cursos where nome_tipo_curso = "aperfeiçoamento"), (SELECT id_chave_instituicao FROM instituicoes WHERE identificador = "senac"));
INSERT INTO cursos (nome_curso, id_tipo_curso, id_instituicao) VALUES ("senac_1_754", (select id_chave_tipo_curso from tipos_cursos where nome_tipo_curso = "aperfeiçoamento"), (SELECT id_chave_instituicao FROM instituicoes WHERE identificador = "senac"));
INSERT INTO cursos (nome_curso, id_tipo_curso, id_instituicao) VALUES ("senac_1_755", (select id_chave_tipo_curso from tipos_cursos where nome_tipo_curso = "aperfeiçoamento"), (SELECT id_chave_instituicao FROM instituicoes WHERE identificador = "senac"));
INSERT INTO cursos (nome_curso, id_tipo_curso, id_instituicao) VALUES ("senac_1_756", (select id_chave_tipo_curso from tipos_cursos where nome_tipo_curso = "aperfeiçoamento"), (SELECT id_chave_instituicao FROM instituicoes WHERE identificador = "senac"));
INSERT INTO cursos (nome_curso, id_tipo_curso, id_instituicao) VALUES ("senac_1_757", (select id_chave_tipo_curso from tipos_cursos where nome_tipo_curso = "aperfeiçoamento"), (SELECT id_chave_instituicao FROM instituicoes WHERE identificador = "senac"));
INSERT INTO cursos (nome_curso, id_tipo_curso, id_instituicao) VALUES ("senac_1_758", (select id_chave_tipo_curso from tipos_cursos where nome_tipo_curso = "aperfeiçoamento"), (SELECT id_chave_instituicao FROM instituicoes WHERE identificador = "senac"));
INSERT INTO cursos (nome_curso, id_tipo_curso, id_instituicao) VALUES ("senac_1_759", (select id_chave_tipo_curso from tipos_cursos where nome_tipo_curso = "aperfeiçoamento"), (SELECT id_chave_instituicao FROM instituicoes WHERE identificador = "senac"));
INSERT INTO cursos (nome_curso, id_tipo_curso, id_instituicao) VALUES ("senac_1_760", (select id_chave_tipo_curso from tipos_cursos where nome_tipo_curso = "aperfeiçoamento"), (SELECT id_chave_instituicao FROM instituicoes WHERE identificador = "senac"));
INSERT INTO cursos (nome_curso, id_tipo_curso, id_instituicao) VALUES ("senac_1_761", (select id_chave_tipo_curso from tipos_cursos where nome_tipo_curso = "aperfeiçoamento"), (SELECT id_chave_instituicao FROM instituicoes WHERE identificador = "senac"));
INSERT INTO cursos (nome_curso, id_tipo_curso, id_instituicao) VALUES ("senac_1_762", (select id_chave_tipo_curso from tipos_cursos where nome_tipo_curso = "aperfeiçoamento"), (SELECT id_chave_instituicao FROM instituicoes WHERE identificador = "senac"));
INSERT INTO cursos (nome_curso, id_tipo_curso, id_instituicao) VALUES ("senac_1_763", (select id_chave_tipo_curso from tipos_cursos where nome_tipo_curso = "aperfeiçoamento"), (SELECT id_chave_instituicao FROM instituicoes WHERE identificador = "senac"));
INSERT INTO cursos (nome_curso, id_tipo_curso, id_instituicao) VALUES ("senac_1_764", (select id_chave_tipo_curso from tipos_cursos where nome_tipo_curso = "aperfeiçoamento"), (SELECT id_chave_instituicao FROM instituicoes WHERE identificador = "senac"));
INSERT INTO cursos (nome_curso, id_tipo_curso, id_instituicao) VALUES ("senac_1_765", (select id_chave_tipo_curso from tipos_cursos where nome_tipo_curso = "aperfeiçoamento"), (SELECT id_chave_instituicao FROM instituicoes WHERE identificador = "senac"));
INSERT INTO cursos (nome_curso, id_tipo_curso, id_instituicao) VALUES ("senac_1_766", (select id_chave_tipo_curso from tipos_cursos where nome_tipo_curso = "aperfeiçoamento"), (SELECT id_chave_instituicao FROM instituicoes WHERE identificador = "senac"));
INSERT INTO cursos (nome_curso, id_tipo_curso, id_instituicao) VALUES ("senac_1_767", (select id_chave_tipo_curso from tipos_cursos where nome_tipo_curso = "aperfeiçoamento"), (SELECT id_chave_instituicao FROM instituicoes WHERE identificador = "senac"));
INSERT INTO cursos (nome_curso, id_tipo_curso, id_instituicao) VALUES ("senac_1_768", (select id_chave_tipo_curso from tipos_cursos where nome_tipo_curso = "aperfeiçoamento"), (SELECT id_chave_instituicao FROM instituicoes WHERE identificador = "senac"));
INSERT INTO cursos (nome_curso, id_tipo_curso, id_instituicao) VALUES ("senac_1_769", (select id_chave_tipo_curso from tipos_cursos where nome_tipo_curso = "aperfeiçoamento"), (SELECT id_chave_instituicao FROM instituicoes WHERE identificador = "senac"));
INSERT INTO cursos (nome_curso, id_tipo_curso, id_instituicao) VALUES ("senac_1_770", (select id_chave_tipo_curso from tipos_cursos where nome_tipo_curso = "aperfeiçoamento"), (SELECT id_chave_instituicao FROM instituicoes WHERE identificador = "senac"));
INSERT INTO cursos (nome_curso, id_tipo_curso, id_instituicao) VALUES ("senac_1_771", (select id_chave_tipo_curso from tipos_cursos where nome_tipo_curso = "aperfeiçoamento"), (SELECT id_chave_instituicao FROM instituicoes WHERE identificador = "senac"));
INSERT INTO cursos (nome_curso, id_tipo_curso, id_instituicao) VALUES ("senac_1_772", (select id_chave_tipo_curso from tipos_cursos where nome_tipo_curso = "aperfeiçoamento"), (SELECT id_chave_instituicao FROM instituicoes WHERE identificador = "senac"));
INSERT INTO cursos (nome_curso, id_tipo_curso, id_instituicao) VALUES ("senac_1_773", (select id_chave_tipo_curso from tipos_cursos where nome_tipo_curso = "aperfeiçoamento"), (SELECT id_chave_instituicao FROM instituicoes WHERE identificador = "senac"));
INSERT INTO cursos (nome_curso, id_tipo_curso, id_instituicao) VALUES ("senac_1_774", (select id_chave_tipo_curso from tipos_cursos where nome_tipo_curso = "aperfeiçoamento"), (SELECT id_chave_instituicao FROM instituicoes WHERE identificador = "senac"));
INSERT INTO cursos (nome_curso, id_tipo_curso, id_instituicao) VALUES ("senac_1_775", (select id_chave_tipo_curso from tipos_cursos where nome_tipo_curso = "aperfeiçoamento"), (SELECT id_chave_instituicao FROM instituicoes WHERE identificador = "senac"));
INSERT INTO cursos (nome_curso, id_tipo_curso, id_instituicao) VALUES ("senac_1_776", (select id_chave_tipo_curso from tipos_cursos where nome_tipo_curso = "aperfeiçoamento"), (SELECT id_chave_instituicao FROM instituicoes WHERE identificador = "senac"));
INSERT INTO cursos (nome_curso, id_tipo_curso, id_instituicao) VALUES ("senac_1_777", (select id_chave_tipo_curso from tipos_cursos where nome_tipo_curso = "aperfeiçoamento"), (SELECT id_chave_instituicao FROM instituicoes WHERE identificador = "senac"));
INSERT INTO cursos (nome_curso, id_tipo_curso, id_instituicao) VALUES ("senac_1_778", (select id_chave_tipo_curso from tipos_cursos where nome_tipo_curso = "aperfeiçoamento"), (SELECT id_chave_instituicao FROM instituicoes WHERE identificador = "senac"));
INSERT INTO cursos (nome_curso, id_tipo_curso, id_instituicao) VALUES ("senac_1_779", (select id_chave_tipo_curso from tipos_cursos where nome_tipo_curso = "aperfeiçoamento"), (SELECT id_chave_instituicao FROM instituicoes WHERE identificador = "senac"));
INSERT INTO cursos (nome_curso, id_tipo_curso, id_instituicao) VALUES ("senac_1_780", (select id_chave_tipo_curso from tipos_cursos where nome_tipo_curso = "aperfeiçoamento"), (SELECT id_chave_instituicao FROM instituicoes WHERE identificador = "senac"));
INSERT INTO cursos (nome_curso, id_tipo_curso, id_instituicao) VALUES ("senac_1_781", (select id_chave_tipo_curso from tipos_cursos where nome_tipo_curso = "aperfeiçoamento"), (SELECT id_chave_instituicao FROM instituicoes WHERE identificador = "senac"));
INSERT INTO cursos (nome_curso, id_tipo_curso, id_instituicao) VALUES ("senac_1_782", (select id_chave_tipo_curso from tipos_cursos where nome_tipo_curso = "aperfeiçoamento"), (SELECT id_chave_instituicao FROM instituicoes WHERE identificador = "senac"));
INSERT INTO cursos (nome_curso, id_tipo_curso, id_instituicao) VALUES ("senac_1_783", (select id_chave_tipo_curso from tipos_cursos where nome_tipo_curso = "aperfeiçoamento"), (SELECT id_chave_instituicao FROM instituicoes WHERE identificador = "senac"));
INSERT INTO cursos (nome_curso, id_tipo_curso, id_instituicao) VALUES ("senac_1_784", (select id_chave_tipo_curso from tipos_cursos where nome_tipo_curso = "aperfeiçoamento"), (SELECT id_chave_instituicao FROM instituicoes WHERE identificador = "senac"));
INSERT INTO cursos (nome_curso, id_tipo_curso, id_instituicao) VALUES ("senac_1_785", (select id_chave_tipo_curso from tipos_cursos where nome_tipo_curso = "aperfeiçoamento"), (SELECT id_chave_instituicao FROM instituicoes WHERE identificador = "senac"));
INSERT INTO cursos (nome_curso, id_tipo_curso, id_instituicao) VALUES ("senac_1_786", (select id_chave_tipo_curso from tipos_cursos where nome_tipo_curso = "aperfeiçoamento"), (SELECT id_chave_instituicao FROM instituicoes WHERE identificador = "senac"));
INSERT INTO cursos (nome_curso, id_tipo_curso, id_instituicao) VALUES ("senac_1_787", (select id_chave_tipo_curso from tipos_cursos where nome_tipo_curso = "aperfeiçoamento"), (SELECT id_chave_instituicao FROM instituicoes WHERE identificador = "senac"));
INSERT INTO cursos (nome_curso, id_tipo_curso, id_instituicao) VALUES ("senac_1_788", (select id_chave_tipo_curso from tipos_cursos where nome_tipo_curso = "aperfeiçoamento"), (SELECT id_chave_instituicao FROM instituicoes WHERE identificador = "senac"));
INSERT INTO cursos (nome_curso, id_tipo_curso, id_instituicao) VALUES ("senac_1_789", (select id_chave_tipo_curso from tipos_cursos where nome_tipo_curso = "aperfeiçoamento"), (SELECT id_chave_instituicao FROM instituicoes WHERE identificador = "senac"));
INSERT INTO cursos (nome_curso, id_tipo_curso, id_instituicao) VALUES ("senac_1_790", (select id_chave_tipo_curso from tipos_cursos where nome_tipo_curso = "qualificação_profissional"), (SELECT id_chave_instituicao FROM instituicoes WHERE identificador = "senac"));
INSERT INTO cursos (nome_curso, id_tipo_curso, id_instituicao) VALUES ("senac_1_791", (select id_chave_tipo_curso from tipos_cursos where nome_tipo_curso = "qualificação_profissional"), (SELECT id_chave_instituicao FROM instituicoes WHERE identificador = "senac"));
INSERT INTO cursos (nome_curso, id_tipo_curso, id_instituicao) VALUES ("senac_1_792", (select id_chave_tipo_curso from tipos_cursos where nome_tipo_curso = "qualificação_profissional"), (SELECT id_chave_instituicao FROM instituicoes WHERE identificador = "senac"));
INSERT INTO cursos (nome_curso, id_tipo_curso, id_instituicao) VALUES ("senac_1_793", (select id_chave_tipo_curso from tipos_cursos where nome_tipo_curso = "qualificação_profissional"), (SELECT id_chave_instituicao FROM instituicoes WHERE identificador = "senac"));
INSERT INTO cursos (nome_curso, id_tipo_curso, id_instituicao) VALUES ("senac_1_794", (select id_chave_tipo_curso from tipos_cursos where nome_tipo_curso = "qualificação_profissional"), (SELECT id_chave_instituicao FROM instituicoes WHERE identificador = "senac"));
INSERT INTO cursos (nome_curso, id_tipo_curso, id_instituicao) VALUES ("senac_1_795", (select id_chave_tipo_curso from tipos_cursos where nome_tipo_curso = "qualificação_profissional"), (SELECT id_chave_instituicao FROM instituicoes WHERE identificador = "senac"));
INSERT INTO cursos (nome_curso, id_tipo_curso, id_instituicao) VALUES ("senac_1_796", (select id_chave_tipo_curso from tipos_cursos where nome_tipo_curso = "qualificação_profissional"), (SELECT id_chave_instituicao FROM instituicoes WHERE identificador = "senac"));
INSERT INTO cursos (nome_curso, id_tipo_curso, id_instituicao) VALUES ("senac_1_797", (select id_chave_tipo_curso from tipos_cursos where nome_tipo_curso = "qualificação_profissional"), (SELECT id_chave_instituicao FROM instituicoes WHERE identificador = "senac"));
INSERT INTO cursos (nome_curso, id_tipo_curso, id_instituicao) VALUES ("senac_1_798", (select id_chave_tipo_curso from tipos_cursos where nome_tipo_curso = "qualificação_profissional"), (SELECT id_chave_instituicao FROM instituicoes WHERE identificador = "senac"));
INSERT INTO cursos (nome_curso, id_tipo_curso, id_instituicao) VALUES ("senac_1_799", (select id_chave_tipo_curso from tipos_cursos where nome_tipo_curso = "qualificação_profissional"), (SELECT id_chave_instituicao FROM instituicoes WHERE identificador = "senac"));
INSERT INTO cursos (nome_curso, id_tipo_curso, id_instituicao) VALUES ("senac_1_800", (select id_chave_tipo_curso from tipos_cursos where nome_tipo_curso = "qualificação_profissional"), (SELECT id_chave_instituicao FROM instituicoes WHERE identificador = "senac"));
INSERT INTO cursos (nome_curso, id_tipo_curso, id_instituicao) VALUES ("senac_1_801", (select id_chave_tipo_curso from tipos_cursos where nome_tipo_curso = "qualificação_profissional"), (SELECT id_chave_instituicao FROM instituicoes WHERE identificador = "senac"));
INSERT INTO cursos (nome_curso, id_tipo_curso, id_instituicao) VALUES ("senac_1_802", (select id_chave_tipo_curso from tipos_cursos where nome_tipo_curso = "qualificação_profissional"), (SELECT id_chave_instituicao FROM instituicoes WHERE identificador = "senac"));
INSERT INTO cursos (nome_curso, id_tipo_curso, id_instituicao) VALUES ("senac_1_803", (select id_chave_tipo_curso from tipos_cursos where nome_tipo_curso = "qualificação_profissional"), (SELECT id_chave_instituicao FROM instituicoes WHERE identificador = "senac"));
INSERT INTO cursos (nome_curso, id_tipo_curso, id_instituicao) VALUES ("senac_1_804", (select id_chave_tipo_curso from tipos_cursos where nome_tipo_curso = "qualificação_profissional"), (SELECT id_chave_instituicao FROM instituicoes WHERE identificador = "senac"));
INSERT INTO cursos (nome_curso, id_tipo_curso, id_instituicao) VALUES ("senac_1_805", (select id_chave_tipo_curso from tipos_cursos where nome_tipo_curso = "qualificação_profissional"), (SELECT id_chave_instituicao FROM instituicoes WHERE identificador = "senac"));
INSERT INTO cursos (nome_curso, id_tipo_curso, id_instituicao) VALUES ("senac_1_806", (select id_chave_tipo_curso from tipos_cursos where nome_tipo_curso = "qualificação_profissional"), (SELECT id_chave_instituicao FROM instituicoes WHERE identificador = "senac"));
INSERT INTO cursos (nome_curso, id_tipo_curso, id_instituicao) VALUES ("senac_1_807", (select id_chave_tipo_curso from tipos_cursos where nome_tipo_curso = "qualificação_profissional"), (SELECT id_chave_instituicao FROM instituicoes WHERE identificador = "senac"));
INSERT INTO cursos (nome_curso, id_tipo_curso, id_instituicao) VALUES ("senac_1_808", (select id_chave_tipo_curso from tipos_cursos where nome_tipo_curso = "qualificação_profissional"), (SELECT id_chave_instituicao FROM instituicoes WHERE identificador = "senac"));
INSERT INTO cursos (nome_curso, id_tipo_curso, id_instituicao) VALUES ("senac_1_809", (select id_chave_tipo_curso from tipos_cursos where nome_tipo_curso = "qualificação_profissional"), (SELECT id_chave_instituicao FROM instituicoes WHERE identificador = "senac"));
INSERT INTO cursos (nome_curso, id_tipo_curso, id_instituicao) VALUES ("senac_1_810", (select id_chave_tipo_curso from tipos_cursos where nome_tipo_curso = "qualificação_profissional"), (SELECT id_chave_instituicao FROM instituicoes WHERE identificador = "senac"));
INSERT INTO cursos (nome_curso, id_tipo_curso, id_instituicao) VALUES ("senac_1_811", (select id_chave_tipo_curso from tipos_cursos where nome_tipo_curso = "qualificação_profissional"), (SELECT id_chave_instituicao FROM instituicoes WHERE identificador = "senac"));
INSERT INTO cursos (nome_curso, id_tipo_curso, id_instituicao) VALUES ("senac_1_812", (select id_chave_tipo_curso from tipos_cursos where nome_tipo_curso = "qualificação_profissional"), (SELECT id_chave_instituicao FROM instituicoes WHERE identificador = "senac"));
INSERT INTO cursos (nome_curso, id_tipo_curso, id_instituicao) VALUES ("senac_1_813", (select id_chave_tipo_curso from tipos_cursos where nome_tipo_curso = "qualificação_profissional"), (SELECT id_chave_instituicao FROM instituicoes WHERE identificador = "senac"));
INSERT INTO cursos (nome_curso, id_tipo_curso, id_instituicao) VALUES ("senac_1_814", (select id_chave_tipo_curso from tipos_cursos where nome_tipo_curso = "qualificação_profissional"), (SELECT id_chave_instituicao FROM instituicoes WHERE identificador = "senac"));
INSERT INTO cursos (nome_curso, id_tipo_curso, id_instituicao) VALUES ("senac_1_815", (select id_chave_tipo_curso from tipos_cursos where nome_tipo_curso = "qualificação_profissional"), (SELECT id_chave_instituicao FROM instituicoes WHERE identificador = "senac"));
INSERT INTO cursos (nome_curso, id_tipo_curso, id_instituicao) VALUES ("senac_1_816", (select id_chave_tipo_curso from tipos_cursos where nome_tipo_curso = "qualificação_profissional"), (SELECT id_chave_instituicao FROM instituicoes WHERE identificador = "senac"));
INSERT INTO cursos (nome_curso, id_tipo_curso, id_instituicao) VALUES ("senac_1_817", (select id_chave_tipo_curso from tipos_cursos where nome_tipo_curso = "qualificação_profissional"), (SELECT id_chave_instituicao FROM instituicoes WHERE identificador = "senac"));
INSERT INTO cursos (nome_curso, id_tipo_curso, id_instituicao) VALUES ("senac_1_818", (select id_chave_tipo_curso from tipos_cursos where nome_tipo_curso = "qualificação_profissional"), (SELECT id_chave_instituicao FROM instituicoes WHERE identificador = "senac"));
INSERT INTO cursos (nome_curso, id_tipo_curso, id_instituicao) VALUES ("senac_1_819", (select id_chave_tipo_curso from tipos_cursos where nome_tipo_curso = "qualificação_profissional"), (SELECT id_chave_instituicao FROM instituicoes WHERE identificador = "senac"));
INSERT INTO cursos (nome_curso, id_tipo_curso, id_instituicao) VALUES ("senac_1_820", (select id_chave_tipo_curso from tipos_cursos where nome_tipo_curso = "qualificação_profissional"), (SELECT id_chave_instituicao FROM instituicoes WHERE identificador = "senac"));
INSERT INTO cursos (nome_curso, id_tipo_curso, id_instituicao) VALUES ("senac_1_821", (select id_chave_tipo_curso from tipos_cursos where nome_tipo_curso = "qualificação_profissional"), (SELECT id_chave_instituicao FROM instituicoes WHERE identificador = "senac"));
INSERT INTO cursos (nome_curso, id_tipo_curso, id_instituicao) VALUES ("senac_1_822", (select id_chave_tipo_curso from tipos_cursos where nome_tipo_curso = "qualificação_profissional"), (SELECT id_chave_instituicao FROM instituicoes WHERE identificador = "senac"));
INSERT INTO cursos (nome_curso, id_tipo_curso, id_instituicao) VALUES ("senac_1_823", (select id_chave_tipo_curso from tipos_cursos where nome_tipo_curso = "qualificação_profissional"), (SELECT id_chave_instituicao FROM instituicoes WHERE identificador = "senac"));
INSERT INTO cursos (nome_curso, id_tipo_curso, id_instituicao) VALUES ("senac_1_824", (select id_chave_tipo_curso from tipos_cursos where nome_tipo_curso = "qualificação_profissional"), (SELECT id_chave_instituicao FROM instituicoes WHERE identificador = "senac"));
INSERT INTO cursos (nome_curso, id_tipo_curso, id_instituicao) VALUES ("senac_1_825", (select id_chave_tipo_curso from tipos_cursos where nome_tipo_curso = "qualificação_profissional"), (SELECT id_chave_instituicao FROM instituicoes WHERE identificador = "senac"));
INSERT INTO cursos (nome_curso, id_tipo_curso, id_instituicao) VALUES ("senac_1_826", (select id_chave_tipo_curso from tipos_cursos where nome_tipo_curso = "qualificação_profissional"), (SELECT id_chave_instituicao FROM instituicoes WHERE identificador = "senac"));
INSERT INTO cursos (nome_curso, id_tipo_curso, id_instituicao) VALUES ("senac_1_827", (select id_chave_tipo_curso from tipos_cursos where nome_tipo_curso = "qualificação_profissional"), (SELECT id_chave_instituicao FROM instituicoes WHERE identificador = "senac"));
INSERT INTO cursos (nome_curso, id_tipo_curso, id_instituicao) VALUES ("senac_1_828", (select id_chave_tipo_curso from tipos_cursos where nome_tipo_curso = "qualificação_profissional"), (SELECT id_chave_instituicao FROM instituicoes WHERE identificador = "senac"));
INSERT INTO cursos (nome_curso, id_tipo_curso, id_instituicao) VALUES ("senac_1_829", (select id_chave_tipo_curso from tipos_cursos where nome_tipo_curso = "qualificação_profissional"), (SELECT id_chave_instituicao FROM instituicoes WHERE identificador = "senac"));
INSERT INTO cursos (nome_curso, id_tipo_curso, id_instituicao) VALUES ("senac_1_830", (select id_chave_tipo_curso from tipos_cursos where nome_tipo_curso = "qualificação_profissional"), (SELECT id_chave_instituicao FROM instituicoes WHERE identificador = "senac"));
INSERT INTO cursos (nome_curso, id_tipo_curso, id_instituicao) VALUES ("senac_1_831", (select id_chave_tipo_curso from tipos_cursos where nome_tipo_curso = "qualificação_profissional"), (SELECT id_chave_instituicao FROM instituicoes WHERE identificador = "senac"));
INSERT INTO cursos (nome_curso, id_tipo_curso, id_instituicao) VALUES ("senac_1_832", (select id_chave_tipo_curso from tipos_cursos where nome_tipo_curso = "qualificação_profissional"), (SELECT id_chave_instituicao FROM instituicoes WHERE identificador = "senac"));
INSERT INTO cursos (nome_curso, id_tipo_curso, id_instituicao) VALUES ("senac_1_833", (select id_chave_tipo_curso from tipos_cursos where nome_tipo_curso = "qualificação_profissional"), (SELECT id_chave_instituicao FROM instituicoes WHERE identificador = "senac"));
INSERT INTO cursos (nome_curso, id_tipo_curso, id_instituicao) VALUES ("senac_1_834", (select id_chave_tipo_curso from tipos_cursos where nome_tipo_curso = "qualificação_profissional"), (SELECT id_chave_instituicao FROM instituicoes WHERE identificador = "senac"));
INSERT INTO cursos (nome_curso, id_tipo_curso, id_instituicao) VALUES ("senac_1_835", (select id_chave_tipo_curso from tipos_cursos where nome_tipo_curso = "qualificação_profissional"), (SELECT id_chave_instituicao FROM instituicoes WHERE identificador = "senac"));
INSERT INTO cursos (nome_curso, id_tipo_curso, id_instituicao) VALUES ("senac_1_836", (select id_chave_tipo_curso from tipos_cursos where nome_tipo_curso = "qualificação_profissional"), (SELECT id_chave_instituicao FROM instituicoes WHERE identificador = "senac"));
INSERT INTO cursos (nome_curso, id_tipo_curso, id_instituicao) VALUES ("senac_1_837", (select id_chave_tipo_curso from tipos_cursos where nome_tipo_curso = "qualificação_profissional"), (SELECT id_chave_instituicao FROM instituicoes WHERE identificador = "senac"));
INSERT INTO cursos (nome_curso, id_tipo_curso, id_instituicao) VALUES ("senac_1_838", (select id_chave_tipo_curso from tipos_cursos where nome_tipo_curso = "qualificação_profissional"), (SELECT id_chave_instituicao FROM instituicoes WHERE identificador = "senac"));
INSERT INTO cursos (nome_curso, id_tipo_curso, id_instituicao) VALUES ("senac_1_839", (select id_chave_tipo_curso from tipos_cursos where nome_tipo_curso = "qualificação_profissional"), (SELECT id_chave_instituicao FROM instituicoes WHERE identificador = "senac"));
INSERT INTO cursos (nome_curso, id_tipo_curso, id_instituicao) VALUES ("senac_1_840", (select id_chave_tipo_curso from tipos_cursos where nome_tipo_curso = "qualificação_profissional"), (SELECT id_chave_instituicao FROM instituicoes WHERE identificador = "senac"));
INSERT INTO cursos (nome_curso, id_tipo_curso, id_instituicao) VALUES ("senac_1_841", (select id_chave_tipo_curso from tipos_cursos where nome_tipo_curso = "qualificação_profissional"), (SELECT id_chave_instituicao FROM instituicoes WHERE identificador = "senac"));
INSERT INTO cursos (nome_curso, id_tipo_curso, id_instituicao) VALUES ("senac_1_842", (select id_chave_tipo_curso from tipos_cursos where nome_tipo_curso = "qualificação_profissional"), (SELECT id_chave_instituicao FROM instituicoes WHERE identificador = "senac"));
INSERT INTO cursos (nome_curso, id_tipo_curso, id_instituicao) VALUES ("senac_1_843", (select id_chave_tipo_curso from tipos_cursos where nome_tipo_curso = "qualificação_profissional"), (SELECT id_chave_instituicao FROM instituicoes WHERE identificador = "senac"));
INSERT INTO cursos (nome_curso, id_tipo_curso, id_instituicao) VALUES ("senac_1_844", (select id_chave_tipo_curso from tipos_cursos where nome_tipo_curso = "qualificação_profissional"), (SELECT id_chave_instituicao FROM instituicoes WHERE identificador = "senac"));
INSERT INTO cursos (nome_curso, id_tipo_curso, id_instituicao) VALUES ("senac_1_845", (select id_chave_tipo_curso from tipos_cursos where nome_tipo_curso = "qualificação_profissional"), (SELECT id_chave_instituicao FROM instituicoes WHERE identificador = "senac"));
INSERT INTO cursos (nome_curso, id_tipo_curso, id_instituicao) VALUES ("senac_1_846", (select id_chave_tipo_curso from tipos_cursos where nome_tipo_curso = "qualificação_profissional"), (SELECT id_chave_instituicao FROM instituicoes WHERE identificador = "senac"));
INSERT INTO cursos (nome_curso, id_tipo_curso, id_instituicao) VALUES ("senac_1_847", (select id_chave_tipo_curso from tipos_cursos where nome_tipo_curso = "qualificação_profissional"), (SELECT id_chave_instituicao FROM instituicoes WHERE identificador = "senac"));
INSERT INTO cursos (nome_curso, id_tipo_curso, id_instituicao) VALUES ("senac_1_848", (select id_chave_tipo_curso from tipos_cursos where nome_tipo_curso = "qualificação_profissional"), (SELECT id_chave_instituicao FROM instituicoes WHERE identificador = "senac"));
INSERT INTO cursos (nome_curso, id_tipo_curso, id_instituicao) VALUES ("senac_1_849", (select id_chave_tipo_curso from tipos_cursos where nome_tipo_curso = "qualificação_profissional"), (SELECT id_chave_instituicao FROM instituicoes WHERE identificador = "senac"));
INSERT INTO cursos (nome_curso, id_tipo_curso, id_instituicao) VALUES ("senac_1_850", (select id_chave_tipo_curso from tipos_cursos where nome_tipo_curso = "qualificação_profissional"), (SELECT id_chave_instituicao FROM instituicoes WHERE identificador = "senac"));
INSERT INTO cursos (nome_curso, id_tipo_curso, id_instituicao) VALUES ("senac_1_851", (select id_chave_tipo_curso from tipos_cursos where nome_tipo_curso = "qualificação_profissional"), (SELECT id_chave_instituicao FROM instituicoes WHERE identificador = "senac"));
INSERT INTO cursos (nome_curso, id_tipo_curso, id_instituicao) VALUES ("senac_1_852", (select id_chave_tipo_curso from tipos_cursos where nome_tipo_curso = "qualificação_profissional"), (SELECT id_chave_instituicao FROM instituicoes WHERE identificador = "senac"));
INSERT INTO cursos (nome_curso, id_tipo_curso, id_instituicao) VALUES ("senac_1_853", (select id_chave_tipo_curso from tipos_cursos where nome_tipo_curso = "qualificação_profissional"), (SELECT id_chave_instituicao FROM instituicoes WHERE identificador = "senac"));
INSERT INTO cursos (nome_curso, id_tipo_curso, id_instituicao) VALUES ("senac_1_854", (select id_chave_tipo_curso from tipos_cursos where nome_tipo_curso = "qualificação_profissional"), (SELECT id_chave_instituicao FROM instituicoes WHERE identificador = "senac"));
INSERT INTO cursos (nome_curso, id_tipo_curso, id_instituicao) VALUES ("senac_1_855", (select id_chave_tipo_curso from tipos_cursos where nome_tipo_curso = "qualificação_profissional"), (SELECT id_chave_instituicao FROM instituicoes WHERE identificador = "senac"));
INSERT INTO cursos (nome_curso, id_tipo_curso, id_instituicao) VALUES ("senac_1_856", (select id_chave_tipo_curso from tipos_cursos where nome_tipo_curso = "qualificação_profissional"), (SELECT id_chave_instituicao FROM instituicoes WHERE identificador = "senac"));
INSERT INTO cursos (nome_curso, id_tipo_curso, id_instituicao) VALUES ("senac_1_857", (select id_chave_tipo_curso from tipos_cursos where nome_tipo_curso = "qualificação_profissional"), (SELECT id_chave_instituicao FROM instituicoes WHERE identificador = "senac"));
INSERT INTO cursos (nome_curso, id_tipo_curso, id_instituicao) VALUES ("senac_1_858", (select id_chave_tipo_curso from tipos_cursos where nome_tipo_curso = "qualificação_profissional"), (SELECT id_chave_instituicao FROM instituicoes WHERE identificador = "senac"));
INSERT INTO cursos (nome_curso, id_tipo_curso, id_instituicao) VALUES ("senac_1_859", (select id_chave_tipo_curso from tipos_cursos where nome_tipo_curso = "qualificação_profissional"), (SELECT id_chave_instituicao FROM instituicoes WHERE identificador = "senac"));
INSERT INTO cursos (nome_curso, id_tipo_curso, id_instituicao) VALUES ("senac_1_860", (select id_chave_tipo_curso from tipos_cursos where nome_tipo_curso = "qualificação_profissional"), (SELECT id_chave_instituicao FROM instituicoes WHERE identificador = "senac"));
INSERT INTO cursos (nome_curso, id_tipo_curso, id_instituicao) VALUES ("senac_1_861", (select id_chave_tipo_curso from tipos_cursos where nome_tipo_curso = "qualificação_profissional"), (SELECT id_chave_instituicao FROM instituicoes WHERE identificador = "senac"));
INSERT INTO cursos (nome_curso, id_tipo_curso, id_instituicao) VALUES ("senac_1_862", (select id_chave_tipo_curso from tipos_cursos where nome_tipo_curso = "qualificação_profissional"), (SELECT id_chave_instituicao FROM instituicoes WHERE identificador = "senac"));
INSERT INTO cursos (nome_curso, id_tipo_curso, id_instituicao) VALUES ("senac_1_863", (select id_chave_tipo_curso from tipos_cursos where nome_tipo_curso = "qualificação_profissional"), (SELECT id_chave_instituicao FROM instituicoes WHERE identificador = "senac"));
INSERT INTO cursos (nome_curso, id_tipo_curso, id_instituicao) VALUES ("senac_1_864", (select id_chave_tipo_curso from tipos_cursos where nome_tipo_curso = "qualificação_profissional"), (SELECT id_chave_instituicao FROM instituicoes WHERE identificador = "senac"));
INSERT INTO cursos (nome_curso, id_tipo_curso, id_instituicao) VALUES ("senac_1_865", (select id_chave_tipo_curso from tipos_cursos where nome_tipo_curso = "qualificação_profissional"), (SELECT id_chave_instituicao FROM instituicoes WHERE identificador = "senac"));
INSERT INTO cursos (nome_curso, id_tipo_curso, id_instituicao) VALUES ("senac_1_866", (select id_chave_tipo_curso from tipos_cursos where nome_tipo_curso = "programas_instrumentais"), (SELECT id_chave_instituicao FROM instituicoes WHERE identificador = "senac"));
INSERT INTO cursos (nome_curso, id_tipo_curso, id_instituicao) VALUES ("senac_1_867", (select id_chave_tipo_curso from tipos_cursos where nome_tipo_curso = "qualificação_profissional"), (SELECT id_chave_instituicao FROM instituicoes WHERE identificador = "senac"));
INSERT INTO cursos (nome_curso, id_tipo_curso, id_instituicao) VALUES ("senac_1_868", (select id_chave_tipo_curso from tipos_cursos where nome_tipo_curso = "qualificação_profissional"), (SELECT id_chave_instituicao FROM instituicoes WHERE identificador = "senac"));
INSERT INTO cursos (nome_curso, id_tipo_curso, id_instituicao) VALUES ("senac_1_869", (select id_chave_tipo_curso from tipos_cursos where nome_tipo_curso = "qualificação_profissional"), (SELECT id_chave_instituicao FROM instituicoes WHERE identificador = "senac"));
INSERT INTO cursos (nome_curso, id_tipo_curso, id_instituicao) VALUES ("senac_1_870", (select id_chave_tipo_curso from tipos_cursos where nome_tipo_curso = "qualificação_profissional"), (SELECT id_chave_instituicao FROM instituicoes WHERE identificador = "senac"));
INSERT INTO cursos (nome_curso, id_tipo_curso, id_instituicao) VALUES ("senac_1_871", (select id_chave_tipo_curso from tipos_cursos where nome_tipo_curso = "qualificação_profissional"), (SELECT id_chave_instituicao FROM instituicoes WHERE identificador = "senac"));
INSERT INTO cursos (nome_curso, id_tipo_curso, id_instituicao) VALUES ("senac_1_872", (select id_chave_tipo_curso from tipos_cursos where nome_tipo_curso = "qualificação_profissional"), (SELECT id_chave_instituicao FROM instituicoes WHERE identificador = "senac"));
INSERT INTO cursos (nome_curso, id_tipo_curso, id_instituicao) VALUES ("senac_1_873", (select id_chave_tipo_curso from tipos_cursos where nome_tipo_curso = "qualificação_profissional"), (SELECT id_chave_instituicao FROM instituicoes WHERE identificador = "senac"));
INSERT INTO cursos (nome_curso, id_tipo_curso, id_instituicao) VALUES ("senac_1_874", (select id_chave_tipo_curso from tipos_cursos where nome_tipo_curso = "qualificação_profissional"), (SELECT id_chave_instituicao FROM instituicoes WHERE identificador = "senac"));
INSERT INTO cursos (nome_curso, id_tipo_curso, id_instituicao) VALUES ("senac_1_875", (select id_chave_tipo_curso from tipos_cursos where nome_tipo_curso = "qualificação_profissional"), (SELECT id_chave_instituicao FROM instituicoes WHERE identificador = "senac"));
INSERT INTO cursos (nome_curso, id_tipo_curso, id_instituicao) VALUES ("senac_1_876", (select id_chave_tipo_curso from tipos_cursos where nome_tipo_curso = "qualificação_profissional"), (SELECT id_chave_instituicao FROM instituicoes WHERE identificador = "senac"));
INSERT INTO cursos (nome_curso, id_tipo_curso, id_instituicao) VALUES ("senac_1_877", (select id_chave_tipo_curso from tipos_cursos where nome_tipo_curso = "qualificação_profissional"), (SELECT id_chave_instituicao FROM instituicoes WHERE identificador = "senac"));
INSERT INTO cursos (nome_curso, id_tipo_curso, id_instituicao) VALUES ("senac_1_878", (select id_chave_tipo_curso from tipos_cursos where nome_tipo_curso = "qualificação_profissional"), (SELECT id_chave_instituicao FROM instituicoes WHERE identificador = "senac"));
INSERT INTO cursos (nome_curso, id_tipo_curso, id_instituicao) VALUES ("senac_1_879", (select id_chave_tipo_curso from tipos_cursos where nome_tipo_curso = "qualificação_profissional"), (SELECT id_chave_instituicao FROM instituicoes WHERE identificador = "senac"));
INSERT INTO cursos (nome_curso, id_tipo_curso, id_instituicao) VALUES ("senac_1_880", (select id_chave_tipo_curso from tipos_cursos where nome_tipo_curso = "qualificação_profissional"), (SELECT id_chave_instituicao FROM instituicoes WHERE identificador = "senac"));
INSERT INTO cursos (nome_curso, id_tipo_curso, id_instituicao) VALUES ("senac_1_881", (select id_chave_tipo_curso from tipos_cursos where nome_tipo_curso = "qualificação_profissional"), (SELECT id_chave_instituicao FROM instituicoes WHERE identificador = "senac"));
INSERT INTO cursos (nome_curso, id_tipo_curso, id_instituicao) VALUES ("senac_1_882", (select id_chave_tipo_curso from tipos_cursos where nome_tipo_curso = "qualificação_profissional"), (SELECT id_chave_instituicao FROM instituicoes WHERE identificador = "senac"));
INSERT INTO cursos (nome_curso, id_tipo_curso, id_instituicao) VALUES ("senac_1_883", (select id_chave_tipo_curso from tipos_cursos where nome_tipo_curso = "aperfeiçoamento"), (SELECT id_chave_instituicao FROM instituicoes WHERE identificador = "senac"));
INSERT INTO cursos (nome_curso, id_tipo_curso, id_instituicao) VALUES ("senac_1_884", (select id_chave_tipo_curso from tipos_cursos where nome_tipo_curso = "aperfeiçoamento"), (SELECT id_chave_instituicao FROM instituicoes WHERE identificador = "senac"));
INSERT INTO cursos (nome_curso, id_tipo_curso, id_instituicao) VALUES ("senac_1_885", (select id_chave_tipo_curso from tipos_cursos where nome_tipo_curso = "qualificação_profissional"), (SELECT id_chave_instituicao FROM instituicoes WHERE identificador = "senac"));
INSERT INTO cursos (nome_curso, id_tipo_curso, id_instituicao) VALUES ("senac_1_886", (select id_chave_tipo_curso from tipos_cursos where nome_tipo_curso = "aperfeiçoamento"), (SELECT id_chave_instituicao FROM instituicoes WHERE identificador = "senac"));
INSERT INTO cursos (nome_curso, id_tipo_curso, id_instituicao) VALUES ("senac_1_887", (select id_chave_tipo_curso from tipos_cursos where nome_tipo_curso = "aperfeiçoamento"), (SELECT id_chave_instituicao FROM instituicoes WHERE identificador = "senac"));
INSERT INTO cursos (nome_curso, id_tipo_curso, id_instituicao) VALUES ("senac_1_888", (select id_chave_tipo_curso from tipos_cursos where nome_tipo_curso = "aperfeiçoamento"), (SELECT id_chave_instituicao FROM instituicoes WHERE identificador = "senac"));
INSERT INTO cursos (nome_curso, id_tipo_curso, id_instituicao) VALUES ("senac_1_889", (select id_chave_tipo_curso from tipos_cursos where nome_tipo_curso = "aperfeiçoamento"), (SELECT id_chave_instituicao FROM instituicoes WHERE identificador = "senac"));
INSERT INTO cursos (nome_curso, id_tipo_curso, id_instituicao) VALUES ("senac_1_890", (select id_chave_tipo_curso from tipos_cursos where nome_tipo_curso = "aperfeiçoamento"), (SELECT id_chave_instituicao FROM instituicoes WHERE identificador = "senac"));
INSERT INTO cursos (nome_curso, id_tipo_curso, id_instituicao) VALUES ("senac_1_891", (select id_chave_tipo_curso from tipos_cursos where nome_tipo_curso = "programas_instrumentais"), (SELECT id_chave_instituicao FROM instituicoes WHERE identificador = "senac"));
INSERT INTO cursos (nome_curso, id_tipo_curso, id_instituicao) VALUES ("senac_1_892", (select id_chave_tipo_curso from tipos_cursos where nome_tipo_curso = "aperfeiçoamento"), (SELECT id_chave_instituicao FROM instituicoes WHERE identificador = "senac"));
INSERT INTO cursos (nome_curso, id_tipo_curso, id_instituicao) VALUES ("senac_1_893", (select id_chave_tipo_curso from tipos_cursos where nome_tipo_curso = "aperfeiçoamento"), (SELECT id_chave_instituicao FROM instituicoes WHERE identificador = "senac"));
INSERT INTO cursos (nome_curso, id_tipo_curso, id_instituicao) VALUES ("senac_1_894", (select id_chave_tipo_curso from tipos_cursos where nome_tipo_curso = "qualificação_profissional"), (SELECT id_chave_instituicao FROM instituicoes WHERE identificador = "senac"));
INSERT INTO cursos (nome_curso, id_tipo_curso, id_instituicao) VALUES ("senac_1_895", (select id_chave_tipo_curso from tipos_cursos where nome_tipo_curso = "qualificação_profissional"), (SELECT id_chave_instituicao FROM instituicoes WHERE identificador = "senac"));
INSERT INTO cursos (nome_curso, id_tipo_curso, id_instituicao) VALUES ("senac_1_896", (select id_chave_tipo_curso from tipos_cursos where nome_tipo_curso = "aperfeiçoamento"), (SELECT id_chave_instituicao FROM instituicoes WHERE identificador = "senac"));
INSERT INTO cursos (nome_curso, id_tipo_curso, id_instituicao) VALUES ("senac_1_897", (select id_chave_tipo_curso from tipos_cursos where nome_tipo_curso = "aperfeiçoamento"), (SELECT id_chave_instituicao FROM instituicoes WHERE identificador = "senac"));
INSERT INTO cursos (nome_curso, id_tipo_curso, id_instituicao) VALUES ("senac_1_898", (select id_chave_tipo_curso from tipos_cursos where nome_tipo_curso = "qualificação_profissional"), (SELECT id_chave_instituicao FROM instituicoes WHERE identificador = "senac"));
INSERT INTO cursos (nome_curso, id_tipo_curso, id_instituicao) VALUES ("senac_1_899", (select id_chave_tipo_curso from tipos_cursos where nome_tipo_curso = "aperfeiçoamento"), (SELECT id_chave_instituicao FROM instituicoes WHERE identificador = "senac"));
INSERT INTO cursos (nome_curso, id_tipo_curso, id_instituicao) VALUES ("senac_1_900", (select id_chave_tipo_curso from tipos_cursos where nome_tipo_curso = "aperfeiçoamento"), (SELECT id_chave_instituicao FROM instituicoes WHERE identificador = "senac"));
INSERT INTO cursos (nome_curso, id_tipo_curso, id_instituicao) VALUES ("senac_1_901", (select id_chave_tipo_curso from tipos_cursos where nome_tipo_curso = "aperfeiçoamento"), (SELECT id_chave_instituicao FROM instituicoes WHERE identificador = "senac"));
INSERT INTO cursos (nome_curso, id_tipo_curso, id_instituicao) VALUES ("senac_1_902", (select id_chave_tipo_curso from tipos_cursos where nome_tipo_curso = "aperfeiçoamento"), (SELECT id_chave_instituicao FROM instituicoes WHERE identificador = "senac"));
INSERT INTO cursos (nome_curso, id_tipo_curso, id_instituicao) VALUES ("senac_1_903", (select id_chave_tipo_curso from tipos_cursos where nome_tipo_curso = "aperfeiçoamento"), (SELECT id_chave_instituicao FROM instituicoes WHERE identificador = "senac"));
INSERT INTO cursos (nome_curso, id_tipo_curso, id_instituicao) VALUES ("senac_1_904", (select id_chave_tipo_curso from tipos_cursos where nome_tipo_curso = "aperfeiçoamento"), (SELECT id_chave_instituicao FROM instituicoes WHERE identificador = "senac"));
INSERT INTO cursos (nome_curso, id_tipo_curso, id_instituicao) VALUES ("senac_1_905", (select id_chave_tipo_curso from tipos_cursos where nome_tipo_curso = "programas_instrumentais"), (SELECT id_chave_instituicao FROM instituicoes WHERE identificador = "senac"));
INSERT INTO cursos (nome_curso, id_tipo_curso, id_instituicao) VALUES ("senac_1_906", (select id_chave_tipo_curso from tipos_cursos where nome_tipo_curso = "qualificação_profissional"), (SELECT id_chave_instituicao FROM instituicoes WHERE identificador = "senac"));
INSERT INTO cursos (nome_curso, id_tipo_curso, id_instituicao) VALUES ("senac_1_907", (select id_chave_tipo_curso from tipos_cursos where nome_tipo_curso = "aperfeiçoamento"), (SELECT id_chave_instituicao FROM instituicoes WHERE identificador = "senac"));
INSERT INTO cursos (nome_curso, id_tipo_curso, id_instituicao) VALUES ("senac_1_908", (select id_chave_tipo_curso from tipos_cursos where nome_tipo_curso = "aperfeiçoamento"), (SELECT id_chave_instituicao FROM instituicoes WHERE identificador = "senac"));
INSERT INTO cursos (nome_curso, id_tipo_curso, id_instituicao) VALUES ("senac_1_909", (select id_chave_tipo_curso from tipos_cursos where nome_tipo_curso = "aperfeiçoamento"), (SELECT id_chave_instituicao FROM instituicoes WHERE identificador = "senac"));
INSERT INTO cursos (nome_curso, id_tipo_curso, id_instituicao) VALUES ("senac_1_910", (select id_chave_tipo_curso from tipos_cursos where nome_tipo_curso = "aperfeiçoamento"), (SELECT id_chave_instituicao FROM instituicoes WHERE identificador = "senac"));
INSERT INTO cursos (nome_curso, id_tipo_curso, id_instituicao) VALUES ("senac_1_911", (select id_chave_tipo_curso from tipos_cursos where nome_tipo_curso = "aperfeiçoamento"), (SELECT id_chave_instituicao FROM instituicoes WHERE identificador = "senac"));
INSERT INTO cursos (nome_curso, id_tipo_curso, id_instituicao) VALUES ("senac_1_912", (select id_chave_tipo_curso from tipos_cursos where nome_tipo_curso = "aperfeiçoamento"), (SELECT id_chave_instituicao FROM instituicoes WHERE identificador = "senac"));
INSERT INTO cursos (nome_curso, id_tipo_curso, id_instituicao) VALUES ("senac_1_913", (select id_chave_tipo_curso from tipos_cursos where nome_tipo_curso = "aperfeiçoamento"), (SELECT id_chave_instituicao FROM instituicoes WHERE identificador = "senac"));
INSERT INTO cursos (nome_curso, id_tipo_curso, id_instituicao) VALUES ("senac_1_914", (select id_chave_tipo_curso from tipos_cursos where nome_tipo_curso = "programas_instrumentais"), (SELECT id_chave_instituicao FROM instituicoes WHERE identificador = "senac"));
INSERT INTO cursos (nome_curso, id_tipo_curso, id_instituicao) VALUES ("senac_1_915", (select id_chave_tipo_curso from tipos_cursos where nome_tipo_curso = "aperfeiçoamento"), (SELECT id_chave_instituicao FROM instituicoes WHERE identificador = "senac"));
INSERT INTO cursos (nome_curso, id_tipo_curso, id_instituicao) VALUES ("senac_1_916", (select id_chave_tipo_curso from tipos_cursos where nome_tipo_curso = "aperfeiçoamento"), (SELECT id_chave_instituicao FROM instituicoes WHERE identificador = "senac"));
INSERT INTO cursos (nome_curso, id_tipo_curso, id_instituicao) VALUES ("senac_1_917", (select id_chave_tipo_curso from tipos_cursos where nome_tipo_curso = "aperfeiçoamento"), (SELECT id_chave_instituicao FROM instituicoes WHERE identificador = "senac"));
INSERT INTO cursos (nome_curso, id_tipo_curso, id_instituicao) VALUES ("senac_1_918", (select id_chave_tipo_curso from tipos_cursos where nome_tipo_curso = "aperfeiçoamento"), (SELECT id_chave_instituicao FROM instituicoes WHERE identificador = "senac"));
INSERT INTO cursos (nome_curso, id_tipo_curso, id_instituicao) VALUES ("senac_1_919", (select id_chave_tipo_curso from tipos_cursos where nome_tipo_curso = "aperfeiçoamento"), (SELECT id_chave_instituicao FROM instituicoes WHERE identificador = "senac"));
INSERT INTO cursos (nome_curso, id_tipo_curso, id_instituicao) VALUES ("senac_1_920", (select id_chave_tipo_curso from tipos_cursos where nome_tipo_curso = "aperfeiçoamento"), (SELECT id_chave_instituicao FROM instituicoes WHERE identificador = "senac"));
INSERT INTO cursos (nome_curso, id_tipo_curso, id_instituicao) VALUES ("senac_1_921", (select id_chave_tipo_curso from tipos_cursos where nome_tipo_curso = "aperfeiçoamento"), (SELECT id_chave_instituicao FROM instituicoes WHERE identificador = "senac"));
INSERT INTO cursos (nome_curso, id_tipo_curso, id_instituicao) VALUES ("senac_1_922", (select id_chave_tipo_curso from tipos_cursos where nome_tipo_curso = "aperfeiçoamento"), (SELECT id_chave_instituicao FROM instituicoes WHERE identificador = "senac"));
INSERT INTO cursos (nome_curso, id_tipo_curso, id_instituicao) VALUES ("senac_1_923", (select id_chave_tipo_curso from tipos_cursos where nome_tipo_curso = "aperfeiçoamento"), (SELECT id_chave_instituicao FROM instituicoes WHERE identificador = "senac"));
INSERT INTO cursos (nome_curso, id_tipo_curso, id_instituicao) VALUES ("senac_1_924", (select id_chave_tipo_curso from tipos_cursos where nome_tipo_curso = "qualificação_profissional"), (SELECT id_chave_instituicao FROM instituicoes WHERE identificador = "senac"));
INSERT INTO cursos (nome_curso, id_tipo_curso, id_instituicao) VALUES ("senac_1_925", (select id_chave_tipo_curso from tipos_cursos where nome_tipo_curso = "qualificação_profissional"), (SELECT id_chave_instituicao FROM instituicoes WHERE identificador = "senac"));
INSERT INTO cursos (nome_curso, id_tipo_curso, id_instituicao) VALUES ("senac_1_926", (select id_chave_tipo_curso from tipos_cursos where nome_tipo_curso = "qualificação_profissional"), (SELECT id_chave_instituicao FROM instituicoes WHERE identificador = "senac"));
INSERT INTO cursos (nome_curso, id_tipo_curso, id_instituicao) VALUES ("senac_1_927", (select id_chave_tipo_curso from tipos_cursos where nome_tipo_curso = "qualificação_profissional"), (SELECT id_chave_instituicao FROM instituicoes WHERE identificador = "senac"));
INSERT INTO cursos (nome_curso, id_tipo_curso, id_instituicao) VALUES ("senac_1_928", (select id_chave_tipo_curso from tipos_cursos where nome_tipo_curso = "aperfeiçoamento"), (SELECT id_chave_instituicao FROM instituicoes WHERE identificador = "senac"));
INSERT INTO cursos (nome_curso, id_tipo_curso, id_instituicao) VALUES ("senac_1_929", (select id_chave_tipo_curso from tipos_cursos where nome_tipo_curso = "aperfeiçoamento"), (SELECT id_chave_instituicao FROM instituicoes WHERE identificador = "senac"));
INSERT INTO cursos (nome_curso, id_tipo_curso, id_instituicao) VALUES ("senac_1_930", (select id_chave_tipo_curso from tipos_cursos where nome_tipo_curso = "aperfeiçoamento"), (SELECT id_chave_instituicao FROM instituicoes WHERE identificador = "senac"));
INSERT INTO cursos (nome_curso, id_tipo_curso, id_instituicao) VALUES ("senac_1_931", (select id_chave_tipo_curso from tipos_cursos where nome_tipo_curso = "aperfeiçoamento"), (SELECT id_chave_instituicao FROM instituicoes WHERE identificador = "senac"));
INSERT INTO cursos (nome_curso, id_tipo_curso, id_instituicao) VALUES ("senac_1_932", (select id_chave_tipo_curso from tipos_cursos where nome_tipo_curso = "aperfeiçoamento"), (SELECT id_chave_instituicao FROM instituicoes WHERE identificador = "senac"));
INSERT INTO cursos (nome_curso, id_tipo_curso, id_instituicao) VALUES ("senac_1_933", (select id_chave_tipo_curso from tipos_cursos where nome_tipo_curso = "aperfeiçoamento"), (SELECT id_chave_instituicao FROM instituicoes WHERE identificador = "senac"));
INSERT INTO cursos (nome_curso, id_tipo_curso, id_instituicao) VALUES ("senac_1_934", (select id_chave_tipo_curso from tipos_cursos where nome_tipo_curso = "aperfeiçoamento"), (SELECT id_chave_instituicao FROM instituicoes WHERE identificador = "senac"));
INSERT INTO cursos (nome_curso, id_tipo_curso, id_instituicao) VALUES ("senac_1_935", (select id_chave_tipo_curso from tipos_cursos where nome_tipo_curso = "aperfeiçoamento"), (SELECT id_chave_instituicao FROM instituicoes WHERE identificador = "senac"));
INSERT INTO cursos (nome_curso, id_tipo_curso, id_instituicao) VALUES ("senac_1_936", (select id_chave_tipo_curso from tipos_cursos where nome_tipo_curso = "aperfeiçoamento"), (SELECT id_chave_instituicao FROM instituicoes WHERE identificador = "senac"));
INSERT INTO cursos (nome_curso, id_tipo_curso, id_instituicao) VALUES ("senac_1_937", (select id_chave_tipo_curso from tipos_cursos where nome_tipo_curso = "aperfeiçoamento"), (SELECT id_chave_instituicao FROM instituicoes WHERE identificador = "senac"));
INSERT INTO cursos (nome_curso, id_tipo_curso, id_instituicao) VALUES ("senac_1_938", (select id_chave_tipo_curso from tipos_cursos where nome_tipo_curso = "qualificação_profissional"), (SELECT id_chave_instituicao FROM instituicoes WHERE identificador = "senac"));
INSERT INTO cursos (nome_curso, id_tipo_curso, id_instituicao) VALUES ("senac_1_939", (select id_chave_tipo_curso from tipos_cursos where nome_tipo_curso = "qualificação_profissional"), (SELECT id_chave_instituicao FROM instituicoes WHERE identificador = "senac"));
INSERT INTO cursos (nome_curso, id_tipo_curso, id_instituicao) VALUES ("senac_1_940", (select id_chave_tipo_curso from tipos_cursos where nome_tipo_curso = "qualificação_profissional"), (SELECT id_chave_instituicao FROM instituicoes WHERE identificador = "senac"));
INSERT INTO cursos (nome_curso, id_tipo_curso, id_instituicao) VALUES ("senac_1_941", (select id_chave_tipo_curso from tipos_cursos where nome_tipo_curso = "qualificação_profissional"), (SELECT id_chave_instituicao FROM instituicoes WHERE identificador = "senac"));
INSERT INTO cursos (nome_curso, id_tipo_curso, id_instituicao) VALUES ("senac_1_942", (select id_chave_tipo_curso from tipos_cursos where nome_tipo_curso = "qualificação_profissional"), (SELECT id_chave_instituicao FROM instituicoes WHERE identificador = "senac"));
INSERT INTO cursos (nome_curso, id_tipo_curso, id_instituicao) VALUES ("senac_1_943", (select id_chave_tipo_curso from tipos_cursos where nome_tipo_curso = "qualificação_profissional"), (SELECT id_chave_instituicao FROM instituicoes WHERE identificador = "senac"));
INSERT INTO cursos (nome_curso, id_tipo_curso, id_instituicao) VALUES ("senac_1_944", (select id_chave_tipo_curso from tipos_cursos where nome_tipo_curso = "qualificação_profissional"), (SELECT id_chave_instituicao FROM instituicoes WHERE identificador = "senac"));
INSERT INTO cursos (nome_curso, id_tipo_curso, id_instituicao) VALUES ("senac_1_945", (select id_chave_tipo_curso from tipos_cursos where nome_tipo_curso = "aperfeiçoamento"), (SELECT id_chave_instituicao FROM instituicoes WHERE identificador = "senac"));
INSERT INTO cursos (nome_curso, id_tipo_curso, id_instituicao) VALUES ("senac_1_946", (select id_chave_tipo_curso from tipos_cursos where nome_tipo_curso = "aperfeiçoamento"), (SELECT id_chave_instituicao FROM instituicoes WHERE identificador = "senac"));
INSERT INTO cursos (nome_curso, id_tipo_curso, id_instituicao) VALUES ("senac_1_947", (select id_chave_tipo_curso from tipos_cursos where nome_tipo_curso = "aperfeiçoamento"), (SELECT id_chave_instituicao FROM instituicoes WHERE identificador = "senac"));
INSERT INTO cursos (nome_curso, id_tipo_curso, id_instituicao) VALUES ("senac_1_948", (select id_chave_tipo_curso from tipos_cursos where nome_tipo_curso = "aperfeiçoamento"), (SELECT id_chave_instituicao FROM instituicoes WHERE identificador = "senac"));
INSERT INTO cursos (nome_curso, id_tipo_curso, id_instituicao) VALUES ("senac_1_949", (select id_chave_tipo_curso from tipos_cursos where nome_tipo_curso = "aperfeiçoamento"), (SELECT id_chave_instituicao FROM instituicoes WHERE identificador = "senac"));
INSERT INTO cursos (nome_curso, id_tipo_curso, id_instituicao) VALUES ("senac_1_950", (select id_chave_tipo_curso from tipos_cursos where nome_tipo_curso = "aperfeiçoamento"), (SELECT id_chave_instituicao FROM instituicoes WHERE identificador = "senac"));
INSERT INTO cursos (nome_curso, id_tipo_curso, id_instituicao) VALUES ("senac_1_951", (select id_chave_tipo_curso from tipos_cursos where nome_tipo_curso = "aperfeiçoamento"), (SELECT id_chave_instituicao FROM instituicoes WHERE identificador = "senac"));
INSERT INTO cursos (nome_curso, id_tipo_curso, id_instituicao) VALUES ("senac_1_952", (select id_chave_tipo_curso from tipos_cursos where nome_tipo_curso = "aperfeiçoamento"), (SELECT id_chave_instituicao FROM instituicoes WHERE identificador = "senac"));
INSERT INTO cursos (nome_curso, id_tipo_curso, id_instituicao) VALUES ("senac_1_953", (select id_chave_tipo_curso from tipos_cursos where nome_tipo_curso = "aperfeiçoamento"), (SELECT id_chave_instituicao FROM instituicoes WHERE identificador = "senac"));
INSERT INTO cursos (nome_curso, id_tipo_curso, id_instituicao) VALUES ("senac_1_954", (select id_chave_tipo_curso from tipos_cursos where nome_tipo_curso = "aperfeiçoamento"), (SELECT id_chave_instituicao FROM instituicoes WHERE identificador = "senac"));
INSERT INTO cursos (nome_curso, id_tipo_curso, id_instituicao) VALUES ("senac_1_955", (select id_chave_tipo_curso from tipos_cursos where nome_tipo_curso = "aperfeiçoamento"), (SELECT id_chave_instituicao FROM instituicoes WHERE identificador = "senac"));
INSERT INTO cursos (nome_curso, id_tipo_curso, id_instituicao) VALUES ("senac_1_956", (select id_chave_tipo_curso from tipos_cursos where nome_tipo_curso = "aperfeiçoamento"), (SELECT id_chave_instituicao FROM instituicoes WHERE identificador = "senac"));
INSERT INTO cursos (nome_curso, id_tipo_curso, id_instituicao) VALUES ("senac_1_957", (select id_chave_tipo_curso from tipos_cursos where nome_tipo_curso = "aperfeiçoamento"), (SELECT id_chave_instituicao FROM instituicoes WHERE identificador = "senac"));
INSERT INTO cursos (nome_curso, id_tipo_curso, id_instituicao) VALUES ("senac_1_958", (select id_chave_tipo_curso from tipos_cursos where nome_tipo_curso = "aperfeiçoamento"), (SELECT id_chave_instituicao FROM instituicoes WHERE identificador = "senac"));
INSERT INTO cursos (nome_curso, id_tipo_curso, id_instituicao) VALUES ("senac_1_959", (select id_chave_tipo_curso from tipos_cursos where nome_tipo_curso = "aperfeiçoamento"), (SELECT id_chave_instituicao FROM instituicoes WHERE identificador = "senac"));
INSERT INTO cursos (nome_curso, id_tipo_curso, id_instituicao) VALUES ("senac_1_960", (select id_chave_tipo_curso from tipos_cursos where nome_tipo_curso = "aperfeiçoamento"), (SELECT id_chave_instituicao FROM instituicoes WHERE identificador = "senac"));
INSERT INTO cursos (nome_curso, id_tipo_curso, id_instituicao) VALUES ("senac_1_961", (select id_chave_tipo_curso from tipos_cursos where nome_tipo_curso = "aperfeiçoamento"), (SELECT id_chave_instituicao FROM instituicoes WHERE identificador = "senac"));
INSERT INTO cursos (nome_curso, id_tipo_curso, id_instituicao) VALUES ("senac_1_962", (select id_chave_tipo_curso from tipos_cursos where nome_tipo_curso = "aperfeiçoamento"), (SELECT id_chave_instituicao FROM instituicoes WHERE identificador = "senac"));
INSERT INTO cursos (nome_curso, id_tipo_curso, id_instituicao) VALUES ("senac_1_963", (select id_chave_tipo_curso from tipos_cursos where nome_tipo_curso = "aperfeiçoamento"), (SELECT id_chave_instituicao FROM instituicoes WHERE identificador = "senac"));
INSERT INTO cursos (nome_curso, id_tipo_curso, id_instituicao) VALUES ("senac_1_964", (select id_chave_tipo_curso from tipos_cursos where nome_tipo_curso = "aperfeiçoamento"), (SELECT id_chave_instituicao FROM instituicoes WHERE identificador = "senac"));
INSERT INTO cursos (nome_curso, id_tipo_curso, id_instituicao) VALUES ("senac_1_965", (select id_chave_tipo_curso from tipos_cursos where nome_tipo_curso = "aperfeiçoamento"), (SELECT id_chave_instituicao FROM instituicoes WHERE identificador = "senac"));
INSERT INTO cursos (nome_curso, id_tipo_curso, id_instituicao) VALUES ("senac_1_966", (select id_chave_tipo_curso from tipos_cursos where nome_tipo_curso = "aperfeiçoamento"), (SELECT id_chave_instituicao FROM instituicoes WHERE identificador = "senac"));
INSERT INTO cursos (nome_curso, id_tipo_curso, id_instituicao) VALUES ("senac_1_967", (select id_chave_tipo_curso from tipos_cursos where nome_tipo_curso = "aperfeiçoamento"), (SELECT id_chave_instituicao FROM instituicoes WHERE identificador = "senac"));
INSERT INTO cursos (nome_curso, id_tipo_curso, id_instituicao) VALUES ("senac_1_968", (select id_chave_tipo_curso from tipos_cursos where nome_tipo_curso = "aperfeiçoamento"), (SELECT id_chave_instituicao FROM instituicoes WHERE identificador = "senac"));
INSERT INTO cursos (nome_curso, id_tipo_curso, id_instituicao) VALUES ("senac_1_969", (select id_chave_tipo_curso from tipos_cursos where nome_tipo_curso = "aperfeiçoamento"), (SELECT id_chave_instituicao FROM instituicoes WHERE identificador = "senac"));
INSERT INTO cursos (nome_curso, id_tipo_curso, id_instituicao) VALUES ("senac_1_970", (select id_chave_tipo_curso from tipos_cursos where nome_tipo_curso = "aperfeiçoamento"), (SELECT id_chave_instituicao FROM instituicoes WHERE identificador = "senac"));
INSERT INTO cursos (nome_curso, id_tipo_curso, id_instituicao) VALUES ("senac_1_971", (select id_chave_tipo_curso from tipos_cursos where nome_tipo_curso = "aperfeiçoamento"), (SELECT id_chave_instituicao FROM instituicoes WHERE identificador = "senac"));
INSERT INTO cursos (nome_curso, id_tipo_curso, id_instituicao) VALUES ("senac_1_972", (select id_chave_tipo_curso from tipos_cursos where nome_tipo_curso = "qualificação_profissional"), (SELECT id_chave_instituicao FROM instituicoes WHERE identificador = "senac"));
INSERT INTO cursos (nome_curso, id_tipo_curso, id_instituicao) VALUES ("senac_1_973", (select id_chave_tipo_curso from tipos_cursos where nome_tipo_curso = "qualificação_profissional"), (SELECT id_chave_instituicao FROM instituicoes WHERE identificador = "senac"));
INSERT INTO cursos (nome_curso, id_tipo_curso, id_instituicao) VALUES ("senac_1_974", (select id_chave_tipo_curso from tipos_cursos where nome_tipo_curso = "aperfeiçoamento"), (SELECT id_chave_instituicao FROM instituicoes WHERE identificador = "senac"));
INSERT INTO cursos (nome_curso, id_tipo_curso, id_instituicao) VALUES ("senac_1_975", (select id_chave_tipo_curso from tipos_cursos where nome_tipo_curso = "aperfeiçoamento"), (SELECT id_chave_instituicao FROM instituicoes WHERE identificador = "senac"));
INSERT INTO cursos (nome_curso, id_tipo_curso, id_instituicao) VALUES ("senac_1_976", (select id_chave_tipo_curso from tipos_cursos where nome_tipo_curso = "aperfeiçoamento"), (SELECT id_chave_instituicao FROM instituicoes WHERE identificador = "senac"));
INSERT INTO cursos (nome_curso, id_tipo_curso, id_instituicao) VALUES ("senac_1_977", (select id_chave_tipo_curso from tipos_cursos where nome_tipo_curso = "aperfeiçoamento"), (SELECT id_chave_instituicao FROM instituicoes WHERE identificador = "senac"));
INSERT INTO cursos (nome_curso, id_tipo_curso, id_instituicao) VALUES ("senac_1_978", (select id_chave_tipo_curso from tipos_cursos where nome_tipo_curso = "aperfeiçoamento"), (SELECT id_chave_instituicao FROM instituicoes WHERE identificador = "senac"));
INSERT INTO cursos (nome_curso, id_tipo_curso, id_instituicao) VALUES ("senac_1_979", (select id_chave_tipo_curso from tipos_cursos where nome_tipo_curso = "aperfeiçoamento"), (SELECT id_chave_instituicao FROM instituicoes WHERE identificador = "senac"));
INSERT INTO cursos (nome_curso, id_tipo_curso, id_instituicao) VALUES ("senac_1_980", (select id_chave_tipo_curso from tipos_cursos where nome_tipo_curso = "aperfeiçoamento"), (SELECT id_chave_instituicao FROM instituicoes WHERE identificador = "senac"));
INSERT INTO cursos (nome_curso, id_tipo_curso, id_instituicao) VALUES ("senac_1_981", (select id_chave_tipo_curso from tipos_cursos where nome_tipo_curso = "aperfeiçoamento"), (SELECT id_chave_instituicao FROM instituicoes WHERE identificador = "senac"));
INSERT INTO cursos (nome_curso, id_tipo_curso, id_instituicao) VALUES ("senac_1_982", (select id_chave_tipo_curso from tipos_cursos where nome_tipo_curso = "aperfeiçoamento"), (SELECT id_chave_instituicao FROM instituicoes WHERE identificador = "senac"));
INSERT INTO cursos (nome_curso, id_tipo_curso, id_instituicao) VALUES ("senac_1_983", (select id_chave_tipo_curso from tipos_cursos where nome_tipo_curso = "aperfeiçoamento"), (SELECT id_chave_instituicao FROM instituicoes WHERE identificador = "senac"));
INSERT INTO cursos (nome_curso, id_tipo_curso, id_instituicao) VALUES ("senac_1_984", (select id_chave_tipo_curso from tipos_cursos where nome_tipo_curso = "aperfeiçoamento"), (SELECT id_chave_instituicao FROM instituicoes WHERE identificador = "senac"));
INSERT INTO cursos (nome_curso, id_tipo_curso, id_instituicao) VALUES ("senac_1_985", (select id_chave_tipo_curso from tipos_cursos where nome_tipo_curso = "aperfeiçoamento"), (SELECT id_chave_instituicao FROM instituicoes WHERE identificador = "senac"));
INSERT INTO cursos (nome_curso, id_tipo_curso, id_instituicao) VALUES ("senac_1_986", (select id_chave_tipo_curso from tipos_cursos where nome_tipo_curso = "aperfeiçoamento"), (SELECT id_chave_instituicao FROM instituicoes WHERE identificador = "senac"));
INSERT INTO cursos (nome_curso, id_tipo_curso, id_instituicao) VALUES ("senac_1_987", (select id_chave_tipo_curso from tipos_cursos where nome_tipo_curso = "aperfeiçoamento"), (SELECT id_chave_instituicao FROM instituicoes WHERE identificador = "senac"));
INSERT INTO cursos (nome_curso, id_tipo_curso, id_instituicao) VALUES ("senac_1_988", (select id_chave_tipo_curso from tipos_cursos where nome_tipo_curso = "aperfeiçoamento"), (SELECT id_chave_instituicao FROM instituicoes WHERE identificador = "senac"));
INSERT INTO cursos (nome_curso, id_tipo_curso, id_instituicao) VALUES ("senac_1_989", (select id_chave_tipo_curso from tipos_cursos where nome_tipo_curso = "aperfeiçoamento"), (SELECT id_chave_instituicao FROM instituicoes WHERE identificador = "senac"));
INSERT INTO cursos (nome_curso, id_tipo_curso, id_instituicao) VALUES ("senac_1_990", (select id_chave_tipo_curso from tipos_cursos where nome_tipo_curso = "aperfeiçoamento"), (SELECT id_chave_instituicao FROM instituicoes WHERE identificador = "senac"));
INSERT INTO cursos (nome_curso, id_tipo_curso, id_instituicao) VALUES ("senac_1_991", (select id_chave_tipo_curso from tipos_cursos where nome_tipo_curso = "aperfeiçoamento"), (SELECT id_chave_instituicao FROM instituicoes WHERE identificador = "senac"));
INSERT INTO cursos (nome_curso, id_tipo_curso, id_instituicao) VALUES ("senac_1_992", (select id_chave_tipo_curso from tipos_cursos where nome_tipo_curso = "qualificação_profissional"), (SELECT id_chave_instituicao FROM instituicoes WHERE identificador = "senac"));
INSERT INTO cursos (nome_curso, id_tipo_curso, id_instituicao) VALUES ("senac_1_993", (select id_chave_tipo_curso from tipos_cursos where nome_tipo_curso = "qualificação_profissional"), (SELECT id_chave_instituicao FROM instituicoes WHERE identificador = "senac"));
INSERT INTO cursos (nome_curso, id_tipo_curso, id_instituicao) VALUES ("senac_1_994", (select id_chave_tipo_curso from tipos_cursos where nome_tipo_curso = "qualificação_profissional"), (SELECT id_chave_instituicao FROM instituicoes WHERE identificador = "senac"));
INSERT INTO cursos (nome_curso, id_tipo_curso, id_instituicao) VALUES ("senac_1_995", (select id_chave_tipo_curso from tipos_cursos where nome_tipo_curso = "qualificação_profissional"), (SELECT id_chave_instituicao FROM instituicoes WHERE identificador = "senac"));
INSERT INTO cursos (nome_curso, id_tipo_curso, id_instituicao) VALUES ("senac_1_996", (select id_chave_tipo_curso from tipos_cursos where nome_tipo_curso = "qualificação_profissional"), (SELECT id_chave_instituicao FROM instituicoes WHERE identificador = "senac"));
INSERT INTO cursos (nome_curso, id_tipo_curso, id_instituicao) VALUES ("senac_1_997", (select id_chave_tipo_curso from tipos_cursos where nome_tipo_curso = "qualificação_profissional"), (SELECT id_chave_instituicao FROM instituicoes WHERE identificador = "senac"));
INSERT INTO cursos (nome_curso, id_tipo_curso, id_instituicao) VALUES ("senac_1_998", (select id_chave_tipo_curso from tipos_cursos where nome_tipo_curso = "qualificação_profissional"), (SELECT id_chave_instituicao FROM instituicoes WHERE identificador = "senac"));
INSERT INTO cursos (nome_curso, id_tipo_curso, id_instituicao) VALUES ("senac_1_999", (select id_chave_tipo_curso from tipos_cursos where nome_tipo_curso = "qualificação_profissional"), (SELECT id_chave_instituicao FROM instituicoes WHERE identificador = "senac"));
INSERT INTO cursos (nome_curso, id_tipo_curso, id_instituicao) VALUES ("senac_1_1000", (select id_chave_tipo_curso from tipos_cursos where nome_tipo_curso = "qualificação_profissional"), (SELECT id_chave_instituicao FROM instituicoes WHERE identificador = "senac"));
INSERT INTO cursos (nome_curso, id_tipo_curso, id_instituicao) VALUES ("senac_1_1001", (select id_chave_tipo_curso from tipos_cursos where nome_tipo_curso = "qualificação_profissional"), (SELECT id_chave_instituicao FROM instituicoes WHERE identificador = "senac"));
INSERT INTO cursos (nome_curso, id_tipo_curso, id_instituicao) VALUES ("senac_1_1002", (select id_chave_tipo_curso from tipos_cursos where nome_tipo_curso = "qualificação_profissional"), (SELECT id_chave_instituicao FROM instituicoes WHERE identificador = "senac"));
INSERT INTO cursos (nome_curso, id_tipo_curso, id_instituicao) VALUES ("senac_1_1003", (select id_chave_tipo_curso from tipos_cursos where nome_tipo_curso = "qualificação_profissional"), (SELECT id_chave_instituicao FROM instituicoes WHERE identificador = "senac"));
INSERT INTO cursos (nome_curso, id_tipo_curso, id_instituicao) VALUES ("senac_1_1004", (select id_chave_tipo_curso from tipos_cursos where nome_tipo_curso = "qualificação_profissional"), (SELECT id_chave_instituicao FROM instituicoes WHERE identificador = "senac"));
INSERT INTO cursos (nome_curso, id_tipo_curso, id_instituicao) VALUES ("senac_1_1005", (select id_chave_tipo_curso from tipos_cursos where nome_tipo_curso = "qualificação_profissional"), (SELECT id_chave_instituicao FROM instituicoes WHERE identificador = "senac"));
INSERT INTO cursos (nome_curso, id_tipo_curso, id_instituicao) VALUES ("senac_1_1006", (select id_chave_tipo_curso from tipos_cursos where nome_tipo_curso = "qualificação_profissional"), (SELECT id_chave_instituicao FROM instituicoes WHERE identificador = "senac"));
INSERT INTO cursos (nome_curso, id_tipo_curso, id_instituicao) VALUES ("senac_1_1007", (select id_chave_tipo_curso from tipos_cursos where nome_tipo_curso = "qualificação_profissional"), (SELECT id_chave_instituicao FROM instituicoes WHERE identificador = "senac"));
INSERT INTO cursos (nome_curso, id_tipo_curso, id_instituicao) VALUES ("senac_1_1008", (select id_chave_tipo_curso from tipos_cursos where nome_tipo_curso = "qualificação_profissional"), (SELECT id_chave_instituicao FROM instituicoes WHERE identificador = "senac"));
INSERT INTO cursos (nome_curso, id_tipo_curso, id_instituicao) VALUES ("senac_1_1009", (select id_chave_tipo_curso from tipos_cursos where nome_tipo_curso = "qualificação_profissional"), (SELECT id_chave_instituicao FROM instituicoes WHERE identificador = "senac"));
INSERT INTO cursos (nome_curso, id_tipo_curso, id_instituicao) VALUES ("senac_1_1010", (select id_chave_tipo_curso from tipos_cursos where nome_tipo_curso = "qualificação_profissional"), (SELECT id_chave_instituicao FROM instituicoes WHERE identificador = "senac"));
INSERT INTO cursos (nome_curso, id_tipo_curso, id_instituicao) VALUES ("senac_1_1011", (select id_chave_tipo_curso from tipos_cursos where nome_tipo_curso = "qualificação_profissional"), (SELECT id_chave_instituicao FROM instituicoes WHERE identificador = "senac"));
INSERT INTO cursos (nome_curso, id_tipo_curso, id_instituicao) VALUES ("senac_1_1012", (select id_chave_tipo_curso from tipos_cursos where nome_tipo_curso = "qualificação_profissional"), (SELECT id_chave_instituicao FROM instituicoes WHERE identificador = "senac"));
INSERT INTO cursos (nome_curso, id_tipo_curso, id_instituicao) VALUES ("senac_1_1013", (select id_chave_tipo_curso from tipos_cursos where nome_tipo_curso = "qualificação_profissional"), (SELECT id_chave_instituicao FROM instituicoes WHERE identificador = "senac"));
INSERT INTO cursos (nome_curso, id_tipo_curso, id_instituicao) VALUES ("senac_1_1014", (select id_chave_tipo_curso from tipos_cursos where nome_tipo_curso = "qualificação_profissional"), (SELECT id_chave_instituicao FROM instituicoes WHERE identificador = "senac"));
INSERT INTO cursos (nome_curso, id_tipo_curso, id_instituicao) VALUES ("senac_1_1015", (select id_chave_tipo_curso from tipos_cursos where nome_tipo_curso = "qualificação_profissional"), (SELECT id_chave_instituicao FROM instituicoes WHERE identificador = "senac"));
INSERT INTO cursos (nome_curso, id_tipo_curso, id_instituicao) VALUES ("senac_1_1016", (select id_chave_tipo_curso from tipos_cursos where nome_tipo_curso = "qualificação_profissional"), (SELECT id_chave_instituicao FROM instituicoes WHERE identificador = "senac"));
INSERT INTO cursos (nome_curso, id_tipo_curso, id_instituicao) VALUES ("senac_1_1017", (select id_chave_tipo_curso from tipos_cursos where nome_tipo_curso = "qualificação_profissional"), (SELECT id_chave_instituicao FROM instituicoes WHERE identificador = "senac"));
INSERT INTO cursos (nome_curso, id_tipo_curso, id_instituicao) VALUES ("senac_1_1018", (select id_chave_tipo_curso from tipos_cursos where nome_tipo_curso = "qualificação_profissional"), (SELECT id_chave_instituicao FROM instituicoes WHERE identificador = "senac"));
INSERT INTO cursos (nome_curso, id_tipo_curso, id_instituicao) VALUES ("senac_1_1019", (select id_chave_tipo_curso from tipos_cursos where nome_tipo_curso = "qualificação_profissional"), (SELECT id_chave_instituicao FROM instituicoes WHERE identificador = "senac"));
INSERT INTO cursos (nome_curso, id_tipo_curso, id_instituicao) VALUES ("senac_1_1020", (select id_chave_tipo_curso from tipos_cursos where nome_tipo_curso = "qualificação_profissional"), (SELECT id_chave_instituicao FROM instituicoes WHERE identificador = "senac"));
INSERT INTO cursos (nome_curso, id_tipo_curso, id_instituicao) VALUES ("senac_1_1021", (select id_chave_tipo_curso from tipos_cursos where nome_tipo_curso = "qualificação_profissional"), (SELECT id_chave_instituicao FROM instituicoes WHERE identificador = "senac"));
INSERT INTO cursos (nome_curso, id_tipo_curso, id_instituicao) VALUES ("senac_1_1022", (select id_chave_tipo_curso from tipos_cursos where nome_tipo_curso = "qualificação_profissional"), (SELECT id_chave_instituicao FROM instituicoes WHERE identificador = "senac"));
INSERT INTO cursos (nome_curso, id_tipo_curso, id_instituicao) VALUES ("senac_1_1023", (select id_chave_tipo_curso from tipos_cursos where nome_tipo_curso = "aperfeiçoamento"), (SELECT id_chave_instituicao FROM instituicoes WHERE identificador = "senac"));
INSERT INTO cursos (nome_curso, id_tipo_curso, id_instituicao) VALUES ("senac_1_1024", (select id_chave_tipo_curso from tipos_cursos where nome_tipo_curso = "aperfeiçoamento"), (SELECT id_chave_instituicao FROM instituicoes WHERE identificador = "senac"));
INSERT INTO cursos (nome_curso, id_tipo_curso, id_instituicao) VALUES ("senac_1_1025", (select id_chave_tipo_curso from tipos_cursos where nome_tipo_curso = "qualificação_profissional"), (SELECT id_chave_instituicao FROM instituicoes WHERE identificador = "senac"));
INSERT INTO cursos (nome_curso, id_tipo_curso, id_instituicao) VALUES ("senac_1_1026", (select id_chave_tipo_curso from tipos_cursos where nome_tipo_curso = "qualificação_profissional"), (SELECT id_chave_instituicao FROM instituicoes WHERE identificador = "senac"));
INSERT INTO cursos (nome_curso, id_tipo_curso, id_instituicao) VALUES ("senac_1_1027", (select id_chave_tipo_curso from tipos_cursos where nome_tipo_curso = "qualificação_profissional"), (SELECT id_chave_instituicao FROM instituicoes WHERE identificador = "senac"));
INSERT INTO cursos (nome_curso, id_tipo_curso, id_instituicao) VALUES ("senac_1_1028", (select id_chave_tipo_curso from tipos_cursos where nome_tipo_curso = "qualificação_profissional"), (SELECT id_chave_instituicao FROM instituicoes WHERE identificador = "senac"));
INSERT INTO cursos (nome_curso, id_tipo_curso, id_instituicao) VALUES ("senac_1_1029", (select id_chave_tipo_curso from tipos_cursos where nome_tipo_curso = "qualificação_profissional"), (SELECT id_chave_instituicao FROM instituicoes WHERE identificador = "senac"));
INSERT INTO cursos (nome_curso, id_tipo_curso, id_instituicao) VALUES ("senac_1_1030", (select id_chave_tipo_curso from tipos_cursos where nome_tipo_curso = "qualificação_profissional"), (SELECT id_chave_instituicao FROM instituicoes WHERE identificador = "senac"));
INSERT INTO cursos (nome_curso, id_tipo_curso, id_instituicao) VALUES ("senac_1_1031", (select id_chave_tipo_curso from tipos_cursos where nome_tipo_curso = "qualificação_profissional"), (SELECT id_chave_instituicao FROM instituicoes WHERE identificador = "senac"));
INSERT INTO cursos (nome_curso, id_tipo_curso, id_instituicao) VALUES ("senac_1_1032", (select id_chave_tipo_curso from tipos_cursos where nome_tipo_curso = "qualificação_profissional"), (SELECT id_chave_instituicao FROM instituicoes WHERE identificador = "senac"));
INSERT INTO cursos (nome_curso, id_tipo_curso, id_instituicao) VALUES ("senac_1_1033", (select id_chave_tipo_curso from tipos_cursos where nome_tipo_curso = "qualificação_profissional"), (SELECT id_chave_instituicao FROM instituicoes WHERE identificador = "senac"));
INSERT INTO cursos (nome_curso, id_tipo_curso, id_instituicao) VALUES ("senac_1_1034", (select id_chave_tipo_curso from tipos_cursos where nome_tipo_curso = "qualificação_profissional"), (SELECT id_chave_instituicao FROM instituicoes WHERE identificador = "senac"));
INSERT INTO cursos (nome_curso, id_tipo_curso, id_instituicao) VALUES ("senac_1_1035", (select id_chave_tipo_curso from tipos_cursos where nome_tipo_curso = "qualificação_profissional"), (SELECT id_chave_instituicao FROM instituicoes WHERE identificador = "senac"));
INSERT INTO cursos (nome_curso, id_tipo_curso, id_instituicao) VALUES ("senac_1_1036", (select id_chave_tipo_curso from tipos_cursos where nome_tipo_curso = "qualificação_profissional"), (SELECT id_chave_instituicao FROM instituicoes WHERE identificador = "senac"));
INSERT INTO cursos (nome_curso, id_tipo_curso, id_instituicao) VALUES ("senac_1_1037", (select id_chave_tipo_curso from tipos_cursos where nome_tipo_curso = "qualificação_profissional"), (SELECT id_chave_instituicao FROM instituicoes WHERE identificador = "senac"));
INSERT INTO cursos (nome_curso, id_tipo_curso, id_instituicao) VALUES ("senac_1_1038", (select id_chave_tipo_curso from tipos_cursos where nome_tipo_curso = "qualificação_profissional"), (SELECT id_chave_instituicao FROM instituicoes WHERE identificador = "senac"));
INSERT INTO cursos (nome_curso, id_tipo_curso, id_instituicao) VALUES ("senac_1_1039", (select id_chave_tipo_curso from tipos_cursos where nome_tipo_curso = "qualificação_profissional"), (SELECT id_chave_instituicao FROM instituicoes WHERE identificador = "senac"));
INSERT INTO cursos (nome_curso, id_tipo_curso, id_instituicao) VALUES ("senac_1_1040", (select id_chave_tipo_curso from tipos_cursos where nome_tipo_curso = "qualificação_profissional"), (SELECT id_chave_instituicao FROM instituicoes WHERE identificador = "senac"));
INSERT INTO cursos (nome_curso, id_tipo_curso, id_instituicao) VALUES ("senac_1_1041", (select id_chave_tipo_curso from tipos_cursos where nome_tipo_curso = "qualificação_profissional"), (SELECT id_chave_instituicao FROM instituicoes WHERE identificador = "senac"));
INSERT INTO cursos (nome_curso, id_tipo_curso, id_instituicao) VALUES ("senac_1_1042", (select id_chave_tipo_curso from tipos_cursos where nome_tipo_curso = "qualificação_profissional"), (SELECT id_chave_instituicao FROM instituicoes WHERE identificador = "senac"));
INSERT INTO cursos (nome_curso, id_tipo_curso, id_instituicao) VALUES ("senac_1_1043", (select id_chave_tipo_curso from tipos_cursos where nome_tipo_curso = "qualificação_profissional"), (SELECT id_chave_instituicao FROM instituicoes WHERE identificador = "senac"));
INSERT INTO cursos (nome_curso, id_tipo_curso, id_instituicao) VALUES ("senac_1_1044", (select id_chave_tipo_curso from tipos_cursos where nome_tipo_curso = "qualificação_profissional"), (SELECT id_chave_instituicao FROM instituicoes WHERE identificador = "senac"));
INSERT INTO cursos (nome_curso, id_tipo_curso, id_instituicao) VALUES ("senac_1_1045", (select id_chave_tipo_curso from tipos_cursos where nome_tipo_curso = "qualificação_profissional"), (SELECT id_chave_instituicao FROM instituicoes WHERE identificador = "senac"));
INSERT INTO cursos (nome_curso, id_tipo_curso, id_instituicao) VALUES ("senac_1_1046", (select id_chave_tipo_curso from tipos_cursos where nome_tipo_curso = "qualificação_profissional"), (SELECT id_chave_instituicao FROM instituicoes WHERE identificador = "senac"));
INSERT INTO cursos (nome_curso, id_tipo_curso, id_instituicao) VALUES ("senac_1_1047", (select id_chave_tipo_curso from tipos_cursos where nome_tipo_curso = "qualificação_profissional"), (SELECT id_chave_instituicao FROM instituicoes WHERE identificador = "senac"));
INSERT INTO cursos (nome_curso, id_tipo_curso, id_instituicao) VALUES ("senac_1_1048", (select id_chave_tipo_curso from tipos_cursos where nome_tipo_curso = "qualificação_profissional"), (SELECT id_chave_instituicao FROM instituicoes WHERE identificador = "senac"));
INSERT INTO cursos (nome_curso, id_tipo_curso, id_instituicao) VALUES ("senac_1_1049", (select id_chave_tipo_curso from tipos_cursos where nome_tipo_curso = "qualificação_profissional"), (SELECT id_chave_instituicao FROM instituicoes WHERE identificador = "senac"));
INSERT INTO cursos (nome_curso, id_tipo_curso, id_instituicao) VALUES ("senac_1_1050", (select id_chave_tipo_curso from tipos_cursos where nome_tipo_curso = "qualificação_profissional"), (SELECT id_chave_instituicao FROM instituicoes WHERE identificador = "senac"));
INSERT INTO cursos (nome_curso, id_tipo_curso, id_instituicao) VALUES ("senac_1_1051", (select id_chave_tipo_curso from tipos_cursos where nome_tipo_curso = "qualificação_profissional"), (SELECT id_chave_instituicao FROM instituicoes WHERE identificador = "senac"));
INSERT INTO cursos (nome_curso, id_tipo_curso, id_instituicao) VALUES ("senac_1_1052", (select id_chave_tipo_curso from tipos_cursos where nome_tipo_curso = "qualificação_profissional"), (SELECT id_chave_instituicao FROM instituicoes WHERE identificador = "senac"));
INSERT INTO cursos (nome_curso, id_tipo_curso, id_instituicao) VALUES ("senac_1_1053", (select id_chave_tipo_curso from tipos_cursos where nome_tipo_curso = "qualificação_profissional"), (SELECT id_chave_instituicao FROM instituicoes WHERE identificador = "senac"));
INSERT INTO cursos (nome_curso, id_tipo_curso, id_instituicao) VALUES ("senac_1_1054", (select id_chave_tipo_curso from tipos_cursos where nome_tipo_curso = "qualificação_profissional"), (SELECT id_chave_instituicao FROM instituicoes WHERE identificador = "senac"));
INSERT INTO cursos (nome_curso, id_tipo_curso, id_instituicao) VALUES ("senac_1_1055", (select id_chave_tipo_curso from tipos_cursos where nome_tipo_curso = "qualificação_profissional"), (SELECT id_chave_instituicao FROM instituicoes WHERE identificador = "senac"));
INSERT INTO cursos (nome_curso, id_tipo_curso, id_instituicao) VALUES ("senac_1_1056", (select id_chave_tipo_curso from tipos_cursos where nome_tipo_curso = "qualificação_profissional"), (SELECT id_chave_instituicao FROM instituicoes WHERE identificador = "senac"));
INSERT INTO cursos (nome_curso, id_tipo_curso, id_instituicao) VALUES ("senac_1_1057", (select id_chave_tipo_curso from tipos_cursos where nome_tipo_curso = "qualificação_profissional"), (SELECT id_chave_instituicao FROM instituicoes WHERE identificador = "senac"));
INSERT INTO cursos (nome_curso, id_tipo_curso, id_instituicao) VALUES ("senac_1_1058", (select id_chave_tipo_curso from tipos_cursos where nome_tipo_curso = "qualificação_profissional"), (SELECT id_chave_instituicao FROM instituicoes WHERE identificador = "senac"));
INSERT INTO cursos (nome_curso, id_tipo_curso, id_instituicao) VALUES ("senac_1_1059", (select id_chave_tipo_curso from tipos_cursos where nome_tipo_curso = "qualificação_profissional"), (SELECT id_chave_instituicao FROM instituicoes WHERE identificador = "senac"));
INSERT INTO cursos (nome_curso, id_tipo_curso, id_instituicao) VALUES ("senac_1_1060", (select id_chave_tipo_curso from tipos_cursos where nome_tipo_curso = "qualificação_profissional"), (SELECT id_chave_instituicao FROM instituicoes WHERE identificador = "senac"));
INSERT INTO cursos (nome_curso, id_tipo_curso, id_instituicao) VALUES ("senac_1_1061", (select id_chave_tipo_curso from tipos_cursos where nome_tipo_curso = "qualificação_profissional"), (SELECT id_chave_instituicao FROM instituicoes WHERE identificador = "senac"));
INSERT INTO cursos (nome_curso, id_tipo_curso, id_instituicao) VALUES ("senac_1_1062", (select id_chave_tipo_curso from tipos_cursos where nome_tipo_curso = "qualificação_profissional"), (SELECT id_chave_instituicao FROM instituicoes WHERE identificador = "senac"));
INSERT INTO cursos (nome_curso, id_tipo_curso, id_instituicao) VALUES ("senac_1_1063", (select id_chave_tipo_curso from tipos_cursos where nome_tipo_curso = "qualificação_profissional"), (SELECT id_chave_instituicao FROM instituicoes WHERE identificador = "senac"));
INSERT INTO cursos (nome_curso, id_tipo_curso, id_instituicao) VALUES ("senac_1_1064", (select id_chave_tipo_curso from tipos_cursos where nome_tipo_curso = "qualificação_profissional"), (SELECT id_chave_instituicao FROM instituicoes WHERE identificador = "senac"));
INSERT INTO cursos (nome_curso, id_tipo_curso, id_instituicao) VALUES ("senac_1_1065", (select id_chave_tipo_curso from tipos_cursos where nome_tipo_curso = "qualificação_profissional"), (SELECT id_chave_instituicao FROM instituicoes WHERE identificador = "senac"));
INSERT INTO cursos (nome_curso, id_tipo_curso, id_instituicao) VALUES ("senac_1_1066", (select id_chave_tipo_curso from tipos_cursos where nome_tipo_curso = "qualificação_profissional"), (SELECT id_chave_instituicao FROM instituicoes WHERE identificador = "senac"));
INSERT INTO cursos (nome_curso, id_tipo_curso, id_instituicao) VALUES ("senac_1_1067", (select id_chave_tipo_curso from tipos_cursos where nome_tipo_curso = "qualificação_profissional"), (SELECT id_chave_instituicao FROM instituicoes WHERE identificador = "senac"));
INSERT INTO cursos (nome_curso, id_tipo_curso, id_instituicao) VALUES ("senac_1_1068", (select id_chave_tipo_curso from tipos_cursos where nome_tipo_curso = "qualificação_profissional"), (SELECT id_chave_instituicao FROM instituicoes WHERE identificador = "senac"));
INSERT INTO cursos (nome_curso, id_tipo_curso, id_instituicao) VALUES ("senac_1_1069", (select id_chave_tipo_curso from tipos_cursos where nome_tipo_curso = "qualificação_profissional"), (SELECT id_chave_instituicao FROM instituicoes WHERE identificador = "senac"));
INSERT INTO cursos (nome_curso, id_tipo_curso, id_instituicao) VALUES ("senac_1_1070", (select id_chave_tipo_curso from tipos_cursos where nome_tipo_curso = "qualificação_profissional"), (SELECT id_chave_instituicao FROM instituicoes WHERE identificador = "senac"));
INSERT INTO cursos (nome_curso, id_tipo_curso, id_instituicao) VALUES ("senac_1_1071", (select id_chave_tipo_curso from tipos_cursos where nome_tipo_curso = "qualificação_profissional"), (SELECT id_chave_instituicao FROM instituicoes WHERE identificador = "senac"));
INSERT INTO cursos (nome_curso, id_tipo_curso, id_instituicao) VALUES ("senac_1_1072", (select id_chave_tipo_curso from tipos_cursos where nome_tipo_curso = "qualificação_profissional"), (SELECT id_chave_instituicao FROM instituicoes WHERE identificador = "senac"));
INSERT INTO cursos (nome_curso, id_tipo_curso, id_instituicao) VALUES ("senac_1_1073", (select id_chave_tipo_curso from tipos_cursos where nome_tipo_curso = "qualificação_profissional"), (SELECT id_chave_instituicao FROM instituicoes WHERE identificador = "senac"));
INSERT INTO cursos (nome_curso, id_tipo_curso, id_instituicao) VALUES ("senac_1_1074", (select id_chave_tipo_curso from tipos_cursos where nome_tipo_curso = "qualificação_profissional"), (SELECT id_chave_instituicao FROM instituicoes WHERE identificador = "senac"));
INSERT INTO cursos (nome_curso, id_tipo_curso, id_instituicao) VALUES ("senac_1_1075", (select id_chave_tipo_curso from tipos_cursos where nome_tipo_curso = "qualificação_profissional"), (SELECT id_chave_instituicao FROM instituicoes WHERE identificador = "senac"));
INSERT INTO cursos (nome_curso, id_tipo_curso, id_instituicao) VALUES ("senac_1_1076", (select id_chave_tipo_curso from tipos_cursos where nome_tipo_curso = "qualificação_profissional"), (SELECT id_chave_instituicao FROM instituicoes WHERE identificador = "senac"));
INSERT INTO cursos (nome_curso, id_tipo_curso, id_instituicao) VALUES ("senac_1_1077", (select id_chave_tipo_curso from tipos_cursos where nome_tipo_curso = "qualificação_profissional"), (SELECT id_chave_instituicao FROM instituicoes WHERE identificador = "senac"));
INSERT INTO cursos (nome_curso, id_tipo_curso, id_instituicao) VALUES ("senac_1_1078", (select id_chave_tipo_curso from tipos_cursos where nome_tipo_curso = "qualificação_profissional"), (SELECT id_chave_instituicao FROM instituicoes WHERE identificador = "senac"));
INSERT INTO cursos (nome_curso, id_tipo_curso, id_instituicao) VALUES ("senac_1_1079", (select id_chave_tipo_curso from tipos_cursos where nome_tipo_curso = "qualificação_profissional"), (SELECT id_chave_instituicao FROM instituicoes WHERE identificador = "senac"));
INSERT INTO cursos (nome_curso, id_tipo_curso, id_instituicao) VALUES ("senac_1_1080", (select id_chave_tipo_curso from tipos_cursos where nome_tipo_curso = "qualificação_profissional"), (SELECT id_chave_instituicao FROM instituicoes WHERE identificador = "senac"));
INSERT INTO cursos (nome_curso, id_tipo_curso, id_instituicao) VALUES ("senac_1_1081", (select id_chave_tipo_curso from tipos_cursos where nome_tipo_curso = "qualificação_profissional"), (SELECT id_chave_instituicao FROM instituicoes WHERE identificador = "senac"));
INSERT INTO cursos (nome_curso, id_tipo_curso, id_instituicao) VALUES ("senac_1_1082", (select id_chave_tipo_curso from tipos_cursos where nome_tipo_curso = "qualificação_profissional"), (SELECT id_chave_instituicao FROM instituicoes WHERE identificador = "senac"));
INSERT INTO cursos (nome_curso, id_tipo_curso, id_instituicao) VALUES ("senac_1_1083", (select id_chave_tipo_curso from tipos_cursos where nome_tipo_curso = "qualificação_profissional"), (SELECT id_chave_instituicao FROM instituicoes WHERE identificador = "senac"));
INSERT INTO cursos (nome_curso, id_tipo_curso, id_instituicao) VALUES ("senac_1_1084", (select id_chave_tipo_curso from tipos_cursos where nome_tipo_curso = "qualificação_profissional"), (SELECT id_chave_instituicao FROM instituicoes WHERE identificador = "senac"));
INSERT INTO cursos (nome_curso, id_tipo_curso, id_instituicao) VALUES ("senac_1_1085", (select id_chave_tipo_curso from tipos_cursos where nome_tipo_curso = "qualificação_profissional"), (SELECT id_chave_instituicao FROM instituicoes WHERE identificador = "senac"));
INSERT INTO cursos (nome_curso, id_tipo_curso, id_instituicao) VALUES ("senac_1_1086", (select id_chave_tipo_curso from tipos_cursos where nome_tipo_curso = "qualificação_profissional"), (SELECT id_chave_instituicao FROM instituicoes WHERE identificador = "senac"));
INSERT INTO cursos (nome_curso, id_tipo_curso, id_instituicao) VALUES ("senac_1_1087", (select id_chave_tipo_curso from tipos_cursos where nome_tipo_curso = "qualificação_profissional"), (SELECT id_chave_instituicao FROM instituicoes WHERE identificador = "senac"));
INSERT INTO cursos (nome_curso, id_tipo_curso, id_instituicao) VALUES ("senac_1_1088", (select id_chave_tipo_curso from tipos_cursos where nome_tipo_curso = "qualificação_profissional"), (SELECT id_chave_instituicao FROM instituicoes WHERE identificador = "senac"));
INSERT INTO cursos (nome_curso, id_tipo_curso, id_instituicao) VALUES ("senac_1_1089", (select id_chave_tipo_curso from tipos_cursos where nome_tipo_curso = "qualificação_profissional"), (SELECT id_chave_instituicao FROM instituicoes WHERE identificador = "senac"));
INSERT INTO cursos (nome_curso, id_tipo_curso, id_instituicao) VALUES ("senac_1_1090", (select id_chave_tipo_curso from tipos_cursos where nome_tipo_curso = "qualificação_profissional"), (SELECT id_chave_instituicao FROM instituicoes WHERE identificador = "senac"));
INSERT INTO cursos (nome_curso, id_tipo_curso, id_instituicao) VALUES ("senac_1_1091", (select id_chave_tipo_curso from tipos_cursos where nome_tipo_curso = "qualificação_profissional"), (SELECT id_chave_instituicao FROM instituicoes WHERE identificador = "senac"));
INSERT INTO cursos (nome_curso, id_tipo_curso, id_instituicao) VALUES ("senac_1_1092", (select id_chave_tipo_curso from tipos_cursos where nome_tipo_curso = "qualificação_profissional"), (SELECT id_chave_instituicao FROM instituicoes WHERE identificador = "senac"));
INSERT INTO cursos (nome_curso, id_tipo_curso, id_instituicao) VALUES ("senac_1_1093", (select id_chave_tipo_curso from tipos_cursos where nome_tipo_curso = "qualificação_profissional"), (SELECT id_chave_instituicao FROM instituicoes WHERE identificador = "senac"));
INSERT INTO cursos (nome_curso, id_tipo_curso, id_instituicao) VALUES ("senac_1_1094", (select id_chave_tipo_curso from tipos_cursos where nome_tipo_curso = "qualificação_profissional"), (SELECT id_chave_instituicao FROM instituicoes WHERE identificador = "senac"));
INSERT INTO cursos (nome_curso, id_tipo_curso, id_instituicao) VALUES ("senac_1_1095", (select id_chave_tipo_curso from tipos_cursos where nome_tipo_curso = "qualificação_profissional"), (SELECT id_chave_instituicao FROM instituicoes WHERE identificador = "senac"));
INSERT INTO cursos (nome_curso, id_tipo_curso, id_instituicao) VALUES ("senac_1_1096", (select id_chave_tipo_curso from tipos_cursos where nome_tipo_curso = "qualificação_profissional"), (SELECT id_chave_instituicao FROM instituicoes WHERE identificador = "senac"));
INSERT INTO cursos (nome_curso, id_tipo_curso, id_instituicao) VALUES ("senac_1_1097", (select id_chave_tipo_curso from tipos_cursos where nome_tipo_curso = "qualificação_profissional"), (SELECT id_chave_instituicao FROM instituicoes WHERE identificador = "senac"));
INSERT INTO cursos (nome_curso, id_tipo_curso, id_instituicao) VALUES ("senac_1_1098", (select id_chave_tipo_curso from tipos_cursos where nome_tipo_curso = "qualificação_profissional"), (SELECT id_chave_instituicao FROM instituicoes WHERE identificador = "senac"));
INSERT INTO cursos (nome_curso, id_tipo_curso, id_instituicao) VALUES ("senac_1_1099", (select id_chave_tipo_curso from tipos_cursos where nome_tipo_curso = "qualificação_profissional"), (SELECT id_chave_instituicao FROM instituicoes WHERE identificador = "senac"));
INSERT INTO cursos (nome_curso, id_tipo_curso, id_instituicao) VALUES ("senac_1_1100", (select id_chave_tipo_curso from tipos_cursos where nome_tipo_curso = "qualificação_profissional"), (SELECT id_chave_instituicao FROM instituicoes WHERE identificador = "senac"));
INSERT INTO cursos (nome_curso, id_tipo_curso, id_instituicao) VALUES ("senac_1_1101", (select id_chave_tipo_curso from tipos_cursos where nome_tipo_curso = "qualificação_profissional"), (SELECT id_chave_instituicao FROM instituicoes WHERE identificador = "senac"));
INSERT INTO cursos (nome_curso, id_tipo_curso, id_instituicao) VALUES ("senac_1_1102", (select id_chave_tipo_curso from tipos_cursos where nome_tipo_curso = "qualificação_profissional"), (SELECT id_chave_instituicao FROM instituicoes WHERE identificador = "senac"));
INSERT INTO cursos (nome_curso, id_tipo_curso, id_instituicao) VALUES ("senac_1_1103", (select id_chave_tipo_curso from tipos_cursos where nome_tipo_curso = "qualificação_profissional"), (SELECT id_chave_instituicao FROM instituicoes WHERE identificador = "senac"));
INSERT INTO cursos (nome_curso, id_tipo_curso, id_instituicao) VALUES ("senac_1_1104", (select id_chave_tipo_curso from tipos_cursos where nome_tipo_curso = "qualificação_profissional"), (SELECT id_chave_instituicao FROM instituicoes WHERE identificador = "senac"));
INSERT INTO cursos (nome_curso, id_tipo_curso, id_instituicao) VALUES ("senac_1_1105", (select id_chave_tipo_curso from tipos_cursos where nome_tipo_curso = "qualificação_profissional"), (SELECT id_chave_instituicao FROM instituicoes WHERE identificador = "senac"));
INSERT INTO cursos (nome_curso, id_tipo_curso, id_instituicao) VALUES ("senac_1_1106", (select id_chave_tipo_curso from tipos_cursos where nome_tipo_curso = "qualificação_profissional"), (SELECT id_chave_instituicao FROM instituicoes WHERE identificador = "senac"));
INSERT INTO cursos (nome_curso, id_tipo_curso, id_instituicao) VALUES ("senac_1_1107", (select id_chave_tipo_curso from tipos_cursos where nome_tipo_curso = "qualificação_profissional"), (SELECT id_chave_instituicao FROM instituicoes WHERE identificador = "senac"));
INSERT INTO cursos (nome_curso, id_tipo_curso, id_instituicao) VALUES ("senac_1_1108", (select id_chave_tipo_curso from tipos_cursos where nome_tipo_curso = "qualificação_profissional"), (SELECT id_chave_instituicao FROM instituicoes WHERE identificador = "senac"));
INSERT INTO cursos (nome_curso, id_tipo_curso, id_instituicao) VALUES ("senac_1_1109", (select id_chave_tipo_curso from tipos_cursos where nome_tipo_curso = "qualificação_profissional"), (SELECT id_chave_instituicao FROM instituicoes WHERE identificador = "senac"));
INSERT INTO cursos (nome_curso, id_tipo_curso, id_instituicao) VALUES ("senac_1_1110", (select id_chave_tipo_curso from tipos_cursos where nome_tipo_curso = "qualificação_profissional"), (SELECT id_chave_instituicao FROM instituicoes WHERE identificador = "senac"));
INSERT INTO cursos (nome_curso, id_tipo_curso, id_instituicao) VALUES ("senac_1_1111", (select id_chave_tipo_curso from tipos_cursos where nome_tipo_curso = "qualificação_profissional"), (SELECT id_chave_instituicao FROM instituicoes WHERE identificador = "senac"));
INSERT INTO cursos (nome_curso, id_tipo_curso, id_instituicao) VALUES ("senac_1_1112", (select id_chave_tipo_curso from tipos_cursos where nome_tipo_curso = "qualificação_profissional"), (SELECT id_chave_instituicao FROM instituicoes WHERE identificador = "senac"));
INSERT INTO cursos (nome_curso, id_tipo_curso, id_instituicao) VALUES ("senac_1_1113", (select id_chave_tipo_curso from tipos_cursos where nome_tipo_curso = "qualificação_profissional"), (SELECT id_chave_instituicao FROM instituicoes WHERE identificador = "senac"));
INSERT INTO cursos (nome_curso, id_tipo_curso, id_instituicao) VALUES ("senac_1_1114", (select id_chave_tipo_curso from tipos_cursos where nome_tipo_curso = "qualificação_profissional"), (SELECT id_chave_instituicao FROM instituicoes WHERE identificador = "senac"));
INSERT INTO cursos (nome_curso, id_tipo_curso, id_instituicao) VALUES ("senac_1_1115", (select id_chave_tipo_curso from tipos_cursos where nome_tipo_curso = "qualificação_profissional"), (SELECT id_chave_instituicao FROM instituicoes WHERE identificador = "senac"));
INSERT INTO cursos (nome_curso, id_tipo_curso, id_instituicao) VALUES ("senac_1_1116", (select id_chave_tipo_curso from tipos_cursos where nome_tipo_curso = "qualificação_profissional"), (SELECT id_chave_instituicao FROM instituicoes WHERE identificador = "senac"));
INSERT INTO cursos (nome_curso, id_tipo_curso, id_instituicao) VALUES ("senac_1_1117", (select id_chave_tipo_curso from tipos_cursos where nome_tipo_curso = "qualificação_profissional"), (SELECT id_chave_instituicao FROM instituicoes WHERE identificador = "senac"));
INSERT INTO cursos (nome_curso, id_tipo_curso, id_instituicao) VALUES ("senac_1_1118", (select id_chave_tipo_curso from tipos_cursos where nome_tipo_curso = "qualificação_profissional"), (SELECT id_chave_instituicao FROM instituicoes WHERE identificador = "senac"));
INSERT INTO cursos (nome_curso, id_tipo_curso, id_instituicao) VALUES ("senac_1_1119", (select id_chave_tipo_curso from tipos_cursos where nome_tipo_curso = "qualificação_profissional"), (SELECT id_chave_instituicao FROM instituicoes WHERE identificador = "senac"));
INSERT INTO cursos (nome_curso, id_tipo_curso, id_instituicao) VALUES ("senac_1_1120", (select id_chave_tipo_curso from tipos_cursos where nome_tipo_curso = "aperfeiçoamento"), (SELECT id_chave_instituicao FROM instituicoes WHERE identificador = "senac"));
INSERT INTO cursos (nome_curso, id_tipo_curso, id_instituicao) VALUES ("senac_1_1121", (select id_chave_tipo_curso from tipos_cursos where nome_tipo_curso = "aperfeiçoamento"), (SELECT id_chave_instituicao FROM instituicoes WHERE identificador = "senac"));
INSERT INTO cursos (nome_curso, id_tipo_curso, id_instituicao) VALUES ("senac_1_1122", (select id_chave_tipo_curso from tipos_cursos where nome_tipo_curso = "aperfeiçoamento"), (SELECT id_chave_instituicao FROM instituicoes WHERE identificador = "senac"));
INSERT INTO cursos (nome_curso, id_tipo_curso, id_instituicao) VALUES ("senac_1_1123", (select id_chave_tipo_curso from tipos_cursos where nome_tipo_curso = "aperfeiçoamento"), (SELECT id_chave_instituicao FROM instituicoes WHERE identificador = "senac"));
INSERT INTO cursos (nome_curso, id_tipo_curso, id_instituicao) VALUES ("senac_1_1124", (select id_chave_tipo_curso from tipos_cursos where nome_tipo_curso = "aperfeiçoamento"), (SELECT id_chave_instituicao FROM instituicoes WHERE identificador = "senac"));
INSERT INTO cursos (nome_curso, id_tipo_curso, id_instituicao) VALUES ("senac_1_1125", (select id_chave_tipo_curso from tipos_cursos where nome_tipo_curso = "aperfeiçoamento"), (SELECT id_chave_instituicao FROM instituicoes WHERE identificador = "senac"));
INSERT INTO cursos (nome_curso, id_tipo_curso, id_instituicao) VALUES ("senac_1_1126", (select id_chave_tipo_curso from tipos_cursos where nome_tipo_curso = "aperfeiçoamento"), (SELECT id_chave_instituicao FROM instituicoes WHERE identificador = "senac"));
INSERT INTO cursos (nome_curso, id_tipo_curso, id_instituicao) VALUES ("senac_1_1127", (select id_chave_tipo_curso from tipos_cursos where nome_tipo_curso = "qualificação_profissional"), (SELECT id_chave_instituicao FROM instituicoes WHERE identificador = "senac"));
INSERT INTO cursos (nome_curso, id_tipo_curso, id_instituicao) VALUES ("senac_1_1128", (select id_chave_tipo_curso from tipos_cursos where nome_tipo_curso = "qualificação_profissional"), (SELECT id_chave_instituicao FROM instituicoes WHERE identificador = "senac"));
INSERT INTO cursos (nome_curso, id_tipo_curso, id_instituicao) VALUES ("senac_1_1129", (select id_chave_tipo_curso from tipos_cursos where nome_tipo_curso = "qualificação_profissional"), (SELECT id_chave_instituicao FROM instituicoes WHERE identificador = "senac"));
INSERT INTO cursos (nome_curso, id_tipo_curso, id_instituicao) VALUES ("senac_1_1130", (select id_chave_tipo_curso from tipos_cursos where nome_tipo_curso = "aperfeiçoamento"), (SELECT id_chave_instituicao FROM instituicoes WHERE identificador = "senac"));
INSERT INTO cursos (nome_curso, id_tipo_curso, id_instituicao) VALUES ("senac_1_1131", (select id_chave_tipo_curso from tipos_cursos where nome_tipo_curso = "aperfeiçoamento"), (SELECT id_chave_instituicao FROM instituicoes WHERE identificador = "senac"));
INSERT INTO cursos (nome_curso, id_tipo_curso, id_instituicao) VALUES ("senac_1_1132", (select id_chave_tipo_curso from tipos_cursos where nome_tipo_curso = "aperfeiçoamento"), (SELECT id_chave_instituicao FROM instituicoes WHERE identificador = "senac"));
INSERT INTO cursos (nome_curso, id_tipo_curso, id_instituicao) VALUES ("senac_1_1133", (select id_chave_tipo_curso from tipos_cursos where nome_tipo_curso = "aperfeiçoamento"), (SELECT id_chave_instituicao FROM instituicoes WHERE identificador = "senac"));
INSERT INTO cursos (nome_curso, id_tipo_curso, id_instituicao) VALUES ("senac_1_1134", (select id_chave_tipo_curso from tipos_cursos where nome_tipo_curso = "qualificação_profissional"), (SELECT id_chave_instituicao FROM instituicoes WHERE identificador = "senac"));
INSERT INTO cursos (nome_curso, id_tipo_curso, id_instituicao) VALUES ("senac_1_1135", (select id_chave_tipo_curso from tipos_cursos where nome_tipo_curso = "qualificação_profissional"), (SELECT id_chave_instituicao FROM instituicoes WHERE identificador = "senac"));
INSERT INTO cursos (nome_curso, id_tipo_curso, id_instituicao) VALUES ("senac_1_1136", (select id_chave_tipo_curso from tipos_cursos where nome_tipo_curso = "aperfeiçoamento"), (SELECT id_chave_instituicao FROM instituicoes WHERE identificador = "senac"));
INSERT INTO cursos (nome_curso, id_tipo_curso, id_instituicao) VALUES ("senac_1_1137", (select id_chave_tipo_curso from tipos_cursos where nome_tipo_curso = "aperfeiçoamento"), (SELECT id_chave_instituicao FROM instituicoes WHERE identificador = "senac"));
INSERT INTO cursos (nome_curso, id_tipo_curso, id_instituicao) VALUES ("senac_1_1138", (select id_chave_tipo_curso from tipos_cursos where nome_tipo_curso = "aperfeiçoamento"), (SELECT id_chave_instituicao FROM instituicoes WHERE identificador = "senac"));
INSERT INTO cursos (nome_curso, id_tipo_curso, id_instituicao) VALUES ("senac_1_1139", (select id_chave_tipo_curso from tipos_cursos where nome_tipo_curso = "aperfeiçoamento"), (SELECT id_chave_instituicao FROM instituicoes WHERE identificador = "senac"));
INSERT INTO cursos (nome_curso, id_tipo_curso, id_instituicao) VALUES ("senac_1_1140", (select id_chave_tipo_curso from tipos_cursos where nome_tipo_curso = "aperfeiçoamento"), (SELECT id_chave_instituicao FROM instituicoes WHERE identificador = "senac"));
INSERT INTO cursos (nome_curso, id_tipo_curso, id_instituicao) VALUES ("senac_1_1141", (select id_chave_tipo_curso from tipos_cursos where nome_tipo_curso = "aperfeiçoamento"), (SELECT id_chave_instituicao FROM instituicoes WHERE identificador = "senac"));
INSERT INTO cursos (nome_curso, id_tipo_curso, id_instituicao) VALUES ("senac_1_1142", (select id_chave_tipo_curso from tipos_cursos where nome_tipo_curso = "aperfeiçoamento"), (SELECT id_chave_instituicao FROM instituicoes WHERE identificador = "senac"));
INSERT INTO cursos (nome_curso, id_tipo_curso, id_instituicao) VALUES ("senac_1_1143", (select id_chave_tipo_curso from tipos_cursos where nome_tipo_curso = "aperfeiçoamento"), (SELECT id_chave_instituicao FROM instituicoes WHERE identificador = "senac"));
INSERT INTO cursos (nome_curso, id_tipo_curso, id_instituicao) VALUES ("senac_1_1144", (select id_chave_tipo_curso from tipos_cursos where nome_tipo_curso = "aperfeiçoamento"), (SELECT id_chave_instituicao FROM instituicoes WHERE identificador = "senac"));
INSERT INTO cursos (nome_curso, id_tipo_curso, id_instituicao) VALUES ("senac_1_1145", (select id_chave_tipo_curso from tipos_cursos where nome_tipo_curso = "aperfeiçoamento"), (SELECT id_chave_instituicao FROM instituicoes WHERE identificador = "senac"));
INSERT INTO cursos (nome_curso, id_tipo_curso, id_instituicao) VALUES ("senac_1_1146", (select id_chave_tipo_curso from tipos_cursos where nome_tipo_curso = "aperfeiçoamento"), (SELECT id_chave_instituicao FROM instituicoes WHERE identificador = "senac"));
INSERT INTO cursos (nome_curso, id_tipo_curso, id_instituicao) VALUES ("senac_1_1147", (select id_chave_tipo_curso from tipos_cursos where nome_tipo_curso = "aperfeiçoamento"), (SELECT id_chave_instituicao FROM instituicoes WHERE identificador = "senac"));
INSERT INTO cursos (nome_curso, id_tipo_curso, id_instituicao) VALUES ("senac_1_1148", (select id_chave_tipo_curso from tipos_cursos where nome_tipo_curso = "aperfeiçoamento"), (SELECT id_chave_instituicao FROM instituicoes WHERE identificador = "senac"));
INSERT INTO cursos (nome_curso, id_tipo_curso, id_instituicao) VALUES ("senac_1_1149", (select id_chave_tipo_curso from tipos_cursos where nome_tipo_curso = "aperfeiçoamento"), (SELECT id_chave_instituicao FROM instituicoes WHERE identificador = "senac"));
INSERT INTO cursos (nome_curso, id_tipo_curso, id_instituicao) VALUES ("senac_1_1150", (select id_chave_tipo_curso from tipos_cursos where nome_tipo_curso = "aperfeiçoamento"), (SELECT id_chave_instituicao FROM instituicoes WHERE identificador = "senac"));
INSERT INTO cursos (nome_curso, id_tipo_curso, id_instituicao) VALUES ("senac_1_1151", (select id_chave_tipo_curso from tipos_cursos where nome_tipo_curso = "aperfeiçoamento"), (SELECT id_chave_instituicao FROM instituicoes WHERE identificador = "senac"));
INSERT INTO cursos (nome_curso, id_tipo_curso, id_instituicao) VALUES ("senac_1_1152", (select id_chave_tipo_curso from tipos_cursos where nome_tipo_curso = "aperfeiçoamento"), (SELECT id_chave_instituicao FROM instituicoes WHERE identificador = "senac"));
INSERT INTO cursos (nome_curso, id_tipo_curso, id_instituicao) VALUES ("senac_1_1153", (select id_chave_tipo_curso from tipos_cursos where nome_tipo_curso = "aperfeiçoamento"), (SELECT id_chave_instituicao FROM instituicoes WHERE identificador = "senac"));
INSERT INTO cursos (nome_curso, id_tipo_curso, id_instituicao) VALUES ("senac_1_1154", (select id_chave_tipo_curso from tipos_cursos where nome_tipo_curso = "aperfeiçoamento"), (SELECT id_chave_instituicao FROM instituicoes WHERE identificador = "senac"));
INSERT INTO cursos (nome_curso, id_tipo_curso, id_instituicao) VALUES ("senac_1_1155", (select id_chave_tipo_curso from tipos_cursos where nome_tipo_curso = "aperfeiçoamento"), (SELECT id_chave_instituicao FROM instituicoes WHERE identificador = "senac"));
INSERT INTO cursos (nome_curso, id_tipo_curso, id_instituicao) VALUES ("senac_1_1156", (select id_chave_tipo_curso from tipos_cursos where nome_tipo_curso = "aperfeiçoamento"), (SELECT id_chave_instituicao FROM instituicoes WHERE identificador = "senac"));
INSERT INTO cursos (nome_curso, id_tipo_curso, id_instituicao) VALUES ("senac_1_1157", (select id_chave_tipo_curso from tipos_cursos where nome_tipo_curso = "aperfeiçoamento"), (SELECT id_chave_instituicao FROM instituicoes WHERE identificador = "senac"));
INSERT INTO cursos (nome_curso, id_tipo_curso, id_instituicao) VALUES ("senac_1_1158", (select id_chave_tipo_curso from tipos_cursos where nome_tipo_curso = "aperfeiçoamento"), (SELECT id_chave_instituicao FROM instituicoes WHERE identificador = "senac"));
INSERT INTO cursos (nome_curso, id_tipo_curso, id_instituicao) VALUES ("senac_1_1159", (select id_chave_tipo_curso from tipos_cursos where nome_tipo_curso = "aperfeiçoamento"), (SELECT id_chave_instituicao FROM instituicoes WHERE identificador = "senac"));
INSERT INTO cursos (nome_curso, id_tipo_curso, id_instituicao) VALUES ("senac_1_1160", (select id_chave_tipo_curso from tipos_cursos where nome_tipo_curso = "aperfeiçoamento"), (SELECT id_chave_instituicao FROM instituicoes WHERE identificador = "senac"));
INSERT INTO cursos (nome_curso, id_tipo_curso, id_instituicao) VALUES ("senac_1_1161", (select id_chave_tipo_curso from tipos_cursos where nome_tipo_curso = "qualificação_profissional"), (SELECT id_chave_instituicao FROM instituicoes WHERE identificador = "senac"));
INSERT INTO cursos (nome_curso, id_tipo_curso, id_instituicao) VALUES ("senac_1_1162", (select id_chave_tipo_curso from tipos_cursos where nome_tipo_curso = "qualificação_profissional"), (SELECT id_chave_instituicao FROM instituicoes WHERE identificador = "senac"));
INSERT INTO cursos (nome_curso, id_tipo_curso, id_instituicao) VALUES ("senac_1_1163", (select id_chave_tipo_curso from tipos_cursos where nome_tipo_curso = "qualificação_profissional"), (SELECT id_chave_instituicao FROM instituicoes WHERE identificador = "senac"));
INSERT INTO cursos (nome_curso, id_tipo_curso, id_instituicao) VALUES ("senac_1_1164", (select id_chave_tipo_curso from tipos_cursos where nome_tipo_curso = "qualificação_profissional"), (SELECT id_chave_instituicao FROM instituicoes WHERE identificador = "senac"));
INSERT INTO cursos (nome_curso, id_tipo_curso, id_instituicao) VALUES ("senac_1_1165", (select id_chave_tipo_curso from tipos_cursos where nome_tipo_curso = "qualificação_profissional"), (SELECT id_chave_instituicao FROM instituicoes WHERE identificador = "senac"));
INSERT INTO cursos (nome_curso, id_tipo_curso, id_instituicao) VALUES ("senac_1_1166", (select id_chave_tipo_curso from tipos_cursos where nome_tipo_curso = "qualificação_profissional"), (SELECT id_chave_instituicao FROM instituicoes WHERE identificador = "senac"));
INSERT INTO cursos (nome_curso, id_tipo_curso, id_instituicao) VALUES ("senac_1_1167", (select id_chave_tipo_curso from tipos_cursos where nome_tipo_curso = "qualificação_profissional"), (SELECT id_chave_instituicao FROM instituicoes WHERE identificador = "senac"));
INSERT INTO cursos (nome_curso, id_tipo_curso, id_instituicao) VALUES ("senac_1_1168", (select id_chave_tipo_curso from tipos_cursos where nome_tipo_curso = "qualificação_profissional"), (SELECT id_chave_instituicao FROM instituicoes WHERE identificador = "senac"));
INSERT INTO cursos (nome_curso, id_tipo_curso, id_instituicao) VALUES ("senac_1_1169", (select id_chave_tipo_curso from tipos_cursos where nome_tipo_curso = "qualificação_profissional"), (SELECT id_chave_instituicao FROM instituicoes WHERE identificador = "senac"));
INSERT INTO cursos (nome_curso, id_tipo_curso, id_instituicao) VALUES ("senac_1_1170", (select id_chave_tipo_curso from tipos_cursos where nome_tipo_curso = "qualificação_profissional"), (SELECT id_chave_instituicao FROM instituicoes WHERE identificador = "senac"));
INSERT INTO cursos (nome_curso, id_tipo_curso, id_instituicao) VALUES ("senac_1_1171", (select id_chave_tipo_curso from tipos_cursos where nome_tipo_curso = "qualificação_profissional"), (SELECT id_chave_instituicao FROM instituicoes WHERE identificador = "senac"));
INSERT INTO cursos (nome_curso, id_tipo_curso, id_instituicao) VALUES ("senac_1_1172", (select id_chave_tipo_curso from tipos_cursos where nome_tipo_curso = "qualificação_profissional"), (SELECT id_chave_instituicao FROM instituicoes WHERE identificador = "senac"));
INSERT INTO cursos (nome_curso, id_tipo_curso, id_instituicao) VALUES ("senac_1_1173", (select id_chave_tipo_curso from tipos_cursos where nome_tipo_curso = "qualificação_profissional"), (SELECT id_chave_instituicao FROM instituicoes WHERE identificador = "senac"));
INSERT INTO cursos (nome_curso, id_tipo_curso, id_instituicao) VALUES ("senac_1_1174", (select id_chave_tipo_curso from tipos_cursos where nome_tipo_curso = "qualificação_profissional"), (SELECT id_chave_instituicao FROM instituicoes WHERE identificador = "senac"));
INSERT INTO cursos (nome_curso, id_tipo_curso, id_instituicao) VALUES ("senac_1_1175", (select id_chave_tipo_curso from tipos_cursos where nome_tipo_curso = "qualificação_profissional"), (SELECT id_chave_instituicao FROM instituicoes WHERE identificador = "senac"));
INSERT INTO cursos (nome_curso, id_tipo_curso, id_instituicao) VALUES ("senac_1_1176", (select id_chave_tipo_curso from tipos_cursos where nome_tipo_curso = "qualificação_profissional"), (SELECT id_chave_instituicao FROM instituicoes WHERE identificador = "senac"));
INSERT INTO cursos (nome_curso, id_tipo_curso, id_instituicao) VALUES ("senac_1_1177", (select id_chave_tipo_curso from tipos_cursos where nome_tipo_curso = "qualificação_profissional"), (SELECT id_chave_instituicao FROM instituicoes WHERE identificador = "senac"));
INSERT INTO cursos (nome_curso, id_tipo_curso, id_instituicao) VALUES ("senac_1_1178", (select id_chave_tipo_curso from tipos_cursos where nome_tipo_curso = "qualificação_profissional"), (SELECT id_chave_instituicao FROM instituicoes WHERE identificador = "senac"));
INSERT INTO cursos (nome_curso, id_tipo_curso, id_instituicao) VALUES ("senac_1_1179", (select id_chave_tipo_curso from tipos_cursos where nome_tipo_curso = "qualificação_profissional"), (SELECT id_chave_instituicao FROM instituicoes WHERE identificador = "senac"));
INSERT INTO cursos (nome_curso, id_tipo_curso, id_instituicao) VALUES ("senac_1_1180", (select id_chave_tipo_curso from tipos_cursos where nome_tipo_curso = "qualificação_profissional"), (SELECT id_chave_instituicao FROM instituicoes WHERE identificador = "senac"));
INSERT INTO cursos (nome_curso, id_tipo_curso, id_instituicao) VALUES ("senac_1_1181", (select id_chave_tipo_curso from tipos_cursos where nome_tipo_curso = "qualificação_profissional"), (SELECT id_chave_instituicao FROM instituicoes WHERE identificador = "senac"));
INSERT INTO cursos (nome_curso, id_tipo_curso, id_instituicao) VALUES ("senac_1_1182", (select id_chave_tipo_curso from tipos_cursos where nome_tipo_curso = "qualificação_profissional"), (SELECT id_chave_instituicao FROM instituicoes WHERE identificador = "senac"));
INSERT INTO cursos (nome_curso, id_tipo_curso, id_instituicao) VALUES ("senac_1_1183", (select id_chave_tipo_curso from tipos_cursos where nome_tipo_curso = "qualificação_profissional"), (SELECT id_chave_instituicao FROM instituicoes WHERE identificador = "senac"));
INSERT INTO cursos (nome_curso, id_tipo_curso, id_instituicao) VALUES ("senac_1_1184", (select id_chave_tipo_curso from tipos_cursos where nome_tipo_curso = "qualificação_profissional"), (SELECT id_chave_instituicao FROM instituicoes WHERE identificador = "senac"));
INSERT INTO cursos (nome_curso, id_tipo_curso, id_instituicao) VALUES ("senac_1_1185", (select id_chave_tipo_curso from tipos_cursos where nome_tipo_curso = "qualificação_profissional"), (SELECT id_chave_instituicao FROM instituicoes WHERE identificador = "senac"));
INSERT INTO cursos (nome_curso, id_tipo_curso, id_instituicao) VALUES ("senac_1_1186", (select id_chave_tipo_curso from tipos_cursos where nome_tipo_curso = "qualificação_profissional"), (SELECT id_chave_instituicao FROM instituicoes WHERE identificador = "senac"));
INSERT INTO cursos (nome_curso, id_tipo_curso, id_instituicao) VALUES ("senac_1_1187", (select id_chave_tipo_curso from tipos_cursos where nome_tipo_curso = "qualificação_profissional"), (SELECT id_chave_instituicao FROM instituicoes WHERE identificador = "senac"));
INSERT INTO cursos (nome_curso, id_tipo_curso, id_instituicao) VALUES ("senac_1_1188", (select id_chave_tipo_curso from tipos_cursos where nome_tipo_curso = "qualificação_profissional"), (SELECT id_chave_instituicao FROM instituicoes WHERE identificador = "senac"));
INSERT INTO cursos (nome_curso, id_tipo_curso, id_instituicao) VALUES ("senac_1_1189", (select id_chave_tipo_curso from tipos_cursos where nome_tipo_curso = "qualificação_profissional"), (SELECT id_chave_instituicao FROM instituicoes WHERE identificador = "senac"));
