
INSERT IGNORE INTO instituicoes (nome_instituicao, sigla, identificador, id_tipo_instituicao, logo) 
VALUES ("Serviço Nacional de Aprendizagem Comercial", "SENAC", "senac", 
        (SELECT id_chave_tipo_instituicao FROM tipos_instituicoes WHERE nome_tipo_instituicao = "Sistema S - Privada"), "senac_logo.png");

INSERT IGNORE INTO tipos_classificacoes (nome_tipo_classificacao) VALUES ("segmento");
 INSERT IGNORE INTO tipos_classificacoes (nome_tipo_classificacao) VALUES ("tipo_de_curso");
 INSERT IGNORE INTO tipos_classificacoes (nome_tipo_classificacao) VALUES ("codigo_do_curso");
 INSERT IGNORE INTO tipos_classificacoes (nome_tipo_classificacao) VALUES ("titulo_do_curso");
 INSERT IGNORE INTO tipos_classificacoes (nome_tipo_classificacao) VALUES ("estado");
 INSERT IGNORE INTO tipos_classificacoes (nome_tipo_classificacao) VALUES ("vagas");
 INSERT IGNORE INTO tipos_classificacoes (nome_tipo_classificacao) VALUES ("cidade");
 INSERT IGNORE INTO tokens (nome_token, acentuada, id_tipo_token) VALUES ("turista", "turista", (SELECT id_tipo_token FROM classificacoes_tokens WHERE BINARY nome_token = "turista"));
  INSERT IGNORE INTO classificacoes_tokens (nome_token, id_tipo_token) VALUES ("776", (SELECT id_chave_tipo_token FROM tipos_tokens WHERE nome_tipo_token = "numeral"));
INSERT IGNORE INTO tokens (nome_token, acentuada, id_tipo_token) VALUES ("776", "776", (SELECT id_tipo_token FROM classificacoes_tokens WHERE BINARY nome_token = "776"));
  INSERT IGNORE INTO classificacoes_tokens (nome_token, id_tipo_token) VALUES ("1709", (SELECT id_chave_tipo_token FROM tipos_tokens WHERE nome_tipo_token = "numeral"));
INSERT IGNORE INTO tokens (nome_token, acentuada, id_tipo_token) VALUES ("1709", "1709", (SELECT id_tipo_token FROM classificacoes_tokens WHERE BINARY nome_token = "1709"));
  INSERT IGNORE INTO classificacoes_tokens (nome_token, id_tipo_token) VALUES ("2629", (SELECT id_chave_tipo_token FROM tipos_tokens WHERE nome_tipo_token = "numeral"));
INSERT IGNORE INTO tokens (nome_token, acentuada, id_tipo_token) VALUES ("2629", "2629", (SELECT id_tipo_token FROM classificacoes_tokens WHERE BINARY nome_token = "2629"));
  INSERT IGNORE INTO tokens (nome_token, acentuada, id_tipo_token) VALUES ("roteiros", "roteiros", (SELECT id_tipo_token FROM classificacoes_tokens WHERE BINARY nome_token = "roteiros"));
  INSERT IGNORE INTO tokens (nome_token, acentuada, id_tipo_token) VALUES ("caminhos", "caminhos", (SELECT id_tipo_token FROM classificacoes_tokens WHERE BINARY nome_token = "caminhos"));
  INSERT IGNORE INTO tokens (nome_token, acentuada, id_tipo_token) VALUES ("novos", "novos", (SELECT id_tipo_token FROM classificacoes_tokens WHERE BINARY nome_token = "novos"));
  INSERT IGNORE INTO tokens (nome_token, acentuada, id_tipo_token) VALUES ("singularidades", "singularidades", (SELECT id_tipo_token FROM classificacoes_tokens WHERE BINARY nome_token = "singularidades"));
  INSERT IGNORE INTO tokens (nome_token, acentuada, id_tipo_token) VALUES ("comunitaria", "comunitária", (SELECT id_tipo_token FROM classificacoes_tokens WHERE BINARY nome_token = "comunitária"));
  INSERT IGNORE INTO classificacoes_tokens (nome_token, id_tipo_token) VALUES ("1352", (SELECT id_chave_tipo_token FROM tipos_tokens WHERE nome_tipo_token = "numeral"));
INSERT IGNORE INTO tokens (nome_token, acentuada, id_tipo_token) VALUES ("1352", "1352", (SELECT id_tipo_token FROM classificacoes_tokens WHERE BINARY nome_token = "1352"));
  INSERT IGNORE INTO tokens (nome_token, acentuada, id_tipo_token) VALUES ("turistico", "turístico", (SELECT id_tipo_token FROM classificacoes_tokens WHERE BINARY nome_token = "turístico"));
  INSERT IGNORE INTO tokens (nome_token, acentuada, id_tipo_token) VALUES ("aventura", "aventura", (SELECT id_tipo_token FROM classificacoes_tokens WHERE BINARY nome_token = "aventura"));
  INSERT IGNORE INTO tokens (nome_token, acentuada, id_tipo_token) VALUES ("viagem", "viagem", (SELECT id_tipo_token FROM classificacoes_tokens WHERE BINARY nome_token = "viagem"));
  INSERT IGNORE INTO tokens (nome_token, acentuada, id_tipo_token) VALUES ("agenciamento", "agenciamento", (SELECT id_tipo_token FROM classificacoes_tokens WHERE BINARY nome_token = "agenciamento"));
  INSERT IGNORE INTO tokens (nome_token, acentuada, id_tipo_token) VALUES ("visitas", "visitas", (SELECT id_tipo_token FROM classificacoes_tokens WHERE BINARY nome_token = "visitas"));
  INSERT IGNORE INTO tokens (nome_token, acentuada, id_tipo_token) VALUES ("experiencias", "experiências", (SELECT id_tipo_token FROM classificacoes_tokens WHERE BINARY nome_token = "experiências"));
  INSERT IGNORE INTO tokens (nome_token, acentuada, id_tipo_token) VALUES ("inteligentes", "inteligentes", (SELECT id_tipo_token FROM classificacoes_tokens WHERE BINARY nome_token = "inteligentes"));
  INSERT IGNORE INTO tokens (nome_token, acentuada, id_tipo_token) VALUES ("atrativos", "atrativos", (SELECT id_tipo_token FROM classificacoes_tokens WHERE BINARY nome_token = "atrativos"));
  INSERT IGNORE INTO tokens (nome_token, acentuada, id_tipo_token) VALUES ("criativo", "criativo", (SELECT id_tipo_token FROM classificacoes_tokens WHERE BINARY nome_token = "criativo"));
  INSERT IGNORE INTO tokens (nome_token, acentuada, id_tipo_token) VALUES ("hospitaleiro", "hospitaleiro", (SELECT id_tipo_token FROM classificacoes_tokens WHERE BINARY nome_token = "hospitaleiro"));
  INSERT IGNORE INTO tokens (nome_token, acentuada, id_tipo_token) VALUES ("viagens", "viagens", (SELECT id_tipo_token FROM classificacoes_tokens WHERE BINARY nome_token = "viagens"));
  INSERT IGNORE INTO tokens (nome_token, acentuada, id_tipo_token) VALUES ("mercado", "mercado", (SELECT id_tipo_token FROM classificacoes_tokens WHERE BINARY nome_token = "mercado"));
  INSERT IGNORE INTO tokens (nome_token, acentuada, id_tipo_token) VALUES ("agencia", "agência", (SELECT id_tipo_token FROM classificacoes_tokens WHERE BINARY nome_token = "agência"));
  INSERT IGNORE INTO tokens (nome_token, acentuada, id_tipo_token) VALUES ("aeroporto", "aeroporto", (SELECT id_tipo_token FROM classificacoes_tokens WHERE BINARY nome_token = "aeroporto"));
  INSERT IGNORE INTO classificacoes_tokens (nome_token, id_tipo_token) VALUES ("1342", (SELECT id_chave_tipo_token FROM tipos_tokens WHERE nome_tipo_token = "numeral"));
INSERT IGNORE INTO tokens (nome_token, acentuada, id_tipo_token) VALUES ("1342", "1342", (SELECT id_tipo_token FROM classificacoes_tokens WHERE BINARY nome_token = "1342"));
  INSERT IGNORE INTO tokens (nome_token, acentuada, id_tipo_token) VALUES ("receptivo", "receptivo", (SELECT id_tipo_token FROM classificacoes_tokens WHERE BINARY nome_token = "receptivo"));
  INSERT IGNORE INTO classificacoes_tokens (nome_token, id_tipo_token) VALUES ("1104", (SELECT id_chave_tipo_token FROM tipos_tokens WHERE nome_tipo_token = "numeral"));
INSERT IGNORE INTO tokens (nome_token, acentuada, id_tipo_token) VALUES ("1104", "1104", (SELECT id_tipo_token FROM classificacoes_tokens WHERE BINARY nome_token = "1104"));
  INSERT IGNORE INTO tokens (nome_token, acentuada, id_tipo_token) VALUES ("religioso", "religioso", (SELECT id_tipo_token FROM classificacoes_tokens WHERE BINARY nome_token = "religioso"));
  INSERT IGNORE INTO tokens (nome_token, acentuada, id_tipo_token) VALUES ("turisticas", "turísticas", (SELECT id_tipo_token FROM classificacoes_tokens WHERE BINARY nome_token = "turísticas"));
  INSERT IGNORE INTO classificacoes_tokens (nome_token, id_tipo_token) VALUES ("917", (SELECT id_chave_tipo_token FROM tipos_tokens WHERE nome_tipo_token = "numeral"));
INSERT IGNORE INTO tokens (nome_token, acentuada, id_tipo_token) VALUES ("917", "917", (SELECT id_tipo_token FROM classificacoes_tokens WHERE BINARY nome_token = "917"));
  INSERT IGNORE INTO classificacoes_tokens (nome_token, id_tipo_token) VALUES ("1485", (SELECT id_chave_tipo_token FROM tipos_tokens WHERE nome_tipo_token = "numeral"));
INSERT IGNORE INTO tokens (nome_token, acentuada, id_tipo_token) VALUES ("1485", "1485", (SELECT id_tipo_token FROM classificacoes_tokens WHERE BINARY nome_token = "1485"));
  INSERT IGNORE INTO tokens (nome_token, acentuada, id_tipo_token) VALUES ("nautico", "náutico", (SELECT id_tipo_token FROM classificacoes_tokens WHERE BINARY nome_token = "náutico"));
  INSERT IGNORE INTO tokens (nome_token, acentuada, id_tipo_token) VALUES ("condutor", "condutor", (SELECT id_tipo_token FROM classificacoes_tokens WHERE BINARY nome_token = "condutor"));
  INSERT IGNORE INTO classificacoes_tokens (nome_token, id_tipo_token) VALUES ("2918", (SELECT id_chave_tipo_token FROM tipos_tokens WHERE nome_tipo_token = "numeral"));
INSERT IGNORE INTO tokens (nome_token, acentuada, id_tipo_token) VALUES ("2918", "2918", (SELECT id_tipo_token FROM classificacoes_tokens WHERE BINARY nome_token = "2918"));
  INSERT IGNORE INTO tokens (nome_token, acentuada, id_tipo_token) VALUES ("turismo", "turismo", (SELECT id_tipo_token FROM classificacoes_tokens WHERE BINARY nome_token = "turismo"));
  INSERT IGNORE INTO classificacoes_tokens (nome_token, id_tipo_token) VALUES ("460", (SELECT id_chave_tipo_token FROM tipos_tokens WHERE nome_tipo_token = "numeral"));
INSERT IGNORE INTO tokens (nome_token, acentuada, id_tipo_token) VALUES ("460", "460", (SELECT id_tipo_token FROM classificacoes_tokens WHERE BINARY nome_token = "460"));
  INSERT IGNORE INTO tokens (nome_token, acentuada, id_tipo_token) VALUES ("frentista", "frentista", (SELECT id_tipo_token FROM classificacoes_tokens WHERE BINARY nome_token = "frentista"));
  INSERT IGNORE INTO classificacoes_tokens (nome_token, id_tipo_token) VALUES ("2233", (SELECT id_chave_tipo_token FROM tipos_tokens WHERE nome_tipo_token = "numeral"));
INSERT IGNORE INTO tokens (nome_token, acentuada, id_tipo_token) VALUES ("2233", "2233", (SELECT id_tipo_token FROM classificacoes_tokens WHERE BINARY nome_token = "2233"));
  INSERT IGNORE INTO tokens (nome_token, acentuada, id_tipo_token) VALUES ("armazenagem", "armazenagem", (SELECT id_tipo_token FROM classificacoes_tokens WHERE BINARY nome_token = "armazenagem"));
  INSERT IGNORE INTO tokens (nome_token, acentuada, id_tipo_token) VALUES ("transporte", "transporte", (SELECT id_tipo_token FROM classificacoes_tokens WHERE BINARY nome_token = "transporte"));
  INSERT IGNORE INTO classificacoes_tokens (nome_token, id_tipo_token) VALUES ("922", (SELECT id_chave_tipo_token FROM tipos_tokens WHERE nome_tipo_token = "numeral"));
INSERT IGNORE INTO tokens (nome_token, acentuada, id_tipo_token) VALUES ("922", "922", (SELECT id_tipo_token FROM classificacoes_tokens WHERE BINARY nome_token = "922"));
  INSERT IGNORE INTO classificacoes_tokens (nome_token, id_tipo_token) VALUES ("854", (SELECT id_chave_tipo_token FROM tipos_tokens WHERE nome_tipo_token = "numeral"));
INSERT IGNORE INTO tokens (nome_token, acentuada, id_tipo_token) VALUES ("854", "854", (SELECT id_tipo_token FROM classificacoes_tokens WHERE BINARY nome_token = "854"));
  INSERT IGNORE INTO classificacoes_tokens (nome_token, id_tipo_token) VALUES ("2704", (SELECT id_chave_tipo_token FROM tipos_tokens WHERE nome_tipo_token = "numeral"));
INSERT IGNORE INTO tokens (nome_token, acentuada, id_tipo_token) VALUES ("2704", "2704", (SELECT id_tipo_token FROM classificacoes_tokens WHERE BINARY nome_token = "2704"));
  INSERT IGNORE INTO classificacoes_tokens (nome_token, id_tipo_token) VALUES ("443", (SELECT id_chave_tipo_token FROM tipos_tokens WHERE nome_tipo_token = "numeral"));
INSERT IGNORE INTO tokens (nome_token, acentuada, id_tipo_token) VALUES ("443", "443", (SELECT id_tipo_token FROM classificacoes_tokens WHERE BINARY nome_token = "443"));
  INSERT IGNORE INTO tokens (nome_token, acentuada, id_tipo_token) VALUES ("basicos", "básicos", (SELECT id_tipo_token FROM classificacoes_tokens WHERE BINARY nome_token = "básicos"));
  INSERT IGNORE INTO classificacoes_tokens (nome_token, id_tipo_token) VALUES ("399", (SELECT id_chave_tipo_token FROM tipos_tokens WHERE nome_tipo_token = "numeral"));
INSERT IGNORE INTO tokens (nome_token, acentuada, id_tipo_token) VALUES ("399", "399", (SELECT id_tipo_token FROM classificacoes_tokens WHERE BINARY nome_token = "399"));
  INSERT IGNORE INTO classificacoes_tokens (nome_token, id_tipo_token) VALUES ("570", (SELECT id_chave_tipo_token FROM tipos_tokens WHERE nome_tipo_token = "numeral"));
INSERT IGNORE INTO tokens (nome_token, acentuada, id_tipo_token) VALUES ("570", "570", (SELECT id_tipo_token FROM classificacoes_tokens WHERE BINARY nome_token = "570"));
  INSERT IGNORE INTO classificacoes_tokens (nome_token, id_tipo_token) VALUES ("651", (SELECT id_chave_tipo_token FROM tipos_tokens WHERE nome_tipo_token = "numeral"));
INSERT IGNORE INTO tokens (nome_token, acentuada, id_tipo_token) VALUES ("651", "651", (SELECT id_tipo_token FROM classificacoes_tokens WHERE BINARY nome_token = "651"));
  INSERT IGNORE INTO classificacoes_tokens (nome_token, id_tipo_token) VALUES ("2687", (SELECT id_chave_tipo_token FROM tipos_tokens WHERE nome_tipo_token = "numeral"));
INSERT IGNORE INTO tokens (nome_token, acentuada, id_tipo_token) VALUES ("2687", "2687", (SELECT id_tipo_token FROM classificacoes_tokens WHERE BINARY nome_token = "2687"));
  INSERT IGNORE INTO classificacoes_tokens (nome_token, id_tipo_token) VALUES ("690", (SELECT id_chave_tipo_token FROM tipos_tokens WHERE nome_tipo_token = "numeral"));
INSERT IGNORE INTO tokens (nome_token, acentuada, id_tipo_token) VALUES ("690", "690", (SELECT id_tipo_token FROM classificacoes_tokens WHERE BINARY nome_token = "690"));
  INSERT IGNORE INTO classificacoes_tokens (nome_token, id_tipo_token) VALUES ("434", (SELECT id_chave_tipo_token FROM tipos_tokens WHERE nome_tipo_token = "numeral"));
INSERT IGNORE INTO tokens (nome_token, acentuada, id_tipo_token) VALUES ("434", "434", (SELECT id_tipo_token FROM classificacoes_tokens WHERE BINARY nome_token = "434"));
  INSERT IGNORE INTO classificacoes_tokens (nome_token, id_tipo_token) VALUES ("2597", (SELECT id_chave_tipo_token FROM tipos_tokens WHERE nome_tipo_token = "numeral"));
INSERT IGNORE INTO tokens (nome_token, acentuada, id_tipo_token) VALUES ("2597", "2597", (SELECT id_tipo_token FROM classificacoes_tokens WHERE BINARY nome_token = "2597"));
  INSERT IGNORE INTO classificacoes_tokens (nome_token, id_tipo_token) VALUES ("590", (SELECT id_chave_tipo_token FROM tipos_tokens WHERE nome_tipo_token = "numeral"));
INSERT IGNORE INTO tokens (nome_token, acentuada, id_tipo_token) VALUES ("590", "590", (SELECT id_tipo_token FROM classificacoes_tokens WHERE BINARY nome_token = "590"));
  INSERT IGNORE INTO classificacoes_tokens (nome_token, id_tipo_token) VALUES ("948", (SELECT id_chave_tipo_token FROM tipos_tokens WHERE nome_tipo_token = "numeral"));
INSERT IGNORE INTO tokens (nome_token, acentuada, id_tipo_token) VALUES ("948", "948", (SELECT id_tipo_token FROM classificacoes_tokens WHERE BINARY nome_token = "948"));
  INSERT IGNORE INTO classificacoes_tokens (nome_token, id_tipo_token) VALUES ("1518", (SELECT id_chave_tipo_token FROM tipos_tokens WHERE nome_tipo_token = "numeral"));
INSERT IGNORE INTO tokens (nome_token, acentuada, id_tipo_token) VALUES ("1518", "1518", (SELECT id_tipo_token FROM classificacoes_tokens WHERE BINARY nome_token = "1518"));
  INSERT IGNORE INTO classificacoes_tokens (nome_token, id_tipo_token) VALUES ("543", (SELECT id_chave_tipo_token FROM tipos_tokens WHERE nome_tipo_token = "numeral"));
INSERT IGNORE INTO tokens (nome_token, acentuada, id_tipo_token) VALUES ("543", "543", (SELECT id_tipo_token FROM classificacoes_tokens WHERE BINARY nome_token = "543"));
  INSERT IGNORE INTO tokens (nome_token, acentuada, id_tipo_token) VALUES ("base", "base", (SELECT id_tipo_token FROM classificacoes_tokens WHERE BINARY nome_token = "base"));
  INSERT IGNORE INTO classificacoes_tokens (nome_token, id_tipo_token) VALUES ("754", (SELECT id_chave_tipo_token FROM tipos_tokens WHERE nome_tipo_token = "numeral"));
INSERT IGNORE INTO tokens (nome_token, acentuada, id_tipo_token) VALUES ("754", "754", (SELECT id_tipo_token FROM classificacoes_tokens WHERE BINARY nome_token = "754"));
  INSERT IGNORE INTO classificacoes_tokens (nome_token, id_tipo_token) VALUES ("918", (SELECT id_chave_tipo_token FROM tipos_tokens WHERE nome_tipo_token = "numeral"));
INSERT IGNORE INTO tokens (nome_token, acentuada, id_tipo_token) VALUES ("918", "918", (SELECT id_tipo_token FROM classificacoes_tokens WHERE BINARY nome_token = "918"));
  INSERT IGNORE INTO tokens (nome_token, acentuada, id_tipo_token) VALUES ("cg", "cg", (SELECT id_tipo_token FROM classificacoes_tokens WHERE BINARY nome_token = "cg"));
  INSERT IGNORE INTO tokens (nome_token, acentuada, id_tipo_token) VALUES ("codificacao", "codificação", (SELECT id_tipo_token FROM classificacoes_tokens WHERE BINARY nome_token = "codificação"));
  INSERT IGNORE INTO classificacoes_tokens (nome_token, id_tipo_token) VALUES ("940", (SELECT id_chave_tipo_token FROM tipos_tokens WHERE nome_tipo_token = "numeral"));
INSERT IGNORE INTO tokens (nome_token, acentuada, id_tipo_token) VALUES ("940", "940", (SELECT id_tipo_token FROM classificacoes_tokens WHERE BINARY nome_token = "940"));
  INSERT IGNORE INTO classificacoes_tokens (nome_token, id_tipo_token) VALUES ("864", (SELECT id_chave_tipo_token FROM tipos_tokens WHERE nome_tipo_token = "numeral"));
INSERT IGNORE INTO tokens (nome_token, acentuada, id_tipo_token) VALUES ("864", "864", (SELECT id_tipo_token FROM classificacoes_tokens WHERE BINARY nome_token = "864"));
  INSERT IGNORE INTO tokens (nome_token, acentuada, id_tipo_token) VALUES ("projetando", "projetando", (SELECT id_tipo_token FROM classificacoes_tokens WHERE BINARY nome_token = "projetando"));
  INSERT IGNORE INTO classificacoes_tokens (nome_token, id_tipo_token) VALUES ("321", (SELECT id_chave_tipo_token FROM tipos_tokens WHERE nome_tipo_token = "numeral"));
INSERT IGNORE INTO tokens (nome_token, acentuada, id_tipo_token) VALUES ("321", "321", (SELECT id_tipo_token FROM classificacoes_tokens WHERE BINARY nome_token = "321"));
  INSERT IGNORE INTO tokens (nome_token, acentuada, id_tipo_token) VALUES ("logica", "lógica", (SELECT id_tipo_token FROM classificacoes_tokens WHERE BINARY nome_token = "lógica"));
  INSERT IGNORE INTO classificacoes_tokens (nome_token, id_tipo_token) VALUES ("626", (SELECT id_chave_tipo_token FROM tipos_tokens WHERE nome_tipo_token = "numeral"));
INSERT IGNORE INTO tokens (nome_token, acentuada, id_tipo_token) VALUES ("626", "626", (SELECT id_tipo_token FROM classificacoes_tokens WHERE BINARY nome_token = "626"));
  INSERT IGNORE INTO tokens (nome_token, acentuada, id_tipo_token) VALUES ("essenciais", "essenciais", (SELECT id_tipo_token FROM classificacoes_tokens WHERE BINARY nome_token = "essenciais"));
  INSERT IGNORE INTO classificacoes_tokens (nome_token, id_tipo_token) VALUES ("607", (SELECT id_chave_tipo_token FROM tipos_tokens WHERE nome_tipo_token = "numeral"));
INSERT IGNORE INTO tokens (nome_token, acentuada, id_tipo_token) VALUES ("607", "607", (SELECT id_tipo_token FROM classificacoes_tokens WHERE BINARY nome_token = "607"));
  INSERT IGNORE INTO classificacoes_tokens (nome_token, id_tipo_token) VALUES ("500", (SELECT id_chave_tipo_token FROM tipos_tokens WHERE nome_tipo_token = "numeral"));
INSERT IGNORE INTO tokens (nome_token, acentuada, id_tipo_token) VALUES ("500", "500", (SELECT id_tipo_token FROM classificacoes_tokens WHERE BINARY nome_token = "500"));
  INSERT IGNORE INTO classificacoes_tokens (nome_token, id_tipo_token) VALUES ("528", (SELECT id_chave_tipo_token FROM tipos_tokens WHERE nome_tipo_token = "numeral"));
INSERT IGNORE INTO tokens (nome_token, acentuada, id_tipo_token) VALUES ("528", "528", (SELECT id_tipo_token FROM classificacoes_tokens WHERE BINARY nome_token = "528"));
  INSERT IGNORE INTO classificacoes_tokens (nome_token, id_tipo_token) VALUES ("457", (SELECT id_chave_tipo_token FROM tipos_tokens WHERE nome_tipo_token = "numeral"));
INSERT IGNORE INTO tokens (nome_token, acentuada, id_tipo_token) VALUES ("457", "457", (SELECT id_tipo_token FROM classificacoes_tokens WHERE BINARY nome_token = "457"));
  INSERT IGNORE INTO tokens (nome_token, acentuada, id_tipo_token) VALUES ("dashboard", "dashboard", (SELECT id_tipo_token FROM classificacoes_tokens WHERE BINARY nome_token = "dashboard"));
  INSERT IGNORE INTO classificacoes_tokens (nome_token, id_tipo_token) VALUES ("429", (SELECT id_chave_tipo_token FROM tipos_tokens WHERE nome_tipo_token = "numeral"));
INSERT IGNORE INTO tokens (nome_token, acentuada, id_tipo_token) VALUES ("429", "429", (SELECT id_tipo_token FROM classificacoes_tokens WHERE BINARY nome_token = "429"));
  INSERT IGNORE INTO tokens (nome_token, acentuada, id_tipo_token) VALUES ("eletronicas", "eletrônicas", (SELECT id_tipo_token FROM classificacoes_tokens WHERE BINARY nome_token = "eletrônicas"));
  INSERT IGNORE INTO tokens (nome_token, acentuada, id_tipo_token) VALUES ("planilhas", "planilhas", (SELECT id_tipo_token FROM classificacoes_tokens WHERE BINARY nome_token = "planilhas"));
  INSERT IGNORE INTO tokens (nome_token, acentuada, id_tipo_token) VALUES ("financeiros", "financeiros", (SELECT id_tipo_token FROM classificacoes_tokens WHERE BINARY nome_token = "financeiros"));
  INSERT IGNORE INTO tokens (nome_token, acentuada, id_tipo_token) VALUES ("desenvolver", "desenvolver", (SELECT id_tipo_token FROM classificacoes_tokens WHERE BINARY nome_token = "desenvolver"));
  INSERT IGNORE INTO tokens (nome_token, acentuada, id_tipo_token) VALUES ("perifericos", "periféricos", (SELECT id_tipo_token FROM classificacoes_tokens WHERE BINARY nome_token = "periféricos"));
  INSERT IGNORE INTO tokens (nome_token, acentuada, id_tipo_token) VALUES ("operar", "operar", (SELECT id_tipo_token FROM classificacoes_tokens WHERE BINARY nome_token = "operar"));
  INSERT IGNORE INTO classificacoes_tokens (nome_token, id_tipo_token) VALUES ("2738", (SELECT id_chave_tipo_token FROM tipos_tokens WHERE nome_tipo_token = "numeral"));
INSERT IGNORE INTO tokens (nome_token, acentuada, id_tipo_token) VALUES ("2738", "2738", (SELECT id_tipo_token FROM classificacoes_tokens WHERE BINARY nome_token = "2738"));
  INSERT IGNORE INTO classificacoes_tokens (nome_token, id_tipo_token) VALUES ("435", (SELECT id_chave_tipo_token FROM tipos_tokens WHERE nome_tipo_token = "numeral"));
INSERT IGNORE INTO tokens (nome_token, acentuada, id_tipo_token) VALUES ("435", "435", (SELECT id_tipo_token FROM classificacoes_tokens WHERE BINARY nome_token = "435"));
  INSERT IGNORE INTO tokens (nome_token, acentuada, id_tipo_token) VALUES ("dax", "dax", (SELECT id_tipo_token FROM classificacoes_tokens WHERE BINARY nome_token = "dax"));
  INSERT IGNORE INTO tokens (nome_token, acentuada, id_tipo_token) VALUES ("funcoes", "funções", (SELECT id_tipo_token FROM classificacoes_tokens WHERE BINARY nome_token = "funções"));
  INSERT IGNORE INTO tokens (nome_token, acentuada, id_tipo_token) VALUES ("fundamental", "fundamental", (SELECT id_tipo_token FROM classificacoes_tokens WHERE BINARY nome_token = "fundamental"));
  INSERT IGNORE INTO tokens (nome_token, acentuada, id_tipo_token) VALUES ("computador", "computador", (SELECT id_tipo_token FROM classificacoes_tokens WHERE BINARY nome_token = "computador"));
  INSERT IGNORE INTO classificacoes_tokens (nome_token, id_tipo_token) VALUES ("2672", (SELECT id_chave_tipo_token FROM tipos_tokens WHERE nome_tipo_token = "numeral"));
INSERT IGNORE INTO tokens (nome_token, acentuada, id_tipo_token) VALUES ("2672", "2672", (SELECT id_tipo_token FROM classificacoes_tokens WHERE BINARY nome_token = "2672"));
  INSERT IGNORE INTO tokens (nome_token, acentuada, id_tipo_token) VALUES ("inicial", "inicial", (SELECT id_tipo_token FROM classificacoes_tokens WHERE BINARY nome_token = "inicial"));
  INSERT IGNORE INTO classificacoes_tokens (nome_token, id_tipo_token) VALUES ("1341", (SELECT id_chave_tipo_token FROM tipos_tokens WHERE nome_tipo_token = "numeral"));
INSERT IGNORE INTO tokens (nome_token, acentuada, id_tipo_token) VALUES ("1341", "1341", (SELECT id_tipo_token FROM classificacoes_tokens WHERE BINARY nome_token = "1341"));
  INSERT IGNORE INTO tokens (nome_token, acentuada, id_tipo_token) VALUES ("operacionais", "operacionais", (SELECT id_tipo_token FROM classificacoes_tokens WHERE BINARY nome_token = "operacionais"));
  INSERT IGNORE INTO tokens (nome_token, acentuada, id_tipo_token) VALUES ("endpoint", "endpoint", (SELECT id_tipo_token FROM classificacoes_tokens WHERE BINARY nome_token = "endpoint"));
  INSERT IGNORE INTO classificacoes_tokens (nome_token, id_tipo_token) VALUES ("2651", (SELECT id_chave_tipo_token FROM tipos_tokens WHERE nome_tipo_token = "numeral"));
INSERT IGNORE INTO tokens (nome_token, acentuada, id_tipo_token) VALUES ("2651", "2651", (SELECT id_tipo_token FROM classificacoes_tokens WHERE BINARY nome_token = "2651"));
  INSERT IGNORE INTO classificacoes_tokens (nome_token, id_tipo_token) VALUES ("331", (SELECT id_chave_tipo_token FROM tipos_tokens WHERE nome_tipo_token = "numeral"));
INSERT IGNORE INTO tokens (nome_token, acentuada, id_tipo_token) VALUES ("331", "331", (SELECT id_tipo_token FROM classificacoes_tokens WHERE BINARY nome_token = "331"));
  INSERT IGNORE INTO tokens (nome_token, acentuada, id_tipo_token) VALUES ("vba", "vba", (SELECT id_tipo_token FROM classificacoes_tokens WHERE BINARY nome_token = "vba"));
  INSERT IGNORE INTO tokens (nome_token, acentuada, id_tipo_token) VALUES ("fullstack", "fullstack", (SELECT id_tipo_token FROM classificacoes_tokens WHERE BINARY nome_token = "fullstack"));
  INSERT IGNORE INTO classificacoes_tokens (nome_token, id_tipo_token) VALUES ("2662", (SELECT id_chave_tipo_token FROM tipos_tokens WHERE nome_tipo_token = "numeral"));
INSERT IGNORE INTO tokens (nome_token, acentuada, id_tipo_token) VALUES ("2662", "2662", (SELECT id_tipo_token FROM classificacoes_tokens WHERE BINARY nome_token = "2662"));
  INSERT IGNORE INTO tokens (nome_token, acentuada, id_tipo_token) VALUES ("thinking", "thinking", (SELECT id_tipo_token FROM classificacoes_tokens WHERE BINARY nome_token = "thinking"));
  INSERT IGNORE INTO classificacoes_tokens (nome_token, id_tipo_token) VALUES ("2709", (SELECT id_chave_tipo_token FROM tipos_tokens WHERE nome_tipo_token = "numeral"));
INSERT IGNORE INTO tokens (nome_token, acentuada, id_tipo_token) VALUES ("2709", "2709", (SELECT id_tipo_token FROM classificacoes_tokens WHERE BINARY nome_token = "2709"));
  INSERT IGNORE INTO tokens (nome_token, acentuada, id_tipo_token) VALUES ("t", "t", (SELECT id_tipo_token FROM classificacoes_tokens WHERE BINARY nome_token = "t"));
  INSERT IGNORE INTO classificacoes_tokens (nome_token, id_tipo_token) VALUES ("165", (SELECT id_chave_tipo_token FROM tipos_tokens WHERE nome_tipo_token = "numeral"));
INSERT IGNORE INTO tokens (nome_token, acentuada, id_tipo_token) VALUES ("165", "165", (SELECT id_tipo_token FROM classificacoes_tokens WHERE BINARY nome_token = "165"));
  INSERT IGNORE INTO tokens (nome_token, acentuada, id_tipo_token) VALUES ("metodologia", "metodologia", (SELECT id_tipo_token FROM classificacoes_tokens WHERE BINARY nome_token = "metodologia"));
  INSERT IGNORE INTO tokens (nome_token, acentuada, id_tipo_token) VALUES ("robotica", "robótica", (SELECT id_tipo_token FROM classificacoes_tokens WHERE BINARY nome_token = "robótica"));
  INSERT IGNORE INTO tokens (nome_token, acentuada, id_tipo_token) VALUES ("premiere", "premiere", (SELECT id_tipo_token FROM classificacoes_tokens WHERE BINARY nome_token = "premiere"));
  INSERT IGNORE INTO tokens (nome_token, acentuada, id_tipo_token) VALUES ("websites", "websites", (SELECT id_tipo_token FROM classificacoes_tokens WHERE BINARY nome_token = "websites"));
  INSERT IGNORE INTO tokens (nome_token, acentuada, id_tipo_token) VALUES ("css", "css", (SELECT id_tipo_token FROM classificacoes_tokens WHERE BINARY nome_token = "css"));
  INSERT IGNORE INTO tokens (nome_token, acentuada, id_tipo_token) VALUES ("html", "html", (SELECT id_tipo_token FROM classificacoes_tokens WHERE BINARY nome_token = "html"));
  INSERT IGNORE INTO tokens (nome_token, acentuada, id_tipo_token) VALUES ("project", "project", (SELECT id_tipo_token FROM classificacoes_tokens WHERE BINARY nome_token = "project"));
  INSERT IGNORE INTO classificacoes_tokens (nome_token, id_tipo_token) VALUES ("284", (SELECT id_chave_tipo_token FROM tipos_tokens WHERE nome_tipo_token = "numeral"));
INSERT IGNORE INTO tokens (nome_token, acentuada, id_tipo_token) VALUES ("284", "284", (SELECT id_tipo_token FROM classificacoes_tokens WHERE BINARY nome_token = "284"));
  INSERT IGNORE INTO classificacoes_tokens (nome_token, id_tipo_token) VALUES ("248", (SELECT id_chave_tipo_token FROM tipos_tokens WHERE nome_tipo_token = "numeral"));
INSERT IGNORE INTO tokens (nome_token, acentuada, id_tipo_token) VALUES ("248", "248", (SELECT id_tipo_token FROM classificacoes_tokens WHERE BINARY nome_token = "248"));
  INSERT IGNORE INTO tokens (nome_token, acentuada, id_tipo_token) VALUES ("instagram", "instagram", (SELECT id_tipo_token FROM classificacoes_tokens WHERE BINARY nome_token = "instagram"));
  INSERT IGNORE INTO classificacoes_tokens (nome_token, id_tipo_token) VALUES ("2650", (SELECT id_chave_tipo_token FROM tipos_tokens WHERE nome_tipo_token = "numeral"));
INSERT IGNORE INTO tokens (nome_token, acentuada, id_tipo_token) VALUES ("2650", "2650", (SELECT id_tipo_token FROM classificacoes_tokens WHERE BINARY nome_token = "2650"));
  INSERT IGNORE INTO tokens (nome_token, acentuada, id_tipo_token) VALUES ("interatividade", "interatividade", (SELECT id_tipo_token FROM classificacoes_tokens WHERE BINARY nome_token = "interatividade"));
  INSERT IGNORE INTO tokens (nome_token, acentuada, id_tipo_token) VALUES ("componentes", "componentes", (SELECT id_tipo_token FROM classificacoes_tokens WHERE BINARY nome_token = "componentes"));
  INSERT IGNORE INTO tokens (nome_token, acentuada, id_tipo_token) VALUES ("configurar", "configurar", (SELECT id_tipo_token FROM classificacoes_tokens WHERE BINARY nome_token = "configurar"));
  INSERT IGNORE INTO tokens (nome_token, acentuada, id_tipo_token) VALUES ("instalar", "instalar", (SELECT id_tipo_token FROM classificacoes_tokens WHERE BINARY nome_token = "instalar"));
  INSERT IGNORE INTO classificacoes_tokens (nome_token, id_tipo_token) VALUES ("2765", (SELECT id_chave_tipo_token FROM tipos_tokens WHERE nome_tipo_token = "numeral"));
INSERT IGNORE INTO tokens (nome_token, acentuada, id_tipo_token) VALUES ("2765", "2765", (SELECT id_tipo_token FROM classificacoes_tokens WHERE BINARY nome_token = "2765"));
  INSERT IGNORE INTO classificacoes_tokens (nome_token, id_tipo_token) VALUES ("2772", (SELECT id_chave_tipo_token FROM tipos_tokens WHERE nome_tipo_token = "numeral"));
INSERT IGNORE INTO tokens (nome_token, acentuada, id_tipo_token) VALUES ("2772", "2772", (SELECT id_tipo_token FROM classificacoes_tokens WHERE BINARY nome_token = "2772"));
  INSERT IGNORE INTO tokens (nome_token, acentuada, id_tipo_token) VALUES ("intelligence", "intelligence", (SELECT id_tipo_token FROM classificacoes_tokens WHERE BINARY nome_token = "intelligence"));
  INSERT IGNORE INTO tokens (nome_token, acentuada, id_tipo_token) VALUES ("business", "business", (SELECT id_tipo_token FROM classificacoes_tokens WHERE BINARY nome_token = "business"));
  INSERT IGNORE INTO tokens (nome_token, acentuada, id_tipo_token) VALUES ("configuracao", "configuração", (SELECT id_tipo_token FROM classificacoes_tokens WHERE BINARY nome_token = "configuração"));
  INSERT IGNORE INTO tokens (nome_token, acentuada, id_tipo_token) VALUES ("montagem", "montagem", (SELECT id_tipo_token FROM classificacoes_tokens WHERE BINARY nome_token = "montagem"));
  INSERT IGNORE INTO classificacoes_tokens (nome_token, id_tipo_token) VALUES ("2846", (SELECT id_chave_tipo_token FROM tipos_tokens WHERE nome_tipo_token = "numeral"));
INSERT IGNORE INTO tokens (nome_token, acentuada, id_tipo_token) VALUES ("2846", "2846", (SELECT id_tipo_token FROM classificacoes_tokens WHERE BINARY nome_token = "2846"));
  INSERT IGNORE INTO tokens (nome_token, acentuada, id_tipo_token) VALUES ("idade", "idade", (SELECT id_tipo_token FROM classificacoes_tokens WHERE BINARY nome_token = "idade"));
  INSERT IGNORE INTO tokens (nome_token, acentuada, id_tipo_token) VALUES ("melhor", "melhor", (SELECT id_tipo_token FROM classificacoes_tokens WHERE BINARY nome_token = "melhor"));
  INSERT IGNORE INTO tokens (nome_token, acentuada, id_tipo_token) VALUES ("rede", "rede", (SELECT id_tipo_token FROM classificacoes_tokens WHERE BINARY nome_token = "rede"));
  INSERT IGNORE INTO tokens (nome_token, acentuada, id_tipo_token) VALUES ("micro", "micro", (SELECT id_tipo_token FROM classificacoes_tokens WHERE BINARY nome_token = "micro"));
  INSERT IGNORE INTO tokens (nome_token, acentuada, id_tipo_token) VALUES ("networks", "networks", (SELECT id_tipo_token FROM classificacoes_tokens WHERE BINARY nome_token = "networks"));
  INSERT IGNORE INTO tokens (nome_token, acentuada, id_tipo_token) VALUES ("introduction", "introduction", (SELECT id_tipo_token FROM classificacoes_tokens WHERE BINARY nome_token = "introduction"));
  INSERT IGNORE INTO tokens (nome_token, acentuada, id_tipo_token) VALUES ("sketchup", "sketchup", (SELECT id_tipo_token FROM classificacoes_tokens WHERE BINARY nome_token = "sketchup"));
  INSERT IGNORE INTO tokens (nome_token, acentuada, id_tipo_token) VALUES ("essencial", "essencial", (SELECT id_tipo_token FROM classificacoes_tokens WHERE BINARY nome_token = "essencial"));
  INSERT IGNORE INTO tokens (nome_token, acentuada, id_tipo_token) VALUES ("ray", "ray", (SELECT id_tipo_token FROM classificacoes_tokens WHERE BINARY nome_token = "ray"));
  INSERT IGNORE INTO tokens (nome_token, acentuada, id_tipo_token) VALUES ("v", "v", (SELECT id_tipo_token FROM classificacoes_tokens WHERE BINARY nome_token = "v"));
  INSERT IGNORE INTO tokens (nome_token, acentuada, id_tipo_token) VALUES ("vfx", "vfx", (SELECT id_tipo_token FROM classificacoes_tokens WHERE BINARY nome_token = "vfx"));
  INSERT IGNORE INTO tokens (nome_token, acentuada, id_tipo_token) VALUES ("motion", "motion", (SELECT id_tipo_token FROM classificacoes_tokens WHERE BINARY nome_token = "motion"));
  INSERT IGNORE INTO tokens (nome_token, acentuada, id_tipo_token) VALUES ("effects", "effects", (SELECT id_tipo_token FROM classificacoes_tokens WHERE BINARY nome_token = "effects"));
  INSERT IGNORE INTO tokens (nome_token, acentuada, id_tipo_token) VALUES ("after", "after", (SELECT id_tipo_token FROM classificacoes_tokens WHERE BINARY nome_token = "after"));
  INSERT IGNORE INTO tokens (nome_token, acentuada, id_tipo_token) VALUES ("adobe", "adobe", (SELECT id_tipo_token FROM classificacoes_tokens WHERE BINARY nome_token = "adobe"));
  INSERT IGNORE INTO classificacoes_tokens (nome_token, id_tipo_token) VALUES ("989", (SELECT id_chave_tipo_token FROM tipos_tokens WHERE nome_tipo_token = "numeral"));
INSERT IGNORE INTO tokens (nome_token, acentuada, id_tipo_token) VALUES ("989", "989", (SELECT id_tipo_token FROM classificacoes_tokens WHERE BINARY nome_token = "989"));
  INSERT IGNORE INTO classificacoes_tokens (nome_token, id_tipo_token) VALUES ("164", (SELECT id_chave_tipo_token FROM tipos_tokens WHERE nome_tipo_token = "numeral"));
INSERT IGNORE INTO tokens (nome_token, acentuada, id_tipo_token) VALUES ("164", "164", (SELECT id_tipo_token FROM classificacoes_tokens WHERE BINARY nome_token = "164"));
  INSERT IGNORE INTO tokens (nome_token, acentuada, id_tipo_token) VALUES ("indesign", "indesign", (SELECT id_tipo_token FROM classificacoes_tokens WHERE BINARY nome_token = "indesign"));
  INSERT IGNORE INTO tokens (nome_token, acentuada, id_tipo_token) VALUES ("colaborativas", "colaborativas", (SELECT id_tipo_token FROM classificacoes_tokens WHERE BINARY nome_token = "colaborativas"));
  INSERT IGNORE INTO tokens (nome_token, acentuada, id_tipo_token) VALUES ("aplicacoes", "aplicações", (SELECT id_tipo_token FROM classificacoes_tokens WHERE BINARY nome_token = "aplicações"));
  INSERT IGNORE INTO tokens (nome_token, acentuada, id_tipo_token) VALUES ("desenvolvendo", "desenvolvendo", (SELECT id_tipo_token FROM classificacoes_tokens WHERE BINARY nome_token = "desenvolvendo"));
  INSERT IGNORE INTO tokens (nome_token, acentuada, id_tipo_token) VALUES ("lgpd", "lgpd", (SELECT id_tipo_token FROM classificacoes_tokens WHERE BINARY nome_token = "lgpd"));
  INSERT IGNORE INTO tokens (nome_token, acentuada, id_tipo_token) VALUES ("pessoais", "pessoais", (SELECT id_tipo_token FROM classificacoes_tokens WHERE BINARY nome_token = "pessoais"));
  INSERT IGNORE INTO tokens (nome_token, acentuada, id_tipo_token) VALUES ("lei", "lei", (SELECT id_tipo_token FROM classificacoes_tokens WHERE BINARY nome_token = "lei"));
  INSERT IGNORE INTO tokens (nome_token, acentuada, id_tipo_token) VALUES ("powerpoint", "powerpoint", (SELECT id_tipo_token FROM classificacoes_tokens WHERE BINARY nome_token = "powerpoint"));
  INSERT IGNORE INTO tokens (nome_token, acentuada, id_tipo_token) VALUES ("revit", "revit", (SELECT id_tipo_token FROM classificacoes_tokens WHERE BINARY nome_token = "revit"));
  INSERT IGNORE INTO tokens (nome_token, acentuada, id_tipo_token) VALUES ("bim", "bim", (SELECT id_tipo_token FROM classificacoes_tokens WHERE BINARY nome_token = "bim"));
  INSERT IGNORE INTO tokens (nome_token, acentuada, id_tipo_token) VALUES ("3d", "3d", (SELECT id_tipo_token FROM classificacoes_tokens WHERE BINARY nome_token = "3d"));
  INSERT IGNORE INTO tokens (nome_token, acentuada, id_tipo_token) VALUES ("modelando", "modelando", (SELECT id_tipo_token FROM classificacoes_tokens WHERE BINARY nome_token = "modelando"));
  INSERT IGNORE INTO classificacoes_tokens (nome_token, id_tipo_token) VALUES ("2019", (SELECT id_chave_tipo_token FROM tipos_tokens WHERE nome_tipo_token = "numeral"));
INSERT IGNORE INTO tokens (nome_token, acentuada, id_tipo_token) VALUES ("2019", "2019", (SELECT id_tipo_token FROM classificacoes_tokens WHERE BINARY nome_token = "2019"));
  INSERT IGNORE INTO tokens (nome_token, acentuada, id_tipo_token) VALUES ("autocad", "autocad", (SELECT id_tipo_token FROM classificacoes_tokens WHERE BINARY nome_token = "autocad"));
  INSERT IGNORE INTO classificacoes_tokens (nome_token, id_tipo_token) VALUES ("985", (SELECT id_chave_tipo_token FROM tipos_tokens WHERE nome_tipo_token = "numeral"));
INSERT IGNORE INTO tokens (nome_token, acentuada, id_tipo_token) VALUES ("985", "985", (SELECT id_tipo_token FROM classificacoes_tokens WHERE BINARY nome_token = "985"));
  INSERT IGNORE INTO tokens (nome_token, acentuada, id_tipo_token) VALUES ("artificial", "artificial", (SELECT id_tipo_token FROM classificacoes_tokens WHERE BINARY nome_token = "artificial"));
  INSERT IGNORE INTO tokens (nome_token, acentuada, id_tipo_token) VALUES ("ia", "ia", (SELECT id_tipo_token FROM classificacoes_tokens WHERE BINARY nome_token = "ia"));
  INSERT IGNORE INTO classificacoes_tokens (nome_token, id_tipo_token) VALUES ("1745", (SELECT id_chave_tipo_token FROM tipos_tokens WHERE nome_tipo_token = "numeral"));
INSERT IGNORE INTO tokens (nome_token, acentuada, id_tipo_token) VALUES ("1745", "1745", (SELECT id_tipo_token FROM classificacoes_tokens WHERE BINARY nome_token = "1745"));
  INSERT IGNORE INTO tokens (nome_token, acentuada, id_tipo_token) VALUES ("commerce", "commerce", (SELECT id_tipo_token FROM classificacoes_tokens WHERE BINARY nome_token = "commerce"));
  INSERT IGNORE INTO tokens (nome_token, acentuada, id_tipo_token) VALUES ("ii", "ii", (SELECT id_tipo_token FROM classificacoes_tokens WHERE BINARY nome_token = "ii"));
  INSERT IGNORE INTO tokens (nome_token, acentuada, id_tipo_token) VALUES ("wordpress", "wordpress", (SELECT id_tipo_token FROM classificacoes_tokens WHERE BINARY nome_token = "wordpress"));
  INSERT IGNORE INTO tokens (nome_token, acentuada, id_tipo_token) VALUES ("2d", "2d", (SELECT id_tipo_token FROM classificacoes_tokens WHERE BINARY nome_token = "2d"));
  INSERT IGNORE INTO tokens (nome_token, acentuada, id_tipo_token) VALUES ("ilustracao", "ilustração", (SELECT id_tipo_token FROM classificacoes_tokens WHERE BINARY nome_token = "ilustração"));
  INSERT IGNORE INTO tokens (nome_token, acentuada, id_tipo_token) VALUES ("php", "php", (SELECT id_tipo_token FROM classificacoes_tokens WHERE BINARY nome_token = "php"));
  INSERT IGNORE INTO tokens (nome_token, acentuada, id_tipo_token) VALUES ("bi", "bi", (SELECT id_tipo_token FROM classificacoes_tokens WHERE BINARY nome_token = "bi"));
  INSERT IGNORE INTO classificacoes_tokens (nome_token, id_tipo_token) VALUES ("984", (SELECT id_chave_tipo_token FROM tipos_tokens WHERE nome_tipo_token = "numeral"));
INSERT IGNORE INTO tokens (nome_token, acentuada, id_tipo_token) VALUES ("984", "984", (SELECT id_tipo_token FROM classificacoes_tokens WHERE BINARY nome_token = "984"));
  INSERT IGNORE INTO tokens (nome_token, acentuada, id_tipo_token) VALUES ("photoshop", "photoshop", (SELECT id_tipo_token FROM classificacoes_tokens WHERE BINARY nome_token = "photoshop"));
  INSERT IGNORE INTO tokens (nome_token, acentuada, id_tipo_token) VALUES ("cibernetica", "cibernética", (SELECT id_tipo_token FROM classificacoes_tokens WHERE BINARY nome_token = "cibernética"));
  INSERT IGNORE INTO tokens (nome_token, acentuada, id_tipo_token) VALUES ("computacionais", "computacionais", (SELECT id_tipo_token FROM classificacoes_tokens WHERE BINARY nome_token = "computacionais"));
  INSERT IGNORE INTO classificacoes_tokens (nome_token, id_tipo_token) VALUES ("2843", (SELECT id_chave_tipo_token FROM tipos_tokens WHERE nome_tipo_token = "numeral"));
INSERT IGNORE INTO tokens (nome_token, acentuada, id_tipo_token) VALUES ("2843", "2843", (SELECT id_tipo_token FROM classificacoes_tokens WHERE BINARY nome_token = "2843"));
  INSERT IGNORE INTO tokens (nome_token, acentuada, id_tipo_token) VALUES ("maquete", "maquete", (SELECT id_tipo_token FROM classificacoes_tokens WHERE BINARY nome_token = "maquete"));
  INSERT IGNORE INTO classificacoes_tokens (nome_token, id_tipo_token) VALUES ("2849", (SELECT id_chave_tipo_token FROM tipos_tokens WHERE nome_tipo_token = "numeral"));
INSERT IGNORE INTO tokens (nome_token, acentuada, id_tipo_token) VALUES ("2849", "2849", (SELECT id_tipo_token FROM classificacoes_tokens WHERE BINARY nome_token = "2849"));
  INSERT IGNORE INTO tokens (nome_token, acentuada, id_tipo_token) VALUES ("coreldraw", "coreldraw", (SELECT id_tipo_token FROM classificacoes_tokens WHERE BINARY nome_token = "coreldraw"));
  INSERT IGNORE INTO classificacoes_tokens (nome_token, id_tipo_token) VALUES ("282", (SELECT id_chave_tipo_token FROM tipos_tokens WHERE nome_tipo_token = "numeral"));
INSERT IGNORE INTO tokens (nome_token, acentuada, id_tipo_token) VALUES ("282", "282", (SELECT id_tipo_token FROM classificacoes_tokens WHERE BINARY nome_token = "282"));
  INSERT IGNORE INTO tokens (nome_token, acentuada, id_tipo_token) VALUES ("ti", "ti", (SELECT id_tipo_token FROM classificacoes_tokens WHERE BINARY nome_token = "ti"));
  INSERT IGNORE INTO classificacoes_tokens (nome_token, id_tipo_token) VALUES ("2854", (SELECT id_chave_tipo_token FROM tipos_tokens WHERE nome_tipo_token = "numeral"));
INSERT IGNORE INTO tokens (nome_token, acentuada, id_tipo_token) VALUES ("2854", "2854", (SELECT id_tipo_token FROM classificacoes_tokens WHERE BINARY nome_token = "2854"));
  INSERT IGNORE INTO tokens (nome_token, acentuada, id_tipo_token) VALUES ("javascript", "javascript", (SELECT id_tipo_token FROM classificacoes_tokens WHERE BINARY nome_token = "javascript"));
  INSERT IGNORE INTO tokens (nome_token, acentuada, id_tipo_token) VALUES ("macros", "macros", (SELECT id_tipo_token FROM classificacoes_tokens WHERE BINARY nome_token = "macros"));
  INSERT IGNORE INTO tokens (nome_token, acentuada, id_tipo_token) VALUES ("iniciacao", "iniciação", (SELECT id_tipo_token FROM classificacoes_tokens WHERE BINARY nome_token = "iniciação"));
  INSERT IGNORE INTO tokens (nome_token, acentuada, id_tipo_token) VALUES ("ifti", "ifti", (SELECT id_tipo_token FROM classificacoes_tokens WHERE BINARY nome_token = "ifti"));
  INSERT IGNORE INTO tokens (nome_token, acentuada, id_tipo_token) VALUES ("aplicativos", "aplicativos", (SELECT id_tipo_token FROM classificacoes_tokens WHERE BINARY nome_token = "aplicativos"));
  INSERT IGNORE INTO tokens (nome_token, acentuada, id_tipo_token) VALUES ("interacao", "interação", (SELECT id_tipo_token FROM classificacoes_tokens WHERE BINARY nome_token = "interação"));
  INSERT IGNORE INTO classificacoes_tokens (nome_token, id_tipo_token) VALUES ("1746", (SELECT id_chave_tipo_token FROM tipos_tokens WHERE nome_tipo_token = "numeral"));
INSERT IGNORE INTO tokens (nome_token, acentuada, id_tipo_token) VALUES ("1746", "1746", (SELECT id_tipo_token FROM classificacoes_tokens WHERE BINARY nome_token = "1746"));
  INSERT IGNORE INTO tokens (nome_token, acentuada, id_tipo_token) VALUES ("arduino", "arduino", (SELECT id_tipo_token FROM classificacoes_tokens WHERE BINARY nome_token = "arduino"));
  INSERT IGNORE INTO classificacoes_tokens (nome_token, id_tipo_token) VALUES ("986", (SELECT id_chave_tipo_token FROM tipos_tokens WHERE nome_tipo_token = "numeral"));
INSERT IGNORE INTO tokens (nome_token, acentuada, id_tipo_token) VALUES ("986", "986", (SELECT id_tipo_token FROM classificacoes_tokens WHERE BINARY nome_token = "986"));
  INSERT IGNORE INTO tokens (nome_token, acentuada, id_tipo_token) VALUES ("jovens", "jovens", (SELECT id_tipo_token FROM classificacoes_tokens WHERE BINARY nome_token = "jovens"));
  INSERT IGNORE INTO tokens (nome_token, acentuada, id_tipo_token) VALUES ("i", "i", (SELECT id_tipo_token FROM classificacoes_tokens WHERE BINARY nome_token = "i"));
  INSERT IGNORE INTO tokens (nome_token, acentuada, id_tipo_token) VALUES ("python", "python", (SELECT id_tipo_token FROM classificacoes_tokens WHERE BINARY nome_token = "python"));
  INSERT IGNORE INTO classificacoes_tokens (nome_token, id_tipo_token) VALUES ("2546", (SELECT id_chave_tipo_token FROM tipos_tokens WHERE nome_tipo_token = "numeral"));
INSERT IGNORE INTO tokens (nome_token, acentuada, id_tipo_token) VALUES ("2546", "2546", (SELECT id_tipo_token FROM classificacoes_tokens WHERE BINARY nome_token = "2546"));
  INSERT IGNORE INTO tokens (nome_token, acentuada, id_tipo_token) VALUES ("ccna", "ccna", (SELECT id_tipo_token FROM classificacoes_tokens WHERE BINARY nome_token = "ccna"));
  INSERT IGNORE INTO tokens (nome_token, acentuada, id_tipo_token) VALUES ("essentials", "essentials", (SELECT id_tipo_token FROM classificacoes_tokens WHERE BINARY nome_token = "essentials"));
  INSERT IGNORE INTO tokens (nome_token, acentuada, id_tipo_token) VALUES ("wireless", "wireless", (SELECT id_tipo_token FROM classificacoes_tokens WHERE BINARY nome_token = "wireless"));
  INSERT IGNORE INTO tokens (nome_token, acentuada, id_tipo_token) VALUES ("and", "and", (SELECT id_tipo_token FROM classificacoes_tokens WHERE BINARY nome_token = "and"));
  INSERT IGNORE INTO tokens (nome_token, acentuada, id_tipo_token) VALUES ("routing", "routing", (SELECT id_tipo_token FROM classificacoes_tokens WHERE BINARY nome_token = "routing"));
  INSERT IGNORE INTO tokens (nome_token, acentuada, id_tipo_token) VALUES ("switching", "switching", (SELECT id_tipo_token FROM classificacoes_tokens WHERE BINARY nome_token = "switching"));
  INSERT IGNORE INTO tokens (nome_token, acentuada, id_tipo_token) VALUES ("ccnav7", "ccnav7", (SELECT id_tipo_token FROM classificacoes_tokens WHERE BINARY nome_token = "ccnav7"));
  INSERT IGNORE INTO classificacoes_tokens (nome_token, id_tipo_token) VALUES ("2548", (SELECT id_chave_tipo_token FROM tipos_tokens WHERE nome_tipo_token = "numeral"));
INSERT IGNORE INTO tokens (nome_token, acentuada, id_tipo_token) VALUES ("2548", "2548", (SELECT id_tipo_token FROM classificacoes_tokens WHERE BINARY nome_token = "2548"));
  INSERT IGNORE INTO tokens (nome_token, acentuada, id_tipo_token) VALUES ("hardware", "hardware", (SELECT id_tipo_token FROM classificacoes_tokens WHERE BINARY nome_token = "hardware"));
  INSERT IGNORE INTO tokens (nome_token, acentuada, id_tipo_token) VALUES ("programadora", "programadora", (SELECT id_tipo_token FROM classificacoes_tokens WHERE BINARY nome_token = "programadora"));
  INSERT IGNORE INTO tokens (nome_token, acentuada, id_tipo_token) VALUES ("data", "data", (SELECT id_tipo_token FROM classificacoes_tokens WHERE BINARY nome_token = "data"));
  INSERT IGNORE INTO tokens (nome_token, acentuada, id_tipo_token) VALUES ("big", "big", (SELECT id_tipo_token FROM classificacoes_tokens WHERE BINARY nome_token = "big"));
  INSERT IGNORE INTO classificacoes_tokens (nome_token, id_tipo_token) VALUES ("2547", (SELECT id_chave_tipo_token FROM tipos_tokens WHERE nome_tipo_token = "numeral"));
INSERT IGNORE INTO tokens (nome_token, acentuada, id_tipo_token) VALUES ("2547", "2547", (SELECT id_tipo_token FROM classificacoes_tokens WHERE BINARY nome_token = "2547"));
  INSERT IGNORE INTO tokens (nome_token, acentuada, id_tipo_token) VALUES ("website", "website", (SELECT id_tipo_token FROM classificacoes_tokens WHERE BINARY nome_token = "website"));
  INSERT IGNORE INTO classificacoes_tokens (nome_token, id_tipo_token) VALUES ("2788", (SELECT id_chave_tipo_token FROM tipos_tokens WHERE nome_tipo_token = "numeral"));
INSERT IGNORE INTO tokens (nome_token, acentuada, id_tipo_token) VALUES ("2788", "2788", (SELECT id_tipo_token FROM classificacoes_tokens WHERE BINARY nome_token = "2788"));
  INSERT IGNORE INTO classificacoes_tokens (nome_token, id_tipo_token) VALUES ("1826", (SELECT id_chave_tipo_token FROM tipos_tokens WHERE nome_tipo_token = "numeral"));
INSERT IGNORE INTO tokens (nome_token, acentuada, id_tipo_token) VALUES ("1826", "1826", (SELECT id_tipo_token FROM classificacoes_tokens WHERE BINARY nome_token = "1826"));
  INSERT IGNORE INTO tokens (nome_token, acentuada, id_tipo_token) VALUES ("office", "office", (SELECT id_tipo_token FROM classificacoes_tokens WHERE BINARY nome_token = "office"));
  INSERT IGNORE INTO tokens (nome_token, acentuada, id_tipo_token) VALUES ("windows", "windows", (SELECT id_tipo_token FROM classificacoes_tokens WHERE BINARY nome_token = "windows"));
  INSERT IGNORE INTO classificacoes_tokens (nome_token, id_tipo_token) VALUES ("1673", (SELECT id_chave_tipo_token FROM tipos_tokens WHERE nome_tipo_token = "numeral"));
INSERT IGNORE INTO tokens (nome_token, acentuada, id_tipo_token) VALUES ("1673", "1673", (SELECT id_tipo_token FROM classificacoes_tokens WHERE BINARY nome_token = "1673"));
  INSERT IGNORE INTO classificacoes_tokens (nome_token, id_tipo_token) VALUES ("2832", (SELECT id_chave_tipo_token FROM tipos_tokens WHERE nome_tipo_token = "numeral"));
INSERT IGNORE INTO tokens (nome_token, acentuada, id_tipo_token) VALUES ("2832", "2832", (SELECT id_tipo_token FROM classificacoes_tokens WHERE BINARY nome_token = "2832"));
  INSERT IGNORE INTO classificacoes_tokens (nome_token, id_tipo_token) VALUES ("1267", (SELECT id_chave_tipo_token FROM tipos_tokens WHERE nome_tipo_token = "numeral"));
INSERT IGNORE INTO tokens (nome_token, acentuada, id_tipo_token) VALUES ("1267", "1267", (SELECT id_tipo_token FROM classificacoes_tokens WHERE BINARY nome_token = "1267"));
  INSERT IGNORE INTO tokens (nome_token, acentuada, id_tipo_token) VALUES ("google", "google", (SELECT id_tipo_token FROM classificacoes_tokens WHERE BINARY nome_token = "google"));
  INSERT IGNORE INTO tokens (nome_token, acentuada, id_tipo_token) VALUES ("by", "by", (SELECT id_tipo_token FROM classificacoes_tokens WHERE BINARY nome_token = "by"));
  INSERT IGNORE INTO tokens (nome_token, acentuada, id_tipo_token) VALUES ("powered", "powered", (SELECT id_tipo_token FROM classificacoes_tokens WHERE BINARY nome_token = "powered"));
  INSERT IGNORE INTO tokens (nome_token, acentuada, id_tipo_token) VALUES ("engineer", "engineer", (SELECT id_tipo_token FROM classificacoes_tokens WHERE BINARY nome_token = "engineer"));
  INSERT IGNORE INTO tokens (nome_token, acentuada, id_tipo_token) VALUES ("cloud", "cloud", (SELECT id_tipo_token FROM classificacoes_tokens WHERE BINARY nome_token = "cloud"));
  INSERT IGNORE INTO tokens (nome_token, acentuada, id_tipo_token) VALUES ("associate", "associate", (SELECT id_tipo_token FROM classificacoes_tokens WHERE BINARY nome_token = "associate"));
  INSERT IGNORE INTO classificacoes_tokens (nome_token, id_tipo_token) VALUES ("2947", (SELECT id_chave_tipo_token FROM tipos_tokens WHERE nome_tipo_token = "numeral"));
INSERT IGNORE INTO tokens (nome_token, acentuada, id_tipo_token) VALUES ("2947", "2947", (SELECT id_tipo_token FROM classificacoes_tokens WHERE BINARY nome_token = "2947"));
  INSERT IGNORE INTO tokens (nome_token, acentuada, id_tipo_token) VALUES ("reparador", "reparador", (SELECT id_tipo_token FROM classificacoes_tokens WHERE BINARY nome_token = "reparador"));
  INSERT IGNORE INTO classificacoes_tokens (nome_token, id_tipo_token) VALUES ("1262", (SELECT id_chave_tipo_token FROM tipos_tokens WHERE nome_tipo_token = "numeral"));
INSERT IGNORE INTO tokens (nome_token, acentuada, id_tipo_token) VALUES ("1262", "1262", (SELECT id_tipo_token FROM classificacoes_tokens WHERE BINARY nome_token = "1262"));
  INSERT IGNORE INTO tokens (nome_token, acentuada, id_tipo_token) VALUES ("front", "front", (SELECT id_tipo_token FROM classificacoes_tokens WHERE BINARY nome_token = "front"));
  INSERT IGNORE INTO classificacoes_tokens (nome_token, id_tipo_token) VALUES ("2824", (SELECT id_chave_tipo_token FROM tipos_tokens WHERE nome_tipo_token = "numeral"));
INSERT IGNORE INTO tokens (nome_token, acentuada, id_tipo_token) VALUES ("2824", "2824", (SELECT id_tipo_token FROM classificacoes_tokens WHERE BINARY nome_token = "2824"));
  INSERT IGNORE INTO tokens (nome_token, acentuada, id_tipo_token) VALUES ("dados", "dados", (SELECT id_tipo_token FROM classificacoes_tokens WHERE BINARY nome_token = "dados"));
  INSERT IGNORE INTO tokens (nome_token, acentuada, id_tipo_token) VALUES ("banco", "banco", (SELECT id_tipo_token FROM classificacoes_tokens WHERE BINARY nome_token = "banco"));
  INSERT IGNORE INTO tokens (nome_token, acentuada, id_tipo_token) VALUES ("outlook", "outlook", (SELECT id_tipo_token FROM classificacoes_tokens WHERE BINARY nome_token = "outlook"));
  INSERT IGNORE INTO tokens (nome_token, acentuada, id_tipo_token) VALUES ("point", "point", (SELECT id_tipo_token FROM classificacoes_tokens WHERE BINARY nome_token = "point"));
  INSERT IGNORE INTO tokens (nome_token, acentuada, id_tipo_token) VALUES ("power", "power", (SELECT id_tipo_token FROM classificacoes_tokens WHERE BINARY nome_token = "power"));
  INSERT IGNORE INTO tokens (nome_token, acentuada, id_tipo_token) VALUES ("completo", "completo", (SELECT id_tipo_token FROM classificacoes_tokens WHERE BINARY nome_token = "completo"));
  INSERT IGNORE INTO classificacoes_tokens (nome_token, id_tipo_token) VALUES ("3067", (SELECT id_chave_tipo_token FROM tipos_tokens WHERE nome_tipo_token = "numeral"));
INSERT IGNORE INTO tokens (nome_token, acentuada, id_tipo_token) VALUES ("3067", "3067", (SELECT id_tipo_token FROM classificacoes_tokens WHERE BINARY nome_token = "3067"));
  INSERT IGNORE INTO classificacoes_tokens (nome_token, id_tipo_token) VALUES ("2823", (SELECT id_chave_tipo_token FROM tipos_tokens WHERE nome_tipo_token = "numeral"));
INSERT IGNORE INTO tokens (nome_token, acentuada, id_tipo_token) VALUES ("2823", "2823", (SELECT id_tipo_token FROM classificacoes_tokens WHERE BINARY nome_token = "2823"));
  INSERT IGNORE INTO tokens (nome_token, acentuada, id_tipo_token) VALUES ("stack", "stack", (SELECT id_tipo_token FROM classificacoes_tokens WHERE BINARY nome_token = "stack"));
  INSERT IGNORE INTO tokens (nome_token, acentuada, id_tipo_token) VALUES ("full", "full", (SELECT id_tipo_token FROM classificacoes_tokens WHERE BINARY nome_token = "full"));
  INSERT IGNORE INTO tokens (nome_token, acentuada, id_tipo_token) VALUES ("programador", "programador", (SELECT id_tipo_token FROM classificacoes_tokens WHERE BINARY nome_token = "programador"));
  INSERT IGNORE INTO classificacoes_tokens (nome_token, id_tipo_token) VALUES ("2741", (SELECT id_chave_tipo_token FROM tipos_tokens WHERE nome_tipo_token = "numeral"));
INSERT IGNORE INTO tokens (nome_token, acentuada, id_tipo_token) VALUES ("2741", "2741", (SELECT id_tipo_token FROM classificacoes_tokens WHERE BINARY nome_token = "2741"));
  INSERT IGNORE INTO tokens (nome_token, acentuada, id_tipo_token) VALUES ("suporte", "suporte", (SELECT id_tipo_token FROM classificacoes_tokens WHERE BINARY nome_token = "suporte"));
  INSERT IGNORE INTO classificacoes_tokens (nome_token, id_tipo_token) VALUES ("3029", (SELECT id_chave_tipo_token FROM tipos_tokens WHERE nome_tipo_token = "numeral"));
INSERT IGNORE INTO tokens (nome_token, acentuada, id_tipo_token) VALUES ("3029", "3029", (SELECT id_tipo_token FROM classificacoes_tokens WHERE BINARY nome_token = "3029"));
  INSERT IGNORE INTO tokens (nome_token, acentuada, id_tipo_token) VALUES ("administrador", "administrador", (SELECT id_tipo_token FROM classificacoes_tokens WHERE BINARY nome_token = "administrador"));
  INSERT IGNORE INTO classificacoes_tokens (nome_token, id_tipo_token) VALUES ("1827", (SELECT id_chave_tipo_token FROM tipos_tokens WHERE nome_tipo_token = "numeral"));
INSERT IGNORE INTO tokens (nome_token, acentuada, id_tipo_token) VALUES ("1827", "1827", (SELECT id_tipo_token FROM classificacoes_tokens WHERE BINARY nome_token = "1827"));
  INSERT IGNORE INTO tokens (nome_token, acentuada, id_tipo_token) VALUES ("word", "word", (SELECT id_tipo_token FROM classificacoes_tokens WHERE BINARY nome_token = "word"));
  INSERT IGNORE INTO tokens (nome_token, acentuada, id_tipo_token) VALUES ("avancados", "avançados", (SELECT id_tipo_token FROM classificacoes_tokens WHERE BINARY nome_token = "avançados"));
  INSERT IGNORE INTO tokens (nome_token, acentuada, id_tipo_token) VALUES ("computadores", "computadores", (SELECT id_tipo_token FROM classificacoes_tokens WHERE BINARY nome_token = "computadores"));
  INSERT IGNORE INTO tokens (nome_token, acentuada, id_tipo_token) VALUES ("infraestrutura", "infraestrutura", (SELECT id_tipo_token FROM classificacoes_tokens WHERE BINARY nome_token = "infraestrutura"));
  INSERT IGNORE INTO tokens (nome_token, acentuada, id_tipo_token) VALUES ("implantacao", "implantação", (SELECT id_tipo_token FROM classificacoes_tokens WHERE BINARY nome_token = "implantação"));
  INSERT IGNORE INTO classificacoes_tokens (nome_token, id_tipo_token) VALUES ("2844", (SELECT id_chave_tipo_token FROM tipos_tokens WHERE nome_tipo_token = "numeral"));
INSERT IGNORE INTO tokens (nome_token, acentuada, id_tipo_token) VALUES ("2844", "2844", (SELECT id_tipo_token FROM classificacoes_tokens WHERE BINARY nome_token = "2844"));
  INSERT IGNORE INTO tokens (nome_token, acentuada, id_tipo_token) VALUES ("teens", "teens", (SELECT id_tipo_token FROM classificacoes_tokens WHERE BINARY nome_token = "teens"));
  INSERT IGNORE INTO tokens (nome_token, acentuada, id_tipo_token) VALUES ("grafica", "gráfica", (SELECT id_tipo_token FROM classificacoes_tokens WHERE BINARY nome_token = "gráfica"));
  INSERT IGNORE INTO classificacoes_tokens (nome_token, id_tipo_token) VALUES ("2847", (SELECT id_chave_tipo_token FROM tipos_tokens WHERE nome_tipo_token = "numeral"));
INSERT IGNORE INTO tokens (nome_token, acentuada, id_tipo_token) VALUES ("2847", "2847", (SELECT id_tipo_token FROM classificacoes_tokens WHERE BINARY nome_token = "2847"));
  INSERT IGNORE INTO tokens (nome_token, acentuada, id_tipo_token) VALUES ("informatica", "informática", (SELECT id_tipo_token FROM classificacoes_tokens WHERE BINARY nome_token = "informática"));
  INSERT IGNORE INTO classificacoes_tokens (nome_token, id_tipo_token) VALUES ("991", (SELECT id_chave_tipo_token FROM tipos_tokens WHERE nome_tipo_token = "numeral"));
INSERT IGNORE INTO tokens (nome_token, acentuada, id_tipo_token) VALUES ("991", "991", (SELECT id_tipo_token FROM classificacoes_tokens WHERE BINARY nome_token = "991"));
  INSERT IGNORE INTO tokens (nome_token, acentuada, id_tipo_token) VALUES ("mobile", "mobile", (SELECT id_tipo_token FROM classificacoes_tokens WHERE BINARY nome_token = "mobile"));
  INSERT IGNORE INTO classificacoes_tokens (nome_token, id_tipo_token) VALUES ("2826", (SELECT id_chave_tipo_token FROM tipos_tokens WHERE nome_tipo_token = "numeral"));
INSERT IGNORE INTO tokens (nome_token, acentuada, id_tipo_token) VALUES ("2826", "2826", (SELECT id_tipo_token FROM classificacoes_tokens WHERE BINARY nome_token = "2826"));
  INSERT IGNORE INTO tokens (nome_token, acentuada, id_tipo_token) VALUES ("java", "java", (SELECT id_tipo_token FROM classificacoes_tokens WHERE BINARY nome_token = "java"));
  INSERT IGNORE INTO classificacoes_tokens (nome_token, id_tipo_token) VALUES ("992", (SELECT id_chave_tipo_token FROM tipos_tokens WHERE nome_tipo_token = "numeral"));
INSERT IGNORE INTO tokens (nome_token, acentuada, id_tipo_token) VALUES ("992", "992", (SELECT id_tipo_token FROM classificacoes_tokens WHERE BINARY nome_token = "992"));
  INSERT IGNORE INTO tokens (nome_token, acentuada, id_tipo_token) VALUES ("end", "end", (SELECT id_tipo_token FROM classificacoes_tokens WHERE BINARY nome_token = "end"));
  INSERT IGNORE INTO tokens (nome_token, acentuada, id_tipo_token) VALUES ("back", "back", (SELECT id_tipo_token FROM classificacoes_tokens WHERE BINARY nome_token = "back"));
  INSERT IGNORE INTO classificacoes_tokens (nome_token, id_tipo_token) VALUES ("2825", (SELECT id_chave_tipo_token FROM tipos_tokens WHERE nome_tipo_token = "numeral"));
INSERT IGNORE INTO tokens (nome_token, acentuada, id_tipo_token) VALUES ("2825", "2825", (SELECT id_tipo_token FROM classificacoes_tokens WHERE BINARY nome_token = "2825"));
  INSERT IGNORE INTO tokens (nome_token, acentuada, id_tipo_token) VALUES ("excel", "excel", (SELECT id_tipo_token FROM classificacoes_tokens WHERE BINARY nome_token = "excel"));
  INSERT IGNORE INTO tokens (nome_token, acentuada, id_tipo_token) VALUES ("informacao", "informação", (SELECT id_tipo_token FROM classificacoes_tokens WHERE BINARY nome_token = "informação"));
  INSERT IGNORE INTO tokens (nome_token, acentuada, id_tipo_token) VALUES ("tecnologia", "tecnologia", (SELECT id_tipo_token FROM classificacoes_tokens WHERE BINARY nome_token = "tecnologia"));
  INSERT IGNORE INTO classificacoes_tokens (nome_token, id_tipo_token) VALUES ("962", (SELECT id_chave_tipo_token FROM tipos_tokens WHERE nome_tipo_token = "numeral"));
INSERT IGNORE INTO tokens (nome_token, acentuada, id_tipo_token) VALUES ("962", "962", (SELECT id_tipo_token FROM classificacoes_tokens WHERE BINARY nome_token = "962"));
  INSERT IGNORE INTO tokens (nome_token, acentuada, id_tipo_token) VALUES ("futuro", "futuro", (SELECT id_tipo_token FROM classificacoes_tokens WHERE BINARY nome_token = "futuro"));
  INSERT IGNORE INTO tokens (nome_token, acentuada, id_tipo_token) VALUES ("portal", "portal", (SELECT id_tipo_token FROM classificacoes_tokens WHERE BINARY nome_token = "portal"));
  INSERT IGNORE INTO classificacoes_tokens (nome_token, id_tipo_token) VALUES ("2711", (SELECT id_chave_tipo_token FROM tipos_tokens WHERE nome_tipo_token = "numeral"));
INSERT IGNORE INTO tokens (nome_token, acentuada, id_tipo_token) VALUES ("2711", "2711", (SELECT id_tipo_token FROM classificacoes_tokens WHERE BINARY nome_token = "2711"));
  INSERT IGNORE INTO classificacoes_tokens (nome_token, id_tipo_token) VALUES ("507", (SELECT id_chave_tipo_token FROM tipos_tokens WHERE nome_tipo_token = "numeral"));
INSERT IGNORE INTO tokens (nome_token, acentuada, id_tipo_token) VALUES ("507", "507", (SELECT id_tipo_token FROM classificacoes_tokens WHERE BINARY nome_token = "507"));
  INSERT IGNORE INTO tokens (nome_token, acentuada, id_tipo_token) VALUES ("mediacao", "mediação", (SELECT id_tipo_token FROM classificacoes_tokens WHERE BINARY nome_token = "mediação"));
  INSERT IGNORE INTO tokens (nome_token, acentuada, id_tipo_token) VALUES ("impactos", "impactos", (SELECT id_tipo_token FROM classificacoes_tokens WHERE BINARY nome_token = "impactos"));
  INSERT IGNORE INTO tokens (nome_token, acentuada, id_tipo_token) VALUES ("inconscientes", "inconscientes", (SELECT id_tipo_token FROM classificacoes_tokens WHERE BINARY nome_token = "inconscientes"));
  INSERT IGNORE INTO tokens (nome_token, acentuada, id_tipo_token) VALUES ("vieses", "vieses", (SELECT id_tipo_token FROM classificacoes_tokens WHERE BINARY nome_token = "vieses"));
  INSERT IGNORE INTO classificacoes_tokens (nome_token, id_tipo_token) VALUES ("1201", (SELECT id_chave_tipo_token FROM tipos_tokens WHERE nome_tipo_token = "numeral"));
INSERT IGNORE INTO tokens (nome_token, acentuada, id_tipo_token) VALUES ("1201", "1201", (SELECT id_tipo_token FROM classificacoes_tokens WHERE BINARY nome_token = "1201"));
  INSERT IGNORE INTO tokens (nome_token, acentuada, id_tipo_token) VALUES ("coordenador", "coordenador", (SELECT id_tipo_token FROM classificacoes_tokens WHERE BINARY nome_token = "coordenador"));
  INSERT IGNORE INTO classificacoes_tokens (nome_token, id_tipo_token) VALUES ("2795", (SELECT id_chave_tipo_token FROM tipos_tokens WHERE nome_tipo_token = "numeral"));
INSERT IGNORE INTO tokens (nome_token, acentuada, id_tipo_token) VALUES ("2795", "2795", (SELECT id_tipo_token FROM classificacoes_tokens WHERE BINARY nome_token = "2795"));
  INSERT IGNORE INTO classificacoes_tokens (nome_token, id_tipo_token) VALUES ("1719", (SELECT id_chave_tipo_token FROM tipos_tokens WHERE nome_tipo_token = "numeral"));
INSERT IGNORE INTO tokens (nome_token, acentuada, id_tipo_token) VALUES ("1719", "1719", (SELECT id_tipo_token FROM classificacoes_tokens WHERE BINARY nome_token = "1719"));
  INSERT IGNORE INTO tokens (nome_token, acentuada, id_tipo_token) VALUES ("esg", "esg", (SELECT id_tipo_token FROM classificacoes_tokens WHERE BINARY nome_token = "esg"));
  INSERT IGNORE INTO classificacoes_tokens (nome_token, id_tipo_token) VALUES ("1681", (SELECT id_chave_tipo_token FROM tipos_tokens WHERE nome_tipo_token = "numeral"));
INSERT IGNORE INTO tokens (nome_token, acentuada, id_tipo_token) VALUES ("1681", "1681", (SELECT id_tipo_token FROM classificacoes_tokens WHERE BINARY nome_token = "1681"));
  INSERT IGNORE INTO classificacoes_tokens (nome_token, id_tipo_token) VALUES ("1911", (SELECT id_chave_tipo_token FROM tipos_tokens WHERE nome_tipo_token = "numeral"));
INSERT IGNORE INTO tokens (nome_token, acentuada, id_tipo_token) VALUES ("1911", "1911", (SELECT id_tipo_token FROM classificacoes_tokens WHERE BINARY nome_token = "1911"));
  INSERT IGNORE INTO tokens (nome_token, acentuada, id_tipo_token) VALUES ("protecao", "proteção", (SELECT id_tipo_token FROM classificacoes_tokens WHERE BINARY nome_token = "proteção"));
  INSERT IGNORE INTO classificacoes_tokens (nome_token, id_tipo_token) VALUES ("1436", (SELECT id_chave_tipo_token FROM tipos_tokens WHERE nome_tipo_token = "numeral"));
INSERT IGNORE INTO tokens (nome_token, acentuada, id_tipo_token) VALUES ("1436", "1436", (SELECT id_tipo_token FROM classificacoes_tokens WHERE BINARY nome_token = "1436"));
  INSERT IGNORE INTO classificacoes_tokens (nome_token, id_tipo_token) VALUES ("089", (SELECT id_chave_tipo_token FROM tipos_tokens WHERE nome_tipo_token = "numeral"));
INSERT IGNORE INTO tokens (nome_token, acentuada, id_tipo_token) VALUES ("089", "089", (SELECT id_tipo_token FROM classificacoes_tokens WHERE BINARY nome_token = "089"));
  INSERT IGNORE INTO tokens (nome_token, acentuada, id_tipo_token) VALUES ("riscos", "riscos", (SELECT id_tipo_token FROM classificacoes_tokens WHERE BINARY nome_token = "riscos"));
  INSERT IGNORE INTO classificacoes_tokens (nome_token, id_tipo_token) VALUES ("534", (SELECT id_chave_tipo_token FROM tipos_tokens WHERE nome_tipo_token = "numeral"));
INSERT IGNORE INTO tokens (nome_token, acentuada, id_tipo_token) VALUES ("534", "534", (SELECT id_tipo_token FROM classificacoes_tokens WHERE BINARY nome_token = "534"));
  INSERT IGNORE INTO tokens (nome_token, acentuada, id_tipo_token) VALUES ("esocial", "esocial", (SELECT id_tipo_token FROM classificacoes_tokens WHERE BINARY nome_token = "esocial"));
  INSERT IGNORE INTO tokens (nome_token, acentuada, id_tipo_token) VALUES ("informacoes", "informações", (SELECT id_tipo_token FROM classificacoes_tokens WHERE BINARY nome_token = "informações"));
  INSERT IGNORE INTO tokens (nome_token, acentuada, id_tipo_token) VALUES ("insercao", "inserção", (SELECT id_tipo_token FROM classificacoes_tokens WHERE BINARY nome_token = "inserção"));
  INSERT IGNORE INTO classificacoes_tokens (nome_token, id_tipo_token) VALUES ("402", (SELECT id_chave_tipo_token FROM tipos_tokens WHERE nome_tipo_token = "numeral"));
INSERT IGNORE INTO tokens (nome_token, acentuada, id_tipo_token) VALUES ("402", "402", (SELECT id_tipo_token FROM classificacoes_tokens WHERE BINARY nome_token = "402"));
  INSERT IGNORE INTO tokens (nome_token, acentuada, id_tipo_token) VALUES ("altura", "altura", (SELECT id_tipo_token FROM classificacoes_tokens WHERE BINARY nome_token = "altura"));
  INSERT IGNORE INTO tokens (nome_token, acentuada, id_tipo_token) VALUES ("periculosidade", "periculosidade", (SELECT id_tipo_token FROM classificacoes_tokens WHERE BINARY nome_token = "periculosidade"));
  INSERT IGNORE INTO tokens (nome_token, acentuada, id_tipo_token) VALUES ("insalubridade", "insalubridade", (SELECT id_tipo_token FROM classificacoes_tokens WHERE BINARY nome_token = "insalubridade"));
  INSERT IGNORE INTO tokens (nome_token, acentuada, id_tipo_token) VALUES ("pericias", "perícias", (SELECT id_tipo_token FROM classificacoes_tokens WHERE BINARY nome_token = "perícias"));
  INSERT IGNORE INTO tokens (nome_token, acentuada, id_tipo_token) VALUES ("asssitencia", "asssitência", (SELECT id_tipo_token FROM classificacoes_tokens WHERE BINARY nome_token = "asssitência"));
  INSERT IGNORE INTO tokens (nome_token, acentuada, id_tipo_token) VALUES ("eletricidade", "eletricidade", (SELECT id_tipo_token FROM classificacoes_tokens WHERE BINARY nome_token = "eletricidade"));
  INSERT IGNORE INTO tokens (nome_token, acentuada, id_tipo_token) VALUES ("instalacoes", "instalações", (SELECT id_tipo_token FROM classificacoes_tokens WHERE BINARY nome_token = "instalações"));
  INSERT IGNORE INTO tokens (nome_token, acentuada, id_tipo_token) VALUES ("ocupacionais", "ocupacionais", (SELECT id_tipo_token FROM classificacoes_tokens WHERE BINARY nome_token = "ocupacionais"));
  INSERT IGNORE INTO tokens (nome_token, acentuada, id_tipo_token) VALUES ("laudos", "laudos", (SELECT id_tipo_token FROM classificacoes_tokens WHERE BINARY nome_token = "laudos"));
  INSERT IGNORE INTO tokens (nome_token, acentuada, id_tipo_token) VALUES ("bombeiro", "bombeiro", (SELECT id_tipo_token FROM classificacoes_tokens WHERE BINARY nome_token = "bombeiro"));
  INSERT IGNORE INTO tokens (nome_token, acentuada, id_tipo_token) VALUES ("reciclagem", "reciclagem", (SELECT id_tipo_token FROM classificacoes_tokens WHERE BINARY nome_token = "reciclagem"));
  INSERT IGNORE INTO tokens (nome_token, acentuada, id_tipo_token) VALUES ("atividade", "atividade", (SELECT id_tipo_token FROM classificacoes_tokens WHERE BINARY nome_token = "atividade"));
  INSERT IGNORE INTO tokens (nome_token, acentuada, id_tipo_token) VALUES ("ergonomia", "ergonomia", (SELECT id_tipo_token FROM classificacoes_tokens WHERE BINARY nome_token = "ergonomia"));
  INSERT IGNORE INTO tokens (nome_token, acentuada, id_tipo_token) VALUES ("nr", "nr", (SELECT id_tipo_token FROM classificacoes_tokens WHERE BINARY nome_token = "nr"));
  INSERT IGNORE INTO tokens (nome_token, acentuada, id_tipo_token) VALUES ("vigias", "vigias", (SELECT id_tipo_token FROM classificacoes_tokens WHERE BINARY nome_token = "vigias"));
  INSERT IGNORE INTO tokens (nome_token, acentuada, id_tipo_token) VALUES ("autorizados", "autorizados", (SELECT id_tipo_token FROM classificacoes_tokens WHERE BINARY nome_token = "autorizados"));
  INSERT IGNORE INTO tokens (nome_token, acentuada, id_tipo_token) VALUES ("trabalhadores", "trabalhadores", (SELECT id_tipo_token FROM classificacoes_tokens WHERE BINARY nome_token = "trabalhadores"));
  INSERT IGNORE INTO tokens (nome_token, acentuada, id_tipo_token) VALUES ("confinados", "confinados", (SELECT id_tipo_token FROM classificacoes_tokens WHERE BINARY nome_token = "confinados"));
  INSERT IGNORE INTO classificacoes_tokens (nome_token, id_tipo_token) VALUES ("1367", (SELECT id_chave_tipo_token FROM tipos_tokens WHERE nome_tipo_token = "numeral"));
INSERT IGNORE INTO tokens (nome_token, acentuada, id_tipo_token) VALUES ("1367", "1367", (SELECT id_tipo_token FROM classificacoes_tokens WHERE BINARY nome_token = "1367"));
  INSERT IGNORE INTO classificacoes_tokens (nome_token, id_tipo_token) VALUES ("614", (SELECT id_chave_tipo_token FROM tipos_tokens WHERE nome_tipo_token = "numeral"));
INSERT IGNORE INTO tokens (nome_token, acentuada, id_tipo_token) VALUES ("614", "614", (SELECT id_tipo_token FROM classificacoes_tokens WHERE BINARY nome_token = "614"));
  INSERT IGNORE INTO classificacoes_tokens (nome_token, id_tipo_token) VALUES ("368", (SELECT id_chave_tipo_token FROM tipos_tokens WHERE nome_tipo_token = "numeral"));
INSERT IGNORE INTO tokens (nome_token, acentuada, id_tipo_token) VALUES ("368", "368", (SELECT id_tipo_token FROM classificacoes_tokens WHERE BINARY nome_token = "368"));
  INSERT IGNORE INTO classificacoes_tokens (nome_token, id_tipo_token) VALUES ("080", (SELECT id_chave_tipo_token FROM tipos_tokens WHERE nome_tipo_token = "numeral"));
INSERT IGNORE INTO tokens (nome_token, acentuada, id_tipo_token) VALUES ("080", "080", (SELECT id_tipo_token FROM classificacoes_tokens WHERE BINARY nome_token = "080"));
  INSERT IGNORE INTO classificacoes_tokens (nome_token, id_tipo_token) VALUES ("2454", (SELECT id_chave_tipo_token FROM tipos_tokens WHERE nome_tipo_token = "numeral"));
INSERT IGNORE INTO tokens (nome_token, acentuada, id_tipo_token) VALUES ("2454", "2454", (SELECT id_tipo_token FROM classificacoes_tokens WHERE BINARY nome_token = "2454"));
  INSERT IGNORE INTO classificacoes_tokens (nome_token, id_tipo_token) VALUES ("902", (SELECT id_chave_tipo_token FROM tipos_tokens WHERE nome_tipo_token = "numeral"));
INSERT IGNORE INTO tokens (nome_token, acentuada, id_tipo_token) VALUES ("902", "902", (SELECT id_tipo_token FROM classificacoes_tokens WHERE BINARY nome_token = "902"));
  INSERT IGNORE INTO classificacoes_tokens (nome_token, id_tipo_token) VALUES ("070", (SELECT id_chave_tipo_token FROM tipos_tokens WHERE nome_tipo_token = "numeral"));
INSERT IGNORE INTO tokens (nome_token, acentuada, id_tipo_token) VALUES ("070", "070", (SELECT id_tipo_token FROM classificacoes_tokens WHERE BINARY nome_token = "070"));
  INSERT IGNORE INTO classificacoes_tokens (nome_token, id_tipo_token) VALUES ("668", (SELECT id_chave_tipo_token FROM tipos_tokens WHERE nome_tipo_token = "numeral"));
INSERT IGNORE INTO tokens (nome_token, acentuada, id_tipo_token) VALUES ("668", "668", (SELECT id_tipo_token FROM classificacoes_tokens WHERE BINARY nome_token = "668"));
  INSERT IGNORE INTO classificacoes_tokens (nome_token, id_tipo_token) VALUES ("833", (SELECT id_chave_tipo_token FROM tipos_tokens WHERE nome_tipo_token = "numeral"));
INSERT IGNORE INTO tokens (nome_token, acentuada, id_tipo_token) VALUES ("833", "833", (SELECT id_tipo_token FROM classificacoes_tokens WHERE BINARY nome_token = "833"));
  INSERT IGNORE INTO classificacoes_tokens (nome_token, id_tipo_token) VALUES ("1839", (SELECT id_chave_tipo_token FROM tipos_tokens WHERE nome_tipo_token = "numeral"));
INSERT IGNORE INTO tokens (nome_token, acentuada, id_tipo_token) VALUES ("1839", "1839", (SELECT id_tipo_token FROM classificacoes_tokens WHERE BINARY nome_token = "1839"));
  INSERT IGNORE INTO classificacoes_tokens (nome_token, id_tipo_token) VALUES ("619", (SELECT id_chave_tipo_token FROM tipos_tokens WHERE nome_tipo_token = "numeral"));
INSERT IGNORE INTO tokens (nome_token, acentuada, id_tipo_token) VALUES ("619", "619", (SELECT id_tipo_token FROM classificacoes_tokens WHERE BINARY nome_token = "619"));
  INSERT IGNORE INTO classificacoes_tokens (nome_token, id_tipo_token) VALUES ("169", (SELECT id_chave_tipo_token FROM tipos_tokens WHERE nome_tipo_token = "numeral"));
INSERT IGNORE INTO tokens (nome_token, acentuada, id_tipo_token) VALUES ("169", "169", (SELECT id_tipo_token FROM classificacoes_tokens WHERE BINARY nome_token = "169"));
  INSERT IGNORE INTO classificacoes_tokens (nome_token, id_tipo_token) VALUES ("2516", (SELECT id_chave_tipo_token FROM tipos_tokens WHERE nome_tipo_token = "numeral"));
INSERT IGNORE INTO tokens (nome_token, acentuada, id_tipo_token) VALUES ("2516", "2516", (SELECT id_tipo_token FROM classificacoes_tokens WHERE BINARY nome_token = "2516"));
  INSERT IGNORE INTO tokens (nome_token, acentuada, id_tipo_token) VALUES ("aromaterapia", "aromaterapia", (SELECT id_tipo_token FROM classificacoes_tokens WHERE BINARY nome_token = "aromaterapia"));
  INSERT IGNORE INTO classificacoes_tokens (nome_token, id_tipo_token) VALUES ("3026", (SELECT id_chave_tipo_token FROM tipos_tokens WHERE nome_tipo_token = "numeral"));
INSERT IGNORE INTO tokens (nome_token, acentuada, id_tipo_token) VALUES ("3026", "3026", (SELECT id_tipo_token FROM classificacoes_tokens WHERE BINARY nome_token = "3026"));
  INSERT IGNORE INTO classificacoes_tokens (nome_token, id_tipo_token) VALUES ("011", (SELECT id_chave_tipo_token FROM tipos_tokens WHERE nome_tipo_token = "numeral"));
INSERT IGNORE INTO tokens (nome_token, acentuada, id_tipo_token) VALUES ("011", "011", (SELECT id_tipo_token FROM classificacoes_tokens WHERE BINARY nome_token = "011"));
  INSERT IGNORE INTO tokens (nome_token, acentuada, id_tipo_token) VALUES ("massage", "massage", (SELECT id_tipo_token FROM classificacoes_tokens WHERE BINARY nome_token = "massage"));
  INSERT IGNORE INTO tokens (nome_token, acentuada, id_tipo_token) VALUES ("quick", "quick", (SELECT id_tipo_token FROM classificacoes_tokens WHERE BINARY nome_token = "quick"));
  INSERT IGNORE INTO classificacoes_tokens (nome_token, id_tipo_token) VALUES ("227", (SELECT id_chave_tipo_token FROM tipos_tokens WHERE nome_tipo_token = "numeral"));
INSERT IGNORE INTO tokens (nome_token, acentuada, id_tipo_token) VALUES ("227", "227", (SELECT id_tipo_token FROM classificacoes_tokens WHERE BINARY nome_token = "227"));
  INSERT IGNORE INTO classificacoes_tokens (nome_token, id_tipo_token) VALUES ("1837", (SELECT id_chave_tipo_token FROM tipos_tokens WHERE nome_tipo_token = "numeral"));
INSERT IGNORE INTO tokens (nome_token, acentuada, id_tipo_token) VALUES ("1837", "1837", (SELECT id_tipo_token FROM classificacoes_tokens WHERE BINARY nome_token = "1837"));
  INSERT IGNORE INTO tokens (nome_token, acentuada, id_tipo_token) VALUES ("estar", "estar", (SELECT id_tipo_token FROM classificacoes_tokens WHERE BINARY nome_token = "estar"));
  INSERT IGNORE INTO tokens (nome_token, acentuada, id_tipo_token) VALUES ("bem", "bem", (SELECT id_tipo_token FROM classificacoes_tokens WHERE BINARY nome_token = "bem"));
  INSERT IGNORE INTO tokens (nome_token, acentuada, id_tipo_token) VALUES ("ifs", "ifs", (SELECT id_tipo_token FROM classificacoes_tokens WHERE BINARY nome_token = "ifs"));
  INSERT IGNORE INTO classificacoes_tokens (nome_token, id_tipo_token) VALUES ("2448", (SELECT id_chave_tipo_token FROM tipos_tokens WHERE nome_tipo_token = "numeral"));
INSERT IGNORE INTO tokens (nome_token, acentuada, id_tipo_token) VALUES ("2448", "2448", (SELECT id_tipo_token FROM classificacoes_tokens WHERE BINARY nome_token = "2448"));
  INSERT IGNORE INTO classificacoes_tokens (nome_token, id_tipo_token) VALUES ("676", (SELECT id_chave_tipo_token FROM tipos_tokens WHERE nome_tipo_token = "numeral"));
INSERT IGNORE INTO tokens (nome_token, acentuada, id_tipo_token) VALUES ("676", "676", (SELECT id_tipo_token FROM classificacoes_tokens WHERE BINARY nome_token = "676"));
  INSERT IGNORE INTO classificacoes_tokens (nome_token, id_tipo_token) VALUES ("604", (SELECT id_chave_tipo_token FROM tipos_tokens WHERE nome_tipo_token = "numeral"));
INSERT IGNORE INTO tokens (nome_token, acentuada, id_tipo_token) VALUES ("604", "604", (SELECT id_tipo_token FROM classificacoes_tokens WHERE BINARY nome_token = "604"));
  INSERT IGNORE INTO tokens (nome_token, acentuada, id_tipo_token) VALUES ("cardiorrespiratoria", "cardiorrespiratória", (SELECT id_tipo_token FROM classificacoes_tokens WHERE BINARY nome_token = "cardiorrespiratória"));
  INSERT IGNORE INTO tokens (nome_token, acentuada, id_tipo_token) VALUES ("parada", "parada", (SELECT id_tipo_token FROM classificacoes_tokens WHERE BINARY nome_token = "parada"));
  INSERT IGNORE INTO classificacoes_tokens (nome_token, id_tipo_token) VALUES ("601", (SELECT id_chave_tipo_token FROM tipos_tokens WHERE nome_tipo_token = "numeral"));
INSERT IGNORE INTO tokens (nome_token, acentuada, id_tipo_token) VALUES ("601", "601", (SELECT id_tipo_token FROM classificacoes_tokens WHERE BINARY nome_token = "601"));
  INSERT IGNORE INTO tokens (nome_token, acentuada, id_tipo_token) VALUES ("niveis", "níveis", (SELECT id_tipo_token FROM classificacoes_tokens WHERE BINARY nome_token = "níveis"));
  INSERT IGNORE INTO tokens (nome_token, acentuada, id_tipo_token) VALUES ("reflexologia", "reflexologia", (SELECT id_tipo_token FROM classificacoes_tokens WHERE BINARY nome_token = "reflexologia"));
  INSERT IGNORE INTO classificacoes_tokens (nome_token, id_tipo_token) VALUES ("501", (SELECT id_chave_tipo_token FROM tipos_tokens WHERE nome_tipo_token = "numeral"));
INSERT IGNORE INTO tokens (nome_token, acentuada, id_tipo_token) VALUES ("501", "501", (SELECT id_tipo_token FROM classificacoes_tokens WHERE BINARY nome_token = "501"));
  INSERT IGNORE INTO tokens (nome_token, acentuada, id_tipo_token) VALUES ("relaxante", "relaxante", (SELECT id_tipo_token FROM classificacoes_tokens WHERE BINARY nome_token = "relaxante"));
  INSERT IGNORE INTO tokens (nome_token, acentuada, id_tipo_token) VALUES ("venoso", "venoso", (SELECT id_tipo_token FROM classificacoes_tokens WHERE BINARY nome_token = "venoso"));
  INSERT IGNORE INTO tokens (nome_token, acentuada, id_tipo_token) VALUES ("eficiencia", "eficiência", (SELECT id_tipo_token FROM classificacoes_tokens WHERE BINARY nome_token = "eficiência"));
  INSERT IGNORE INTO classificacoes_tokens (nome_token, id_tipo_token) VALUES ("496", (SELECT id_chave_tipo_token FROM tipos_tokens WHERE nome_tipo_token = "numeral"));
INSERT IGNORE INTO tokens (nome_token, acentuada, id_tipo_token) VALUES ("496", "496", (SELECT id_tipo_token FROM classificacoes_tokens WHERE BINARY nome_token = "496"));
  INSERT IGNORE INTO classificacoes_tokens (nome_token, id_tipo_token) VALUES ("442", (SELECT id_chave_tipo_token FROM tipos_tokens WHERE nome_tipo_token = "numeral"));
INSERT IGNORE INTO tokens (nome_token, acentuada, id_tipo_token) VALUES ("442", "442", (SELECT id_tipo_token FROM classificacoes_tokens WHERE BINARY nome_token = "442"));
  INSERT IGNORE INTO classificacoes_tokens (nome_token, id_tipo_token) VALUES ("353", (SELECT id_chave_tipo_token FROM tipos_tokens WHERE nome_tipo_token = "numeral"));
INSERT IGNORE INTO tokens (nome_token, acentuada, id_tipo_token) VALUES ("353", "353", (SELECT id_tipo_token FROM classificacoes_tokens WHERE BINARY nome_token = "353"));
  INSERT IGNORE INTO tokens (nome_token, acentuada, id_tipo_token) VALUES ("linfatica", "linfática", (SELECT id_tipo_token FROM classificacoes_tokens WHERE BINARY nome_token = "linfática"));
  INSERT IGNORE INTO tokens (nome_token, acentuada, id_tipo_token) VALUES ("drenagem", "drenagem", (SELECT id_tipo_token FROM classificacoes_tokens WHERE BINARY nome_token = "drenagem"));
  INSERT IGNORE INTO tokens (nome_token, acentuada, id_tipo_token) VALUES ("bucal", "bucal", (SELECT id_tipo_token FROM classificacoes_tokens WHERE BINARY nome_token = "bucal"));
  INSERT IGNORE INTO classificacoes_tokens (nome_token, id_tipo_token) VALUES ("2493", (SELECT id_chave_tipo_token FROM tipos_tokens WHERE nome_tipo_token = "numeral"));
INSERT IGNORE INTO tokens (nome_token, acentuada, id_tipo_token) VALUES ("2493", "2493", (SELECT id_tipo_token FROM classificacoes_tokens WHERE BINARY nome_token = "2493"));
  INSERT IGNORE INTO classificacoes_tokens (nome_token, id_tipo_token) VALUES ("359", (SELECT id_chave_tipo_token FROM tipos_tokens WHERE nome_tipo_token = "numeral"));
INSERT IGNORE INTO tokens (nome_token, acentuada, id_tipo_token) VALUES ("359", "359", (SELECT id_tipo_token FROM classificacoes_tokens WHERE BINARY nome_token = "359"));
  INSERT IGNORE INTO tokens (nome_token, acentuada, id_tipo_token) VALUES ("geriatrica", "geriátrica", (SELECT id_tipo_token FROM classificacoes_tokens WHERE BINARY nome_token = "geriátrica"));
  INSERT IGNORE INTO classificacoes_tokens (nome_token, id_tipo_token) VALUES ("356", (SELECT id_chave_tipo_token FROM tipos_tokens WHERE nome_tipo_token = "numeral"));
INSERT IGNORE INTO tokens (nome_token, acentuada, id_tipo_token) VALUES ("356", "356", (SELECT id_tipo_token FROM classificacoes_tokens WHERE BINARY nome_token = "356"));
  INSERT IGNORE INTO tokens (nome_token, acentuada, id_tipo_token) VALUES ("pindas", "pindas", (SELECT id_tipo_token FROM classificacoes_tokens WHERE BINARY nome_token = "pindas"));
  INSERT IGNORE INTO tokens (nome_token, acentuada, id_tipo_token) VALUES ("quentes", "quentes", (SELECT id_tipo_token FROM classificacoes_tokens WHERE BINARY nome_token = "quentes"));
  INSERT IGNORE INTO tokens (nome_token, acentuada, id_tipo_token) VALUES ("pedras", "pedras", (SELECT id_tipo_token FROM classificacoes_tokens WHERE BINARY nome_token = "pedras"));
  INSERT IGNORE INTO tokens (nome_token, acentuada, id_tipo_token) VALUES ("estetica", "estética", (SELECT id_tipo_token FROM classificacoes_tokens WHERE BINARY nome_token = "estética"));
  INSERT IGNORE INTO tokens (nome_token, acentuada, id_tipo_token) VALUES ("esportiva", "esportiva", (SELECT id_tipo_token FROM classificacoes_tokens WHERE BINARY nome_token = "esportiva"));
  INSERT IGNORE INTO tokens (nome_token, acentuada, id_tipo_token) VALUES ("podologia", "podologia", (SELECT id_tipo_token FROM classificacoes_tokens WHERE BINARY nome_token = "podologia"));
  INSERT IGNORE INTO classificacoes_tokens (nome_token, id_tipo_token) VALUES ("2444", (SELECT id_chave_tipo_token FROM tipos_tokens WHERE nome_tipo_token = "numeral"));
INSERT IGNORE INTO tokens (nome_token, acentuada, id_tipo_token) VALUES ("2444", "2444", (SELECT id_tipo_token FROM classificacoes_tokens WHERE BINARY nome_token = "2444"));
  INSERT IGNORE INTO classificacoes_tokens (nome_token, id_tipo_token) VALUES ("351", (SELECT id_chave_tipo_token FROM tipos_tokens WHERE nome_tipo_token = "numeral"));
INSERT IGNORE INTO tokens (nome_token, acentuada, id_tipo_token) VALUES ("351", "351", (SELECT id_tipo_token FROM classificacoes_tokens WHERE BINARY nome_token = "351"));
  INSERT IGNORE INTO tokens (nome_token, acentuada, id_tipo_token) VALUES ("oleos", "óleos", (SELECT id_tipo_token FROM classificacoes_tokens WHERE BINARY nome_token = "óleos"));
  INSERT IGNORE INTO tokens (nome_token, acentuada, id_tipo_token) VALUES ("corpo", "corpo", (SELECT id_tipo_token FROM classificacoes_tokens WHERE BINARY nome_token = "corpo"));
  INSERT IGNORE INTO tokens (nome_token, acentuada, id_tipo_token) VALUES ("manchas", "manchas", (SELECT id_tipo_token FROM classificacoes_tokens WHERE BINARY nome_token = "manchas"));
  INSERT IGNORE INTO tokens (nome_token, acentuada, id_tipo_token) VALUES ("clareamento", "clareamento", (SELECT id_tipo_token FROM classificacoes_tokens WHERE BINARY nome_token = "clareamento"));
  INSERT IGNORE INTO tokens (nome_token, acentuada, id_tipo_token) VALUES ("rejuvenescimento", "rejuvenescimento", (SELECT id_tipo_token FROM classificacoes_tokens WHERE BINARY nome_token = "rejuvenescimento"));
  INSERT IGNORE INTO tokens (nome_token, acentuada, id_tipo_token) VALUES ("farmaceutica", "farmacêutica", (SELECT id_tipo_token FROM classificacoes_tokens WHERE BINARY nome_token = "farmacêutica"));
  INSERT IGNORE INTO tokens (nome_token, acentuada, id_tipo_token) VALUES ("utilizados", "utilizados", (SELECT id_tipo_token FROM classificacoes_tokens WHERE BINARY nome_token = "utilizados"));
  INSERT IGNORE INTO tokens (nome_token, acentuada, id_tipo_token) VALUES ("master", "master", (SELECT id_tipo_token FROM classificacoes_tokens WHERE BINARY nome_token = "master"));
  INSERT IGNORE INTO tokens (nome_token, acentuada, id_tipo_token) VALUES ("reiki", "reiki", (SELECT id_tipo_token FROM classificacoes_tokens WHERE BINARY nome_token = "reiki"));
  INSERT IGNORE INTO classificacoes_tokens (nome_token, id_tipo_token) VALUES ("288", (SELECT id_chave_tipo_token FROM tipos_tokens WHERE nome_tipo_token = "numeral"));
INSERT IGNORE INTO tokens (nome_token, acentuada, id_tipo_token) VALUES ("288", "288", (SELECT id_tipo_token FROM classificacoes_tokens WHERE BINARY nome_token = "288"));
  INSERT IGNORE INTO tokens (nome_token, acentuada, id_tipo_token) VALUES ("procedimento", "procedimento", (SELECT id_tipo_token FROM classificacoes_tokens WHERE BINARY nome_token = "procedimento"));
  INSERT IGNORE INTO tokens (nome_token, acentuada, id_tipo_token) VALUES ("eletrocardiograma", "eletrocardiograma", (SELECT id_tipo_token FROM classificacoes_tokens WHERE BINARY nome_token = "eletrocardiograma"));
  INSERT IGNORE INTO tokens (nome_token, acentuada, id_tipo_token) VALUES ("atualizacao", "atualização", (SELECT id_tipo_token FROM classificacoes_tokens WHERE BINARY nome_token = "atualização"));
  INSERT IGNORE INTO tokens (nome_token, acentuada, id_tipo_token) VALUES ("idosos", "idosos", (SELECT id_tipo_token FROM classificacoes_tokens WHERE BINARY nome_token = "idosos"));
  INSERT IGNORE INTO tokens (nome_token, acentuada, id_tipo_token) VALUES ("especiais", "especiais", (SELECT id_tipo_token FROM classificacoes_tokens WHERE BINARY nome_token = "especiais"));
  INSERT IGNORE INTO tokens (nome_token, acentuada, id_tipo_token) VALUES ("gatos", "gatos", (SELECT id_tipo_token FROM classificacoes_tokens WHERE BINARY nome_token = "gatos"));
  INSERT IGNORE INTO tokens (nome_token, acentuada, id_tipo_token) VALUES ("caes", "cães", (SELECT id_tipo_token FROM classificacoes_tokens WHERE BINARY nome_token = "cães"));
  INSERT IGNORE INTO tokens (nome_token, acentuada, id_tipo_token) VALUES ("veterinarias", "veterinárias", (SELECT id_tipo_token FROM classificacoes_tokens WHERE BINARY nome_token = "veterinárias"));
  INSERT IGNORE INTO tokens (nome_token, acentuada, id_tipo_token) VALUES ("formulas", "fórmulas", (SELECT id_tipo_token FROM classificacoes_tokens WHERE BINARY nome_token = "fórmulas"));
  INSERT IGNORE INTO tokens (nome_token, acentuada, id_tipo_token) VALUES ("meditativas", "meditativas", (SELECT id_tipo_token FROM classificacoes_tokens WHERE BINARY nome_token = "meditativas"));
  INSERT IGNORE INTO classificacoes_tokens (nome_token, id_tipo_token) VALUES ("221", (SELECT id_chave_tipo_token FROM tipos_tokens WHERE nome_tipo_token = "numeral"));
INSERT IGNORE INTO tokens (nome_token, acentuada, id_tipo_token) VALUES ("221", "221", (SELECT id_tipo_token FROM classificacoes_tokens WHERE BINARY nome_token = "221"));
  INSERT IGNORE INTO tokens (nome_token, acentuada, id_tipo_token) VALUES ("tradicional", "tradicional", (SELECT id_tipo_token FROM classificacoes_tokens WHERE BINARY nome_token = "tradicional"));
  INSERT IGNORE INTO tokens (nome_token, acentuada, id_tipo_token) VALUES ("medicina", "medicina", (SELECT id_tipo_token FROM classificacoes_tokens WHERE BINARY nome_token = "medicina"));
  INSERT IGNORE INTO tokens (nome_token, acentuada, id_tipo_token) VALUES ("fundamentos", "fundamentos", (SELECT id_tipo_token FROM classificacoes_tokens WHERE BINARY nome_token = "fundamentos"));
  INSERT IGNORE INTO tokens (nome_token, acentuada, id_tipo_token) VALUES ("humanizado", "humanizado", (SELECT id_tipo_token FROM classificacoes_tokens WHERE BINARY nome_token = "humanizado"));
  INSERT IGNORE INTO tokens (nome_token, acentuada, id_tipo_token) VALUES ("correcao", "correção", (SELECT id_tipo_token FROM classificacoes_tokens WHERE BINARY nome_token = "correção"));
  INSERT IGNORE INTO tokens (nome_token, acentuada, id_tipo_token) VALUES ("copeiro", "copeiro", (SELECT id_tipo_token FROM classificacoes_tokens WHERE BINARY nome_token = "copeiro"));
  INSERT IGNORE INTO classificacoes_tokens (nome_token, id_tipo_token) VALUES ("2559", (SELECT id_chave_tipo_token FROM tipos_tokens WHERE nome_tipo_token = "numeral"));
INSERT IGNORE INTO tokens (nome_token, acentuada, id_tipo_token) VALUES ("2559", "2559", (SELECT id_tipo_token FROM classificacoes_tokens WHERE BINARY nome_token = "2559"));
  INSERT IGNORE INTO tokens (nome_token, acentuada, id_tipo_token) VALUES ("doador", "doador", (SELECT id_tipo_token FROM classificacoes_tokens WHERE BINARY nome_token = "doador"));
  INSERT IGNORE INTO tokens (nome_token, acentuada, id_tipo_token) VALUES ("hemoterapia", "hemoterapia", (SELECT id_tipo_token FROM classificacoes_tokens WHERE BINARY nome_token = "hemoterapia"));
  INSERT IGNORE INTO tokens (nome_token, acentuada, id_tipo_token) VALUES ("sangue", "sangue", (SELECT id_tipo_token FROM classificacoes_tokens WHERE BINARY nome_token = "sangue"));
  INSERT IGNORE INTO tokens (nome_token, acentuada, id_tipo_token) VALUES ("salvamento", "salvamento", (SELECT id_tipo_token FROM classificacoes_tokens WHERE BINARY nome_token = "salvamento"));
  INSERT IGNORE INTO tokens (nome_token, acentuada, id_tipo_token) VALUES ("resgate", "resgate", (SELECT id_tipo_token FROM classificacoes_tokens WHERE BINARY nome_token = "resgate"));
  INSERT IGNORE INTO classificacoes_tokens (nome_token, id_tipo_token) VALUES ("1622", (SELECT id_chave_tipo_token FROM tipos_tokens WHERE nome_tipo_token = "numeral"));
INSERT IGNORE INTO tokens (nome_token, acentuada, id_tipo_token) VALUES ("1622", "1622", (SELECT id_tipo_token FROM classificacoes_tokens WHERE BINARY nome_token = "1622"));
  INSERT IGNORE INTO tokens (nome_token, acentuada, id_tipo_token) VALUES ("materno", "materno", (SELECT id_tipo_token FROM classificacoes_tokens WHERE BINARY nome_token = "materno"));
  INSERT IGNORE INTO tokens (nome_token, acentuada, id_tipo_token) VALUES ("vitimas", "vítimas", (SELECT id_tipo_token FROM classificacoes_tokens WHERE BINARY nome_token = "vítimas"));
  INSERT IGNORE INTO tokens (nome_token, acentuada, id_tipo_token) VALUES ("multiplas", "múltiplas", (SELECT id_tipo_token FROM classificacoes_tokens WHERE BINARY nome_token = "múltiplas"));
  INSERT IGNORE INTO tokens (nome_token, acentuada, id_tipo_token) VALUES ("politraumatizado", "politraumatizado", (SELECT id_tipo_token FROM classificacoes_tokens WHERE BINARY nome_token = "politraumatizado"));
  INSERT IGNORE INTO classificacoes_tokens (nome_token, id_tipo_token) VALUES ("189", (SELECT id_chave_tipo_token FROM tipos_tokens WHERE nome_tipo_token = "numeral"));
INSERT IGNORE INTO tokens (nome_token, acentuada, id_tipo_token) VALUES ("189", "189", (SELECT id_tipo_token FROM classificacoes_tokens WHERE BINARY nome_token = "189"));
  INSERT IGNORE INTO tokens (nome_token, acentuada, id_tipo_token) VALUES ("integrativas", "integrativas", (SELECT id_tipo_token FROM classificacoes_tokens WHERE BINARY nome_token = "integrativas"));
  INSERT IGNORE INTO tokens (nome_token, acentuada, id_tipo_token) VALUES ("alternativas", "alternativas", (SELECT id_tipo_token FROM classificacoes_tokens WHERE BINARY nome_token = "alternativas"));
  INSERT IGNORE INTO tokens (nome_token, acentuada, id_tipo_token) VALUES ("terapias", "terapias", (SELECT id_tipo_token FROM classificacoes_tokens WHERE BINARY nome_token = "terapias"));
  INSERT IGNORE INTO tokens (nome_token, acentuada, id_tipo_token) VALUES ("calculos", "cálculos", (SELECT id_tipo_token FROM classificacoes_tokens WHERE BINARY nome_token = "cálculos"));
  INSERT IGNORE INTO tokens (nome_token, acentuada, id_tipo_token) VALUES ("intravenosa", "intravenosa", (SELECT id_tipo_token FROM classificacoes_tokens WHERE BINARY nome_token = "intravenosa"));
  INSERT IGNORE INTO tokens (nome_token, acentuada, id_tipo_token) VALUES ("terapia", "terapia", (SELECT id_tipo_token FROM classificacoes_tokens WHERE BINARY nome_token = "terapia"));
  INSERT IGNORE INTO tokens (nome_token, acentuada, id_tipo_token) VALUES ("multidisciplinar", "multidisciplinar", (SELECT id_tipo_token FROM classificacoes_tokens WHERE BINARY nome_token = "multidisciplinar"));
  INSERT IGNORE INTO tokens (nome_token, acentuada, id_tipo_token) VALUES ("abhyanga", "abhyanga", (SELECT id_tipo_token FROM classificacoes_tokens WHERE BINARY nome_token = "abhyanga"));
  INSERT IGNORE INTO tokens (nome_token, acentuada, id_tipo_token) VALUES ("indiana", "indiana", (SELECT id_tipo_token FROM classificacoes_tokens WHERE BINARY nome_token = "indiana"));
  INSERT IGNORE INTO classificacoes_tokens (nome_token, id_tipo_token) VALUES ("2981", (SELECT id_chave_tipo_token FROM tipos_tokens WHERE nome_tipo_token = "numeral"));
INSERT IGNORE INTO tokens (nome_token, acentuada, id_tipo_token) VALUES ("2981", "2981", (SELECT id_tipo_token FROM classificacoes_tokens WHERE BINARY nome_token = "2981"));
  INSERT IGNORE INTO classificacoes_tokens (nome_token, id_tipo_token) VALUES ("2320", (SELECT id_chave_tipo_token FROM tipos_tokens WHERE nome_tipo_token = "numeral"));
INSERT IGNORE INTO tokens (nome_token, acentuada, id_tipo_token) VALUES ("2320", "2320", (SELECT id_tipo_token FROM classificacoes_tokens WHERE BINARY nome_token = "2320"));
  INSERT IGNORE INTO tokens (nome_token, acentuada, id_tipo_token) VALUES ("biosseguranca", "biossegurança", (SELECT id_tipo_token FROM classificacoes_tokens WHERE BINARY nome_token = "biossegurança"));
  INSERT IGNORE INTO tokens (nome_token, acentuada, id_tipo_token) VALUES ("medidas", "medidas", (SELECT id_tipo_token FROM classificacoes_tokens WHERE BINARY nome_token = "medidas"));
  INSERT IGNORE INTO tokens (nome_token, acentuada, id_tipo_token) VALUES ("esterilizacao", "esterilização", (SELECT id_tipo_token FROM classificacoes_tokens WHERE BINARY nome_token = "esterilização"));
  INSERT IGNORE INTO classificacoes_tokens (nome_token, id_tipo_token) VALUES ("980", (SELECT id_chave_tipo_token FROM tipos_tokens WHERE nome_tipo_token = "numeral"));
INSERT IGNORE INTO tokens (nome_token, acentuada, id_tipo_token) VALUES ("980", "980", (SELECT id_tipo_token FROM classificacoes_tokens WHERE BINARY nome_token = "980"));
  INSERT IGNORE INTO tokens (nome_token, acentuada, id_tipo_token) VALUES ("chinesa", "chinesa", (SELECT id_tipo_token FROM classificacoes_tokens WHERE BINARY nome_token = "chinesa"));
  INSERT IGNORE INTO tokens (nome_token, acentuada, id_tipo_token) VALUES ("francesa", "francesa", (SELECT id_tipo_token FROM classificacoes_tokens WHERE BINARY nome_token = "francesa"));
  INSERT IGNORE INTO tokens (nome_token, acentuada, id_tipo_token) VALUES ("auriculoterapia", "auriculoterapia", (SELECT id_tipo_token FROM classificacoes_tokens WHERE BINARY nome_token = "auriculoterapia"));
  INSERT IGNORE INTO classificacoes_tokens (nome_token, id_tipo_token) VALUES ("2318", (SELECT id_chave_tipo_token FROM tipos_tokens WHERE nome_tipo_token = "numeral"));
INSERT IGNORE INTO tokens (nome_token, acentuada, id_tipo_token) VALUES ("2318", "2318", (SELECT id_tipo_token FROM classificacoes_tokens WHERE BINARY nome_token = "2318"));
  INSERT IGNORE INTO tokens (nome_token, acentuada, id_tipo_token) VALUES ("peritoneal", "peritoneal", (SELECT id_tipo_token FROM classificacoes_tokens WHERE BINARY nome_token = "peritoneal"));
  INSERT IGNORE INTO tokens (nome_token, acentuada, id_tipo_token) VALUES ("dialise", "diálise", (SELECT id_tipo_token FROM classificacoes_tokens WHERE BINARY nome_token = "diálise"));
  INSERT IGNORE INTO tokens (nome_token, acentuada, id_tipo_token) VALUES ("hemodialise", "hemodiálise", (SELECT id_tipo_token FROM classificacoes_tokens WHERE BINARY nome_token = "hemodiálise"));
  INSERT IGNORE INTO tokens (nome_token, acentuada, id_tipo_token) VALUES ("laboratoriais", "laboratoriais", (SELECT id_tipo_token FROM classificacoes_tokens WHERE BINARY nome_token = "laboratoriais"));
  INSERT IGNORE INTO tokens (nome_token, acentuada, id_tipo_token) VALUES ("exames", "exames", (SELECT id_tipo_token FROM classificacoes_tokens WHERE BINARY nome_token = "exames"));
  INSERT IGNORE INTO tokens (nome_token, acentuada, id_tipo_token) VALUES ("coleta", "coleta", (SELECT id_tipo_token FROM classificacoes_tokens WHERE BINARY nome_token = "coleta"));
  INSERT IGNORE INTO tokens (nome_token, acentuada, id_tipo_token) VALUES ("florais", "florais", (SELECT id_tipo_token FROM classificacoes_tokens WHERE BINARY nome_token = "florais"));
  INSERT IGNORE INTO tokens (nome_token, acentuada, id_tipo_token) VALUES ("homeopaticos", "homeopáticos", (SELECT id_tipo_token FROM classificacoes_tokens WHERE BINARY nome_token = "homeopáticos"));
  INSERT IGNORE INTO tokens (nome_token, acentuada, id_tipo_token) VALUES ("multiprofissional", "multiprofissional", (SELECT id_tipo_token FROM classificacoes_tokens WHERE BINARY nome_token = "multiprofissional"));
  INSERT IGNORE INTO tokens (nome_token, acentuada, id_tipo_token) VALUES ("abordagem", "abordagem", (SELECT id_tipo_token FROM classificacoes_tokens WHERE BINARY nome_token = "abordagem"));
  INSERT IGNORE INTO tokens (nome_token, acentuada, id_tipo_token) VALUES ("paliativos", "paliativos", (SELECT id_tipo_token FROM classificacoes_tokens WHERE BINARY nome_token = "paliativos"));
  INSERT IGNORE INTO tokens (nome_token, acentuada, id_tipo_token) VALUES ("cuidados", "cuidados", (SELECT id_tipo_token FROM classificacoes_tokens WHERE BINARY nome_token = "cuidados"));
  INSERT IGNORE INTO tokens (nome_token, acentuada, id_tipo_token) VALUES ("curativos", "curativos", (SELECT id_tipo_token FROM classificacoes_tokens WHERE BINARY nome_token = "curativos"));
  INSERT IGNORE INTO tokens (nome_token, acentuada, id_tipo_token) VALUES ("assepsias", "assepsias", (SELECT id_tipo_token FROM classificacoes_tokens WHERE BINARY nome_token = "assepsias"));
  INSERT IGNORE INTO tokens (nome_token, acentuada, id_tipo_token) VALUES ("feridas", "feridas", (SELECT id_tipo_token FROM classificacoes_tokens WHERE BINARY nome_token = "feridas"));
  INSERT IGNORE INTO tokens (nome_token, acentuada, id_tipo_token) VALUES ("tratamentos", "tratamentos", (SELECT id_tipo_token FROM classificacoes_tokens WHERE BINARY nome_token = "tratamentos"));
  INSERT IGNORE INTO classificacoes_tokens (nome_token, id_tipo_token) VALUES ("979", (SELECT id_chave_tipo_token FROM tipos_tokens WHERE nome_tipo_token = "numeral"));
INSERT IGNORE INTO tokens (nome_token, acentuada, id_tipo_token) VALUES ("979", "979", (SELECT id_tipo_token FROM classificacoes_tokens WHERE BINARY nome_token = "979"));
  INSERT IGNORE INTO tokens (nome_token, acentuada, id_tipo_token) VALUES ("deficiencia", "deficiência", (SELECT id_tipo_token FROM classificacoes_tokens WHERE BINARY nome_token = "deficiência"));
  INSERT IGNORE INTO classificacoes_tokens (nome_token, id_tipo_token) VALUES ("1822", (SELECT id_chave_tipo_token FROM tipos_tokens WHERE nome_tipo_token = "numeral"));
INSERT IGNORE INTO tokens (nome_token, acentuada, id_tipo_token) VALUES ("1822", "1822", (SELECT id_tipo_token FROM classificacoes_tokens WHERE BINARY nome_token = "1822"));
  INSERT IGNORE INTO tokens (nome_token, acentuada, id_tipo_token) VALUES ("humanizacao", "humanização", (SELECT id_tipo_token FROM classificacoes_tokens WHERE BINARY nome_token = "humanização"));
  INSERT IGNORE INTO tokens (nome_token, acentuada, id_tipo_token) VALUES ("turbinada", "turbinada", (SELECT id_tipo_token FROM classificacoes_tokens WHERE BINARY nome_token = "turbinada"));
  INSERT IGNORE INTO tokens (nome_token, acentuada, id_tipo_token) VALUES ("modeladora", "modeladora", (SELECT id_tipo_token FROM classificacoes_tokens WHERE BINARY nome_token = "modeladora"));
  INSERT IGNORE INTO tokens (nome_token, acentuada, id_tipo_token) VALUES ("solo", "solo", (SELECT id_tipo_token FROM classificacoes_tokens WHERE BINARY nome_token = "solo"));
  INSERT IGNORE INTO tokens (nome_token, acentuada, id_tipo_token) VALUES ("thai", "thai", (SELECT id_tipo_token FROM classificacoes_tokens WHERE BINARY nome_token = "thai"));
  INSERT IGNORE INTO tokens (nome_token, acentuada, id_tipo_token) VALUES ("na", "ná", (SELECT id_tipo_token FROM classificacoes_tokens WHERE BINARY nome_token = "ná"));
  INSERT IGNORE INTO tokens (nome_token, acentuada, id_tipo_token) VALUES ("tui", "tui", (SELECT id_tipo_token FROM classificacoes_tokens WHERE BINARY nome_token = "tui"));
  INSERT IGNORE INTO tokens (nome_token, acentuada, id_tipo_token) VALUES ("cuidado", "cuidado", (SELECT id_tipo_token FROM classificacoes_tokens WHERE BINARY nome_token = "cuidado"));
  INSERT IGNORE INTO tokens (nome_token, acentuada, id_tipo_token) VALUES ("aplicadas", "aplicadas", (SELECT id_tipo_token FROM classificacoes_tokens WHERE BINARY nome_token = "aplicadas"));
  INSERT IGNORE INTO tokens (nome_token, acentuada, id_tipo_token) VALUES ("novas", "novas", (SELECT id_tipo_token FROM classificacoes_tokens WHERE BINARY nome_token = "novas"));
  INSERT IGNORE INTO tokens (nome_token, acentuada, id_tipo_token) VALUES ("neonatologia", "neonatologia", (SELECT id_tipo_token FROM classificacoes_tokens WHERE BINARY nome_token = "neonatologia"));
  INSERT IGNORE INTO classificacoes_tokens (nome_token, id_tipo_token) VALUES ("1257", (SELECT id_chave_tipo_token FROM tipos_tokens WHERE nome_tipo_token = "numeral"));
INSERT IGNORE INTO tokens (nome_token, acentuada, id_tipo_token) VALUES ("1257", "1257", (SELECT id_tipo_token FROM classificacoes_tokens WHERE BINARY nome_token = "1257"));
  INSERT IGNORE INTO classificacoes_tokens (nome_token, id_tipo_token) VALUES ("119", (SELECT id_chave_tipo_token FROM tipos_tokens WHERE nome_tipo_token = "numeral"));
INSERT IGNORE INTO tokens (nome_token, acentuada, id_tipo_token) VALUES ("119", "119", (SELECT id_tipo_token FROM classificacoes_tokens WHERE BINARY nome_token = "119"));
  INSERT IGNORE INTO tokens (nome_token, acentuada, id_tipo_token) VALUES ("paciente", "paciente", (SELECT id_tipo_token FROM classificacoes_tokens WHERE BINARY nome_token = "paciente"));
  INSERT IGNORE INTO tokens (nome_token, acentuada, id_tipo_token) VALUES ("dispensacao", "dispensação", (SELECT id_tipo_token FROM classificacoes_tokens WHERE BINARY nome_token = "dispensação"));
  INSERT IGNORE INTO tokens (nome_token, acentuada, id_tipo_token) VALUES ("farmacia", "farmácia", (SELECT id_tipo_token FROM classificacoes_tokens WHERE BINARY nome_token = "farmácia"));
  INSERT IGNORE INTO tokens (nome_token, acentuada, id_tipo_token) VALUES ("injetaveis", "injetáveis", (SELECT id_tipo_token FROM classificacoes_tokens WHERE BINARY nome_token = "injetáveis"));
  INSERT IGNORE INTO tokens (nome_token, acentuada, id_tipo_token) VALUES ("medicamentos", "medicamentos", (SELECT id_tipo_token FROM classificacoes_tokens WHERE BINARY nome_token = "medicamentos"));
  INSERT IGNORE INTO tokens (nome_token, acentuada, id_tipo_token) VALUES ("aplicacao", "aplicação", (SELECT id_tipo_token FROM classificacoes_tokens WHERE BINARY nome_token = "aplicação"));
  INSERT IGNORE INTO tokens (nome_token, acentuada, id_tipo_token) VALUES ("pantalas", "pantalas", (SELECT id_tipo_token FROM classificacoes_tokens WHERE BINARY nome_token = "pantalas"));
  INSERT IGNORE INTO tokens (nome_token, acentuada, id_tipo_token) VALUES ("massagem", "massagem", (SELECT id_tipo_token FROM classificacoes_tokens WHERE BINARY nome_token = "massagem"));
  INSERT IGNORE INTO tokens (nome_token, acentuada, id_tipo_token) VALUES ("adolescencia", "adolescência", (SELECT id_tipo_token FROM classificacoes_tokens WHERE BINARY nome_token = "adolescência"));
  INSERT IGNORE INTO tokens (nome_token, acentuada, id_tipo_token) VALUES ("infancia", "infância", (SELECT id_tipo_token FROM classificacoes_tokens WHERE BINARY nome_token = "infância"));
  INSERT IGNORE INTO tokens (nome_token, acentuada, id_tipo_token) VALUES ("comportamento", "comportamento", (SELECT id_tipo_token FROM classificacoes_tokens WHERE BINARY nome_token = "comportamento"));
  INSERT IGNORE INTO classificacoes_tokens (nome_token, id_tipo_token) VALUES ("908", (SELECT id_chave_tipo_token FROM tipos_tokens WHERE nome_tipo_token = "numeral"));
INSERT IGNORE INTO tokens (nome_token, acentuada, id_tipo_token) VALUES ("908", "908", (SELECT id_tipo_token FROM classificacoes_tokens WHERE BINARY nome_token = "908"));
  INSERT IGNORE INTO tokens (nome_token, acentuada, id_tipo_token) VALUES ("shiatsu", "shiatsu", (SELECT id_tipo_token FROM classificacoes_tokens WHERE BINARY nome_token = "shiatsu"));
  INSERT IGNORE INTO tokens (nome_token, acentuada, id_tipo_token) VALUES ("capsulas", "cápsulas", (SELECT id_tipo_token FROM classificacoes_tokens WHERE BINARY nome_token = "cápsulas"));
  INSERT IGNORE INTO tokens (nome_token, acentuada, id_tipo_token) VALUES ("massagista", "massagista", (SELECT id_tipo_token FROM classificacoes_tokens WHERE BINARY nome_token = "massagista"));
  INSERT IGNORE INTO tokens (nome_token, acentuada, id_tipo_token) VALUES ("care", "care", (SELECT id_tipo_token FROM classificacoes_tokens WHERE BINARY nome_token = "care"));
  INSERT IGNORE INTO tokens (nome_token, acentuada, id_tipo_token) VALUES ("home", "home", (SELECT id_tipo_token FROM classificacoes_tokens WHERE BINARY nome_token = "home"));
  INSERT IGNORE INTO tokens (nome_token, acentuada, id_tipo_token) VALUES ("mental", "mental", (SELECT id_tipo_token FROM classificacoes_tokens WHERE BINARY nome_token = "mental"));
  INSERT IGNORE INTO tokens (nome_token, acentuada, id_tipo_token) VALUES ("assistencia", "assistência", (SELECT id_tipo_token FROM classificacoes_tokens WHERE BINARY nome_token = "assistência"));
  INSERT IGNORE INTO classificacoes_tokens (nome_token, id_tipo_token) VALUES ("2317", (SELECT id_chave_tipo_token FROM tipos_tokens WHERE nome_tipo_token = "numeral"));
INSERT IGNORE INTO tokens (nome_token, acentuada, id_tipo_token) VALUES ("2317", "2317", (SELECT id_tipo_token FROM classificacoes_tokens WHERE BINARY nome_token = "2317"));
  INSERT IGNORE INTO tokens (nome_token, acentuada, id_tipo_token) VALUES ("comunitario", "comunitário", (SELECT id_tipo_token FROM classificacoes_tokens WHERE BINARY nome_token = "comunitário"));
  INSERT IGNORE INTO classificacoes_tokens (nome_token, id_tipo_token) VALUES ("1710", (SELECT id_chave_tipo_token FROM tipos_tokens WHERE nome_tipo_token = "numeral"));
INSERT IGNORE INTO tokens (nome_token, acentuada, id_tipo_token) VALUES ("1710", "1710", (SELECT id_tipo_token FROM classificacoes_tokens WHERE BINARY nome_token = "1710"));
  INSERT IGNORE INTO tokens (nome_token, acentuada, id_tipo_token) VALUES ("enfermagem", "enfermagem", (SELECT id_tipo_token FROM classificacoes_tokens WHERE BINARY nome_token = "enfermagem"));
  INSERT IGNORE INTO tokens (nome_token, acentuada, id_tipo_token) VALUES ("venosa", "venosa", (SELECT id_tipo_token FROM classificacoes_tokens WHERE BINARY nome_token = "venosa"));
  INSERT IGNORE INTO tokens (nome_token, acentuada, id_tipo_token) VALUES ("puncao", "punção", (SELECT id_tipo_token FROM classificacoes_tokens WHERE BINARY nome_token = "punção"));
  INSERT IGNORE INTO tokens (nome_token, acentuada, id_tipo_token) VALUES ("aplicados", "aplicados", (SELECT id_tipo_token FROM classificacoes_tokens WHERE BINARY nome_token = "aplicados"));
  INSERT IGNORE INTO tokens (nome_token, acentuada, id_tipo_token) VALUES ("cirurgica", "cirúrgica", (SELECT id_tipo_token FROM classificacoes_tokens WHERE BINARY nome_token = "cirúrgica"));
  INSERT IGNORE INTO tokens (nome_token, acentuada, id_tipo_token) VALUES ("instrumentacao", "instrumentação", (SELECT id_tipo_token FROM classificacoes_tokens WHERE BINARY nome_token = "instrumentação"));
  INSERT IGNORE INTO tokens (nome_token, acentuada, id_tipo_token) VALUES ("drogarias", "drogarias", (SELECT id_tipo_token FROM classificacoes_tokens WHERE BINARY nome_token = "drogarias"));
  INSERT IGNORE INTO tokens (nome_token, acentuada, id_tipo_token) VALUES ("farmacias", "farmácias", (SELECT id_tipo_token FROM classificacoes_tokens WHERE BINARY nome_token = "farmácias"));
  INSERT IGNORE INTO classificacoes_tokens (nome_token, id_tipo_token) VALUES ("2322", (SELECT id_chave_tipo_token FROM tipos_tokens WHERE nome_tipo_token = "numeral"));
INSERT IGNORE INTO tokens (nome_token, acentuada, id_tipo_token) VALUES ("2322", "2322", (SELECT id_tipo_token FROM classificacoes_tokens WHERE BINARY nome_token = "2322"));
  INSERT IGNORE INTO tokens (nome_token, acentuada, id_tipo_token) VALUES ("idoso", "idoso", (SELECT id_tipo_token FROM classificacoes_tokens WHERE BINARY nome_token = "idoso"));
  INSERT IGNORE INTO classificacoes_tokens (nome_token, id_tipo_token) VALUES ("1553", (SELECT id_chave_tipo_token FROM tipos_tokens WHERE nome_tipo_token = "numeral"));
INSERT IGNORE INTO tokens (nome_token, acentuada, id_tipo_token) VALUES ("1553", "1553", (SELECT id_tipo_token FROM classificacoes_tokens WHERE BINARY nome_token = "1553"));
  INSERT IGNORE INTO tokens (nome_token, acentuada, id_tipo_token) VALUES ("endemias", "endemias", (SELECT id_tipo_token FROM classificacoes_tokens WHERE BINARY nome_token = "endemias"));
  INSERT IGNORE INTO tokens (nome_token, acentuada, id_tipo_token) VALUES ("as", "às", (SELECT id_tipo_token FROM classificacoes_tokens WHERE BINARY nome_token = "às"));
  INSERT IGNORE INTO tokens (nome_token, acentuada, id_tipo_token) VALUES ("combate", "combate", (SELECT id_tipo_token FROM classificacoes_tokens WHERE BINARY nome_token = "combate"));
  INSERT IGNORE INTO classificacoes_tokens (nome_token, id_tipo_token) VALUES ("2463", (SELECT id_chave_tipo_token FROM tipos_tokens WHERE nome_tipo_token = "numeral"));
INSERT IGNORE INTO tokens (nome_token, acentuada, id_tipo_token) VALUES ("2463", "2463", (SELECT id_tipo_token FROM classificacoes_tokens WHERE BINARY nome_token = "2463"));
  INSERT IGNORE INTO tokens (nome_token, acentuada, id_tipo_token) VALUES ("infantil", "infantil", (SELECT id_tipo_token FROM classificacoes_tokens WHERE BINARY nome_token = "infantil"));
  INSERT IGNORE INTO tokens (nome_token, acentuada, id_tipo_token) VALUES ("cuidador", "cuidador", (SELECT id_tipo_token FROM classificacoes_tokens WHERE BINARY nome_token = "cuidador"));
  INSERT IGNORE INTO tokens (nome_token, acentuada, id_tipo_token) VALUES ("dietetica", "dietética", (SELECT id_tipo_token FROM classificacoes_tokens WHERE BINARY nome_token = "dietética"));
  INSERT IGNORE INTO tokens (nome_token, acentuada, id_tipo_token) VALUES ("nutricao", "nutrição", (SELECT id_tipo_token FROM classificacoes_tokens WHERE BINARY nome_token = "nutrição"));
  INSERT IGNORE INTO classificacoes_tokens (nome_token, id_tipo_token) VALUES ("2464", (SELECT id_chave_tipo_token FROM tipos_tokens WHERE nome_tipo_token = "numeral"));
INSERT IGNORE INTO tokens (nome_token, acentuada, id_tipo_token) VALUES ("2464", "2464", (SELECT id_tipo_token FROM classificacoes_tokens WHERE BINARY nome_token = "2464"));
  INSERT IGNORE INTO classificacoes_tokens (nome_token, id_tipo_token) VALUES ("1025", (SELECT id_chave_tipo_token FROM tipos_tokens WHERE nome_tipo_token = "numeral"));
INSERT IGNORE INTO tokens (nome_token, acentuada, id_tipo_token) VALUES ("1025", "1025", (SELECT id_tipo_token FROM classificacoes_tokens WHERE BINARY nome_token = "1025"));
  INSERT IGNORE INTO tokens (nome_token, acentuada, id_tipo_token) VALUES ("opticos", "ópticos", (SELECT id_tipo_token FROM classificacoes_tokens WHERE BINARY nome_token = "ópticos"));
  INSERT IGNORE INTO classificacoes_tokens (nome_token, id_tipo_token) VALUES ("1851", (SELECT id_chave_tipo_token FROM tipos_tokens WHERE nome_tipo_token = "numeral"));
INSERT IGNORE INTO tokens (nome_token, acentuada, id_tipo_token) VALUES ("1851", "1851", (SELECT id_tipo_token FROM classificacoes_tokens WHERE BINARY nome_token = "1851"));
  INSERT IGNORE INTO tokens (nome_token, acentuada, id_tipo_token) VALUES ("maqueiro", "maqueiro", (SELECT id_tipo_token FROM classificacoes_tokens WHERE BINARY nome_token = "maqueiro"));
  INSERT IGNORE INTO classificacoes_tokens (nome_token, id_tipo_token) VALUES ("2685", (SELECT id_chave_tipo_token FROM tipos_tokens WHERE nome_tipo_token = "numeral"));
INSERT IGNORE INTO tokens (nome_token, acentuada, id_tipo_token) VALUES ("2685", "2685", (SELECT id_tipo_token FROM classificacoes_tokens WHERE BINARY nome_token = "2685"));
  INSERT IGNORE INTO tokens (nome_token, acentuada, id_tipo_token) VALUES ("shiatsuterapeuta", "shiatsuterapeuta", (SELECT id_tipo_token FROM classificacoes_tokens WHERE BINARY nome_token = "shiatsuterapeuta"));
  INSERT IGNORE INTO tokens (nome_token, acentuada, id_tipo_token) VALUES ("domesticos", "domésticos", (SELECT id_tipo_token FROM classificacoes_tokens WHERE BINARY nome_token = "domésticos"));
  INSERT IGNORE INTO tokens (nome_token, acentuada, id_tipo_token) VALUES ("animais", "animais", (SELECT id_tipo_token FROM classificacoes_tokens WHERE BINARY nome_token = "animais"));
  INSERT IGNORE INTO tokens (nome_token, acentuada, id_tipo_token) VALUES ("esteticista", "esteticista", (SELECT id_tipo_token FROM classificacoes_tokens WHERE BINARY nome_token = "esteticista"));
  INSERT IGNORE INTO classificacoes_tokens (nome_token, id_tipo_token) VALUES ("2620", (SELECT id_chave_tipo_token FROM tipos_tokens WHERE nome_tipo_token = "numeral"));
INSERT IGNORE INTO tokens (nome_token, acentuada, id_tipo_token) VALUES ("2620", "2620", (SELECT id_tipo_token FROM classificacoes_tokens WHERE BINARY nome_token = "2620"));
  INSERT IGNORE INTO tokens (nome_token, acentuada, id_tipo_token) VALUES ("doula", "doula", (SELECT id_tipo_token FROM classificacoes_tokens WHERE BINARY nome_token = "doula"));
  INSERT IGNORE INTO classificacoes_tokens (nome_token, id_tipo_token) VALUES ("2588", (SELECT id_chave_tipo_token FROM tipos_tokens WHERE nome_tipo_token = "numeral"));
INSERT IGNORE INTO tokens (nome_token, acentuada, id_tipo_token) VALUES ("2588", "2588", (SELECT id_tipo_token FROM classificacoes_tokens WHERE BINARY nome_token = "2588"));
  INSERT IGNORE INTO tokens (nome_token, acentuada, id_tipo_token) VALUES ("socorrista", "socorrista", (SELECT id_tipo_token FROM classificacoes_tokens WHERE BINARY nome_token = "socorrista"));
  INSERT IGNORE INTO classificacoes_tokens (nome_token, id_tipo_token) VALUES ("2936", (SELECT id_chave_tipo_token FROM tipos_tokens WHERE nome_tipo_token = "numeral"));
INSERT IGNORE INTO tokens (nome_token, acentuada, id_tipo_token) VALUES ("2936", "2936", (SELECT id_tipo_token FROM classificacoes_tokens WHERE BINARY nome_token = "2936"));
  INSERT IGNORE INTO tokens (nome_token, acentuada, id_tipo_token) VALUES ("incendio", "incêndio", (SELECT id_tipo_token FROM classificacoes_tokens WHERE BINARY nome_token = "incêndio"));
  INSERT IGNORE INTO tokens (nome_token, acentuada, id_tipo_token) VALUES ("brigada", "brigada", (SELECT id_tipo_token FROM classificacoes_tokens WHERE BINARY nome_token = "brigada"));
  INSERT IGNORE INTO tokens (nome_token, acentuada, id_tipo_token) VALUES ("socorros", "socorros", (SELECT id_tipo_token FROM classificacoes_tokens WHERE BINARY nome_token = "socorros"));
  INSERT IGNORE INTO tokens (nome_token, acentuada, id_tipo_token) VALUES ("primeiros", "primeiros", (SELECT id_tipo_token FROM classificacoes_tokens WHERE BINARY nome_token = "primeiros"));
  INSERT IGNORE INTO classificacoes_tokens (nome_token, id_tipo_token) VALUES ("409", (SELECT id_chave_tipo_token FROM tipos_tokens WHERE nome_tipo_token = "numeral"));
INSERT IGNORE INTO tokens (nome_token, acentuada, id_tipo_token) VALUES ("409", "409", (SELECT id_tipo_token FROM classificacoes_tokens WHERE BINARY nome_token = "409"));
  INSERT IGNORE INTO classificacoes_tokens (nome_token, id_tipo_token) VALUES ("781", (SELECT id_chave_tipo_token FROM tipos_tokens WHERE nome_tipo_token = "numeral"));
INSERT IGNORE INTO tokens (nome_token, acentuada, id_tipo_token) VALUES ("781", "781", (SELECT id_tipo_token FROM classificacoes_tokens WHERE BINARY nome_token = "781"));
  INSERT IGNORE INTO classificacoes_tokens (nome_token, id_tipo_token) VALUES ("400", (SELECT id_chave_tipo_token FROM tipos_tokens WHERE nome_tipo_token = "numeral"));
INSERT IGNORE INTO tokens (nome_token, acentuada, id_tipo_token) VALUES ("400", "400", (SELECT id_tipo_token FROM classificacoes_tokens WHERE BINARY nome_token = "400"));
  INSERT IGNORE INTO classificacoes_tokens (nome_token, id_tipo_token) VALUES ("675", (SELECT id_chave_tipo_token FROM tipos_tokens WHERE nome_tipo_token = "numeral"));
INSERT IGNORE INTO tokens (nome_token, acentuada, id_tipo_token) VALUES ("675", "675", (SELECT id_tipo_token FROM classificacoes_tokens WHERE BINARY nome_token = "675"));
  INSERT IGNORE INTO tokens (nome_token, acentuada, id_tipo_token) VALUES ("padaria", "padaria", (SELECT id_tipo_token FROM classificacoes_tokens WHERE BINARY nome_token = "padaria"));
  INSERT IGNORE INTO classificacoes_tokens (nome_token, id_tipo_token) VALUES ("811", (SELECT id_chave_tipo_token FROM tipos_tokens WHERE nome_tipo_token = "numeral"));
INSERT IGNORE INTO tokens (nome_token, acentuada, id_tipo_token) VALUES ("811", "811", (SELECT id_tipo_token FROM classificacoes_tokens WHERE BINARY nome_token = "811"));
  INSERT IGNORE INTO classificacoes_tokens (nome_token, id_tipo_token) VALUES ("261", (SELECT id_chave_tipo_token FROM tipos_tokens WHERE nome_tipo_token = "numeral"));
INSERT IGNORE INTO tokens (nome_token, acentuada, id_tipo_token) VALUES ("261", "261", (SELECT id_tipo_token FROM classificacoes_tokens WHERE BINARY nome_token = "261"));
  INSERT IGNORE INTO classificacoes_tokens (nome_token, id_tipo_token) VALUES ("2449", (SELECT id_chave_tipo_token FROM tipos_tokens WHERE nome_tipo_token = "numeral"));
INSERT IGNORE INTO tokens (nome_token, acentuada, id_tipo_token) VALUES ("2449", "2449", (SELECT id_tipo_token FROM classificacoes_tokens WHERE BINARY nome_token = "2449"));
  INSERT IGNORE INTO classificacoes_tokens (nome_token, id_tipo_token) VALUES ("2517", (SELECT id_chave_tipo_token FROM tipos_tokens WHERE nome_tipo_token = "numeral"));
INSERT IGNORE INTO tokens (nome_token, acentuada, id_tipo_token) VALUES ("2517", "2517", (SELECT id_tipo_token FROM classificacoes_tokens WHERE BINARY nome_token = "2517"));
  INSERT IGNORE INTO classificacoes_tokens (nome_token, id_tipo_token) VALUES ("406", (SELECT id_chave_tipo_token FROM tipos_tokens WHERE nome_tipo_token = "numeral"));
INSERT IGNORE INTO tokens (nome_token, acentuada, id_tipo_token) VALUES ("406", "406", (SELECT id_tipo_token FROM classificacoes_tokens WHERE BINARY nome_token = "406"));
  INSERT IGNORE INTO tokens (nome_token, acentuada, id_tipo_token) VALUES ("recheadas", "recheadas", (SELECT id_tipo_token FROM classificacoes_tokens WHERE BINARY nome_token = "recheadas"));
  INSERT IGNORE INTO tokens (nome_token, acentuada, id_tipo_token) VALUES ("frescas", "frescas", (SELECT id_tipo_token FROM classificacoes_tokens WHERE BINARY nome_token = "frescas"));
  INSERT IGNORE INTO classificacoes_tokens (nome_token, id_tipo_token) VALUES ("428", (SELECT id_chave_tipo_token FROM tipos_tokens WHERE nome_tipo_token = "numeral"));
INSERT IGNORE INTO tokens (nome_token, acentuada, id_tipo_token) VALUES ("428", "428", (SELECT id_tipo_token FROM classificacoes_tokens WHERE BINARY nome_token = "428"));
  INSERT IGNORE INTO tokens (nome_token, acentuada, id_tipo_token) VALUES ("doceiro", "doceiro", (SELECT id_tipo_token FROM classificacoes_tokens WHERE BINARY nome_token = "doceiro"));
  INSERT IGNORE INTO classificacoes_tokens (nome_token, id_tipo_token) VALUES ("2438", (SELECT id_chave_tipo_token FROM tipos_tokens WHERE nome_tipo_token = "numeral"));
INSERT IGNORE INTO tokens (nome_token, acentuada, id_tipo_token) VALUES ("2438", "2438", (SELECT id_tipo_token FROM classificacoes_tokens WHERE BINARY nome_token = "2438"));
  INSERT IGNORE INTO tokens (nome_token, acentuada, id_tipo_token) VALUES ("artesanais", "artesanais", (SELECT id_tipo_token FROM classificacoes_tokens WHERE BINARY nome_token = "artesanais"));
  INSERT IGNORE INTO classificacoes_tokens (nome_token, id_tipo_token) VALUES ("405", (SELECT id_chave_tipo_token FROM tipos_tokens WHERE nome_tipo_token = "numeral"));
INSERT IGNORE INTO tokens (nome_token, acentuada, id_tipo_token) VALUES ("405", "405", (SELECT id_tipo_token FROM classificacoes_tokens WHERE BINARY nome_token = "405"));
  INSERT IGNORE INTO tokens (nome_token, acentuada, id_tipo_token) VALUES ("decorados", "decorados", (SELECT id_tipo_token FROM classificacoes_tokens WHERE BINARY nome_token = "decorados"));
  INSERT IGNORE INTO tokens (nome_token, acentuada, id_tipo_token) VALUES ("docinhos", "docinhos", (SELECT id_tipo_token FROM classificacoes_tokens WHERE BINARY nome_token = "docinhos"));
  INSERT IGNORE INTO classificacoes_tokens (nome_token, id_tipo_token) VALUES ("319", (SELECT id_chave_tipo_token FROM tipos_tokens WHERE nome_tipo_token = "numeral"));
INSERT IGNORE INTO tokens (nome_token, acentuada, id_tipo_token) VALUES ("319", "319", (SELECT id_tipo_token FROM classificacoes_tokens WHERE BINARY nome_token = "319"));
  INSERT IGNORE INTO tokens (nome_token, acentuada, id_tipo_token) VALUES ("paes", "pães", (SELECT id_tipo_token FROM classificacoes_tokens WHERE BINARY nome_token = "pães"));
  INSERT IGNORE INTO tokens (nome_token, acentuada, id_tipo_token) VALUES ("coberturas", "coberturas", (SELECT id_tipo_token FROM classificacoes_tokens WHERE BINARY nome_token = "coberturas"));
  INSERT IGNORE INTO tokens (nome_token, acentuada, id_tipo_token) VALUES ("recheios", "recheios", (SELECT id_tipo_token FROM classificacoes_tokens WHERE BINARY nome_token = "recheios"));
  INSERT IGNORE INTO classificacoes_tokens (nome_token, id_tipo_token) VALUES ("277", (SELECT id_chave_tipo_token FROM tipos_tokens WHERE nome_tipo_token = "numeral"));
INSERT IGNORE INTO tokens (nome_token, acentuada, id_tipo_token) VALUES ("277", "277", (SELECT id_tipo_token FROM classificacoes_tokens WHERE BINARY nome_token = "277"));
  INSERT IGNORE INTO classificacoes_tokens (nome_token, id_tipo_token) VALUES ("2587", (SELECT id_chave_tipo_token FROM tipos_tokens WHERE nome_tipo_token = "numeral"));
INSERT IGNORE INTO tokens (nome_token, acentuada, id_tipo_token) VALUES ("2587", "2587", (SELECT id_tipo_token FROM classificacoes_tokens WHERE BINARY nome_token = "2587"));
  INSERT IGNORE INTO classificacoes_tokens (nome_token, id_tipo_token) VALUES ("2539", (SELECT id_chave_tipo_token FROM tipos_tokens WHERE nome_tipo_token = "numeral"));
INSERT IGNORE INTO tokens (nome_token, acentuada, id_tipo_token) VALUES ("2539", "2539", (SELECT id_tipo_token FROM classificacoes_tokens WHERE BINARY nome_token = "2539"));
  INSERT IGNORE INTO tokens (nome_token, acentuada, id_tipo_token) VALUES ("bolos", "bolos", (SELECT id_tipo_token FROM classificacoes_tokens WHERE BINARY nome_token = "bolos"));
  INSERT IGNORE INTO classificacoes_tokens (nome_token, id_tipo_token) VALUES ("243", (SELECT id_chave_tipo_token FROM tipos_tokens WHERE nome_tipo_token = "numeral"));
INSERT IGNORE INTO tokens (nome_token, acentuada, id_tipo_token) VALUES ("243", "243", (SELECT id_tipo_token FROM classificacoes_tokens WHERE BINARY nome_token = "243"));
  INSERT IGNORE INTO tokens (nome_token, acentuada, id_tipo_token) VALUES ("cake", "cake", (SELECT id_tipo_token FROM classificacoes_tokens WHERE BINARY nome_token = "cake"));
  INSERT IGNORE INTO tokens (nome_token, acentuada, id_tipo_token) VALUES ("chocolataria", "chocolataria", (SELECT id_tipo_token FROM classificacoes_tokens WHERE BINARY nome_token = "chocolataria"));
  INSERT IGNORE INTO tokens (nome_token, acentuada, id_tipo_token) VALUES ("masseiro", "masseiro", (SELECT id_tipo_token FROM classificacoes_tokens WHERE BINARY nome_token = "masseiro"));
  INSERT IGNORE INTO classificacoes_tokens (nome_token, id_tipo_token) VALUES ("2538", (SELECT id_chave_tipo_token FROM tipos_tokens WHERE nome_tipo_token = "numeral"));
INSERT IGNORE INTO tokens (nome_token, acentuada, id_tipo_token) VALUES ("2538", "2538", (SELECT id_tipo_token FROM classificacoes_tokens WHERE BINARY nome_token = "2538"));
  INSERT IGNORE INTO tokens (nome_token, acentuada, id_tipo_token) VALUES ("panificacao", "panificação", (SELECT id_tipo_token FROM classificacoes_tokens WHERE BINARY nome_token = "panificação"));
  INSERT IGNORE INTO classificacoes_tokens (nome_token, id_tipo_token) VALUES ("2314", (SELECT id_chave_tipo_token FROM tipos_tokens WHERE nome_tipo_token = "numeral"));
INSERT IGNORE INTO tokens (nome_token, acentuada, id_tipo_token) VALUES ("2314", "2314", (SELECT id_tipo_token FROM classificacoes_tokens WHERE BINARY nome_token = "2314"));
  INSERT IGNORE INTO tokens (nome_token, acentuada, id_tipo_token) VALUES ("pascoa", "páscoa", (SELECT id_tipo_token FROM classificacoes_tokens WHERE BINARY nome_token = "páscoa"));
  INSERT IGNORE INTO tokens (nome_token, acentuada, id_tipo_token) VALUES ("finos", "finos", (SELECT id_tipo_token FROM classificacoes_tokens WHERE BINARY nome_token = "finos"));
  INSERT IGNORE INTO tokens (nome_token, acentuada, id_tipo_token) VALUES ("chocolates", "chocolates", (SELECT id_tipo_token FROM classificacoes_tokens WHERE BINARY nome_token = "chocolates"));
  INSERT IGNORE INTO classificacoes_tokens (nome_token, id_tipo_token) VALUES ("231", (SELECT id_chave_tipo_token FROM tipos_tokens WHERE nome_tipo_token = "numeral"));
INSERT IGNORE INTO tokens (nome_token, acentuada, id_tipo_token) VALUES ("231", "231", (SELECT id_tipo_token FROM classificacoes_tokens WHERE BINARY nome_token = "231"));
  INSERT IGNORE INTO tokens (nome_token, acentuada, id_tipo_token) VALUES ("confeiteiro", "confeiteiro", (SELECT id_tipo_token FROM classificacoes_tokens WHERE BINARY nome_token = "confeiteiro"));
  INSERT IGNORE INTO classificacoes_tokens (nome_token, id_tipo_token) VALUES ("1288", (SELECT id_chave_tipo_token FROM tipos_tokens WHERE nome_tipo_token = "numeral"));
INSERT IGNORE INTO tokens (nome_token, acentuada, id_tipo_token) VALUES ("1288", "1288", (SELECT id_tipo_token FROM classificacoes_tokens WHERE BINARY nome_token = "1288"));
  INSERT IGNORE INTO tokens (nome_token, acentuada, id_tipo_token) VALUES ("padeiro", "padeiro", (SELECT id_tipo_token FROM classificacoes_tokens WHERE BINARY nome_token = "padeiro"));
  INSERT IGNORE INTO classificacoes_tokens (nome_token, id_tipo_token) VALUES ("1426", (SELECT id_chave_tipo_token FROM tipos_tokens WHERE nome_tipo_token = "numeral"));
INSERT IGNORE INTO tokens (nome_token, acentuada, id_tipo_token) VALUES ("1426", "1426", (SELECT id_tipo_token FROM classificacoes_tokens WHERE BINARY nome_token = "1426"));
  INSERT IGNORE INTO classificacoes_tokens (nome_token, id_tipo_token) VALUES ("2437", (SELECT id_chave_tipo_token FROM tipos_tokens WHERE nome_tipo_token = "numeral"));
INSERT IGNORE INTO tokens (nome_token, acentuada, id_tipo_token) VALUES ("2437", "2437", (SELECT id_tipo_token FROM classificacoes_tokens WHERE BINARY nome_token = "2437"));
  INSERT IGNORE INTO tokens (nome_token, acentuada, id_tipo_token) VALUES ("acougueiro", "açougueiro", (SELECT id_tipo_token FROM classificacoes_tokens WHERE BINARY nome_token = "açougueiro"));
  INSERT IGNORE INTO tokens (nome_token, acentuada, id_tipo_token) VALUES ("confeitaria", "confeitaria", (SELECT id_tipo_token FROM classificacoes_tokens WHERE BINARY nome_token = "confeitaria"));
  INSERT IGNORE INTO classificacoes_tokens (nome_token, id_tipo_token) VALUES ("1423", (SELECT id_chave_tipo_token FROM tipos_tokens WHERE nome_tipo_token = "numeral"));
INSERT IGNORE INTO tokens (nome_token, acentuada, id_tipo_token) VALUES ("1423", "1423", (SELECT id_tipo_token FROM classificacoes_tokens WHERE BINARY nome_token = "1423"));
  INSERT IGNORE INTO classificacoes_tokens (nome_token, id_tipo_token) VALUES ("315", (SELECT id_chave_tipo_token FROM tipos_tokens WHERE nome_tipo_token = "numeral"));
INSERT IGNORE INTO tokens (nome_token, acentuada, id_tipo_token) VALUES ("315", "315", (SELECT id_tipo_token FROM classificacoes_tokens WHERE BINARY nome_token = "315"));
  INSERT IGNORE INTO classificacoes_tokens (nome_token, id_tipo_token) VALUES ("2457", (SELECT id_chave_tipo_token FROM tipos_tokens WHERE nome_tipo_token = "numeral"));
INSERT IGNORE INTO tokens (nome_token, acentuada, id_tipo_token) VALUES ("2457", "2457", (SELECT id_tipo_token FROM classificacoes_tokens WHERE BINARY nome_token = "2457"));
  INSERT IGNORE INTO classificacoes_tokens (nome_token, id_tipo_token) VALUES ("311", (SELECT id_chave_tipo_token FROM tipos_tokens WHERE nome_tipo_token = "numeral"));
INSERT IGNORE INTO tokens (nome_token, acentuada, id_tipo_token) VALUES ("311", "311", (SELECT id_tipo_token FROM classificacoes_tokens WHERE BINARY nome_token = "311"));
  INSERT IGNORE INTO classificacoes_tokens (nome_token, id_tipo_token) VALUES ("1921", (SELECT id_chave_tipo_token FROM tipos_tokens WHERE nome_tipo_token = "numeral"));
INSERT IGNORE INTO tokens (nome_token, acentuada, id_tipo_token) VALUES ("1921", "1921", (SELECT id_tipo_token FROM classificacoes_tokens WHERE BINARY nome_token = "1921"));
  INSERT IGNORE INTO classificacoes_tokens (nome_token, id_tipo_token) VALUES ("585", (SELECT id_chave_tipo_token FROM tipos_tokens WHERE nome_tipo_token = "numeral"));
INSERT IGNORE INTO tokens (nome_token, acentuada, id_tipo_token) VALUES ("585", "585", (SELECT id_tipo_token FROM classificacoes_tokens WHERE BINARY nome_token = "585"));
  INSERT IGNORE INTO classificacoes_tokens (nome_token, id_tipo_token) VALUES ("349", (SELECT id_chave_tipo_token FROM tipos_tokens WHERE nome_tipo_token = "numeral"));
INSERT IGNORE INTO tokens (nome_token, acentuada, id_tipo_token) VALUES ("349", "349", (SELECT id_tipo_token FROM classificacoes_tokens WHERE BINARY nome_token = "349"));
  INSERT IGNORE INTO classificacoes_tokens (nome_token, id_tipo_token) VALUES ("340", (SELECT id_chave_tipo_token FROM tipos_tokens WHERE nome_tipo_token = "numeral"));
INSERT IGNORE INTO tokens (nome_token, acentuada, id_tipo_token) VALUES ("340", "340", (SELECT id_tipo_token FROM classificacoes_tokens WHERE BINARY nome_token = "340"));
  INSERT IGNORE INTO tokens (nome_token, acentuada, id_tipo_token) VALUES ("upcycling", "upcycling", (SELECT id_tipo_token FROM classificacoes_tokens WHERE BINARY nome_token = "upcycling"));
  INSERT IGNORE INTO tokens (nome_token, acentuada, id_tipo_token) VALUES ("produtos", "produtos", (SELECT id_tipo_token FROM classificacoes_tokens WHERE BINARY nome_token = "produtos"));
  INSERT IGNORE INTO tokens (nome_token, acentuada, id_tipo_token) VALUES ("transformar", "transformar", (SELECT id_tipo_token FROM classificacoes_tokens WHERE BINARY nome_token = "transformar"));
  INSERT IGNORE INTO tokens (nome_token, acentuada, id_tipo_token) VALUES ("coloracao", "coloração", (SELECT id_tipo_token FROM classificacoes_tokens WHERE BINARY nome_token = "coloração"));
  INSERT IGNORE INTO classificacoes_tokens (nome_token, id_tipo_token) VALUES ("1855", (SELECT id_chave_tipo_token FROM tipos_tokens WHERE nome_tipo_token = "numeral"));
INSERT IGNORE INTO tokens (nome_token, acentuada, id_tipo_token) VALUES ("1855", "1855", (SELECT id_tipo_token FROM classificacoes_tokens WHERE BINARY nome_token = "1855"));
  INSERT IGNORE INTO classificacoes_tokens (nome_token, id_tipo_token) VALUES ("294", (SELECT id_chave_tipo_token FROM tipos_tokens WHERE nome_tipo_token = "numeral"));
INSERT IGNORE INTO tokens (nome_token, acentuada, id_tipo_token) VALUES ("294", "294", (SELECT id_tipo_token FROM classificacoes_tokens WHERE BINARY nome_token = "294"));
  INSERT IGNORE INTO tokens (nome_token, acentuada, id_tipo_token) VALUES ("pet", "pet", (SELECT id_tipo_token FROM classificacoes_tokens WHERE BINARY nome_token = "pet"));
  INSERT IGNORE INTO tokens (nome_token, acentuada, id_tipo_token) VALUES ("bolsas", "bolsas", (SELECT id_tipo_token FROM classificacoes_tokens WHERE BINARY nome_token = "bolsas"));
  INSERT IGNORE INTO tokens (nome_token, acentuada, id_tipo_token) VALUES ("confeccao", "confecção", (SELECT id_tipo_token FROM classificacoes_tokens WHERE BINARY nome_token = "confecção"));
  INSERT IGNORE INTO tokens (nome_token, acentuada, id_tipo_token) VALUES ("varejo", "varejo", (SELECT id_tipo_token FROM classificacoes_tokens WHERE BINARY nome_token = "varejo"));
  INSERT IGNORE INTO tokens (nome_token, acentuada, id_tipo_token) VALUES ("vitrinismo", "vitrinismo", (SELECT id_tipo_token FROM classificacoes_tokens WHERE BINARY nome_token = "vitrinismo"));
  INSERT IGNORE INTO tokens (nome_token, acentuada, id_tipo_token) VALUES ("banho", "banho", (SELECT id_tipo_token FROM classificacoes_tokens WHERE BINARY nome_token = "banho"));
  INSERT IGNORE INTO tokens (nome_token, acentuada, id_tipo_token) VALUES ("mesa", "mesa", (SELECT id_tipo_token FROM classificacoes_tokens WHERE BINARY nome_token = "mesa"));
  INSERT IGNORE INTO tokens (nome_token, acentuada, id_tipo_token) VALUES ("cama", "cama", (SELECT id_tipo_token FROM classificacoes_tokens WHERE BINARY nome_token = "cama"));
  INSERT IGNORE INTO tokens (nome_token, acentuada, id_tipo_token) VALUES ("costura", "costura", (SELECT id_tipo_token FROM classificacoes_tokens WHERE BINARY nome_token = "costura"));
  INSERT IGNORE INTO tokens (nome_token, acentuada, id_tipo_token) VALUES ("styling", "styling", (SELECT id_tipo_token FROM classificacoes_tokens WHERE BINARY nome_token = "styling"));
  INSERT IGNORE INTO classificacoes_tokens (nome_token, id_tipo_token) VALUES ("1780", (SELECT id_chave_tipo_token FROM tipos_tokens WHERE nome_tipo_token = "numeral"));
INSERT IGNORE INTO tokens (nome_token, acentuada, id_tipo_token) VALUES ("1780", "1780", (SELECT id_tipo_token FROM classificacoes_tokens WHERE BINARY nome_token = "1780"));
  INSERT IGNORE INTO classificacoes_tokens (nome_token, id_tipo_token) VALUES ("378", (SELECT id_chave_tipo_token FROM tipos_tokens WHERE nome_tipo_token = "numeral"));
INSERT IGNORE INTO tokens (nome_token, acentuada, id_tipo_token) VALUES ("378", "378", (SELECT id_tipo_token FROM classificacoes_tokens WHERE BINARY nome_token = "378"));
  INSERT IGNORE INTO classificacoes_tokens (nome_token, id_tipo_token) VALUES ("142", (SELECT id_chave_tipo_token FROM tipos_tokens WHERE nome_tipo_token = "numeral"));
INSERT IGNORE INTO tokens (nome_token, acentuada, id_tipo_token) VALUES ("142", "142", (SELECT id_tipo_token FROM classificacoes_tokens WHERE BINARY nome_token = "142"));
  INSERT IGNORE INTO tokens (nome_token, acentuada, id_tipo_token) VALUES ("consultoria", "consultoria", (SELECT id_tipo_token FROM classificacoes_tokens WHERE BINARY nome_token = "consultoria"));
  INSERT IGNORE INTO tokens (nome_token, acentuada, id_tipo_token) VALUES ("size", "size", (SELECT id_tipo_token FROM classificacoes_tokens WHERE BINARY nome_token = "size"));
  INSERT IGNORE INTO tokens (nome_token, acentuada, id_tipo_token) VALUES ("plus", "plus", (SELECT id_tipo_token FROM classificacoes_tokens WHERE BINARY nome_token = "plus"));
  INSERT IGNORE INTO classificacoes_tokens (nome_token, id_tipo_token) VALUES ("384", (SELECT id_chave_tipo_token FROM tipos_tokens WHERE nome_tipo_token = "numeral"));
INSERT IGNORE INTO tokens (nome_token, acentuada, id_tipo_token) VALUES ("384", "384", (SELECT id_tipo_token FROM classificacoes_tokens WHERE BINARY nome_token = "384"));
  INSERT IGNORE INTO tokens (nome_token, acentuada, id_tipo_token) VALUES ("vestuario", "vestuário", (SELECT id_tipo_token FROM classificacoes_tokens WHERE BINARY nome_token = "vestuário"));
  INSERT IGNORE INTO tokens (nome_token, acentuada, id_tipo_token) VALUES ("reformas", "reformas", (SELECT id_tipo_token FROM classificacoes_tokens WHERE BINARY nome_token = "reformas"));
  INSERT IGNORE INTO tokens (nome_token, acentuada, id_tipo_token) VALUES ("ajustes", "ajustes", (SELECT id_tipo_token FROM classificacoes_tokens WHERE BINARY nome_token = "ajustes"));
  INSERT IGNORE INTO classificacoes_tokens (nome_token, id_tipo_token) VALUES ("134", (SELECT id_chave_tipo_token FROM tipos_tokens WHERE nome_tipo_token = "numeral"));
INSERT IGNORE INTO tokens (nome_token, acentuada, id_tipo_token) VALUES ("134", "134", (SELECT id_tipo_token FROM classificacoes_tokens WHERE BINARY nome_token = "134"));
  INSERT IGNORE INTO classificacoes_tokens (nome_token, id_tipo_token) VALUES ("377", (SELECT id_chave_tipo_token FROM tipos_tokens WHERE nome_tipo_token = "numeral"));
INSERT IGNORE INTO tokens (nome_token, acentuada, id_tipo_token) VALUES ("377", "377", (SELECT id_tipo_token FROM classificacoes_tokens WHERE BINARY nome_token = "377"));
  INSERT IGNORE INTO tokens (nome_token, acentuada, id_tipo_token) VALUES ("desenhista", "desenhista", (SELECT id_tipo_token FROM classificacoes_tokens WHERE BINARY nome_token = "desenhista"));
  INSERT IGNORE INTO classificacoes_tokens (nome_token, id_tipo_token) VALUES ("2581", (SELECT id_chave_tipo_token FROM tipos_tokens WHERE nome_tipo_token = "numeral"));
INSERT IGNORE INTO tokens (nome_token, acentuada, id_tipo_token) VALUES ("2581", "2581", (SELECT id_tipo_token FROM classificacoes_tokens WHERE BINARY nome_token = "2581"));
  INSERT IGNORE INTO tokens (nome_token, acentuada, id_tipo_token) VALUES ("brechos", "brechós", (SELECT id_tipo_token FROM classificacoes_tokens WHERE BINARY nome_token = "brechós"));
  INSERT IGNORE INTO classificacoes_tokens (nome_token, id_tipo_token) VALUES ("383", (SELECT id_chave_tipo_token FROM tipos_tokens WHERE nome_tipo_token = "numeral"));
INSERT IGNORE INTO tokens (nome_token, acentuada, id_tipo_token) VALUES ("383", "383", (SELECT id_tipo_token FROM classificacoes_tokens WHERE BINARY nome_token = "383"));
  INSERT IGNORE INTO tokens (nome_token, acentuada, id_tipo_token) VALUES ("costureiro", "costureiro", (SELECT id_tipo_token FROM classificacoes_tokens WHERE BINARY nome_token = "costureiro"));
  INSERT IGNORE INTO classificacoes_tokens (nome_token, id_tipo_token) VALUES ("1550", (SELECT id_chave_tipo_token FROM tipos_tokens WHERE nome_tipo_token = "numeral"));
INSERT IGNORE INTO tokens (nome_token, acentuada, id_tipo_token) VALUES ("1550", "1550", (SELECT id_tipo_token FROM classificacoes_tokens WHERE BINARY nome_token = "1550"));
  INSERT IGNORE INTO tokens (nome_token, acentuada, id_tipo_token) VALUES ("malharia", "malharia", (SELECT id_tipo_token FROM classificacoes_tokens WHERE BINARY nome_token = "malharia"));
  INSERT IGNORE INTO tokens (nome_token, acentuada, id_tipo_token) VALUES ("modelista", "modelista", (SELECT id_tipo_token FROM classificacoes_tokens WHERE BINARY nome_token = "modelista"));
  INSERT IGNORE INTO classificacoes_tokens (nome_token, id_tipo_token) VALUES ("1860", (SELECT id_chave_tipo_token FROM tipos_tokens WHERE nome_tipo_token = "numeral"));
INSERT IGNORE INTO tokens (nome_token, acentuada, id_tipo_token) VALUES ("1860", "1860", (SELECT id_tipo_token FROM classificacoes_tokens WHERE BINARY nome_token = "1860"));
  INSERT IGNORE INTO tokens (nome_token, acentuada, id_tipo_token) VALUES ("estilista", "estilista", (SELECT id_tipo_token FROM classificacoes_tokens WHERE BINARY nome_token = "estilista"));
  INSERT IGNORE INTO classificacoes_tokens (nome_token, id_tipo_token) VALUES ("2580", (SELECT id_chave_tipo_token FROM tipos_tokens WHERE nome_tipo_token = "numeral"));
INSERT IGNORE INTO tokens (nome_token, acentuada, id_tipo_token) VALUES ("2580", "2580", (SELECT id_tipo_token FROM classificacoes_tokens WHERE BINARY nome_token = "2580"));
  INSERT IGNORE INTO tokens (nome_token, acentuada, id_tipo_token) VALUES ("merchandising", "merchandising", (SELECT id_tipo_token FROM classificacoes_tokens WHERE BINARY nome_token = "merchandising"));
  INSERT IGNORE INTO classificacoes_tokens (nome_token, id_tipo_token) VALUES ("2829", (SELECT id_chave_tipo_token FROM tipos_tokens WHERE nome_tipo_token = "numeral"));
INSERT IGNORE INTO tokens (nome_token, acentuada, id_tipo_token) VALUES ("2829", "2829", (SELECT id_tipo_token FROM classificacoes_tokens WHERE BINARY nome_token = "2829"));
  INSERT IGNORE INTO tokens (nome_token, acentuada, id_tipo_token) VALUES ("pesquisa", "pesquisa", (SELECT id_tipo_token FROM classificacoes_tokens WHERE BINARY nome_token = "pesquisa"));
  INSERT IGNORE INTO classificacoes_tokens (nome_token, id_tipo_token) VALUES ("2827", (SELECT id_chave_tipo_token FROM tipos_tokens WHERE nome_tipo_token = "numeral"));
INSERT IGNORE INTO tokens (nome_token, acentuada, id_tipo_token) VALUES ("2827", "2827", (SELECT id_tipo_token FROM classificacoes_tokens WHERE BINARY nome_token = "2827"));
  INSERT IGNORE INTO classificacoes_tokens (nome_token, id_tipo_token) VALUES ("258", (SELECT id_chave_tipo_token FROM tipos_tokens WHERE nome_tipo_token = "numeral"));
INSERT IGNORE INTO tokens (nome_token, acentuada, id_tipo_token) VALUES ("258", "258", (SELECT id_tipo_token FROM classificacoes_tokens WHERE BINARY nome_token = "258"));
  INSERT IGNORE INTO tokens (nome_token, acentuada, id_tipo_token) VALUES ("sso", "sso", (SELECT id_tipo_token FROM classificacoes_tokens WHERE BINARY nome_token = "sso"));
  INSERT IGNORE INTO tokens (nome_token, acentuada, id_tipo_token) VALUES ("auditoria", "auditoria", (SELECT id_tipo_token FROM classificacoes_tokens WHERE BINARY nome_token = "auditoria"));
  INSERT IGNORE INTO classificacoes_tokens (nome_token, id_tipo_token) VALUES ("512", (SELECT id_chave_tipo_token FROM tipos_tokens WHERE nome_tipo_token = "numeral"));
INSERT IGNORE INTO tokens (nome_token, acentuada, id_tipo_token) VALUES ("512", "512", (SELECT id_tipo_token FROM classificacoes_tokens WHERE BINARY nome_token = "512"));
  INSERT IGNORE INTO classificacoes_tokens (nome_token, id_tipo_token) VALUES ("14001", (SELECT id_chave_tipo_token FROM tipos_tokens WHERE nome_tipo_token = "numeral"));
INSERT IGNORE INTO tokens (nome_token, acentuada, id_tipo_token) VALUES ("14001", "14001", (SELECT id_tipo_token FROM classificacoes_tokens WHERE BINARY nome_token = "14001"));
  INSERT IGNORE INTO tokens (nome_token, acentuada, id_tipo_token) VALUES ("iso", "iso", (SELECT id_tipo_token FROM classificacoes_tokens WHERE BINARY nome_token = "iso"));
  INSERT IGNORE INTO tokens (nome_token, acentuada, id_tipo_token) VALUES ("certificacao", "certificação", (SELECT id_tipo_token FROM classificacoes_tokens WHERE BINARY nome_token = "certificação"));
  INSERT IGNORE INTO tokens (nome_token, acentuada, id_tipo_token) VALUES ("implementacao", "implementação", (SELECT id_tipo_token FROM classificacoes_tokens WHERE BINARY nome_token = "implementação"));
  INSERT IGNORE INTO tokens (nome_token, acentuada, id_tipo_token) VALUES ("sistemas", "sistemas", (SELECT id_tipo_token FROM classificacoes_tokens WHERE BINARY nome_token = "sistemas"));
  INSERT IGNORE INTO tokens (nome_token, acentuada, id_tipo_token) VALUES ("ambiental", "ambiental", (SELECT id_tipo_token FROM classificacoes_tokens WHERE BINARY nome_token = "ambiental"));
  INSERT IGNORE INTO tokens (nome_token, acentuada, id_tipo_token) VALUES ("monitor", "monitor", (SELECT id_tipo_token FROM classificacoes_tokens WHERE BINARY nome_token = "monitor"));
  INSERT IGNORE INTO tokens (nome_token, acentuada, id_tipo_token) VALUES ("socioambiental", "socioambiental", (SELECT id_tipo_token FROM classificacoes_tokens WHERE BINARY nome_token = "socioambiental"));
  INSERT IGNORE INTO classificacoes_tokens (nome_token, id_tipo_token) VALUES ("1910", (SELECT id_chave_tipo_token FROM tipos_tokens WHERE nome_tipo_token = "numeral"));
INSERT IGNORE INTO tokens (nome_token, acentuada, id_tipo_token) VALUES ("1910", "1910", (SELECT id_tipo_token FROM classificacoes_tokens WHERE BINARY nome_token = "1910"));
  INSERT IGNORE INTO tokens (nome_token, acentuada, id_tipo_token) VALUES ("solidos", "sólidos", (SELECT id_tipo_token FROM classificacoes_tokens WHERE BINARY nome_token = "sólidos"));
  INSERT IGNORE INTO tokens (nome_token, acentuada, id_tipo_token) VALUES ("residuos", "resíduos", (SELECT id_tipo_token FROM classificacoes_tokens WHERE BINARY nome_token = "resíduos"));
  INSERT IGNORE INTO classificacoes_tokens (nome_token, id_tipo_token) VALUES ("1708", (SELECT id_chave_tipo_token FROM tipos_tokens WHERE nome_tipo_token = "numeral"));
INSERT IGNORE INTO tokens (nome_token, acentuada, id_tipo_token) VALUES ("1708", "1708", (SELECT id_tipo_token FROM classificacoes_tokens WHERE BINARY nome_token = "1708"));
  INSERT IGNORE INTO tokens (nome_token, acentuada, id_tipo_token) VALUES ("saude", "saúde", (SELECT id_tipo_token FROM classificacoes_tokens WHERE BINARY nome_token = "saúde"));
  INSERT IGNORE INTO tokens (nome_token, acentuada, id_tipo_token) VALUES ("meio", "meio", (SELECT id_tipo_token FROM classificacoes_tokens WHERE BINARY nome_token = "meio"));
  INSERT IGNORE INTO tokens (nome_token, acentuada, id_tipo_token) VALUES ("recreativas", "recreativas", (SELECT id_tipo_token FROM classificacoes_tokens WHERE BINARY nome_token = "recreativas"));
  INSERT IGNORE INTO classificacoes_tokens (nome_token, id_tipo_token) VALUES ("262", (SELECT id_chave_tipo_token FROM tipos_tokens WHERE nome_tipo_token = "numeral"));
INSERT IGNORE INTO tokens (nome_token, acentuada, id_tipo_token) VALUES ("262", "262", (SELECT id_tipo_token FROM classificacoes_tokens WHERE BINARY nome_token = "262"));
  INSERT IGNORE INTO classificacoes_tokens (nome_token, id_tipo_token) VALUES ("2071", (SELECT id_chave_tipo_token FROM tipos_tokens WHERE nome_tipo_token = "numeral"));
INSERT IGNORE INTO tokens (nome_token, acentuada, id_tipo_token) VALUES ("2071", "2071", (SELECT id_tipo_token FROM classificacoes_tokens WHERE BINARY nome_token = "2071"));
  INSERT IGNORE INTO classificacoes_tokens (nome_token, id_tipo_token) VALUES ("1832", (SELECT id_chave_tipo_token FROM tipos_tokens WHERE nome_tipo_token = "numeral"));
INSERT IGNORE INTO tokens (nome_token, acentuada, id_tipo_token) VALUES ("1832", "1832", (SELECT id_tipo_token FROM classificacoes_tokens WHERE BINARY nome_token = "1832"));
  INSERT IGNORE INTO tokens (nome_token, acentuada, id_tipo_token) VALUES ("recreador", "recreador", (SELECT id_tipo_token FROM classificacoes_tokens WHERE BINARY nome_token = "recreador"));
  INSERT IGNORE INTO classificacoes_tokens (nome_token, id_tipo_token) VALUES ("1204", (SELECT id_chave_tipo_token FROM tipos_tokens WHERE nome_tipo_token = "numeral"));
INSERT IGNORE INTO tokens (nome_token, acentuada, id_tipo_token) VALUES ("1204", "1204", (SELECT id_tipo_token FROM classificacoes_tokens WHERE BINARY nome_token = "1204"));
  INSERT IGNORE INTO tokens (nome_token, acentuada, id_tipo_token) VALUES ("lazer", "lazer", (SELECT id_tipo_token FROM classificacoes_tokens WHERE BINARY nome_token = "lazer"));
  INSERT IGNORE INTO tokens (nome_token, acentuada, id_tipo_token) VALUES ("tensao", "tensão", (SELECT id_tipo_token FROM classificacoes_tokens WHERE BINARY nome_token = "tensão"));
  INSERT IGNORE INTO tokens (nome_token, acentuada, id_tipo_token) VALUES ("baixa", "baixa", (SELECT id_tipo_token FROM classificacoes_tokens WHERE BINARY nome_token = "baixa"));
  INSERT IGNORE INTO tokens (nome_token, acentuada, id_tipo_token) VALUES ("instalador", "instalador", (SELECT id_tipo_token FROM classificacoes_tokens WHERE BINARY nome_token = "instalador"));
  INSERT IGNORE INTO tokens (nome_token, acentuada, id_tipo_token) VALUES ("eletricista", "eletricista", (SELECT id_tipo_token FROM classificacoes_tokens WHERE BINARY nome_token = "eletricista"));
  INSERT IGNORE INTO classificacoes_tokens (nome_token, id_tipo_token) VALUES ("2207", (SELECT id_chave_tipo_token FROM tipos_tokens WHERE nome_tipo_token = "numeral"));
INSERT IGNORE INTO tokens (nome_token, acentuada, id_tipo_token) VALUES ("2207", "2207", (SELECT id_tipo_token FROM classificacoes_tokens WHERE BINARY nome_token = "2207"));
  INSERT IGNORE INTO tokens (nome_token, acentuada, id_tipo_token) VALUES ("reparacao", "reparação", (SELECT id_tipo_token FROM classificacoes_tokens WHERE BINARY nome_token = "reparação"));
  INSERT IGNORE INTO tokens (nome_token, acentuada, id_tipo_token) VALUES ("instalacao", "instalação", (SELECT id_tipo_token FROM classificacoes_tokens WHERE BINARY nome_token = "instalação"));
  INSERT IGNORE INTO classificacoes_tokens (nome_token, id_tipo_token) VALUES ("665", (SELECT id_chave_tipo_token FROM tipos_tokens WHERE nome_tipo_token = "numeral"));
INSERT IGNORE INTO tokens (nome_token, acentuada, id_tipo_token) VALUES ("665", "665", (SELECT id_tipo_token FROM classificacoes_tokens WHERE BINARY nome_token = "665"));
  INSERT IGNORE INTO classificacoes_tokens (nome_token, id_tipo_token) VALUES ("187", (SELECT id_chave_tipo_token FROM tipos_tokens WHERE nome_tipo_token = "numeral"));
INSERT IGNORE INTO tokens (nome_token, acentuada, id_tipo_token) VALUES ("187", "187", (SELECT id_tipo_token FROM classificacoes_tokens WHERE BINARY nome_token = "187"));
  INSERT IGNORE INTO classificacoes_tokens (nome_token, id_tipo_token) VALUES ("569", (SELECT id_chave_tipo_token FROM tipos_tokens WHERE nome_tipo_token = "numeral"));
INSERT IGNORE INTO tokens (nome_token, acentuada, id_tipo_token) VALUES ("569", "569", (SELECT id_tipo_token FROM classificacoes_tokens WHERE BINARY nome_token = "569"));
  INSERT IGNORE INTO tokens (nome_token, acentuada, id_tipo_token) VALUES ("portuguesa", "portuguesa", (SELECT id_tipo_token FROM classificacoes_tokens WHERE BINARY nome_token = "portuguesa"));
  INSERT IGNORE INTO classificacoes_tokens (nome_token, id_tipo_token) VALUES ("1189", (SELECT id_chave_tipo_token FROM tipos_tokens WHERE nome_tipo_token = "numeral"));
INSERT IGNORE INTO tokens (nome_token, acentuada, id_tipo_token) VALUES ("1189", "1189", (SELECT id_tipo_token FROM classificacoes_tokens WHERE BINARY nome_token = "1189"));
  INSERT IGNORE INTO classificacoes_tokens (nome_token, id_tipo_token) VALUES ("560", (SELECT id_chave_tipo_token FROM tipos_tokens WHERE nome_tipo_token = "numeral"));
INSERT IGNORE INTO tokens (nome_token, acentuada, id_tipo_token) VALUES ("560", "560", (SELECT id_tipo_token FROM classificacoes_tokens WHERE BINARY nome_token = "560"));
  INSERT IGNORE INTO classificacoes_tokens (nome_token, id_tipo_token) VALUES ("530", (SELECT id_chave_tipo_token FROM tipos_tokens WHERE nome_tipo_token = "numeral"));
INSERT IGNORE INTO tokens (nome_token, acentuada, id_tipo_token) VALUES ("530", "530", (SELECT id_tipo_token FROM classificacoes_tokens WHERE BINARY nome_token = "530"));
  INSERT IGNORE INTO classificacoes_tokens (nome_token, id_tipo_token) VALUES ("1177", (SELECT id_chave_tipo_token FROM tipos_tokens WHERE nome_tipo_token = "numeral"));
INSERT IGNORE INTO tokens (nome_token, acentuada, id_tipo_token) VALUES ("1177", "1177", (SELECT id_tipo_token FROM classificacoes_tokens WHERE BINARY nome_token = "1177"));
  INSERT IGNORE INTO classificacoes_tokens (nome_token, id_tipo_token) VALUES ("497", (SELECT id_chave_tipo_token FROM tipos_tokens WHERE nome_tipo_token = "numeral"));
INSERT IGNORE INTO tokens (nome_token, acentuada, id_tipo_token) VALUES ("497", "497", (SELECT id_tipo_token FROM classificacoes_tokens WHERE BINARY nome_token = "497"));
  INSERT IGNORE INTO classificacoes_tokens (nome_token, id_tipo_token) VALUES ("1180", (SELECT id_chave_tipo_token FROM tipos_tokens WHERE nome_tipo_token = "numeral"));
INSERT IGNORE INTO tokens (nome_token, acentuada, id_tipo_token) VALUES ("1180", "1180", (SELECT id_tipo_token FROM classificacoes_tokens WHERE BINARY nome_token = "1180"));
  INSERT IGNORE INTO classificacoes_tokens (nome_token, id_tipo_token) VALUES ("1192", (SELECT id_chave_tipo_token FROM tipos_tokens WHERE nome_tipo_token = "numeral"));
INSERT IGNORE INTO tokens (nome_token, acentuada, id_tipo_token) VALUES ("1192", "1192", (SELECT id_tipo_token FROM classificacoes_tokens WHERE BINARY nome_token = "1192"));
  INSERT IGNORE INTO tokens (nome_token, acentuada, id_tipo_token) VALUES ("nivel", "nível", (SELECT id_tipo_token FROM classificacoes_tokens WHERE BINARY nome_token = "nível"));
  INSERT IGNORE INTO classificacoes_tokens (nome_token, id_tipo_token) VALUES ("1178", (SELECT id_chave_tipo_token FROM tipos_tokens WHERE nome_tipo_token = "numeral"));
INSERT IGNORE INTO tokens (nome_token, acentuada, id_tipo_token) VALUES ("1178", "1178", (SELECT id_tipo_token FROM classificacoes_tokens WHERE BINARY nome_token = "1178"));
  INSERT IGNORE INTO classificacoes_tokens (nome_token, id_tipo_token) VALUES ("161", (SELECT id_chave_tipo_token FROM tipos_tokens WHERE nome_tipo_token = "numeral"));
INSERT IGNORE INTO tokens (nome_token, acentuada, id_tipo_token) VALUES ("161", "161", (SELECT id_tipo_token FROM classificacoes_tokens WHERE BINARY nome_token = "161"));
  INSERT IGNORE INTO tokens (nome_token, acentuada, id_tipo_token) VALUES ("turisticos", "turísticos", (SELECT id_tipo_token FROM classificacoes_tokens WHERE BINARY nome_token = "turísticos"));
  INSERT IGNORE INTO tokens (nome_token, acentuada, id_tipo_token) VALUES ("english", "english", (SELECT id_tipo_token FROM classificacoes_tokens WHERE BINARY nome_token = "english"));
  INSERT IGNORE INTO tokens (nome_token, acentuada, id_tipo_token) VALUES ("basic", "basic", (SELECT id_tipo_token FROM classificacoes_tokens WHERE BINARY nome_token = "basic"));
  INSERT IGNORE INTO classificacoes_tokens (nome_token, id_tipo_token) VALUES ("133", (SELECT id_chave_tipo_token FROM tipos_tokens WHERE nome_tipo_token = "numeral"));
INSERT IGNORE INTO tokens (nome_token, acentuada, id_tipo_token) VALUES ("133", "133", (SELECT id_tipo_token FROM classificacoes_tokens WHERE BINARY nome_token = "133"));
  INSERT IGNORE INTO tokens (nome_token, acentuada, id_tipo_token) VALUES ("estrangeiros", "estrangeiros", (SELECT id_tipo_token FROM classificacoes_tokens WHERE BINARY nome_token = "estrangeiros"));
  INSERT IGNORE INTO tokens (nome_token, acentuada, id_tipo_token) VALUES ("basico", "básico", (SELECT id_tipo_token FROM classificacoes_tokens WHERE BINARY nome_token = "básico"));
  INSERT IGNORE INTO tokens (nome_token, acentuada, id_tipo_token) VALUES ("sinais", "sinais", (SELECT id_tipo_token FROM classificacoes_tokens WHERE BINARY nome_token = "sinais"));
  INSERT IGNORE INTO tokens (nome_token, acentuada, id_tipo_token) VALUES ("lingua", "língua", (SELECT id_tipo_token FROM classificacoes_tokens WHERE BINARY nome_token = "língua"));
  INSERT IGNORE INTO classificacoes_tokens (nome_token, id_tipo_token) VALUES ("1181", (SELECT id_chave_tipo_token FROM tipos_tokens WHERE nome_tipo_token = "numeral"));
INSERT IGNORE INTO tokens (nome_token, acentuada, id_tipo_token) VALUES ("1181", "1181", (SELECT id_tipo_token FROM classificacoes_tokens WHERE BINARY nome_token = "1181"));
  INSERT IGNORE INTO tokens (nome_token, acentuada, id_tipo_token) VALUES ("publico", "público", (SELECT id_tipo_token FROM classificacoes_tokens WHERE BINARY nome_token = "público"));
  INSERT IGNORE INTO tokens (nome_token, acentuada, id_tipo_token) VALUES ("libras", "libras", (SELECT id_tipo_token FROM classificacoes_tokens WHERE BINARY nome_token = "libras"));
  INSERT IGNORE INTO tokens (nome_token, acentuada, id_tipo_token) VALUES ("intermediario", "intermediário", (SELECT id_tipo_token FROM classificacoes_tokens WHERE BINARY nome_token = "intermediário"));
  INSERT IGNORE INTO tokens (nome_token, acentuada, id_tipo_token) VALUES ("instrumental", "instrumental", (SELECT id_tipo_token FROM classificacoes_tokens WHERE BINARY nome_token = "instrumental"));
  INSERT IGNORE INTO tokens (nome_token, acentuada, id_tipo_token) VALUES ("espanhol", "espanhol", (SELECT id_tipo_token FROM classificacoes_tokens WHERE BINARY nome_token = "espanhol"));
  INSERT IGNORE INTO classificacoes_tokens (nome_token, id_tipo_token) VALUES ("763", (SELECT id_chave_tipo_token FROM tipos_tokens WHERE nome_tipo_token = "numeral"));
INSERT IGNORE INTO tokens (nome_token, acentuada, id_tipo_token) VALUES ("763", "763", (SELECT id_tipo_token FROM classificacoes_tokens WHERE BINARY nome_token = "763"));
  INSERT IGNORE INTO tokens (nome_token, acentuada, id_tipo_token) VALUES ("redacao", "redação", (SELECT id_tipo_token FROM classificacoes_tokens WHERE BINARY nome_token = "redação"));
  INSERT IGNORE INTO tokens (nome_token, acentuada, id_tipo_token) VALUES ("avancado", "avançado", (SELECT id_tipo_token FROM classificacoes_tokens WHERE BINARY nome_token = "avançado"));
  INSERT IGNORE INTO tokens (nome_token, acentuada, id_tipo_token) VALUES ("vestibulares", "vestibulares", (SELECT id_tipo_token FROM classificacoes_tokens WHERE BINARY nome_token = "vestibulares"));
  INSERT IGNORE INTO tokens (nome_token, acentuada, id_tipo_token) VALUES ("enem", "enem", (SELECT id_tipo_token FROM classificacoes_tokens WHERE BINARY nome_token = "enem"));
  INSERT IGNORE INTO tokens (nome_token, acentuada, id_tipo_token) VALUES ("preparatorio", "preparatório", (SELECT id_tipo_token FROM classificacoes_tokens WHERE BINARY nome_token = "preparatório"));
  INSERT IGNORE INTO tokens (nome_token, acentuada, id_tipo_token) VALUES ("portugues", "português", (SELECT id_tipo_token FROM classificacoes_tokens WHERE BINARY nome_token = "português"));
  INSERT IGNORE INTO tokens (nome_token, acentuada, id_tipo_token) VALUES ("textos", "textos", (SELECT id_tipo_token FROM classificacoes_tokens WHERE BINARY nome_token = "textos"));
  INSERT IGNORE INTO tokens (nome_token, acentuada, id_tipo_token) VALUES ("interpretacao", "interpretação", (SELECT id_tipo_token FROM classificacoes_tokens WHERE BINARY nome_token = "interpretação"));
  INSERT IGNORE INTO tokens (nome_token, acentuada, id_tipo_token) VALUES ("leitura", "leitura", (SELECT id_tipo_token FROM classificacoes_tokens WHERE BINARY nome_token = "leitura"));
  INSERT IGNORE INTO classificacoes_tokens (nome_token, id_tipo_token) VALUES ("433", (SELECT id_chave_tipo_token FROM tipos_tokens WHERE nome_tipo_token = "numeral"));
INSERT IGNORE INTO tokens (nome_token, acentuada, id_tipo_token) VALUES ("433", "433", (SELECT id_tipo_token FROM classificacoes_tokens WHERE BINARY nome_token = "433"));
  INSERT IGNORE INTO tokens (nome_token, acentuada, id_tipo_token) VALUES ("americano", "americano", (SELECT id_tipo_token FROM classificacoes_tokens WHERE BINARY nome_token = "americano"));
  INSERT IGNORE INTO tokens (nome_token, acentuada, id_tipo_token) VALUES ("ingles", "inglês", (SELECT id_tipo_token FROM classificacoes_tokens WHERE BINARY nome_token = "inglês"));
  INSERT IGNORE INTO classificacoes_tokens (nome_token, id_tipo_token) VALUES ("762", (SELECT id_chave_tipo_token FROM tipos_tokens WHERE nome_tipo_token = "numeral"));
INSERT IGNORE INTO tokens (nome_token, acentuada, id_tipo_token) VALUES ("762", "762", (SELECT id_tipo_token FROM classificacoes_tokens WHERE BINARY nome_token = "762"));
  INSERT IGNORE INTO tokens (nome_token, acentuada, id_tipo_token) VALUES ("idiomas", "idiomas", (SELECT id_tipo_token FROM classificacoes_tokens WHERE BINARY nome_token = "idiomas"));
  INSERT IGNORE INTO classificacoes_tokens (nome_token, id_tipo_token) VALUES ("471", (SELECT id_chave_tipo_token FROM tipos_tokens WHERE nome_tipo_token = "numeral"));
INSERT IGNORE INTO tokens (nome_token, acentuada, id_tipo_token) VALUES ("471", "471", (SELECT id_tipo_token FROM classificacoes_tokens WHERE BINARY nome_token = "471"));
  INSERT IGNORE INTO classificacoes_tokens (nome_token, id_tipo_token) VALUES ("131", (SELECT id_chave_tipo_token FROM tipos_tokens WHERE nome_tipo_token = "numeral"));
INSERT IGNORE INTO tokens (nome_token, acentuada, id_tipo_token) VALUES ("131", "131", (SELECT id_tipo_token FROM classificacoes_tokens WHERE BINARY nome_token = "131"));
  INSERT IGNORE INTO classificacoes_tokens (nome_token, id_tipo_token) VALUES ("148", (SELECT id_chave_tipo_token FROM tipos_tokens WHERE nome_tipo_token = "numeral"));
INSERT IGNORE INTO tokens (nome_token, acentuada, id_tipo_token) VALUES ("148", "148", (SELECT id_tipo_token FROM classificacoes_tokens WHERE BINARY nome_token = "148"));
  INSERT IGNORE INTO classificacoes_tokens (nome_token, id_tipo_token) VALUES ("2033", (SELECT id_chave_tipo_token FROM tipos_tokens WHERE nome_tipo_token = "numeral"));
INSERT IGNORE INTO tokens (nome_token, acentuada, id_tipo_token) VALUES ("2033", "2033", (SELECT id_tipo_token FROM classificacoes_tokens WHERE BINARY nome_token = "2033"));
  INSERT IGNORE INTO classificacoes_tokens (nome_token, id_tipo_token) VALUES ("2027", (SELECT id_chave_tipo_token FROM tipos_tokens WHERE nome_tipo_token = "numeral"));
INSERT IGNORE INTO tokens (nome_token, acentuada, id_tipo_token) VALUES ("2027", "2027", (SELECT id_tipo_token FROM classificacoes_tokens WHERE BINARY nome_token = "2027"));
  INSERT IGNORE INTO classificacoes_tokens (nome_token, id_tipo_token) VALUES ("308", (SELECT id_chave_tipo_token FROM tipos_tokens WHERE nome_tipo_token = "numeral"));
INSERT IGNORE INTO tokens (nome_token, acentuada, id_tipo_token) VALUES ("308", "308", (SELECT id_tipo_token FROM classificacoes_tokens WHERE BINARY nome_token = "308"));
  INSERT IGNORE INTO tokens (nome_token, acentuada, id_tipo_token) VALUES ("procedimentos", "procedimentos", (SELECT id_tipo_token FROM classificacoes_tokens WHERE BINARY nome_token = "procedimentos"));
  INSERT IGNORE INTO tokens (nome_token, acentuada, id_tipo_token) VALUES ("hoteis", "hotéis", (SELECT id_tipo_token FROM classificacoes_tokens WHERE BINARY nome_token = "hotéis"));
  INSERT IGNORE INTO tokens (nome_token, acentuada, id_tipo_token) VALUES ("arrumacao", "arrumação", (SELECT id_tipo_token FROM classificacoes_tokens WHERE BINARY nome_token = "arrumação"));
  INSERT IGNORE INTO classificacoes_tokens (nome_token, id_tipo_token) VALUES ("2032", (SELECT id_chave_tipo_token FROM tipos_tokens WHERE nome_tipo_token = "numeral"));
INSERT IGNORE INTO tokens (nome_token, acentuada, id_tipo_token) VALUES ("2032", "2032", (SELECT id_tipo_token FROM classificacoes_tokens WHERE BINARY nome_token = "2032"));
  INSERT IGNORE INTO tokens (nome_token, acentuada, id_tipo_token) VALUES ("hoteleira", "hoteleira", (SELECT id_tipo_token FROM classificacoes_tokens WHERE BINARY nome_token = "hoteleira"));
  INSERT IGNORE INTO classificacoes_tokens (nome_token, id_tipo_token) VALUES ("2026", (SELECT id_chave_tipo_token FROM tipos_tokens WHERE nome_tipo_token = "numeral"));
INSERT IGNORE INTO tokens (nome_token, acentuada, id_tipo_token) VALUES ("2026", "2026", (SELECT id_tipo_token FROM classificacoes_tokens WHERE BINARY nome_token = "2026"));
  INSERT IGNORE INTO tokens (nome_token, acentuada, id_tipo_token) VALUES ("governanca", "governança", (SELECT id_tipo_token FROM classificacoes_tokens WHERE BINARY nome_token = "governança"));
  INSERT IGNORE INTO classificacoes_tokens (nome_token, id_tipo_token) VALUES ("2073", (SELECT id_chave_tipo_token FROM tipos_tokens WHERE nome_tipo_token = "numeral"));
INSERT IGNORE INTO tokens (nome_token, acentuada, id_tipo_token) VALUES ("2073", "2073", (SELECT id_tipo_token FROM classificacoes_tokens WHERE BINARY nome_token = "2073"));
  INSERT IGNORE INTO tokens (nome_token, acentuada, id_tipo_token) VALUES ("hospitalar", "hospitalar", (SELECT id_tipo_token FROM classificacoes_tokens WHERE BINARY nome_token = "hospitalar"));
  INSERT IGNORE INTO tokens (nome_token, acentuada, id_tipo_token) VALUES ("camareira", "camareira", (SELECT id_tipo_token FROM classificacoes_tokens WHERE BINARY nome_token = "camareira"));
  INSERT IGNORE INTO classificacoes_tokens (nome_token, id_tipo_token) VALUES ("2074", (SELECT id_chave_tipo_token FROM tipos_tokens WHERE nome_tipo_token = "numeral"));
INSERT IGNORE INTO tokens (nome_token, acentuada, id_tipo_token) VALUES ("2074", "2074", (SELECT id_tipo_token FROM classificacoes_tokens WHERE BINARY nome_token = "2074"));
  INSERT IGNORE INTO tokens (nome_token, acentuada, id_tipo_token) VALUES ("diferencial", "diferencial", (SELECT id_tipo_token FROM classificacoes_tokens WHERE BINARY nome_token = "diferencial"));
  INSERT IGNORE INTO tokens (nome_token, acentuada, id_tipo_token) VALUES ("concierge", "concierge", (SELECT id_tipo_token FROM classificacoes_tokens WHERE BINARY nome_token = "concierge"));
  INSERT IGNORE INTO classificacoes_tokens (nome_token, id_tipo_token) VALUES ("2076", (SELECT id_chave_tipo_token FROM tipos_tokens WHERE nome_tipo_token = "numeral"));
INSERT IGNORE INTO tokens (nome_token, acentuada, id_tipo_token) VALUES ("2076", "2076", (SELECT id_tipo_token FROM classificacoes_tokens WHERE BINARY nome_token = "2076"));
  INSERT IGNORE INTO tokens (nome_token, acentuada, id_tipo_token) VALUES ("domiciliar", "domiciliar", (SELECT id_tipo_token FROM classificacoes_tokens WHERE BINARY nome_token = "domiciliar"));
  INSERT IGNORE INTO classificacoes_tokens (nome_token, id_tipo_token) VALUES ("2030", (SELECT id_chave_tipo_token FROM tipos_tokens WHERE nome_tipo_token = "numeral"));
INSERT IGNORE INTO tokens (nome_token, acentuada, id_tipo_token) VALUES ("2030", "2030", (SELECT id_tipo_token FROM classificacoes_tokens WHERE BINARY nome_token = "2030"));
  INSERT IGNORE INTO tokens (nome_token, acentuada, id_tipo_token) VALUES ("hospedagem", "hospedagem", (SELECT id_tipo_token FROM classificacoes_tokens WHERE BINARY nome_token = "hospedagem"));
  INSERT IGNORE INTO classificacoes_tokens (nome_token, id_tipo_token) VALUES ("219", (SELECT id_chave_tipo_token FROM tipos_tokens WHERE nome_tipo_token = "numeral"));
INSERT IGNORE INTO tokens (nome_token, acentuada, id_tipo_token) VALUES ("219", "219", (SELECT id_tipo_token FROM classificacoes_tokens WHERE BINARY nome_token = "219"));
  INSERT IGNORE INTO classificacoes_tokens (nome_token, id_tipo_token) VALUES ("764", (SELECT id_chave_tipo_token FROM tipos_tokens WHERE nome_tipo_token = "numeral"));
INSERT IGNORE INTO tokens (nome_token, acentuada, id_tipo_token) VALUES ("764", "764", (SELECT id_tipo_token FROM classificacoes_tokens WHERE BINARY nome_token = "764"));
  INSERT IGNORE INTO classificacoes_tokens (nome_token, id_tipo_token) VALUES ("285", (SELECT id_chave_tipo_token FROM tipos_tokens WHERE nome_tipo_token = "numeral"));
INSERT IGNORE INTO tokens (nome_token, acentuada, id_tipo_token) VALUES ("285", "285", (SELECT id_tipo_token FROM classificacoes_tokens WHERE BINARY nome_token = "285"));
  INSERT IGNORE INTO classificacoes_tokens (nome_token, id_tipo_token) VALUES ("350", (SELECT id_chave_tipo_token FROM tipos_tokens WHERE nome_tipo_token = "numeral"));
INSERT IGNORE INTO tokens (nome_token, acentuada, id_tipo_token) VALUES ("350", "350", (SELECT id_tipo_token FROM classificacoes_tokens WHERE BINARY nome_token = "350"));
  INSERT IGNORE INTO classificacoes_tokens (nome_token, id_tipo_token) VALUES ("700", (SELECT id_chave_tipo_token FROM tipos_tokens WHERE nome_tipo_token = "numeral"));
INSERT IGNORE INTO tokens (nome_token, acentuada, id_tipo_token) VALUES ("700", "700", (SELECT id_tipo_token FROM classificacoes_tokens WHERE BINARY nome_token = "700"));
  INSERT IGNORE INTO classificacoes_tokens (nome_token, id_tipo_token) VALUES ("591", (SELECT id_chave_tipo_token FROM tipos_tokens WHERE nome_tipo_token = "numeral"));
INSERT IGNORE INTO tokens (nome_token, acentuada, id_tipo_token) VALUES ("591", "591", (SELECT id_tipo_token FROM classificacoes_tokens WHERE BINARY nome_token = "591"));
  INSERT IGNORE INTO classificacoes_tokens (nome_token, id_tipo_token) VALUES ("742", (SELECT id_chave_tipo_token FROM tipos_tokens WHERE nome_tipo_token = "numeral"));
INSERT IGNORE INTO tokens (nome_token, acentuada, id_tipo_token) VALUES ("742", "742", (SELECT id_tipo_token FROM classificacoes_tokens WHERE BINARY nome_token = "742"));
  INSERT IGNORE INTO classificacoes_tokens (nome_token, id_tipo_token) VALUES ("342", (SELECT id_chave_tipo_token FROM tipos_tokens WHERE nome_tipo_token = "numeral"));
INSERT IGNORE INTO tokens (nome_token, acentuada, id_tipo_token) VALUES ("342", "342", (SELECT id_tipo_token FROM classificacoes_tokens WHERE BINARY nome_token = "342"));
  INSERT IGNORE INTO classificacoes_tokens (nome_token, id_tipo_token) VALUES ("860", (SELECT id_chave_tipo_token FROM tipos_tokens WHERE nome_tipo_token = "numeral"));
INSERT IGNORE INTO tokens (nome_token, acentuada, id_tipo_token) VALUES ("860", "860", (SELECT id_tipo_token FROM classificacoes_tokens WHERE BINARY nome_token = "860"));
  INSERT IGNORE INTO classificacoes_tokens (nome_token, id_tipo_token) VALUES ("1512", (SELECT id_chave_tipo_token FROM tipos_tokens WHERE nome_tipo_token = "numeral"));
INSERT IGNORE INTO tokens (nome_token, acentuada, id_tipo_token) VALUES ("1512", "1512", (SELECT id_tipo_token FROM classificacoes_tokens WHERE BINARY nome_token = "1512"));
  INSERT IGNORE INTO classificacoes_tokens (nome_token, id_tipo_token) VALUES ("670", (SELECT id_chave_tipo_token FROM tipos_tokens WHERE nome_tipo_token = "numeral"));
INSERT IGNORE INTO tokens (nome_token, acentuada, id_tipo_token) VALUES ("670", "670", (SELECT id_tipo_token FROM classificacoes_tokens WHERE BINARY nome_token = "670"));
  INSERT IGNORE INTO classificacoes_tokens (nome_token, id_tipo_token) VALUES ("799", (SELECT id_chave_tipo_token FROM tipos_tokens WHERE nome_tipo_token = "numeral"));
INSERT IGNORE INTO tokens (nome_token, acentuada, id_tipo_token) VALUES ("799", "799", (SELECT id_tipo_token FROM classificacoes_tokens WHERE BINARY nome_token = "799"));
  INSERT IGNORE INTO classificacoes_tokens (nome_token, id_tipo_token) VALUES ("568", (SELECT id_chave_tipo_token FROM tipos_tokens WHERE nome_tipo_token = "numeral"));
INSERT IGNORE INTO tokens (nome_token, acentuada, id_tipo_token) VALUES ("568", "568", (SELECT id_tipo_token FROM classificacoes_tokens WHERE BINARY nome_token = "568"));
  INSERT IGNORE INTO classificacoes_tokens (nome_token, id_tipo_token) VALUES ("1628", (SELECT id_chave_tipo_token FROM tipos_tokens WHERE nome_tipo_token = "numeral"));
INSERT IGNORE INTO tokens (nome_token, acentuada, id_tipo_token) VALUES ("1628", "1628", (SELECT id_tipo_token FROM classificacoes_tokens WHERE BINARY nome_token = "1628"));
  INSERT IGNORE INTO classificacoes_tokens (nome_token, id_tipo_token) VALUES ("362", (SELECT id_chave_tipo_token FROM tipos_tokens WHERE nome_tipo_token = "numeral"));
INSERT IGNORE INTO tokens (nome_token, acentuada, id_tipo_token) VALUES ("362", "362", (SELECT id_tipo_token FROM classificacoes_tokens WHERE BINARY nome_token = "362"));
  INSERT IGNORE INTO classificacoes_tokens (nome_token, id_tipo_token) VALUES ("648", (SELECT id_chave_tipo_token FROM tipos_tokens WHERE nome_tipo_token = "numeral"));
INSERT IGNORE INTO tokens (nome_token, acentuada, id_tipo_token) VALUES ("648", "648", (SELECT id_tipo_token FROM classificacoes_tokens WHERE BINARY nome_token = "648"));
  INSERT IGNORE INTO classificacoes_tokens (nome_token, id_tipo_token) VALUES ("396", (SELECT id_chave_tipo_token FROM tipos_tokens WHERE nome_tipo_token = "numeral"));
INSERT IGNORE INTO tokens (nome_token, acentuada, id_tipo_token) VALUES ("396", "396", (SELECT id_tipo_token FROM classificacoes_tokens WHERE BINARY nome_token = "396"));
  INSERT IGNORE INTO classificacoes_tokens (nome_token, id_tipo_token) VALUES ("620", (SELECT id_chave_tipo_token FROM tipos_tokens WHERE nome_tipo_token = "numeral"));
INSERT IGNORE INTO tokens (nome_token, acentuada, id_tipo_token) VALUES ("620", "620", (SELECT id_tipo_token FROM classificacoes_tokens WHERE BINARY nome_token = "620"));
  INSERT IGNORE INTO classificacoes_tokens (nome_token, id_tipo_token) VALUES ("1514", (SELECT id_chave_tipo_token FROM tipos_tokens WHERE nome_tipo_token = "numeral"));
INSERT IGNORE INTO tokens (nome_token, acentuada, id_tipo_token) VALUES ("1514", "1514", (SELECT id_tipo_token FROM classificacoes_tokens WHERE BINARY nome_token = "1514"));
  INSERT IGNORE INTO classificacoes_tokens (nome_token, id_tipo_token) VALUES ("757", (SELECT id_chave_tipo_token FROM tipos_tokens WHERE nome_tipo_token = "numeral"));
INSERT IGNORE INTO tokens (nome_token, acentuada, id_tipo_token) VALUES ("757", "757", (SELECT id_tipo_token FROM classificacoes_tokens WHERE BINARY nome_token = "757"));
  INSERT IGNORE INTO classificacoes_tokens (nome_token, id_tipo_token) VALUES ("1833", (SELECT id_chave_tipo_token FROM tipos_tokens WHERE nome_tipo_token = "numeral"));
INSERT IGNORE INTO tokens (nome_token, acentuada, id_tipo_token) VALUES ("1833", "1833", (SELECT id_tipo_token FROM classificacoes_tokens WHERE BINARY nome_token = "1833"));
  INSERT IGNORE INTO classificacoes_tokens (nome_token, id_tipo_token) VALUES ("117", (SELECT id_chave_tipo_token FROM tipos_tokens WHERE nome_tipo_token = "numeral"));
INSERT IGNORE INTO tokens (nome_token, acentuada, id_tipo_token) VALUES ("117", "117", (SELECT id_tipo_token FROM classificacoes_tokens WHERE BINARY nome_token = "117"));
  INSERT IGNORE INTO classificacoes_tokens (nome_token, id_tipo_token) VALUES ("418", (SELECT id_chave_tipo_token FROM tipos_tokens WHERE nome_tipo_token = "numeral"));
INSERT IGNORE INTO tokens (nome_token, acentuada, id_tipo_token) VALUES ("418", "418", (SELECT id_tipo_token FROM classificacoes_tokens WHERE BINARY nome_token = "418"));
  INSERT IGNORE INTO classificacoes_tokens (nome_token, id_tipo_token) VALUES ("190", (SELECT id_chave_tipo_token FROM tipos_tokens WHERE nome_tipo_token = "numeral"));
INSERT IGNORE INTO tokens (nome_token, acentuada, id_tipo_token) VALUES ("190", "190", (SELECT id_tipo_token FROM classificacoes_tokens WHERE BINARY nome_token = "190"));
  INSERT IGNORE INTO classificacoes_tokens (nome_token, id_tipo_token) VALUES ("1559", (SELECT id_chave_tipo_token FROM tipos_tokens WHERE nome_tipo_token = "numeral"));
INSERT IGNORE INTO tokens (nome_token, acentuada, id_tipo_token) VALUES ("1559", "1559", (SELECT id_tipo_token FROM classificacoes_tokens WHERE BINARY nome_token = "1559"));
  INSERT IGNORE INTO classificacoes_tokens (nome_token, id_tipo_token) VALUES ("1669", (SELECT id_chave_tipo_token FROM tipos_tokens WHERE nome_tipo_token = "numeral"));
INSERT IGNORE INTO tokens (nome_token, acentuada, id_tipo_token) VALUES ("1669", "1669", (SELECT id_tipo_token FROM classificacoes_tokens WHERE BINARY nome_token = "1669"));
  INSERT IGNORE INTO classificacoes_tokens (nome_token, id_tipo_token) VALUES ("637", (SELECT id_chave_tipo_token FROM tipos_tokens WHERE nome_tipo_token = "numeral"));
INSERT IGNORE INTO tokens (nome_token, acentuada, id_tipo_token) VALUES ("637", "637", (SELECT id_tipo_token FROM classificacoes_tokens WHERE BINARY nome_token = "637"));
  INSERT IGNORE INTO classificacoes_tokens (nome_token, id_tipo_token) VALUES ("430", (SELECT id_chave_tipo_token FROM tipos_tokens WHERE nome_tipo_token = "numeral"));
INSERT IGNORE INTO tokens (nome_token, acentuada, id_tipo_token) VALUES ("430", "430", (SELECT id_tipo_token FROM classificacoes_tokens WHERE BINARY nome_token = "430"));
  INSERT IGNORE INTO classificacoes_tokens (nome_token, id_tipo_token) VALUES ("2476", (SELECT id_chave_tipo_token FROM tipos_tokens WHERE nome_tipo_token = "numeral"));
INSERT IGNORE INTO tokens (nome_token, acentuada, id_tipo_token) VALUES ("2476", "2476", (SELECT id_tipo_token FROM classificacoes_tokens WHERE BINARY nome_token = "2476"));
  INSERT IGNORE INTO classificacoes_tokens (nome_token, id_tipo_token) VALUES ("688", (SELECT id_chave_tipo_token FROM tipos_tokens WHERE nome_tipo_token = "numeral"));
INSERT IGNORE INTO tokens (nome_token, acentuada, id_tipo_token) VALUES ("688", "688", (SELECT id_tipo_token FROM classificacoes_tokens WHERE BINARY nome_token = "688"));
  INSERT IGNORE INTO classificacoes_tokens (nome_token, id_tipo_token) VALUES ("911", (SELECT id_chave_tipo_token FROM tipos_tokens WHERE nome_tipo_token = "numeral"));
INSERT IGNORE INTO tokens (nome_token, acentuada, id_tipo_token) VALUES ("911", "911", (SELECT id_tipo_token FROM classificacoes_tokens WHERE BINARY nome_token = "911"));
  INSERT IGNORE INTO classificacoes_tokens (nome_token, id_tipo_token) VALUES ("1513", (SELECT id_chave_tipo_token FROM tipos_tokens WHERE nome_tipo_token = "numeral"));
INSERT IGNORE INTO tokens (nome_token, acentuada, id_tipo_token) VALUES ("1513", "1513", (SELECT id_tipo_token FROM classificacoes_tokens WHERE BINARY nome_token = "1513"));
  INSERT IGNORE INTO classificacoes_tokens (nome_token, id_tipo_token) VALUES ("1914", (SELECT id_chave_tipo_token FROM tipos_tokens WHERE nome_tipo_token = "numeral"));
INSERT IGNORE INTO tokens (nome_token, acentuada, id_tipo_token) VALUES ("1914", "1914", (SELECT id_tipo_token FROM classificacoes_tokens WHERE BINARY nome_token = "1914"));
  INSERT IGNORE INTO classificacoes_tokens (nome_token, id_tipo_token) VALUES ("608", (SELECT id_chave_tipo_token FROM tipos_tokens WHERE nome_tipo_token = "numeral"));
INSERT IGNORE INTO tokens (nome_token, acentuada, id_tipo_token) VALUES ("608", "608", (SELECT id_tipo_token FROM classificacoes_tokens WHERE BINARY nome_token = "608"));
  INSERT IGNORE INTO classificacoes_tokens (nome_token, id_tipo_token) VALUES ("1524", (SELECT id_chave_tipo_token FROM tipos_tokens WHERE nome_tipo_token = "numeral"));
INSERT IGNORE INTO tokens (nome_token, acentuada, id_tipo_token) VALUES ("1524", "1524", (SELECT id_tipo_token FROM classificacoes_tokens WHERE BINARY nome_token = "1524"));
  INSERT IGNORE INTO classificacoes_tokens (nome_token, id_tipo_token) VALUES ("840", (SELECT id_chave_tipo_token FROM tipos_tokens WHERE nome_tipo_token = "numeral"));
INSERT IGNORE INTO tokens (nome_token, acentuada, id_tipo_token) VALUES ("840", "840", (SELECT id_tipo_token FROM classificacoes_tokens WHERE BINARY nome_token = "840"));
  INSERT IGNORE INTO classificacoes_tokens (nome_token, id_tipo_token) VALUES ("1525", (SELECT id_chave_tipo_token FROM tipos_tokens WHERE nome_tipo_token = "numeral"));
INSERT IGNORE INTO tokens (nome_token, acentuada, id_tipo_token) VALUES ("1525", "1525", (SELECT id_tipo_token FROM classificacoes_tokens WHERE BINARY nome_token = "1525"));
  INSERT IGNORE INTO classificacoes_tokens (nome_token, id_tipo_token) VALUES ("462", (SELECT id_chave_tipo_token FROM tipos_tokens WHERE nome_tipo_token = "numeral"));
INSERT IGNORE INTO tokens (nome_token, acentuada, id_tipo_token) VALUES ("462", "462", (SELECT id_tipo_token FROM classificacoes_tokens WHERE BINARY nome_token = "462"));
  INSERT IGNORE INTO classificacoes_tokens (nome_token, id_tipo_token) VALUES ("768", (SELECT id_chave_tipo_token FROM tipos_tokens WHERE nome_tipo_token = "numeral"));
INSERT IGNORE INTO tokens (nome_token, acentuada, id_tipo_token) VALUES ("768", "768", (SELECT id_tipo_token FROM classificacoes_tokens WHERE BINARY nome_token = "768"));
  INSERT IGNORE INTO tokens (nome_token, acentuada, id_tipo_token) VALUES ("basicas", "básicas", (SELECT id_tipo_token FROM classificacoes_tokens WHERE BINARY nome_token = "básicas"));
  INSERT IGNORE INTO classificacoes_tokens (nome_token, id_tipo_token) VALUES ("766", (SELECT id_chave_tipo_token FROM tipos_tokens WHERE nome_tipo_token = "numeral"));
INSERT IGNORE INTO tokens (nome_token, acentuada, id_tipo_token) VALUES ("766", "766", (SELECT id_tipo_token FROM classificacoes_tokens WHERE BINARY nome_token = "766"));
  INSERT IGNORE INTO tokens (nome_token, acentuada, id_tipo_token) VALUES ("escrituracao", "escrituração", (SELECT id_tipo_token FROM classificacoes_tokens WHERE BINARY nome_token = "escrituração"));
  INSERT IGNORE INTO classificacoes_tokens (nome_token, id_tipo_token) VALUES ("645", (SELECT id_chave_tipo_token FROM tipos_tokens WHERE nome_tipo_token = "numeral"));
INSERT IGNORE INTO tokens (nome_token, acentuada, id_tipo_token) VALUES ("645", "645", (SELECT id_tipo_token FROM classificacoes_tokens WHERE BINARY nome_token = "645"));
  INSERT IGNORE INTO classificacoes_tokens (nome_token, id_tipo_token) VALUES ("347", (SELECT id_chave_tipo_token FROM tipos_tokens WHERE nome_tipo_token = "numeral"));
INSERT IGNORE INTO tokens (nome_token, acentuada, id_tipo_token) VALUES ("347", "347", (SELECT id_tipo_token FROM classificacoes_tokens WHERE BINARY nome_token = "347"));
  INSERT IGNORE INTO tokens (nome_token, acentuada, id_tipo_token) VALUES ("liderancas", "lideranças", (SELECT id_tipo_token FROM classificacoes_tokens WHERE BINARY nome_token = "lideranças"));
  INSERT IGNORE INTO classificacoes_tokens (nome_token, id_tipo_token) VALUES ("616", (SELECT id_chave_tipo_token FROM tipos_tokens WHERE nome_tipo_token = "numeral"));
INSERT IGNORE INTO tokens (nome_token, acentuada, id_tipo_token) VALUES ("616", "616", (SELECT id_tipo_token FROM classificacoes_tokens WHERE BINARY nome_token = "616"));
  INSERT IGNORE INTO tokens (nome_token, acentuada, id_tipo_token) VALUES ("atitudes", "atitudes", (SELECT id_tipo_token FROM classificacoes_tokens WHERE BINARY nome_token = "atitudes"));
  INSERT IGNORE INTO tokens (nome_token, acentuada, id_tipo_token) VALUES ("habilidades", "habilidades", (SELECT id_tipo_token FROM classificacoes_tokens WHERE BINARY nome_token = "habilidades"));
  INSERT IGNORE INTO tokens (nome_token, acentuada, id_tipo_token) VALUES ("potencializacao", "potencialização", (SELECT id_tipo_token FROM classificacoes_tokens WHERE BINARY nome_token = "potencialização"));
  INSERT IGNORE INTO classificacoes_tokens (nome_token, id_tipo_token) VALUES ("587", (SELECT id_chave_tipo_token FROM tipos_tokens WHERE nome_tipo_token = "numeral"));
INSERT IGNORE INTO tokens (nome_token, acentuada, id_tipo_token) VALUES ("587", "587", (SELECT id_tipo_token FROM classificacoes_tokens WHERE BINARY nome_token = "587"));
  INSERT IGNORE INTO tokens (nome_token, acentuada, id_tipo_token) VALUES ("ambiente", "ambiente", (SELECT id_tipo_token FROM classificacoes_tokens WHERE BINARY nome_token = "ambiente"));
  INSERT IGNORE INTO tokens (nome_token, acentuada, id_tipo_token) VALUES ("conflitos", "conflitos", (SELECT id_tipo_token FROM classificacoes_tokens WHERE BINARY nome_token = "conflitos"));
  INSERT IGNORE INTO classificacoes_tokens (nome_token, id_tipo_token) VALUES ("579", (SELECT id_chave_tipo_token FROM tipos_tokens WHERE nome_tipo_token = "numeral"));
INSERT IGNORE INTO tokens (nome_token, acentuada, id_tipo_token) VALUES ("579", "579", (SELECT id_tipo_token FROM classificacoes_tokens WHERE BINARY nome_token = "579"));
  INSERT IGNORE INTO tokens (nome_token, acentuada, id_tipo_token) VALUES ("eficaz", "eficaz", (SELECT id_tipo_token FROM classificacoes_tokens WHERE BINARY nome_token = "eficaz"));
  INSERT IGNORE INTO tokens (nome_token, acentuada, id_tipo_token) VALUES ("feedback", "feedback", (SELECT id_tipo_token FROM classificacoes_tokens WHERE BINARY nome_token = "feedback"));
  INSERT IGNORE INTO classificacoes_tokens (nome_token, id_tipo_token) VALUES ("566", (SELECT id_chave_tipo_token FROM tipos_tokens WHERE nome_tipo_token = "numeral"));
INSERT IGNORE INTO tokens (nome_token, acentuada, id_tipo_token) VALUES ("566", "566", (SELECT id_tipo_token FROM classificacoes_tokens WHERE BINARY nome_token = "566"));
  INSERT IGNORE INTO tokens (nome_token, acentuada, id_tipo_token) VALUES ("asssitente", "asssitente", (SELECT id_tipo_token FROM classificacoes_tokens WHERE BINARY nome_token = "asssitente"));
  INSERT IGNORE INTO classificacoes_tokens (nome_token, id_tipo_token) VALUES ("547", (SELECT id_chave_tipo_token FROM tipos_tokens WHERE nome_tipo_token = "numeral"));
INSERT IGNORE INTO tokens (nome_token, acentuada, id_tipo_token) VALUES ("547", "547", (SELECT id_tipo_token FROM classificacoes_tokens WHERE BINARY nome_token = "547"));
  INSERT IGNORE INTO classificacoes_tokens (nome_token, id_tipo_token) VALUES ("482", (SELECT id_chave_tipo_token FROM tipos_tokens WHERE nome_tipo_token = "numeral"));
INSERT IGNORE INTO tokens (nome_token, acentuada, id_tipo_token) VALUES ("482", "482", (SELECT id_tipo_token FROM classificacoes_tokens WHERE BINARY nome_token = "482"));
  INSERT IGNORE INTO tokens (nome_token, acentuada, id_tipo_token) VALUES ("empreendedor", "empreendedor", (SELECT id_tipo_token FROM classificacoes_tokens WHERE BINARY nome_token = "empreendedor"));
  INSERT IGNORE INTO classificacoes_tokens (nome_token, id_tipo_token) VALUES ("495", (SELECT id_chave_tipo_token FROM tipos_tokens WHERE nome_tipo_token = "numeral"));
INSERT IGNORE INTO tokens (nome_token, acentuada, id_tipo_token) VALUES ("495", "495", (SELECT id_tipo_token FROM classificacoes_tokens WHERE BINARY nome_token = "495"));
  INSERT IGNORE INTO tokens (nome_token, acentuada, id_tipo_token) VALUES ("protagonismo", "protagonismo", (SELECT id_tipo_token FROM classificacoes_tokens WHERE BINARY nome_token = "protagonismo"));
  INSERT IGNORE INTO tokens (nome_token, acentuada, id_tipo_token) VALUES ("autolideranca", "autoliderança", (SELECT id_tipo_token FROM classificacoes_tokens WHERE BINARY nome_token = "autoliderança"));
  INSERT IGNORE INTO classificacoes_tokens (nome_token, id_tipo_token) VALUES ("508", (SELECT id_chave_tipo_token FROM tipos_tokens WHERE nome_tipo_token = "numeral"));
INSERT IGNORE INTO tokens (nome_token, acentuada, id_tipo_token) VALUES ("508", "508", (SELECT id_tipo_token FROM classificacoes_tokens WHERE BINARY nome_token = "508"));
  INSERT IGNORE INTO classificacoes_tokens (nome_token, id_tipo_token) VALUES ("484", (SELECT id_chave_tipo_token FROM tipos_tokens WHERE nome_tipo_token = "numeral"));
INSERT IGNORE INTO tokens (nome_token, acentuada, id_tipo_token) VALUES ("484", "484", (SELECT id_tipo_token FROM classificacoes_tokens WHERE BINARY nome_token = "484"));
  INSERT IGNORE INTO classificacoes_tokens (nome_token, id_tipo_token) VALUES ("422", (SELECT id_chave_tipo_token FROM tipos_tokens WHERE nome_tipo_token = "numeral"));
INSERT IGNORE INTO tokens (nome_token, acentuada, id_tipo_token) VALUES ("422", "422", (SELECT id_tipo_token FROM classificacoes_tokens WHERE BINARY nome_token = "422"));
  INSERT IGNORE INTO tokens (nome_token, acentuada, id_tipo_token) VALUES ("empresas", "empresas", (SELECT id_tipo_token FROM classificacoes_tokens WHERE BINARY nome_token = "empresas"));
  INSERT IGNORE INTO classificacoes_tokens (nome_token, id_tipo_token) VALUES ("473", (SELECT id_chave_tipo_token FROM tipos_tokens WHERE nome_tipo_token = "numeral"));
INSERT IGNORE INTO tokens (nome_token, acentuada, id_tipo_token) VALUES ("473", "473", (SELECT id_tipo_token FROM classificacoes_tokens WHERE BINARY nome_token = "473"));
  INSERT IGNORE INTO classificacoes_tokens (nome_token, id_tipo_token) VALUES ("447", (SELECT id_chave_tipo_token FROM tipos_tokens WHERE nome_tipo_token = "numeral"));
INSERT IGNORE INTO tokens (nome_token, acentuada, id_tipo_token) VALUES ("447", "447", (SELECT id_tipo_token FROM classificacoes_tokens WHERE BINARY nome_token = "447"));
  INSERT IGNORE INTO tokens (nome_token, acentuada, id_tipo_token) VALUES ("rotinas", "rotinas", (SELECT id_tipo_token FROM classificacoes_tokens WHERE BINARY nome_token = "rotinas"));
  INSERT IGNORE INTO classificacoes_tokens (nome_token, id_tipo_token) VALUES ("395", (SELECT id_chave_tipo_token FROM tipos_tokens WHERE nome_tipo_token = "numeral"));
INSERT IGNORE INTO tokens (nome_token, acentuada, id_tipo_token) VALUES ("395", "395", (SELECT id_tipo_token FROM classificacoes_tokens WHERE BINARY nome_token = "395"));
  INSERT IGNORE INTO tokens (nome_token, acentuada, id_tipo_token) VALUES ("competencia", "competência", (SELECT id_tipo_token FROM classificacoes_tokens WHERE BINARY nome_token = "competência"));
  INSERT IGNORE INTO tokens (nome_token, acentuada, id_tipo_token) VALUES ("por", "por", (SELECT id_tipo_token FROM classificacoes_tokens WHERE BINARY nome_token = "por"));
  INSERT IGNORE INTO tokens (nome_token, acentuada, id_tipo_token) VALUES ("selecao", "seleção", (SELECT id_tipo_token FROM classificacoes_tokens WHERE BINARY nome_token = "seleção"));
  INSERT IGNORE INTO tokens (nome_token, acentuada, id_tipo_token) VALUES ("recrutamento", "recrutamento", (SELECT id_tipo_token FROM classificacoes_tokens WHERE BINARY nome_token = "recrutamento"));
  INSERT IGNORE INTO tokens (nome_token, acentuada, id_tipo_token) VALUES ("financistas", "financistas", (SELECT id_tipo_token FROM classificacoes_tokens WHERE BINARY nome_token = "financistas"));
  INSERT IGNORE INTO classificacoes_tokens (nome_token, id_tipo_token) VALUES ("316", (SELECT id_chave_tipo_token FROM tipos_tokens WHERE nome_tipo_token = "numeral"));
INSERT IGNORE INTO tokens (nome_token, acentuada, id_tipo_token) VALUES ("316", "316", (SELECT id_tipo_token FROM classificacoes_tokens WHERE BINARY nome_token = "316"));
  INSERT IGNORE INTO tokens (nome_token, acentuada, id_tipo_token) VALUES ("logisticas", "logísticas", (SELECT id_tipo_token FROM classificacoes_tokens WHERE BINARY nome_token = "logísticas"));
  INSERT IGNORE INTO tokens (nome_token, acentuada, id_tipo_token) VALUES ("precos", "preços", (SELECT id_tipo_token FROM classificacoes_tokens WHERE BINARY nome_token = "preços"));
  INSERT IGNORE INTO tokens (nome_token, acentuada, id_tipo_token) VALUES ("custos", "custos", (SELECT id_tipo_token FROM classificacoes_tokens WHERE BINARY nome_token = "custos"));
  INSERT IGNORE INTO classificacoes_tokens (nome_token, id_tipo_token) VALUES ("1909", (SELECT id_chave_tipo_token FROM tipos_tokens WHERE nome_tipo_token = "numeral"));
INSERT IGNORE INTO tokens (nome_token, acentuada, id_tipo_token) VALUES ("1909", "1909", (SELECT id_tipo_token FROM classificacoes_tokens WHERE BINARY nome_token = "1909"));
  INSERT IGNORE INTO tokens (nome_token, acentuada, id_tipo_token) VALUES ("escritorio", "escritório", (SELECT id_tipo_token FROM classificacoes_tokens WHERE BINARY nome_token = "escritório"));
  INSERT IGNORE INTO tokens (nome_token, acentuada, id_tipo_token) VALUES ("administrativas", "administrativas", (SELECT id_tipo_token FROM classificacoes_tokens WHERE BINARY nome_token = "administrativas"));
  INSERT IGNORE INTO classificacoes_tokens (nome_token, id_tipo_token) VALUES ("302", (SELECT id_chave_tipo_token FROM tipos_tokens WHERE nome_tipo_token = "numeral"));
INSERT IGNORE INTO tokens (nome_token, acentuada, id_tipo_token) VALUES ("302", "302", (SELECT id_tipo_token FROM classificacoes_tokens WHERE BINARY nome_token = "302"));
  INSERT IGNORE INTO tokens (nome_token, acentuada, id_tipo_token) VALUES ("empreendedora", "empreendedora", (SELECT id_tipo_token FROM classificacoes_tokens WHERE BINARY nome_token = "empreendedora"));
  INSERT IGNORE INTO tokens (nome_token, acentuada, id_tipo_token) VALUES ("atitude", "atitude", (SELECT id_tipo_token FROM classificacoes_tokens WHERE BINARY nome_token = "atitude"));
  INSERT IGNORE INTO classificacoes_tokens (nome_token, id_tipo_token) VALUES ("301", (SELECT id_chave_tipo_token FROM tipos_tokens WHERE nome_tipo_token = "numeral"));
INSERT IGNORE INTO tokens (nome_token, acentuada, id_tipo_token) VALUES ("301", "301", (SELECT id_tipo_token FROM classificacoes_tokens WHERE BINARY nome_token = "301"));
  INSERT IGNORE INTO tokens (nome_token, acentuada, id_tipo_token) VALUES ("situacional", "situacional", (SELECT id_tipo_token FROM classificacoes_tokens WHERE BINARY nome_token = "situacional"));
  INSERT IGNORE INTO tokens (nome_token, acentuada, id_tipo_token) VALUES ("contadores", "contadores", (SELECT id_tipo_token FROM classificacoes_tokens WHERE BINARY nome_token = "contadores"));
  INSERT IGNORE INTO tokens (nome_token, acentuada, id_tipo_token) VALUES ("nao", "não", (SELECT id_tipo_token FROM classificacoes_tokens WHERE BINARY nome_token = "não"));
  INSERT IGNORE INTO tokens (nome_token, acentuada, id_tipo_token) VALUES ("nocoes", "noções", (SELECT id_tipo_token FROM classificacoes_tokens WHERE BINARY nome_token = "noções"));
  INSERT IGNORE INTO classificacoes_tokens (nome_token, id_tipo_token) VALUES ("255", (SELECT id_chave_tipo_token FROM tipos_tokens WHERE nome_tipo_token = "numeral"));
INSERT IGNORE INTO tokens (nome_token, acentuada, id_tipo_token) VALUES ("255", "255", (SELECT id_tipo_token FROM classificacoes_tokens WHERE BINARY nome_token = "255"));
  INSERT IGNORE INTO classificacoes_tokens (nome_token, id_tipo_token) VALUES ("278", (SELECT id_chave_tipo_token FROM tipos_tokens WHERE nome_tipo_token = "numeral"));
INSERT IGNORE INTO tokens (nome_token, acentuada, id_tipo_token) VALUES ("278", "278", (SELECT id_tipo_token FROM classificacoes_tokens WHERE BINARY nome_token = "278"));
  INSERT IGNORE INTO tokens (nome_token, acentuada, id_tipo_token) VALUES ("fonte", "fonte", (SELECT id_tipo_token FROM classificacoes_tokens WHERE BINARY nome_token = "fonte"));
  INSERT IGNORE INTO tokens (nome_token, acentuada, id_tipo_token) VALUES ("contribuicoes", "contribuições", (SELECT id_tipo_token FROM classificacoes_tokens WHERE BINARY nome_token = "contribuições"));
  INSERT IGNORE INTO tokens (nome_token, acentuada, id_tipo_token) VALUES ("impostos", "impostos", (SELECT id_tipo_token FROM classificacoes_tokens WHERE BINARY nome_token = "impostos"));
  INSERT IGNORE INTO tokens (nome_token, acentuada, id_tipo_token) VALUES ("retencao", "retenção", (SELECT id_tipo_token FROM classificacoes_tokens WHERE BINARY nome_token = "retenção"));
  INSERT IGNORE INTO tokens (nome_token, acentuada, id_tipo_token) VALUES ("estrategica", "estratégica", (SELECT id_tipo_token FROM classificacoes_tokens WHERE BINARY nome_token = "estratégica"));
  INSERT IGNORE INTO tokens (nome_token, acentuada, id_tipo_token) VALUES ("agil", "ágil", (SELECT id_tipo_token FROM classificacoes_tokens WHERE BINARY nome_token = "ágil"));
  INSERT IGNORE INTO tokens (nome_token, acentuada, id_tipo_token) VALUES ("cobranca", "cobrança", (SELECT id_tipo_token FROM classificacoes_tokens WHERE BINARY nome_token = "cobrança"));
  INSERT IGNORE INTO classificacoes_tokens (nome_token, id_tipo_token) VALUES ("1913", (SELECT id_chave_tipo_token FROM tipos_tokens WHERE nome_tipo_token = "numeral"));
INSERT IGNORE INTO tokens (nome_token, acentuada, id_tipo_token) VALUES ("1913", "1913", (SELECT id_tipo_token FROM classificacoes_tokens WHERE BINARY nome_token = "1913"));
  INSERT IGNORE INTO tokens (nome_token, acentuada, id_tipo_token) VALUES ("tempo", "tempo", (SELECT id_tipo_token FROM classificacoes_tokens WHERE BINARY nome_token = "tempo"));
  INSERT IGNORE INTO tokens (nome_token, acentuada, id_tipo_token) VALUES ("gerenciamento", "gerenciamento", (SELECT id_tipo_token FROM classificacoes_tokens WHERE BINARY nome_token = "gerenciamento"));
  INSERT IGNORE INTO classificacoes_tokens (nome_token, id_tipo_token) VALUES ("223", (SELECT id_chave_tipo_token FROM tipos_tokens WHERE nome_tipo_token = "numeral"));
INSERT IGNORE INTO tokens (nome_token, acentuada, id_tipo_token) VALUES ("223", "223", (SELECT id_tipo_token FROM classificacoes_tokens WHERE BINARY nome_token = "223"));
  INSERT IGNORE INTO tokens (nome_token, acentuada, id_tipo_token) VALUES ("competencias", "competências", (SELECT id_tipo_token FROM classificacoes_tokens WHERE BINARY nome_token = "competências"));
  INSERT IGNORE INTO tokens (nome_token, acentuada, id_tipo_token) VALUES ("foco", "foco", (SELECT id_tipo_token FROM classificacoes_tokens WHERE BINARY nome_token = "foco"));
  INSERT IGNORE INTO tokens (nome_token, acentuada, id_tipo_token) VALUES ("grupo", "grupo", (SELECT id_tipo_token FROM classificacoes_tokens WHERE BINARY nome_token = "grupo"));
  INSERT IGNORE INTO tokens (nome_token, acentuada, id_tipo_token) VALUES ("dinamicas", "dinâmicas", (SELECT id_tipo_token FROM classificacoes_tokens WHERE BINARY nome_token = "dinâmicas"));
  INSERT IGNORE INTO tokens (nome_token, acentuada, id_tipo_token) VALUES ("geral", "geral", (SELECT id_tipo_token FROM classificacoes_tokens WHERE BINARY nome_token = "geral"));
  INSERT IGNORE INTO classificacoes_tokens (nome_token, id_tipo_token) VALUES ("963", (SELECT id_chave_tipo_token FROM tipos_tokens WHERE nome_tipo_token = "numeral"));
INSERT IGNORE INTO tokens (nome_token, acentuada, id_tipo_token) VALUES ("963", "963", (SELECT id_tipo_token FROM classificacoes_tokens WHERE BINARY nome_token = "963"));
  INSERT IGNORE INTO classificacoes_tokens (nome_token, id_tipo_token) VALUES ("202", (SELECT id_chave_tipo_token FROM tipos_tokens WHERE nome_tipo_token = "numeral"));
INSERT IGNORE INTO tokens (nome_token, acentuada, id_tipo_token) VALUES ("202", "202", (SELECT id_tipo_token FROM classificacoes_tokens WHERE BINARY nome_token = "202"));
  INSERT IGNORE INTO tokens (nome_token, acentuada, id_tipo_token) VALUES ("icms", "icms", (SELECT id_tipo_token FROM classificacoes_tokens WHERE BINARY nome_token = "icms"));
  INSERT IGNORE INTO tokens (nome_token, acentuada, id_tipo_token) VALUES ("substituicao", "substituição", (SELECT id_tipo_token FROM classificacoes_tokens WHERE BINARY nome_token = "substituição"));
  INSERT IGNORE INTO tokens (nome_token, acentuada, id_tipo_token) VALUES ("fiscal", "fiscal", (SELECT id_tipo_token FROM classificacoes_tokens WHERE BINARY nome_token = "fiscal"));
  INSERT IGNORE INTO classificacoes_tokens (nome_token, id_tipo_token) VALUES ("201", (SELECT id_chave_tipo_token FROM tipos_tokens WHERE nome_tipo_token = "numeral"));
INSERT IGNORE INTO tokens (nome_token, acentuada, id_tipo_token) VALUES ("201", "201", (SELECT id_tipo_token FROM classificacoes_tokens WHERE BINARY nome_token = "201"));
  INSERT IGNORE INTO tokens (nome_token, acentuada, id_tipo_token) VALUES ("salarios", "salários", (SELECT id_tipo_token FROM classificacoes_tokens WHERE BINARY nome_token = "salários"));
  INSERT IGNORE INTO tokens (nome_token, acentuada, id_tipo_token) VALUES ("cargos", "cargos", (SELECT id_tipo_token FROM classificacoes_tokens WHERE BINARY nome_token = "cargos"));
  INSERT IGNORE INTO tokens (nome_token, acentuada, id_tipo_token) VALUES ("integrada", "integrada", (SELECT id_tipo_token FROM classificacoes_tokens WHERE BINARY nome_token = "integrada"));
  INSERT IGNORE INTO tokens (nome_token, acentuada, id_tipo_token) VALUES ("perfomance", "perfomance", (SELECT id_tipo_token FROM classificacoes_tokens WHERE BINARY nome_token = "perfomance"));
  INSERT IGNORE INTO tokens (nome_token, acentuada, id_tipo_token) VALUES ("alta", "alta", (SELECT id_tipo_token FROM classificacoes_tokens WHERE BINARY nome_token = "alta"));
  INSERT IGNORE INTO tokens (nome_token, acentuada, id_tipo_token) VALUES ("rh", "rh", (SELECT id_tipo_token FROM classificacoes_tokens WHERE BINARY nome_token = "rh"));
  INSERT IGNORE INTO tokens (nome_token, acentuada, id_tipo_token) VALUES ("credito", "crédito", (SELECT id_tipo_token FROM classificacoes_tokens WHERE BINARY nome_token = "crédito"));
  INSERT IGNORE INTO tokens (nome_token, acentuada, id_tipo_token) VALUES ("sindico", "síndico", (SELECT id_tipo_token FROM classificacoes_tokens WHERE BINARY nome_token = "síndico"));
  INSERT IGNORE INTO tokens (nome_token, acentuada, id_tipo_token) VALUES ("administrativos", "administrativos", (SELECT id_tipo_token FROM classificacoes_tokens WHERE BINARY nome_token = "administrativos"));
  INSERT IGNORE INTO tokens (nome_token, acentuada, id_tipo_token) VALUES ("aos", "aos", (SELECT id_tipo_token FROM classificacoes_tokens WHERE BINARY nome_token = "aos"));
  INSERT IGNORE INTO tokens (nome_token, acentuada, id_tipo_token) VALUES ("introducao", "introdução", (SELECT id_tipo_token FROM classificacoes_tokens WHERE BINARY nome_token = "introdução"));
  INSERT IGNORE INTO tokens (nome_token, acentuada, id_tipo_token) VALUES ("despertar", "despertar", (SELECT id_tipo_token FROM classificacoes_tokens WHERE BINARY nome_token = "despertar"));
  INSERT IGNORE INTO tokens (nome_token, acentuada, id_tipo_token) VALUES ("materiais", "materiais", (SELECT id_tipo_token FROM classificacoes_tokens WHERE BINARY nome_token = "materiais"));
  INSERT IGNORE INTO tokens (nome_token, acentuada, id_tipo_token) VALUES ("tributario", "tributário", (SELECT id_tipo_token FROM classificacoes_tokens WHERE BINARY nome_token = "tributário"));
  INSERT IGNORE INTO tokens (nome_token, acentuada, id_tipo_token) VALUES ("tributaria", "tributária", (SELECT id_tipo_token FROM classificacoes_tokens WHERE BINARY nome_token = "tributária"));
  INSERT IGNORE INTO tokens (nome_token, acentuada, id_tipo_token) VALUES ("produtividade", "produtividade", (SELECT id_tipo_token FROM classificacoes_tokens WHERE BINARY nome_token = "produtividade"));
  INSERT IGNORE INTO tokens (nome_token, acentuada, id_tipo_token) VALUES ("motivacao", "motivação", (SELECT id_tipo_token FROM classificacoes_tokens WHERE BINARY nome_token = "motivação"));
  INSERT IGNORE INTO tokens (nome_token, acentuada, id_tipo_token) VALUES ("lideranca", "liderança", (SELECT id_tipo_token FROM classificacoes_tokens WHERE BINARY nome_token = "liderança"));
  INSERT IGNORE INTO tokens (nome_token, acentuada, id_tipo_token) VALUES ("mediador", "mediador", (SELECT id_tipo_token FROM classificacoes_tokens WHERE BINARY nome_token = "mediador"));
  INSERT IGNORE INTO tokens (nome_token, acentuada, id_tipo_token) VALUES ("lider", "líder", (SELECT id_tipo_token FROM classificacoes_tokens WHERE BINARY nome_token = "líder"));
  INSERT IGNORE INTO classificacoes_tokens (nome_token, id_tipo_token) VALUES ("159", (SELECT id_chave_tipo_token FROM tipos_tokens WHERE nome_tipo_token = "numeral"));
INSERT IGNORE INTO tokens (nome_token, acentuada, id_tipo_token) VALUES ("159", "159", (SELECT id_tipo_token FROM classificacoes_tokens WHERE BINARY nome_token = "159"));
  INSERT IGNORE INTO tokens (nome_token, acentuada, id_tipo_token) VALUES ("aplicado", "aplicado", (SELECT id_tipo_token FROM classificacoes_tokens WHERE BINARY nome_token = "aplicado"));
  INSERT IGNORE INTO tokens (nome_token, acentuada, id_tipo_token) VALUES ("5s", "5s", (SELECT id_tipo_token FROM classificacoes_tokens WHERE BINARY nome_token = "5s"));
  INSERT IGNORE INTO tokens (nome_token, acentuada, id_tipo_token) VALUES ("administrativo", "administrativo", (SELECT id_tipo_token FROM classificacoes_tokens WHERE BINARY nome_token = "administrativo"));
  INSERT IGNORE INTO classificacoes_tokens (nome_token, id_tipo_token) VALUES ("3098", (SELECT id_chave_tipo_token FROM tipos_tokens WHERE nome_tipo_token = "numeral"));
INSERT IGNORE INTO tokens (nome_token, acentuada, id_tipo_token) VALUES ("3098", "3098", (SELECT id_tipo_token FROM classificacoes_tokens WHERE BINARY nome_token = "3098"));
  INSERT IGNORE INTO tokens (nome_token, acentuada, id_tipo_token) VALUES ("organizacoes", "organizações", (SELECT id_tipo_token FROM classificacoes_tokens WHERE BINARY nome_token = "organizações"));
  INSERT IGNORE INTO classificacoes_tokens (nome_token, id_tipo_token) VALUES ("205", (SELECT id_chave_tipo_token FROM tipos_tokens WHERE nome_tipo_token = "numeral"));
INSERT IGNORE INTO tokens (nome_token, acentuada, id_tipo_token) VALUES ("205", "205", (SELECT id_tipo_token FROM classificacoes_tokens WHERE BINARY nome_token = "205"));
  INSERT IGNORE INTO tokens (nome_token, acentuada, id_tipo_token) VALUES ("financas", "finanças", (SELECT id_tipo_token FROM classificacoes_tokens WHERE BINARY nome_token = "finanças"));
  INSERT IGNORE INTO tokens (nome_token, acentuada, id_tipo_token) VALUES ("contabilidade", "contabilidade", (SELECT id_tipo_token FROM classificacoes_tokens WHERE BINARY nome_token = "contabilidade"));
  INSERT IGNORE INTO classificacoes_tokens (nome_token, id_tipo_token) VALUES ("3112", (SELECT id_chave_tipo_token FROM tipos_tokens WHERE nome_tipo_token = "numeral"));
INSERT IGNORE INTO tokens (nome_token, acentuada, id_tipo_token) VALUES ("3112", "3112", (SELECT id_tipo_token FROM classificacoes_tokens WHERE BINARY nome_token = "3112"));
  INSERT IGNORE INTO tokens (nome_token, acentuada, id_tipo_token) VALUES ("coaching", "coaching", (SELECT id_tipo_token FROM classificacoes_tokens WHERE BINARY nome_token = "coaching"));
  INSERT IGNORE INTO tokens (nome_token, acentuada, id_tipo_token) VALUES ("resultados", "resultados", (SELECT id_tipo_token FROM classificacoes_tokens WHERE BINARY nome_token = "resultados"));
  INSERT IGNORE INTO tokens (nome_token, acentuada, id_tipo_token) VALUES ("potencializando", "potencializando", (SELECT id_tipo_token FROM classificacoes_tokens WHERE BINARY nome_token = "potencializando"));
  INSERT IGNORE INTO tokens (nome_token, acentuada, id_tipo_token) VALUES ("autodesenvolvimento", "autodesenvolvimento", (SELECT id_tipo_token FROM classificacoes_tokens WHERE BINARY nome_token = "autodesenvolvimento"));
  INSERT IGNORE INTO classificacoes_tokens (nome_token, id_tipo_token) VALUES ("1601", (SELECT id_chave_tipo_token FROM tipos_tokens WHERE nome_tipo_token = "numeral"));
INSERT IGNORE INTO tokens (nome_token, acentuada, id_tipo_token) VALUES ("1601", "1601", (SELECT id_tipo_token FROM classificacoes_tokens WHERE BINARY nome_token = "1601"));
  INSERT IGNORE INTO tokens (nome_token, acentuada, id_tipo_token) VALUES ("plano", "plano", (SELECT id_tipo_token FROM classificacoes_tokens WHERE BINARY nome_token = "plano"));
  INSERT IGNORE INTO classificacoes_tokens (nome_token, id_tipo_token) VALUES ("1582", (SELECT id_chave_tipo_token FROM tipos_tokens WHERE nome_tipo_token = "numeral"));
INSERT IGNORE INTO tokens (nome_token, acentuada, id_tipo_token) VALUES ("1582", "1582", (SELECT id_tipo_token FROM classificacoes_tokens WHERE BINARY nome_token = "1582"));
  INSERT IGNORE INTO tokens (nome_token, acentuada, id_tipo_token) VALUES ("contratos", "contratos", (SELECT id_tipo_token FROM classificacoes_tokens WHERE BINARY nome_token = "contratos"));
  INSERT IGNORE INTO tokens (nome_token, acentuada, id_tipo_token) VALUES ("licitacoes", "licitações", (SELECT id_tipo_token FROM classificacoes_tokens WHERE BINARY nome_token = "licitações"));
  INSERT IGNORE INTO classificacoes_tokens (nome_token, id_tipo_token) VALUES ("179", (SELECT id_chave_tipo_token FROM tipos_tokens WHERE nome_tipo_token = "numeral"));
INSERT IGNORE INTO tokens (nome_token, acentuada, id_tipo_token) VALUES ("179", "179", (SELECT id_tipo_token FROM classificacoes_tokens WHERE BINARY nome_token = "179"));
  INSERT IGNORE INTO classificacoes_tokens (nome_token, id_tipo_token) VALUES ("173", (SELECT id_chave_tipo_token FROM tipos_tokens WHERE nome_tipo_token = "numeral"));
INSERT IGNORE INTO tokens (nome_token, acentuada, id_tipo_token) VALUES ("173", "173", (SELECT id_tipo_token FROM classificacoes_tokens WHERE BINARY nome_token = "173"));
  INSERT IGNORE INTO tokens (nome_token, acentuada, id_tipo_token) VALUES ("recepcao", "recepção", (SELECT id_tipo_token FROM classificacoes_tokens WHERE BINARY nome_token = "recepção"));
  INSERT IGNORE INTO classificacoes_tokens (nome_token, id_tipo_token) VALUES ("965", (SELECT id_chave_tipo_token FROM tipos_tokens WHERE nome_tipo_token = "numeral"));
INSERT IGNORE INTO tokens (nome_token, acentuada, id_tipo_token) VALUES ("965", "965", (SELECT id_tipo_token FROM classificacoes_tokens WHERE BINARY nome_token = "965"));
  INSERT IGNORE INTO tokens (nome_token, acentuada, id_tipo_token) VALUES ("fazer", "fazer", (SELECT id_tipo_token FROM classificacoes_tokens WHERE BINARY nome_token = "fazer"));
  INSERT IGNORE INTO tokens (nome_token, acentuada, id_tipo_token) VALUES ("fisica", "física", (SELECT id_tipo_token FROM classificacoes_tokens WHERE BINARY nome_token = "física"));
  INSERT IGNORE INTO tokens (nome_token, acentuada, id_tipo_token) VALUES ("renda", "renda", (SELECT id_tipo_token FROM classificacoes_tokens WHERE BINARY nome_token = "renda"));
  INSERT IGNORE INTO tokens (nome_token, acentuada, id_tipo_token) VALUES ("imposto", "imposto", (SELECT id_tipo_token FROM classificacoes_tokens WHERE BINARY nome_token = "imposto"));
  INSERT IGNORE INTO tokens (nome_token, acentuada, id_tipo_token) VALUES ("declaracao", "declaração", (SELECT id_tipo_token FROM classificacoes_tokens WHERE BINARY nome_token = "declaração"));
  INSERT IGNORE INTO classificacoes_tokens (nome_token, id_tipo_token) VALUES ("964", (SELECT id_chave_tipo_token FROM tipos_tokens WHERE nome_tipo_token = "numeral"));
INSERT IGNORE INTO tokens (nome_token, acentuada, id_tipo_token) VALUES ("964", "964", (SELECT id_tipo_token FROM classificacoes_tokens WHERE BINARY nome_token = "964"));
  INSERT IGNORE INTO tokens (nome_token, acentuada, id_tipo_token) VALUES ("pagamento", "pagamento", (SELECT id_tipo_token FROM classificacoes_tokens WHERE BINARY nome_token = "pagamento"));
  INSERT IGNORE INTO tokens (nome_token, acentuada, id_tipo_token) VALUES ("folha", "folha", (SELECT id_tipo_token FROM classificacoes_tokens WHERE BINARY nome_token = "folha"));
  INSERT IGNORE INTO tokens (nome_token, acentuada, id_tipo_token) VALUES ("calculo", "cálculo", (SELECT id_tipo_token FROM classificacoes_tokens WHERE BINARY nome_token = "cálculo"));
  INSERT IGNORE INTO classificacoes_tokens (nome_token, id_tipo_token) VALUES ("796", (SELECT id_chave_tipo_token FROM tipos_tokens WHERE nome_tipo_token = "numeral"));
INSERT IGNORE INTO tokens (nome_token, acentuada, id_tipo_token) VALUES ("796", "796", (SELECT id_tipo_token FROM classificacoes_tokens WHERE BINARY nome_token = "796"));
  INSERT IGNORE INTO tokens (nome_token, acentuada, id_tipo_token) VALUES ("beneficios", "benefícios", (SELECT id_tipo_token FROM classificacoes_tokens WHERE BINARY nome_token = "benefícios"));
  INSERT IGNORE INTO tokens (nome_token, acentuada, id_tipo_token) VALUES ("demissao", "demissão", (SELECT id_tipo_token FROM classificacoes_tokens WHERE BINARY nome_token = "demissão"));
  INSERT IGNORE INTO tokens (nome_token, acentuada, id_tipo_token) VALUES ("admissao", "admissão", (SELECT id_tipo_token FROM classificacoes_tokens WHERE BINARY nome_token = "admissão"));
  INSERT IGNORE INTO tokens (nome_token, acentuada, id_tipo_token) VALUES ("departamento", "departamento", (SELECT id_tipo_token FROM classificacoes_tokens WHERE BINARY nome_token = "departamento"));
  INSERT IGNORE INTO classificacoes_tokens (nome_token, id_tipo_token) VALUES ("177", (SELECT id_chave_tipo_token FROM tipos_tokens WHERE nome_tipo_token = "numeral"));
INSERT IGNORE INTO tokens (nome_token, acentuada, id_tipo_token) VALUES ("177", "177", (SELECT id_tipo_token FROM classificacoes_tokens WHERE BINARY nome_token = "177"));
  INSERT IGNORE INTO classificacoes_tokens (nome_token, id_tipo_token) VALUES ("3111", (SELECT id_chave_tipo_token FROM tipos_tokens WHERE nome_tipo_token = "numeral"));
INSERT IGNORE INTO tokens (nome_token, acentuada, id_tipo_token) VALUES ("3111", "3111", (SELECT id_tipo_token FROM classificacoes_tokens WHERE BINARY nome_token = "3111"));
  INSERT IGNORE INTO classificacoes_tokens (nome_token, id_tipo_token) VALUES ("1671", (SELECT id_chave_tipo_token FROM tipos_tokens WHERE nome_tipo_token = "numeral"));
INSERT IGNORE INTO tokens (nome_token, acentuada, id_tipo_token) VALUES ("1671", "1671", (SELECT id_tipo_token FROM classificacoes_tokens WHERE BINARY nome_token = "1671"));
  INSERT IGNORE INTO tokens (nome_token, acentuada, id_tipo_token) VALUES ("operacoes", "operações", (SELECT id_tipo_token FROM classificacoes_tokens WHERE BINARY nome_token = "operações"));
  INSERT IGNORE INTO classificacoes_tokens (nome_token, id_tipo_token) VALUES ("793", (SELECT id_chave_tipo_token FROM tipos_tokens WHERE nome_tipo_token = "numeral"));
INSERT IGNORE INTO tokens (nome_token, acentuada, id_tipo_token) VALUES ("793", "793", (SELECT id_tipo_token FROM classificacoes_tokens WHERE BINARY nome_token = "793"));
  INSERT IGNORE INTO tokens (nome_token, acentuada, id_tipo_token) VALUES ("almoxarife", "almoxarife", (SELECT id_tipo_token FROM classificacoes_tokens WHERE BINARY nome_token = "almoxarife"));
  INSERT IGNORE INTO classificacoes_tokens (nome_token, id_tipo_token) VALUES ("3115", (SELECT id_chave_tipo_token FROM tipos_tokens WHERE nome_tipo_token = "numeral"));
INSERT IGNORE INTO tokens (nome_token, acentuada, id_tipo_token) VALUES ("3115", "3115", (SELECT id_tipo_token FROM classificacoes_tokens WHERE BINARY nome_token = "3115"));
  INSERT IGNORE INTO tokens (nome_token, acentuada, id_tipo_token) VALUES ("humanos", "humanos", (SELECT id_tipo_token FROM classificacoes_tokens WHERE BINARY nome_token = "humanos"));
  INSERT IGNORE INTO classificacoes_tokens (nome_token, id_tipo_token) VALUES ("3102", (SELECT id_chave_tipo_token FROM tipos_tokens WHERE nome_tipo_token = "numeral"));
INSERT IGNORE INTO tokens (nome_token, acentuada, id_tipo_token) VALUES ("3102", "3102", (SELECT id_tipo_token FROM classificacoes_tokens WHERE BINARY nome_token = "3102"));
  INSERT IGNORE INTO tokens (nome_token, acentuada, id_tipo_token) VALUES ("local", "local", (SELECT id_tipo_token FROM classificacoes_tokens WHERE BINARY nome_token = "local"));
  INSERT IGNORE INTO classificacoes_tokens (nome_token, id_tipo_token) VALUES ("511", (SELECT id_chave_tipo_token FROM tipos_tokens WHERE nome_tipo_token = "numeral"));
INSERT IGNORE INTO tokens (nome_token, acentuada, id_tipo_token) VALUES ("511", "511", (SELECT id_tipo_token FROM classificacoes_tokens WHERE BINARY nome_token = "511"));
  INSERT IGNORE INTO classificacoes_tokens (nome_token, id_tipo_token) VALUES ("2830", (SELECT id_chave_tipo_token FROM tipos_tokens WHERE nome_tipo_token = "numeral"));
INSERT IGNORE INTO tokens (nome_token, acentuada, id_tipo_token) VALUES ("2830", "2830", (SELECT id_tipo_token FROM classificacoes_tokens WHERE BINARY nome_token = "2830"));
  INSERT IGNORE INTO classificacoes_tokens (nome_token, id_tipo_token) VALUES ("3104", (SELECT id_chave_tipo_token FROM tipos_tokens WHERE nome_tipo_token = "numeral"));
INSERT IGNORE INTO tokens (nome_token, acentuada, id_tipo_token) VALUES ("3104", "3104", (SELECT id_tipo_token FROM classificacoes_tokens WHERE BINARY nome_token = "3104"));
  INSERT IGNORE INTO tokens (nome_token, acentuada, id_tipo_token) VALUES ("controle", "controle", (SELECT id_tipo_token FROM classificacoes_tokens WHERE BINARY nome_token = "controle"));
  INSERT IGNORE INTO tokens (nome_token, acentuada, id_tipo_token) VALUES ("programacao", "programação", (SELECT id_tipo_token FROM classificacoes_tokens WHERE BINARY nome_token = "programação"));
  INSERT IGNORE INTO classificacoes_tokens (nome_token, id_tipo_token) VALUES ("1767", (SELECT id_chave_tipo_token FROM tipos_tokens WHERE nome_tipo_token = "numeral"));
INSERT IGNORE INTO tokens (nome_token, acentuada, id_tipo_token) VALUES ("1767", "1767", (SELECT id_tipo_token FROM classificacoes_tokens WHERE BINARY nome_token = "1767"));
  INSERT IGNORE INTO tokens (nome_token, acentuada, id_tipo_token) VALUES ("faturamento", "faturamento", (SELECT id_tipo_token FROM classificacoes_tokens WHERE BINARY nome_token = "faturamento"));
  INSERT IGNORE INTO classificacoes_tokens (nome_token, id_tipo_token) VALUES ("1584", (SELECT id_chave_tipo_token FROM tipos_tokens WHERE nome_tipo_token = "numeral"));
INSERT IGNORE INTO tokens (nome_token, acentuada, id_tipo_token) VALUES ("1584", "1584", (SELECT id_tipo_token FROM classificacoes_tokens WHERE BINARY nome_token = "1584"));
  INSERT IGNORE INTO classificacoes_tokens (nome_token, id_tipo_token) VALUES ("1528", (SELECT id_chave_tipo_token FROM tipos_tokens WHERE nome_tipo_token = "numeral"));
INSERT IGNORE INTO tokens (nome_token, acentuada, id_tipo_token) VALUES ("1528", "1528", (SELECT id_tipo_token FROM classificacoes_tokens WHERE BINARY nome_token = "1528"));
  INSERT IGNORE INTO classificacoes_tokens (nome_token, id_tipo_token) VALUES ("3110", (SELECT id_chave_tipo_token FROM tipos_tokens WHERE nome_tipo_token = "numeral"));
INSERT IGNORE INTO tokens (nome_token, acentuada, id_tipo_token) VALUES ("3110", "3110", (SELECT id_tipo_token FROM classificacoes_tokens WHERE BINARY nome_token = "3110"));
  INSERT IGNORE INTO tokens (nome_token, acentuada, id_tipo_token) VALUES ("trabalhista", "trabalhista", (SELECT id_tipo_token FROM classificacoes_tokens WHERE BINARY nome_token = "trabalhista"));
  INSERT IGNORE INTO tokens (nome_token, acentuada, id_tipo_token) VALUES ("legislacao", "legislação", (SELECT id_tipo_token FROM classificacoes_tokens WHERE BINARY nome_token = "legislação"));
  INSERT IGNORE INTO classificacoes_tokens (nome_token, id_tipo_token) VALUES ("1647", (SELECT id_chave_tipo_token FROM tipos_tokens WHERE nome_tipo_token = "numeral"));
INSERT IGNORE INTO tokens (nome_token, acentuada, id_tipo_token) VALUES ("1647", "1647", (SELECT id_tipo_token FROM classificacoes_tokens WHERE BINARY nome_token = "1647"));
  INSERT IGNORE INTO classificacoes_tokens (nome_token, id_tipo_token) VALUES ("237", (SELECT id_chave_tipo_token FROM tipos_tokens WHERE nome_tipo_token = "numeral"));
INSERT IGNORE INTO tokens (nome_token, acentuada, id_tipo_token) VALUES ("237", "237", (SELECT id_tipo_token FROM classificacoes_tokens WHERE BINARY nome_token = "237"));
  INSERT IGNORE INTO classificacoes_tokens (nome_token, id_tipo_token) VALUES ("815", (SELECT id_chave_tipo_token FROM tipos_tokens WHERE nome_tipo_token = "numeral"));
INSERT IGNORE INTO tokens (nome_token, acentuada, id_tipo_token) VALUES ("815", "815", (SELECT id_tipo_token FROM classificacoes_tokens WHERE BINARY nome_token = "815"));
  INSERT IGNORE INTO classificacoes_tokens (nome_token, id_tipo_token) VALUES ("2459", (SELECT id_chave_tipo_token FROM tipos_tokens WHERE nome_tipo_token = "numeral"));
INSERT IGNORE INTO tokens (nome_token, acentuada, id_tipo_token) VALUES ("2459", "2459", (SELECT id_tipo_token FROM classificacoes_tokens WHERE BINARY nome_token = "2459"));
  INSERT IGNORE INTO classificacoes_tokens (nome_token, id_tipo_token) VALUES ("238", (SELECT id_chave_tipo_token FROM tipos_tokens WHERE nome_tipo_token = "numeral"));
INSERT IGNORE INTO tokens (nome_token, acentuada, id_tipo_token) VALUES ("238", "238", (SELECT id_tipo_token FROM classificacoes_tokens WHERE BINARY nome_token = "238"));
  INSERT IGNORE INTO classificacoes_tokens (nome_token, id_tipo_token) VALUES ("170", (SELECT id_chave_tipo_token FROM tipos_tokens WHERE nome_tipo_token = "numeral"));
INSERT IGNORE INTO tokens (nome_token, acentuada, id_tipo_token) VALUES ("170", "170", (SELECT id_tipo_token FROM classificacoes_tokens WHERE BINARY nome_token = "170"));
  INSERT IGNORE INTO tokens (nome_token, acentuada, id_tipo_token) VALUES ("salvador", "salvador", (SELECT id_tipo_token FROM classificacoes_tokens WHERE BINARY nome_token = "salvador"));
  INSERT IGNORE INTO classificacoes_tokens (nome_token, id_tipo_token) VALUES ("750", (SELECT id_chave_tipo_token FROM tipos_tokens WHERE nome_tipo_token = "numeral"));
INSERT IGNORE INTO tokens (nome_token, acentuada, id_tipo_token) VALUES ("750", "750", (SELECT id_tipo_token FROM classificacoes_tokens WHERE BINARY nome_token = "750"));
  INSERT IGNORE INTO tokens (nome_token, acentuada, id_tipo_token) VALUES ("ba", "ba", (SELECT id_tipo_token FROM classificacoes_tokens WHERE BINARY nome_token = "ba"));
  INSERT IGNORE INTO classificacoes_tokens (nome_token, id_tipo_token) VALUES ("2453", (SELECT id_chave_tipo_token FROM tipos_tokens WHERE nome_tipo_token = "numeral"));
INSERT IGNORE INTO tokens (nome_token, acentuada, id_tipo_token) VALUES ("2453", "2453", (SELECT id_tipo_token FROM classificacoes_tokens WHERE BINARY nome_token = "2453"));
  INSERT IGNORE INTO classificacoes_tokens (nome_token, id_tipo_token) VALUES ("87", (SELECT id_chave_tipo_token FROM tipos_tokens WHERE nome_tipo_token = "numeral"));
INSERT IGNORE INTO tokens (nome_token, acentuada, id_tipo_token) VALUES ("87", "87", (SELECT id_tipo_token FROM classificacoes_tokens WHERE BINARY nome_token = "87"));
  INSERT IGNORE INTO classificacoes_tokens (nome_token, id_tipo_token) VALUES ("2518", (SELECT id_chave_tipo_token FROM tipos_tokens WHERE nome_tipo_token = "numeral"));
INSERT IGNORE INTO tokens (nome_token, acentuada, id_tipo_token) VALUES ("2518", "2518", (SELECT id_tipo_token FROM classificacoes_tokens WHERE BINARY nome_token = "2518"));
  INSERT IGNORE INTO classificacoes_tokens (nome_token, id_tipo_token) VALUES ("191", (SELECT id_chave_tipo_token FROM tipos_tokens WHERE nome_tipo_token = "numeral"));
INSERT IGNORE INTO tokens (nome_token, acentuada, id_tipo_token) VALUES ("191", "191", (SELECT id_tipo_token FROM classificacoes_tokens WHERE BINARY nome_token = "191"));
  INSERT IGNORE INTO classificacoes_tokens (nome_token, id_tipo_token) VALUES ("2478", (SELECT id_chave_tipo_token FROM tipos_tokens WHERE nome_tipo_token = "numeral"));
INSERT IGNORE INTO tokens (nome_token, acentuada, id_tipo_token) VALUES ("2478", "2478", (SELECT id_tipo_token FROM classificacoes_tokens WHERE BINARY nome_token = "2478"));
  INSERT IGNORE INTO classificacoes_tokens (nome_token, id_tipo_token) VALUES ("234", (SELECT id_chave_tipo_token FROM tipos_tokens WHERE nome_tipo_token = "numeral"));
INSERT IGNORE INTO tokens (nome_token, acentuada, id_tipo_token) VALUES ("234", "234", (SELECT id_tipo_token FROM classificacoes_tokens WHERE BINARY nome_token = "234"));
  INSERT IGNORE INTO classificacoes_tokens (nome_token, id_tipo_token) VALUES ("196", (SELECT id_chave_tipo_token FROM tipos_tokens WHERE nome_tipo_token = "numeral"));
INSERT IGNORE INTO tokens (nome_token, acentuada, id_tipo_token) VALUES ("196", "196", (SELECT id_tipo_token FROM classificacoes_tokens WHERE BINARY nome_token = "196"));
  INSERT IGNORE INTO classificacoes_tokens (nome_token, id_tipo_token) VALUES ("2443", (SELECT id_chave_tipo_token FROM tipos_tokens WHERE nome_tipo_token = "numeral"));
INSERT IGNORE INTO tokens (nome_token, acentuada, id_tipo_token) VALUES ("2443", "2443", (SELECT id_tipo_token FROM classificacoes_tokens WHERE BINARY nome_token = "2443"));
  INSERT IGNORE INTO classificacoes_tokens (nome_token, id_tipo_token) VALUES ("475", (SELECT id_chave_tipo_token FROM tipos_tokens WHERE nome_tipo_token = "numeral"));
INSERT IGNORE INTO tokens (nome_token, acentuada, id_tipo_token) VALUES ("475", "475", (SELECT id_tipo_token FROM classificacoes_tokens WHERE BINARY nome_token = "475"));
  INSERT IGNORE INTO classificacoes_tokens (nome_token, id_tipo_token) VALUES ("798", (SELECT id_chave_tipo_token FROM tipos_tokens WHERE nome_tipo_token = "numeral"));
INSERT IGNORE INTO tokens (nome_token, acentuada, id_tipo_token) VALUES ("798", "798", (SELECT id_tipo_token FROM classificacoes_tokens WHERE BINARY nome_token = "798"));
  INSERT IGNORE INTO classificacoes_tokens (nome_token, id_tipo_token) VALUES ("309", (SELECT id_chave_tipo_token FROM tipos_tokens WHERE nome_tipo_token = "numeral"));
INSERT IGNORE INTO tokens (nome_token, acentuada, id_tipo_token) VALUES ("309", "309", (SELECT id_tipo_token FROM classificacoes_tokens WHERE BINARY nome_token = "309"));
  INSERT IGNORE INTO classificacoes_tokens (nome_token, id_tipo_token) VALUES ("463", (SELECT id_chave_tipo_token FROM tipos_tokens WHERE nome_tipo_token = "numeral"));
INSERT IGNORE INTO tokens (nome_token, acentuada, id_tipo_token) VALUES ("463", "463", (SELECT id_tipo_token FROM classificacoes_tokens WHERE BINARY nome_token = "463"));
  INSERT IGNORE INTO tokens (nome_token, acentuada, id_tipo_token) VALUES ("salgados", "salgados", (SELECT id_tipo_token FROM classificacoes_tokens WHERE BINARY nome_token = "salgados"));
  INSERT IGNORE INTO tokens (nome_token, acentuada, id_tipo_token) VALUES ("preparacao", "preparação", (SELECT id_tipo_token FROM classificacoes_tokens WHERE BINARY nome_token = "preparação"));
  INSERT IGNORE INTO classificacoes_tokens (nome_token, id_tipo_token) VALUES ("240", (SELECT id_chave_tipo_token FROM tipos_tokens WHERE nome_tipo_token = "numeral"));
INSERT IGNORE INTO tokens (nome_token, acentuada, id_tipo_token) VALUES ("240", "240", (SELECT id_tipo_token FROM classificacoes_tokens WHERE BINARY nome_token = "240"));
  INSERT IGNORE INTO tokens (nome_token, acentuada, id_tipo_token) VALUES ("salgadas", "salgadas", (SELECT id_tipo_token FROM classificacoes_tokens WHERE BINARY nome_token = "salgadas"));
  INSERT IGNORE INTO tokens (nome_token, acentuada, id_tipo_token) VALUES ("doces", "doces", (SELECT id_tipo_token FROM classificacoes_tokens WHERE BINARY nome_token = "doces"));
  INSERT IGNORE INTO tokens (nome_token, acentuada, id_tipo_token) VALUES ("pizzas", "pizzas", (SELECT id_tipo_token FROM classificacoes_tokens WHERE BINARY nome_token = "pizzas"));
  INSERT IGNORE INTO classificacoes_tokens (nome_token, id_tipo_token) VALUES ("313", (SELECT id_chave_tipo_token FROM tipos_tokens WHERE nome_tipo_token = "numeral"));
INSERT IGNORE INTO tokens (nome_token, acentuada, id_tipo_token) VALUES ("313", "313", (SELECT id_tipo_token FROM classificacoes_tokens WHERE BINARY nome_token = "313"));
  INSERT IGNORE INTO tokens (nome_token, acentuada, id_tipo_token) VALUES ("bases", "bases", (SELECT id_tipo_token FROM classificacoes_tokens WHERE BINARY nome_token = "bases"));
  INSERT IGNORE INTO classificacoes_tokens (nome_token, id_tipo_token) VALUES ("526", (SELECT id_chave_tipo_token FROM tipos_tokens WHERE nome_tipo_token = "numeral"));
INSERT IGNORE INTO tokens (nome_token, acentuada, id_tipo_token) VALUES ("526", "526", (SELECT id_tipo_token FROM classificacoes_tokens WHERE BINARY nome_token = "526"));
  INSERT IGNORE INTO classificacoes_tokens (nome_token, id_tipo_token) VALUES ("466", (SELECT id_chave_tipo_token FROM tipos_tokens WHERE nome_tipo_token = "numeral"));
INSERT IGNORE INTO tokens (nome_token, acentuada, id_tipo_token) VALUES ("466", "466", (SELECT id_tipo_token FROM classificacoes_tokens WHERE BINARY nome_token = "466"));
  INSERT IGNORE INTO tokens (nome_token, acentuada, id_tipo_token) VALUES ("artesanal", "artesanal", (SELECT id_tipo_token FROM classificacoes_tokens WHERE BINARY nome_token = "artesanal"));
  INSERT IGNORE INTO tokens (nome_token, acentuada, id_tipo_token) VALUES ("hamburguer", "hamburguer", (SELECT id_tipo_token FROM classificacoes_tokens WHERE BINARY nome_token = "hamburguer"));
  INSERT IGNORE INTO classificacoes_tokens (nome_token, id_tipo_token) VALUES ("306", (SELECT id_chave_tipo_token FROM tipos_tokens WHERE nome_tipo_token = "numeral"));
INSERT IGNORE INTO tokens (nome_token, acentuada, id_tipo_token) VALUES ("306", "306", (SELECT id_tipo_token FROM classificacoes_tokens WHERE BINARY nome_token = "306"));
  INSERT IGNORE INTO classificacoes_tokens (nome_token, id_tipo_token) VALUES ("431", (SELECT id_chave_tipo_token FROM tipos_tokens WHERE nome_tipo_token = "numeral"));
INSERT IGNORE INTO tokens (nome_token, acentuada, id_tipo_token) VALUES ("431", "431", (SELECT id_tipo_token FROM classificacoes_tokens WHERE BINARY nome_token = "431"));
  INSERT IGNORE INTO classificacoes_tokens (nome_token, id_tipo_token) VALUES ("412", (SELECT id_chave_tipo_token FROM tipos_tokens WHERE nome_tipo_token = "numeral"));
INSERT IGNORE INTO tokens (nome_token, acentuada, id_tipo_token) VALUES ("412", "412", (SELECT id_tipo_token FROM classificacoes_tokens WHERE BINARY nome_token = "412"));
  INSERT IGNORE INTO tokens (nome_token, acentuada, id_tipo_token) VALUES ("quiches", "quiches", (SELECT id_tipo_token FROM classificacoes_tokens WHERE BINARY nome_token = "quiches"));
  INSERT IGNORE INTO tokens (nome_token, acentuada, id_tipo_token) VALUES ("tortas", "tortas", (SELECT id_tipo_token FROM classificacoes_tokens WHERE BINARY nome_token = "tortas"));
  INSERT IGNORE INTO classificacoes_tokens (nome_token, id_tipo_token) VALUES ("391", (SELECT id_chave_tipo_token FROM tipos_tokens WHERE nome_tipo_token = "numeral"));
INSERT IGNORE INTO tokens (nome_token, acentuada, id_tipo_token) VALUES ("391", "391", (SELECT id_tipo_token FROM classificacoes_tokens WHERE BINARY nome_token = "391"));
  INSERT IGNORE INTO tokens (nome_token, acentuada, id_tipo_token) VALUES ("botequim", "botequim", (SELECT id_tipo_token FROM classificacoes_tokens WHERE BINARY nome_token = "botequim"));
  INSERT IGNORE INTO classificacoes_tokens (nome_token, id_tipo_token) VALUES ("172", (SELECT id_chave_tipo_token FROM tipos_tokens WHERE nome_tipo_token = "numeral"));
INSERT IGNORE INTO tokens (nome_token, acentuada, id_tipo_token) VALUES ("172", "172", (SELECT id_tipo_token FROM classificacoes_tokens WHERE BINARY nome_token = "172"));
  INSERT IGNORE INTO classificacoes_tokens (nome_token, id_tipo_token) VALUES ("332", (SELECT id_chave_tipo_token FROM tipos_tokens WHERE nome_tipo_token = "numeral"));
INSERT IGNORE INTO tokens (nome_token, acentuada, id_tipo_token) VALUES ("332", "332", (SELECT id_tipo_token FROM classificacoes_tokens WHERE BINARY nome_token = "332"));
  INSERT IGNORE INTO tokens (nome_token, acentuada, id_tipo_token) VALUES ("salgadeiro", "salgadeiro", (SELECT id_tipo_token FROM classificacoes_tokens WHERE BINARY nome_token = "salgadeiro"));
  INSERT IGNORE INTO classificacoes_tokens (nome_token, id_tipo_token) VALUES ("2068", (SELECT id_chave_tipo_token FROM tipos_tokens WHERE nome_tipo_token = "numeral"));
INSERT IGNORE INTO tokens (nome_token, acentuada, id_tipo_token) VALUES ("2068", "2068", (SELECT id_tipo_token FROM classificacoes_tokens WHERE BINARY nome_token = "2068"));
  INSERT IGNORE INTO classificacoes_tokens (nome_token, id_tipo_token) VALUES ("257", (SELECT id_chave_tipo_token FROM tipos_tokens WHERE nome_tipo_token = "numeral"));
INSERT IGNORE INTO tokens (nome_token, acentuada, id_tipo_token) VALUES ("257", "257", (SELECT id_tipo_token FROM classificacoes_tokens WHERE BINARY nome_token = "257"));
  INSERT IGNORE INTO tokens (nome_token, acentuada, id_tipo_token) VALUES ("gourmet", "gourmet", (SELECT id_tipo_token FROM classificacoes_tokens WHERE BINARY nome_token = "gourmet"));
  INSERT IGNORE INTO tokens (nome_token, acentuada, id_tipo_token) VALUES ("hamburguer", "hambúrguer", (SELECT id_tipo_token FROM classificacoes_tokens WHERE BINARY nome_token = "hambúrguer"));
  INSERT IGNORE INTO classificacoes_tokens (nome_token, id_tipo_token) VALUES ("323", (SELECT id_chave_tipo_token FROM tipos_tokens WHERE nome_tipo_token = "numeral"));
INSERT IGNORE INTO tokens (nome_token, acentuada, id_tipo_token) VALUES ("323", "323", (SELECT id_tipo_token FROM classificacoes_tokens WHERE BINARY nome_token = "323"));
  INSERT IGNORE INTO tokens (nome_token, acentuada, id_tipo_token) VALUES ("brasileira", "brasileira", (SELECT id_tipo_token FROM classificacoes_tokens WHERE BINARY nome_token = "brasileira"));
  INSERT IGNORE INTO classificacoes_tokens (nome_token, id_tipo_token) VALUES ("328", (SELECT id_chave_tipo_token FROM tipos_tokens WHERE nome_tipo_token = "numeral"));
INSERT IGNORE INTO tokens (nome_token, acentuada, id_tipo_token) VALUES ("328", "328", (SELECT id_tipo_token FROM classificacoes_tokens WHERE BINARY nome_token = "328"));
  INSERT IGNORE INTO tokens (nome_token, acentuada, id_tipo_token) VALUES ("bebidas", "bebidas", (SELECT id_tipo_token FROM classificacoes_tokens WHERE BINARY nome_token = "bebidas"));
  INSERT IGNORE INTO tokens (nome_token, acentuada, id_tipo_token) VALUES ("ifg", "ifg", (SELECT id_tipo_token FROM classificacoes_tokens WHERE BINARY nome_token = "ifg"));
  INSERT IGNORE INTO classificacoes_tokens (nome_token, id_tipo_token) VALUES ("303", (SELECT id_chave_tipo_token FROM tipos_tokens WHERE nome_tipo_token = "numeral"));
INSERT IGNORE INTO tokens (nome_token, acentuada, id_tipo_token) VALUES ("303", "303", (SELECT id_tipo_token FROM classificacoes_tokens WHERE BINARY nome_token = "303"));
  INSERT IGNORE INTO tokens (nome_token, acentuada, id_tipo_token) VALUES ("italiano", "italiano", (SELECT id_tipo_token FROM classificacoes_tokens WHERE BINARY nome_token = "italiano"));
  INSERT IGNORE INTO classificacoes_tokens (nome_token, id_tipo_token) VALUES ("272", (SELECT id_chave_tipo_token FROM tipos_tokens WHERE nome_tipo_token = "numeral"));
INSERT IGNORE INTO tokens (nome_token, acentuada, id_tipo_token) VALUES ("272", "272", (SELECT id_tipo_token FROM classificacoes_tokens WHERE BINARY nome_token = "272"));
  INSERT IGNORE INTO tokens (nome_token, acentuada, id_tipo_token) VALUES ("arabe", "árabe", (SELECT id_tipo_token FROM classificacoes_tokens WHERE BINARY nome_token = "árabe"));
  INSERT IGNORE INTO classificacoes_tokens (nome_token, id_tipo_token) VALUES ("287", (SELECT id_chave_tipo_token FROM tipos_tokens WHERE nome_tipo_token = "numeral"));
INSERT IGNORE INTO tokens (nome_token, acentuada, id_tipo_token) VALUES ("287", "287", (SELECT id_tipo_token FROM classificacoes_tokens WHERE BINARY nome_token = "287"));
  INSERT IGNORE INTO tokens (nome_token, acentuada, id_tipo_token) VALUES ("latte", "latte", (SELECT id_tipo_token FROM classificacoes_tokens WHERE BINARY nome_token = "latte"));
  INSERT IGNORE INTO classificacoes_tokens (nome_token, id_tipo_token) VALUES ("144", (SELECT id_chave_tipo_token FROM tipos_tokens WHERE nome_tipo_token = "numeral"));
INSERT IGNORE INTO tokens (nome_token, acentuada, id_tipo_token) VALUES ("144", "144", (SELECT id_tipo_token FROM classificacoes_tokens WHERE BINARY nome_token = "144"));
  INSERT IGNORE INTO tokens (nome_token, acentuada, id_tipo_token) VALUES ("boteco", "boteco", (SELECT id_tipo_token FROM classificacoes_tokens WHERE BINARY nome_token = "boteco"));
  INSERT IGNORE INTO tokens (nome_token, acentuada, id_tipo_token) VALUES ("petiscos", "petiscos", (SELECT id_tipo_token FROM classificacoes_tokens WHERE BINARY nome_token = "petiscos"));
  INSERT IGNORE INTO classificacoes_tokens (nome_token, id_tipo_token) VALUES ("206", (SELECT id_chave_tipo_token FROM tipos_tokens WHERE nome_tipo_token = "numeral"));
INSERT IGNORE INTO tokens (nome_token, acentuada, id_tipo_token) VALUES ("206", "206", (SELECT id_tipo_token FROM classificacoes_tokens WHERE BINARY nome_token = "206"));
  INSERT IGNORE INTO tokens (nome_token, acentuada, id_tipo_token) VALUES ("marmitas", "marmitas", (SELECT id_tipo_token FROM classificacoes_tokens WHERE BINARY nome_token = "marmitas"));
  INSERT IGNORE INTO tokens (nome_token, acentuada, id_tipo_token) VALUES ("vegetariana", "vegetariana", (SELECT id_tipo_token FROM classificacoes_tokens WHERE BINARY nome_token = "vegetariana"));
  INSERT IGNORE INTO classificacoes_tokens (nome_token, id_tipo_token) VALUES ("229", (SELECT id_chave_tipo_token FROM tipos_tokens WHERE nome_tipo_token = "numeral"));
INSERT IGNORE INTO tokens (nome_token, acentuada, id_tipo_token) VALUES ("229", "229", (SELECT id_tipo_token FROM classificacoes_tokens WHERE BINARY nome_token = "229"));
  INSERT IGNORE INTO tokens (nome_token, acentuada, id_tipo_token) VALUES ("cafes", "cafés", (SELECT id_tipo_token FROM classificacoes_tokens WHERE BINARY nome_token = "cafés"));
  INSERT IGNORE INTO tokens (nome_token, acentuada, id_tipo_token) VALUES ("metodos", "métodos", (SELECT id_tipo_token FROM classificacoes_tokens WHERE BINARY nome_token = "métodos"));
  INSERT IGNORE INTO classificacoes_tokens (nome_token, id_tipo_token) VALUES ("77", (SELECT id_chave_tipo_token FROM tipos_tokens WHERE nome_tipo_token = "numeral"));
INSERT IGNORE INTO tokens (nome_token, acentuada, id_tipo_token) VALUES ("77", "77", (SELECT id_tipo_token FROM classificacoes_tokens WHERE BINARY nome_token = "77"));
  INSERT IGNORE INTO tokens (nome_token, acentuada, id_tipo_token) VALUES ("massas", "massas", (SELECT id_tipo_token FROM classificacoes_tokens WHERE BINARY nome_token = "massas"));
  INSERT IGNORE INTO tokens (nome_token, acentuada, id_tipo_token) VALUES ("italiana", "italiana", (SELECT id_tipo_token FROM classificacoes_tokens WHERE BINARY nome_token = "italiana"));
  INSERT IGNORE INTO classificacoes_tokens (nome_token, id_tipo_token) VALUES ("228", (SELECT id_chave_tipo_token FROM tipos_tokens WHERE nome_tipo_token = "numeral"));
INSERT IGNORE INTO tokens (nome_token, acentuada, id_tipo_token) VALUES ("228", "228", (SELECT id_tipo_token FROM classificacoes_tokens WHERE BINARY nome_token = "228"));
  INSERT IGNORE INTO tokens (nome_token, acentuada, id_tipo_token) VALUES ("light", "light", (SELECT id_tipo_token FROM classificacoes_tokens WHERE BINARY nome_token = "light"));
  INSERT IGNORE INTO tokens (nome_token, acentuada, id_tipo_token) VALUES ("diet", "diet", (SELECT id_tipo_token FROM classificacoes_tokens WHERE BINARY nome_token = "diet"));
  INSERT IGNORE INTO tokens (nome_token, acentuada, id_tipo_token) VALUES ("macarons", "macarons", (SELECT id_tipo_token FROM classificacoes_tokens WHERE BINARY nome_token = "macarons"));
  INSERT IGNORE INTO tokens (nome_token, acentuada, id_tipo_token) VALUES ("pizzaiolo", "pizzaiolo", (SELECT id_tipo_token FROM classificacoes_tokens WHERE BINARY nome_token = "pizzaiolo"));
  INSERT IGNORE INTO tokens (nome_token, acentuada, id_tipo_token) VALUES ("restaurante", "restaurante", (SELECT id_tipo_token FROM classificacoes_tokens WHERE BINARY nome_token = "restaurante"));
  INSERT IGNORE INTO tokens (nome_token, acentuada, id_tipo_token) VALUES ("bar", "bar", (SELECT id_tipo_token FROM classificacoes_tokens WHERE BINARY nome_token = "bar"));
  INSERT IGNORE INTO tokens (nome_token, acentuada, id_tipo_token) VALUES ("sala", "sala", (SELECT id_tipo_token FROM classificacoes_tokens WHERE BINARY nome_token = "sala"));
  INSERT IGNORE INTO classificacoes_tokens (nome_token, id_tipo_token) VALUES ("29", (SELECT id_chave_tipo_token FROM tipos_tokens WHERE nome_tipo_token = "numeral"));
INSERT IGNORE INTO tokens (nome_token, acentuada, id_tipo_token) VALUES ("29", "29", (SELECT id_tipo_token FROM classificacoes_tokens WHERE BINARY nome_token = "29"));
  INSERT IGNORE INTO classificacoes_tokens (nome_token, id_tipo_token) VALUES ("211", (SELECT id_chave_tipo_token FROM tipos_tokens WHERE nome_tipo_token = "numeral"));
INSERT IGNORE INTO tokens (nome_token, acentuada, id_tipo_token) VALUES ("211", "211", (SELECT id_tipo_token FROM classificacoes_tokens WHERE BINARY nome_token = "211"));
  INSERT IGNORE INTO tokens (nome_token, acentuada, id_tipo_token) VALUES ("embalados", "embalados", (SELECT id_tipo_token FROM classificacoes_tokens WHERE BINARY nome_token = "embalados"));
  INSERT IGNORE INTO tokens (nome_token, acentuada, id_tipo_token) VALUES ("rotulagem", "rotulagem", (SELECT id_tipo_token FROM classificacoes_tokens WHERE BINARY nome_token = "rotulagem"));
  INSERT IGNORE INTO classificacoes_tokens (nome_token, id_tipo_token) VALUES ("167", (SELECT id_chave_tipo_token FROM tipos_tokens WHERE nome_tipo_token = "numeral"));
INSERT IGNORE INTO tokens (nome_token, acentuada, id_tipo_token) VALUES ("167", "167", (SELECT id_tipo_token FROM classificacoes_tokens WHERE BINARY nome_token = "167"));
  INSERT IGNORE INTO tokens (nome_token, acentuada, id_tipo_token) VALUES ("coqueteis", "coquetéis", (SELECT id_tipo_token FROM classificacoes_tokens WHERE BINARY nome_token = "coquetéis"));
  INSERT IGNORE INTO tokens (nome_token, acentuada, id_tipo_token) VALUES ("servico", "serviço", (SELECT id_tipo_token FROM classificacoes_tokens WHERE BINARY nome_token = "serviço"));
  INSERT IGNORE INTO classificacoes_tokens (nome_token, id_tipo_token) VALUES ("2316", (SELECT id_chave_tipo_token FROM tipos_tokens WHERE nome_tipo_token = "numeral"));
INSERT IGNORE INTO tokens (nome_token, acentuada, id_tipo_token) VALUES ("2316", "2316", (SELECT id_tipo_token FROM classificacoes_tokens WHERE BINARY nome_token = "2316"));
  INSERT IGNORE INTO classificacoes_tokens (nome_token, id_tipo_token) VALUES ("207", (SELECT id_chave_tipo_token FROM tipos_tokens WHERE nome_tipo_token = "numeral"));
INSERT IGNORE INTO tokens (nome_token, acentuada, id_tipo_token) VALUES ("207", "207", (SELECT id_tipo_token FROM classificacoes_tokens WHERE BINARY nome_token = "207"));
  INSERT IGNORE INTO tokens (nome_token, acentuada, id_tipo_token) VALUES ("frances", "francês", (SELECT id_tipo_token FROM classificacoes_tokens WHERE BINARY nome_token = "francês"));
  INSERT IGNORE INTO tokens (nome_token, acentuada, id_tipo_token) VALUES ("cardapio", "cardápio", (SELECT id_tipo_token FROM classificacoes_tokens WHERE BINARY nome_token = "cardápio"));
  INSERT IGNORE INTO classificacoes_tokens (nome_token, id_tipo_token) VALUES ("22", (SELECT id_chave_tipo_token FROM tipos_tokens WHERE nome_tipo_token = "numeral"));
INSERT IGNORE INTO tokens (nome_token, acentuada, id_tipo_token) VALUES ("22", "22", (SELECT id_tipo_token FROM classificacoes_tokens WHERE BINARY nome_token = "22"));
  INSERT IGNORE INTO classificacoes_tokens (nome_token, id_tipo_token) VALUES ("193", (SELECT id_chave_tipo_token FROM tipos_tokens WHERE nome_tipo_token = "numeral"));
INSERT IGNORE INTO tokens (nome_token, acentuada, id_tipo_token) VALUES ("193", "193", (SELECT id_tipo_token FROM classificacoes_tokens WHERE BINARY nome_token = "193"));
  INSERT IGNORE INTO tokens (nome_token, acentuada, id_tipo_token) VALUES ("sashimis", "sashimis", (SELECT id_tipo_token FROM classificacoes_tokens WHERE BINARY nome_token = "sashimis"));
  INSERT IGNORE INTO tokens (nome_token, acentuada, id_tipo_token) VALUES ("sushis", "sushis", (SELECT id_tipo_token FROM classificacoes_tokens WHERE BINARY nome_token = "sushis"));
  INSERT IGNORE INTO tokens (nome_token, acentuada, id_tipo_token) VALUES ("preparo", "preparo", (SELECT id_tipo_token FROM classificacoes_tokens WHERE BINARY nome_token = "preparo"));
  INSERT IGNORE INTO tokens (nome_token, acentuada, id_tipo_token) VALUES ("manipulacao", "manipulação", (SELECT id_tipo_token FROM classificacoes_tokens WHERE BINARY nome_token = "manipulação"));
  INSERT IGNORE INTO tokens (nome_token, acentuada, id_tipo_token) VALUES ("rua", "rua", (SELECT id_tipo_token FROM classificacoes_tokens WHERE BINARY nome_token = "rua"));
  INSERT IGNORE INTO tokens (nome_token, acentuada, id_tipo_token) VALUES ("comidas", "comidas", (SELECT id_tipo_token FROM classificacoes_tokens WHERE BINARY nome_token = "comidas"));
  INSERT IGNORE INTO tokens (nome_token, acentuada, id_tipo_token) VALUES ("pop", "pop", (SELECT id_tipo_token FROM classificacoes_tokens WHERE BINARY nome_token = "pop"));
  INSERT IGNORE INTO tokens (nome_token, acentuada, id_tipo_token) VALUES ("boas", "boas", (SELECT id_tipo_token FROM classificacoes_tokens WHERE BINARY nome_token = "boas"));
  INSERT IGNORE INTO tokens (nome_token, acentuada, id_tipo_token) VALUES ("manual", "manual", (SELECT id_tipo_token FROM classificacoes_tokens WHERE BINARY nome_token = "manual"));
  INSERT IGNORE INTO tokens (nome_token, acentuada, id_tipo_token) VALUES ("elaboracao", "elaboração", (SELECT id_tipo_token FROM classificacoes_tokens WHERE BINARY nome_token = "elaboração"));
  INSERT IGNORE INTO tokens (nome_token, acentuada, id_tipo_token) VALUES ("conceitos", "conceitos", (SELECT id_tipo_token FROM classificacoes_tokens WHERE BINARY nome_token = "conceitos"));
  INSERT IGNORE INTO tokens (nome_token, acentuada, id_tipo_token) VALUES ("novo", "novo", (SELECT id_tipo_token FROM classificacoes_tokens WHERE BINARY nome_token = "novo"));
  INSERT IGNORE INTO classificacoes_tokens (nome_token, id_tipo_token) VALUES ("97", (SELECT id_chave_tipo_token FROM tipos_tokens WHERE nome_tipo_token = "numeral"));
INSERT IGNORE INTO tokens (nome_token, acentuada, id_tipo_token) VALUES ("97", "97", (SELECT id_tipo_token FROM classificacoes_tokens WHERE BINARY nome_token = "97"));
  INSERT IGNORE INTO tokens (nome_token, acentuada, id_tipo_token) VALUES ("manger", "manger", (SELECT id_tipo_token FROM classificacoes_tokens WHERE BINARY nome_token = "manger"));
  INSERT IGNORE INTO tokens (nome_token, acentuada, id_tipo_token) VALUES ("garde", "garde", (SELECT id_tipo_token FROM classificacoes_tokens WHERE BINARY nome_token = "garde"));
  INSERT IGNORE INTO classificacoes_tokens (nome_token, id_tipo_token) VALUES ("2787", (SELECT id_chave_tipo_token FROM tipos_tokens WHERE nome_tipo_token = "numeral"));
INSERT IGNORE INTO tokens (nome_token, acentuada, id_tipo_token) VALUES ("2787", "2787", (SELECT id_tipo_token FROM classificacoes_tokens WHERE BINARY nome_token = "2787"));
  INSERT IGNORE INTO classificacoes_tokens (nome_token, id_tipo_token) VALUES ("136", (SELECT id_chave_tipo_token FROM tipos_tokens WHERE nome_tipo_token = "numeral"));
INSERT IGNORE INTO tokens (nome_token, acentuada, id_tipo_token) VALUES ("136", "136", (SELECT id_tipo_token FROM classificacoes_tokens WHERE BINARY nome_token = "136"));
  INSERT IGNORE INTO tokens (nome_token, acentuada, id_tipo_token) VALUES ("sustentabilidade", "sustentabilidade", (SELECT id_tipo_token FROM classificacoes_tokens WHERE BINARY nome_token = "sustentabilidade"));
  INSERT IGNORE INTO classificacoes_tokens (nome_token, id_tipo_token) VALUES ("154", (SELECT id_chave_tipo_token FROM tipos_tokens WHERE nome_tipo_token = "numeral"));
INSERT IGNORE INTO tokens (nome_token, acentuada, id_tipo_token) VALUES ("154", "154", (SELECT id_tipo_token FROM classificacoes_tokens WHERE BINARY nome_token = "154"));
  INSERT IGNORE INTO tokens (nome_token, acentuada, id_tipo_token) VALUES ("saladeiro", "saladeiro", (SELECT id_tipo_token FROM classificacoes_tokens WHERE BINARY nome_token = "saladeiro"));
  INSERT IGNORE INTO classificacoes_tokens (nome_token, id_tipo_token) VALUES ("103", (SELECT id_chave_tipo_token FROM tipos_tokens WHERE nome_tipo_token = "numeral"));
INSERT IGNORE INTO tokens (nome_token, acentuada, id_tipo_token) VALUES ("103", "103", (SELECT id_tipo_token FROM classificacoes_tokens WHERE BINARY nome_token = "103"));
  INSERT IGNORE INTO tokens (nome_token, acentuada, id_tipo_token) VALUES ("cumim", "cumim", (SELECT id_tipo_token FROM classificacoes_tokens WHERE BINARY nome_token = "cumim"));
  INSERT IGNORE INTO classificacoes_tokens (nome_token, id_tipo_token) VALUES ("2038", (SELECT id_chave_tipo_token FROM tipos_tokens WHERE nome_tipo_token = "numeral"));
INSERT IGNORE INTO tokens (nome_token, acentuada, id_tipo_token) VALUES ("2038", "2038", (SELECT id_tipo_token FROM classificacoes_tokens WHERE BINARY nome_token = "2038"));
  INSERT IGNORE INTO tokens (nome_token, acentuada, id_tipo_token) VALUES ("seguranca", "segurança", (SELECT id_tipo_token FROM classificacoes_tokens WHERE BINARY nome_token = "segurança"));
  INSERT IGNORE INTO classificacoes_tokens (nome_token, id_tipo_token) VALUES ("2084", (SELECT id_chave_tipo_token FROM tipos_tokens WHERE nome_tipo_token = "numeral"));
INSERT IGNORE INTO tokens (nome_token, acentuada, id_tipo_token) VALUES ("2084", "2084", (SELECT id_tipo_token FROM classificacoes_tokens WHERE BINARY nome_token = "2084"));
  INSERT IGNORE INTO tokens (nome_token, acentuada, id_tipo_token) VALUES ("acompanhamentos", "acompanhamentos", (SELECT id_tipo_token FROM classificacoes_tokens WHERE BINARY nome_token = "acompanhamentos"));
  INSERT IGNORE INTO tokens (nome_token, acentuada, id_tipo_token) VALUES ("molhos", "molhos", (SELECT id_tipo_token FROM classificacoes_tokens WHERE BINARY nome_token = "molhos"));
  INSERT IGNORE INTO tokens (nome_token, acentuada, id_tipo_token) VALUES ("churrasco", "churrasco", (SELECT id_tipo_token FROM classificacoes_tokens WHERE BINARY nome_token = "churrasco"));
  INSERT IGNORE INTO tokens (nome_token, acentuada, id_tipo_token) VALUES ("adegas", "adegas", (SELECT id_tipo_token FROM classificacoes_tokens WHERE BINARY nome_token = "adegas"));
  INSERT IGNORE INTO tokens (nome_token, acentuada, id_tipo_token) VALUES ("regional", "regional", (SELECT id_tipo_token FROM classificacoes_tokens WHERE BINARY nome_token = "regional"));
  INSERT IGNORE INTO tokens (nome_token, acentuada, id_tipo_token) VALUES ("cafe", "café", (SELECT id_tipo_token FROM classificacoes_tokens WHERE BINARY nome_token = "café"));
  INSERT IGNORE INTO classificacoes_tokens (nome_token, id_tipo_token) VALUES ("2081", (SELECT id_chave_tipo_token FROM tipos_tokens WHERE nome_tipo_token = "numeral"));
INSERT IGNORE INTO tokens (nome_token, acentuada, id_tipo_token) VALUES ("2081", "2081", (SELECT id_tipo_token FROM classificacoes_tokens WHERE BINARY nome_token = "2081"));
  INSERT IGNORE INTO tokens (nome_token, acentuada, id_tipo_token) VALUES ("enfase", "ênfase", (SELECT id_tipo_token FROM classificacoes_tokens WHERE BINARY nome_token = "ênfase"));
  INSERT IGNORE INTO tokens (nome_token, acentuada, id_tipo_token) VALUES ("mixologia", "mixologia", (SELECT id_tipo_token FROM classificacoes_tokens WHERE BINARY nome_token = "mixologia"));
  INSERT IGNORE INTO classificacoes_tokens (nome_token, id_tipo_token) VALUES ("96", (SELECT id_chave_tipo_token FROM tipos_tokens WHERE nome_tipo_token = "numeral"));
INSERT IGNORE INTO tokens (nome_token, acentuada, id_tipo_token) VALUES ("96", "96", (SELECT id_tipo_token FROM classificacoes_tokens WHERE BINARY nome_token = "96"));
  INSERT IGNORE INTO tokens (nome_token, acentuada, id_tipo_token) VALUES ("supervisao", "supervisão", (SELECT id_tipo_token FROM classificacoes_tokens WHERE BINARY nome_token = "supervisão"));
  INSERT IGNORE INTO tokens (nome_token, acentuada, id_tipo_token) VALUES ("maitre", "maitrê", (SELECT id_tipo_token FROM classificacoes_tokens WHERE BINARY nome_token = "maitrê"));
  INSERT IGNORE INTO tokens (nome_token, acentuada, id_tipo_token) VALUES ("trivial", "trivial", (SELECT id_tipo_token FROM classificacoes_tokens WHERE BINARY nome_token = "trivial"));
  INSERT IGNORE INTO classificacoes_tokens (nome_token, id_tipo_token) VALUES ("81", (SELECT id_chave_tipo_token FROM tipos_tokens WHERE nome_tipo_token = "numeral"));
INSERT IGNORE INTO tokens (nome_token, acentuada, id_tipo_token) VALUES ("81", "81", (SELECT id_tipo_token FROM classificacoes_tokens WHERE BINARY nome_token = "81"));
  INSERT IGNORE INTO classificacoes_tokens (nome_token, id_tipo_token) VALUES ("2484", (SELECT id_chave_tipo_token FROM tipos_tokens WHERE nome_tipo_token = "numeral"));
INSERT IGNORE INTO tokens (nome_token, acentuada, id_tipo_token) VALUES ("2484", "2484", (SELECT id_tipo_token FROM classificacoes_tokens WHERE BINARY nome_token = "2484"));
  INSERT IGNORE INTO tokens (nome_token, acentuada, id_tipo_token) VALUES ("japonesa", "japonesa", (SELECT id_tipo_token FROM classificacoes_tokens WHERE BINARY nome_token = "japonesa"));
  INSERT IGNORE INTO tokens (nome_token, acentuada, id_tipo_token) VALUES ("culinaria", "culinária", (SELECT id_tipo_token FROM classificacoes_tokens WHERE BINARY nome_token = "culinária"));
  INSERT IGNORE INTO tokens (nome_token, acentuada, id_tipo_token) VALUES ("quente", "quente", (SELECT id_tipo_token FROM classificacoes_tokens WHERE BINARY nome_token = "quente"));
  INSERT IGNORE INTO classificacoes_tokens (nome_token, id_tipo_token) VALUES ("2080", (SELECT id_chave_tipo_token FROM tipos_tokens WHERE nome_tipo_token = "numeral"));
INSERT IGNORE INTO tokens (nome_token, acentuada, id_tipo_token) VALUES ("2080", "2080", (SELECT id_tipo_token FROM classificacoes_tokens WHERE BINARY nome_token = "2080"));
  INSERT IGNORE INTO classificacoes_tokens (nome_token, id_tipo_token) VALUES ("121", (SELECT id_chave_tipo_token FROM tipos_tokens WHERE nome_tipo_token = "numeral"));
INSERT IGNORE INTO tokens (nome_token, acentuada, id_tipo_token) VALUES ("121", "121", (SELECT id_tipo_token FROM classificacoes_tokens WHERE BINARY nome_token = "121"));
  INSERT IGNORE INTO tokens (nome_token, acentuada, id_tipo_token) VALUES ("mundo", "mundo", (SELECT id_tipo_token FROM classificacoes_tokens WHERE BINARY nome_token = "mundo"));
  INSERT IGNORE INTO tokens (nome_token, acentuada, id_tipo_token) VALUES ("vinhos", "vinhos", (SELECT id_tipo_token FROM classificacoes_tokens WHERE BINARY nome_token = "vinhos"));
  INSERT IGNORE INTO tokens (nome_token, acentuada, id_tipo_token) VALUES ("sommelier", "sommelier", (SELECT id_tipo_token FROM classificacoes_tokens WHERE BINARY nome_token = "sommelier"));
  INSERT IGNORE INTO tokens (nome_token, acentuada, id_tipo_token) VALUES ("formacao", "formação", (SELECT id_tipo_token FROM classificacoes_tokens WHERE BINARY nome_token = "formação"));
  INSERT IGNORE INTO classificacoes_tokens (nome_token, id_tipo_token) VALUES ("98", (SELECT id_chave_tipo_token FROM tipos_tokens WHERE nome_tipo_token = "numeral"));
INSERT IGNORE INTO tokens (nome_token, acentuada, id_tipo_token) VALUES ("98", "98", (SELECT id_tipo_token FROM classificacoes_tokens WHERE BINARY nome_token = "98"));
  INSERT IGNORE INTO classificacoes_tokens (nome_token, id_tipo_token) VALUES ("2083", (SELECT id_chave_tipo_token FROM tipos_tokens WHERE nome_tipo_token = "numeral"));
INSERT IGNORE INTO tokens (nome_token, acentuada, id_tipo_token) VALUES ("2083", "2083", (SELECT id_tipo_token FROM classificacoes_tokens WHERE BINARY nome_token = "2083"));
  INSERT IGNORE INTO tokens (nome_token, acentuada, id_tipo_token) VALUES ("restaurantes", "restaurantes", (SELECT id_tipo_token FROM classificacoes_tokens WHERE BINARY nome_token = "restaurantes"));
  INSERT IGNORE INTO tokens (nome_token, acentuada, id_tipo_token) VALUES ("bares", "bares", (SELECT id_tipo_token FROM classificacoes_tokens WHERE BINARY nome_token = "bares"));
  INSERT IGNORE INTO classificacoes_tokens (nome_token, id_tipo_token) VALUES ("2082", (SELECT id_chave_tipo_token FROM tipos_tokens WHERE nome_tipo_token = "numeral"));
INSERT IGNORE INTO tokens (nome_token, acentuada, id_tipo_token) VALUES ("2082", "2082", (SELECT id_tipo_token FROM classificacoes_tokens WHERE BINARY nome_token = "2082"));
  INSERT IGNORE INTO classificacoes_tokens (nome_token, id_tipo_token) VALUES ("64", (SELECT id_chave_tipo_token FROM tipos_tokens WHERE nome_tipo_token = "numeral"));
INSERT IGNORE INTO tokens (nome_token, acentuada, id_tipo_token) VALUES ("64", "64", (SELECT id_tipo_token FROM classificacoes_tokens WHERE BINARY nome_token = "64"));
  INSERT IGNORE INTO tokens (nome_token, acentuada, id_tipo_token) VALUES ("alimentos", "alimentos", (SELECT id_tipo_token FROM classificacoes_tokens WHERE BINARY nome_token = "alimentos"));
  INSERT IGNORE INTO tokens (nome_token, acentuada, id_tipo_token) VALUES ("congelamento", "congelamento", (SELECT id_tipo_token FROM classificacoes_tokens WHERE BINARY nome_token = "congelamento"));
  INSERT IGNORE INTO tokens (nome_token, acentuada, id_tipo_token) VALUES ("natalina", "natalina", (SELECT id_tipo_token FROM classificacoes_tokens WHERE BINARY nome_token = "natalina"));
  INSERT IGNORE INTO tokens (nome_token, acentuada, id_tipo_token) VALUES ("comida", "comida", (SELECT id_tipo_token FROM classificacoes_tokens WHERE BINARY nome_token = "comida"));
  INSERT IGNORE INTO classificacoes_tokens (nome_token, id_tipo_token) VALUES ("2079", (SELECT id_chave_tipo_token FROM tipos_tokens WHERE nome_tipo_token = "numeral"));
INSERT IGNORE INTO tokens (nome_token, acentuada, id_tipo_token) VALUES ("2079", "2079", (SELECT id_tipo_token FROM classificacoes_tokens WHERE BINARY nome_token = "2079"));
  INSERT IGNORE INTO classificacoes_tokens (nome_token, id_tipo_token) VALUES ("2519", (SELECT id_chave_tipo_token FROM tipos_tokens WHERE nome_tipo_token = "numeral"));
INSERT IGNORE INTO tokens (nome_token, acentuada, id_tipo_token) VALUES ("2519", "2519", (SELECT id_tipo_token FROM classificacoes_tokens WHERE BINARY nome_token = "2519"));
  INSERT IGNORE INTO tokens (nome_token, acentuada, id_tipo_token) VALUES ("europeia", "europeia", (SELECT id_tipo_token FROM classificacoes_tokens WHERE BINARY nome_token = "europeia"));
  INSERT IGNORE INTO tokens (nome_token, acentuada, id_tipo_token) VALUES ("cozinha", "cozinha", (SELECT id_tipo_token FROM classificacoes_tokens WHERE BINARY nome_token = "cozinha"));
  INSERT IGNORE INTO classificacoes_tokens (nome_token, id_tipo_token) VALUES ("2313", (SELECT id_chave_tipo_token FROM tipos_tokens WHERE nome_tipo_token = "numeral"));
INSERT IGNORE INTO tokens (nome_token, acentuada, id_tipo_token) VALUES ("2313", "2313", (SELECT id_tipo_token FROM classificacoes_tokens WHERE BINARY nome_token = "2313"));
  INSERT IGNORE INTO tokens (nome_token, acentuada, id_tipo_token) VALUES ("chef", "chef", (SELECT id_tipo_token FROM classificacoes_tokens WHERE BINARY nome_token = "chef"));
  INSERT IGNORE INTO tokens (nome_token, acentuada, id_tipo_token) VALUES ("jovem", "jovem", (SELECT id_tipo_token FROM classificacoes_tokens WHERE BINARY nome_token = "jovem"));
  INSERT IGNORE INTO classificacoes_tokens (nome_token, id_tipo_token) VALUES ("2537", (SELECT id_chave_tipo_token FROM tipos_tokens WHERE nome_tipo_token = "numeral"));
INSERT IGNORE INTO tokens (nome_token, acentuada, id_tipo_token) VALUES ("2537", "2537", (SELECT id_tipo_token FROM classificacoes_tokens WHERE BINARY nome_token = "2537"));
  INSERT IGNORE INTO tokens (nome_token, acentuada, id_tipo_token) VALUES ("chapeiro", "chapeiro", (SELECT id_tipo_token FROM classificacoes_tokens WHERE BINARY nome_token = "chapeiro"));
  INSERT IGNORE INTO tokens (nome_token, acentuada, id_tipo_token) VALUES ("/", "/", (SELECT id_tipo_token FROM classificacoes_tokens WHERE BINARY nome_token = "/"));
  INSERT IGNORE INTO tokens (nome_token, acentuada, id_tipo_token) VALUES ("chapista", "chapista", (SELECT id_tipo_token FROM classificacoes_tokens WHERE BINARY nome_token = "chapista"));
  INSERT IGNORE INTO classificacoes_tokens (nome_token, id_tipo_token) VALUES ("2436", (SELECT id_chave_tipo_token FROM tipos_tokens WHERE nome_tipo_token = "numeral"));
INSERT IGNORE INTO tokens (nome_token, acentuada, id_tipo_token) VALUES ("2436", "2436", (SELECT id_tipo_token FROM classificacoes_tokens WHERE BINARY nome_token = "2436"));
  INSERT IGNORE INTO classificacoes_tokens (nome_token, id_tipo_token) VALUES ("2049", (SELECT id_chave_tipo_token FROM tipos_tokens WHERE nome_tipo_token = "numeral"));
INSERT IGNORE INTO tokens (nome_token, acentuada, id_tipo_token) VALUES ("2049", "2049", (SELECT id_tipo_token FROM classificacoes_tokens WHERE BINARY nome_token = "2049"));
  INSERT IGNORE INTO classificacoes_tokens (nome_token, id_tipo_token) VALUES ("2054", (SELECT id_chave_tipo_token FROM tipos_tokens WHERE nome_tipo_token = "numeral"));
INSERT IGNORE INTO tokens (nome_token, acentuada, id_tipo_token) VALUES ("2054", "2054", (SELECT id_tipo_token FROM classificacoes_tokens WHERE BINARY nome_token = "2054"));
  INSERT IGNORE INTO tokens (nome_token, acentuada, id_tipo_token) VALUES ("cozinheiro", "cozinheiro", (SELECT id_tipo_token FROM classificacoes_tokens WHERE BINARY nome_token = "cozinheiro"));
  INSERT IGNORE INTO classificacoes_tokens (nome_token, id_tipo_token) VALUES ("2050", (SELECT id_chave_tipo_token FROM tipos_tokens WHERE nome_tipo_token = "numeral"));
INSERT IGNORE INTO tokens (nome_token, acentuada, id_tipo_token) VALUES ("2050", "2050", (SELECT id_tipo_token FROM classificacoes_tokens WHERE BINARY nome_token = "2050"));
  INSERT IGNORE INTO tokens (nome_token, acentuada, id_tipo_token) VALUES ("barista", "barista", (SELECT id_tipo_token FROM classificacoes_tokens WHERE BINARY nome_token = "barista"));
  INSERT IGNORE INTO classificacoes_tokens (nome_token, id_tipo_token) VALUES ("2534", (SELECT id_chave_tipo_token FROM tipos_tokens WHERE nome_tipo_token = "numeral"));
INSERT IGNORE INTO tokens (nome_token, acentuada, id_tipo_token) VALUES ("2534", "2534", (SELECT id_tipo_token FROM classificacoes_tokens WHERE BINARY nome_token = "2534"));
  INSERT IGNORE INTO tokens (nome_token, acentuada, id_tipo_token) VALUES ("churrasqueiro", "churrasqueiro", (SELECT id_tipo_token FROM classificacoes_tokens WHERE BINARY nome_token = "churrasqueiro"));
  INSERT IGNORE INTO classificacoes_tokens (nome_token, id_tipo_token) VALUES ("2458", (SELECT id_chave_tipo_token FROM tipos_tokens WHERE nome_tipo_token = "numeral"));
INSERT IGNORE INTO tokens (nome_token, acentuada, id_tipo_token) VALUES ("2458", "2458", (SELECT id_tipo_token FROM classificacoes_tokens WHERE BINARY nome_token = "2458"));
  INSERT IGNORE INTO tokens (nome_token, acentuada, id_tipo_token) VALUES ("bartender", "bartender", (SELECT id_tipo_token FROM classificacoes_tokens WHERE BINARY nome_token = "bartender"));
  INSERT IGNORE INTO classificacoes_tokens (nome_token, id_tipo_token) VALUES ("2041", (SELECT id_chave_tipo_token FROM tipos_tokens WHERE nome_tipo_token = "numeral"));
INSERT IGNORE INTO tokens (nome_token, acentuada, id_tipo_token) VALUES ("2041", "2041", (SELECT id_tipo_token FROM classificacoes_tokens WHERE BINARY nome_token = "2041"));
  INSERT IGNORE INTO tokens (nome_token, acentuada, id_tipo_token) VALUES ("hostess", "hostess", (SELECT id_tipo_token FROM classificacoes_tokens WHERE BINARY nome_token = "hostess"));
  INSERT IGNORE INTO classificacoes_tokens (nome_token, id_tipo_token) VALUES ("2441", (SELECT id_chave_tipo_token FROM tipos_tokens WHERE nome_tipo_token = "numeral"));
INSERT IGNORE INTO tokens (nome_token, acentuada, id_tipo_token) VALUES ("2441", "2441", (SELECT id_tipo_token FROM classificacoes_tokens WHERE BINARY nome_token = "2441"));
  INSERT IGNORE INTO tokens (nome_token, acentuada, id_tipo_token) VALUES ("garcom", "garçom", (SELECT id_tipo_token FROM classificacoes_tokens WHERE BINARY nome_token = "garçom"));
  INSERT IGNORE INTO classificacoes_tokens (nome_token, id_tipo_token) VALUES ("2055", (SELECT id_chave_tipo_token FROM tipos_tokens WHERE nome_tipo_token = "numeral"));
INSERT IGNORE INTO tokens (nome_token, acentuada, id_tipo_token) VALUES ("2055", "2055", (SELECT id_tipo_token FROM classificacoes_tokens WHERE BINARY nome_token = "2055"));
  INSERT IGNORE INTO tokens (nome_token, acentuada, id_tipo_token) VALUES ("lanchonete", "lanchonete", (SELECT id_tipo_token FROM classificacoes_tokens WHERE BINARY nome_token = "lanchonete"));
  INSERT IGNORE INTO tokens (nome_token, acentuada, id_tipo_token) VALUES ("atendente", "atendente", (SELECT id_tipo_token FROM classificacoes_tokens WHERE BINARY nome_token = "atendente"));
  INSERT IGNORE INTO classificacoes_tokens (nome_token, id_tipo_token) VALUES ("2035", (SELECT id_chave_tipo_token FROM tipos_tokens WHERE nome_tipo_token = "numeral"));
INSERT IGNORE INTO tokens (nome_token, acentuada, id_tipo_token) VALUES ("2035", "2035", (SELECT id_tipo_token FROM classificacoes_tokens WHERE BINARY nome_token = "2035"));
  INSERT IGNORE INTO tokens (nome_token, acentuada, id_tipo_token) VALUES ("gastronomia", "gastronomia", (SELECT id_tipo_token FROM classificacoes_tokens WHERE BINARY nome_token = "gastronomia"));
  INSERT IGNORE INTO classificacoes_tokens (nome_token, id_tipo_token) VALUES ("37", (SELECT id_chave_tipo_token FROM tipos_tokens WHERE nome_tipo_token = "numeral"));
INSERT IGNORE INTO tokens (nome_token, acentuada, id_tipo_token) VALUES ("37", "37", (SELECT id_tipo_token FROM classificacoes_tokens WHERE BINARY nome_token = "37"));
  INSERT IGNORE INTO tokens (nome_token, acentuada, id_tipo_token) VALUES ("eletronicos", "eletrônicos", (SELECT id_tipo_token FROM classificacoes_tokens WHERE BINARY nome_token = "eletrônicos"));
  INSERT IGNORE INTO tokens (nome_token, acentuada, id_tipo_token) VALUES ("jogos", "jogos", (SELECT id_tipo_token FROM classificacoes_tokens WHERE BINARY nome_token = "jogos"));
  INSERT IGNORE INTO classificacoes_tokens (nome_token, id_tipo_token) VALUES ("1292", (SELECT id_chave_tipo_token FROM tipos_tokens WHERE nome_tipo_token = "numeral"));
INSERT IGNORE INTO tokens (nome_token, acentuada, id_tipo_token) VALUES ("1292", "1292", (SELECT id_tipo_token FROM classificacoes_tokens WHERE BINARY nome_token = "1292"));
  INSERT IGNORE INTO classificacoes_tokens (nome_token, id_tipo_token) VALUES ("3086", (SELECT id_chave_tipo_token FROM tipos_tokens WHERE nome_tipo_token = "numeral"));
INSERT IGNORE INTO tokens (nome_token, acentuada, id_tipo_token) VALUES ("3086", "3086", (SELECT id_tipo_token FROM classificacoes_tokens WHERE BINARY nome_token = "3086"));
  INSERT IGNORE INTO tokens (nome_token, acentuada, id_tipo_token) VALUES ("desenvolvedor", "desenvolvedor", (SELECT id_tipo_token FROM classificacoes_tokens WHERE BINARY nome_token = "desenvolvedor"));
  INSERT IGNORE INTO classificacoes_tokens (nome_token, id_tipo_token) VALUES ("809", (SELECT id_chave_tipo_token FROM tipos_tokens WHERE nome_tipo_token = "numeral"));
INSERT IGNORE INTO tokens (nome_token, acentuada, id_tipo_token) VALUES ("809", "809", (SELECT id_tipo_token FROM classificacoes_tokens WHERE BINARY nome_token = "809"));
  INSERT IGNORE INTO classificacoes_tokens (nome_token, id_tipo_token) VALUES ("797", (SELECT id_chave_tipo_token FROM tipos_tokens WHERE nome_tipo_token = "numeral"));
INSERT IGNORE INTO tokens (nome_token, acentuada, id_tipo_token) VALUES ("797", "797", (SELECT id_tipo_token FROM classificacoes_tokens WHERE BINARY nome_token = "797"));
  INSERT IGNORE INTO classificacoes_tokens (nome_token, id_tipo_token) VALUES ("381", (SELECT id_chave_tipo_token FROM tipos_tokens WHERE nome_tipo_token = "numeral"));
INSERT IGNORE INTO tokens (nome_token, acentuada, id_tipo_token) VALUES ("381", "381", (SELECT id_tipo_token FROM classificacoes_tokens WHERE BINARY nome_token = "381"));
  INSERT IGNORE INTO classificacoes_tokens (nome_token, id_tipo_token) VALUES ("2022", (SELECT id_chave_tipo_token FROM tipos_tokens WHERE nome_tipo_token = "numeral"));
INSERT IGNORE INTO tokens (nome_token, acentuada, id_tipo_token) VALUES ("2022", "2022", (SELECT id_tipo_token FROM classificacoes_tokens WHERE BINARY nome_token = "2022"));
  INSERT IGNORE INTO classificacoes_tokens (nome_token, id_tipo_token) VALUES ("2023", (SELECT id_chave_tipo_token FROM tipos_tokens WHERE nome_tipo_token = "numeral"));
INSERT IGNORE INTO tokens (nome_token, acentuada, id_tipo_token) VALUES ("2023", "2023", (SELECT id_tipo_token FROM classificacoes_tokens WHERE BINARY nome_token = "2023"));
  INSERT IGNORE INTO classificacoes_tokens (nome_token, id_tipo_token) VALUES ("252", (SELECT id_chave_tipo_token FROM tipos_tokens WHERE nome_tipo_token = "numeral"));
INSERT IGNORE INTO tokens (nome_token, acentuada, id_tipo_token) VALUES ("252", "252", (SELECT id_tipo_token FROM classificacoes_tokens WHERE BINARY nome_token = "252"));
  INSERT IGNORE INTO tokens (nome_token, acentuada, id_tipo_token) VALUES ("divulgacao", "divulgação", (SELECT id_tipo_token FROM classificacoes_tokens WHERE BINARY nome_token = "divulgação"));
  INSERT IGNORE INTO tokens (nome_token, acentuada, id_tipo_token) VALUES ("promocao", "promoção", (SELECT id_tipo_token FROM classificacoes_tokens WHERE BINARY nome_token = "promoção"));
  INSERT IGNORE INTO classificacoes_tokens (nome_token, id_tipo_token) VALUES ("246", (SELECT id_chave_tipo_token FROM tipos_tokens WHERE nome_tipo_token = "numeral"));
INSERT IGNORE INTO tokens (nome_token, acentuada, id_tipo_token) VALUES ("246", "246", (SELECT id_tipo_token FROM classificacoes_tokens WHERE BINARY nome_token = "246"));
  INSERT IGNORE INTO tokens (nome_token, acentuada, id_tipo_token) VALUES ("realizacao", "realização", (SELECT id_tipo_token FROM classificacoes_tokens WHERE BINARY nome_token = "realização"));
  INSERT IGNORE INTO tokens (nome_token, acentuada, id_tipo_token) VALUES ("tematicos", "temáticos", (SELECT id_tipo_token FROM classificacoes_tokens WHERE BINARY nome_token = "temáticos"));
  INSERT IGNORE INTO tokens (nome_token, acentuada, id_tipo_token) VALUES ("publicos", "públicos", (SELECT id_tipo_token FROM classificacoes_tokens WHERE BINARY nome_token = "públicos"));
  INSERT IGNORE INTO tokens (nome_token, acentuada, id_tipo_token) VALUES ("protocolo", "protocolo", (SELECT id_tipo_token FROM classificacoes_tokens WHERE BINARY nome_token = "protocolo"));
  INSERT IGNORE INTO tokens (nome_token, acentuada, id_tipo_token) VALUES ("cerimonial", "cerimonial", (SELECT id_tipo_token FROM classificacoes_tokens WHERE BINARY nome_token = "cerimonial"));
  INSERT IGNORE INTO tokens (nome_token, acentuada, id_tipo_token) VALUES ("corporativos", "corporativos", (SELECT id_tipo_token FROM classificacoes_tokens WHERE BINARY nome_token = "corporativos"));
  INSERT IGNORE INTO tokens (nome_token, acentuada, id_tipo_token) VALUES ("organizacao", "organização", (SELECT id_tipo_token FROM classificacoes_tokens WHERE BINARY nome_token = "organização"));
  INSERT IGNORE INTO classificacoes_tokens (nome_token, id_tipo_token) VALUES ("2061", (SELECT id_chave_tipo_token FROM tipos_tokens WHERE nome_tipo_token = "numeral"));
INSERT IGNORE INTO tokens (nome_token, acentuada, id_tipo_token) VALUES ("2061", "2061", (SELECT id_tipo_token FROM classificacoes_tokens WHERE BINARY nome_token = "2061"));
  INSERT IGNORE INTO classificacoes_tokens (nome_token, id_tipo_token) VALUES ("112", (SELECT id_chave_tipo_token FROM tipos_tokens WHERE nome_tipo_token = "numeral"));
INSERT IGNORE INTO tokens (nome_token, acentuada, id_tipo_token) VALUES ("112", "112", (SELECT id_tipo_token FROM classificacoes_tokens WHERE BINARY nome_token = "112"));
  INSERT IGNORE INTO tokens (nome_token, acentuada, id_tipo_token) VALUES ("estilo", "estilo", (SELECT id_tipo_token FROM classificacoes_tokens WHERE BINARY nome_token = "estilo"));
  INSERT IGNORE INTO tokens (nome_token, acentuada, id_tipo_token) VALUES ("celebracao", "celebração", (SELECT id_tipo_token FROM classificacoes_tokens WHERE BINARY nome_token = "celebração"));
  INSERT IGNORE INTO tokens (nome_token, acentuada, id_tipo_token) VALUES ("casamento", "casamento", (SELECT id_tipo_token FROM classificacoes_tokens WHERE BINARY nome_token = "casamento"));
  INSERT IGNORE INTO classificacoes_tokens (nome_token, id_tipo_token) VALUES ("2072", (SELECT id_chave_tipo_token FROM tipos_tokens WHERE nome_tipo_token = "numeral"));
INSERT IGNORE INTO tokens (nome_token, acentuada, id_tipo_token) VALUES ("2072", "2072", (SELECT id_tipo_token FROM classificacoes_tokens WHERE BINARY nome_token = "2072"));
  INSERT IGNORE INTO tokens (nome_token, acentuada, id_tipo_token) VALUES ("recepcionista", "recepcionista", (SELECT id_tipo_token FROM classificacoes_tokens WHERE BINARY nome_token = "recepcionista"));
  INSERT IGNORE INTO classificacoes_tokens (nome_token, id_tipo_token) VALUES ("2024", (SELECT id_chave_tipo_token FROM tipos_tokens WHERE nome_tipo_token = "numeral"));
INSERT IGNORE INTO tokens (nome_token, acentuada, id_tipo_token) VALUES ("2024", "2024", (SELECT id_tipo_token FROM classificacoes_tokens WHERE BINARY nome_token = "2024"));
  INSERT IGNORE INTO tokens (nome_token, acentuada, id_tipo_token) VALUES ("organizador", "organizador", (SELECT id_tipo_token FROM classificacoes_tokens WHERE BINARY nome_token = "organizador"));
  INSERT IGNORE INTO classificacoes_tokens (nome_token, id_tipo_token) VALUES ("2021", (SELECT id_chave_tipo_token FROM tipos_tokens WHERE nome_tipo_token = "numeral"));
INSERT IGNORE INTO tokens (nome_token, acentuada, id_tipo_token) VALUES ("2021", "2021", (SELECT id_tipo_token FROM classificacoes_tokens WHERE BINARY nome_token = "2021"));
  INSERT IGNORE INTO tokens (nome_token, acentuada, id_tipo_token) VALUES ("matematica", "matemática", (SELECT id_tipo_token FROM classificacoes_tokens WHERE BINARY nome_token = "matemática"));
  INSERT IGNORE INTO classificacoes_tokens (nome_token, id_tipo_token) VALUES ("432", (SELECT id_chave_tipo_token FROM tipos_tokens WHERE nome_tipo_token = "numeral"));
INSERT IGNORE INTO tokens (nome_token, acentuada, id_tipo_token) VALUES ("432", "432", (SELECT id_tipo_token FROM classificacoes_tokens WHERE BINARY nome_token = "432"));
  INSERT IGNORE INTO classificacoes_tokens (nome_token, id_tipo_token) VALUES ("488", (SELECT id_chave_tipo_token FROM tipos_tokens WHERE nome_tipo_token = "numeral"));
INSERT IGNORE INTO tokens (nome_token, acentuada, id_tipo_token) VALUES ("488", "488", (SELECT id_tipo_token FROM classificacoes_tokens WHERE BINARY nome_token = "488"));
  INSERT IGNORE INTO tokens (nome_token, acentuada, id_tipo_token) VALUES ("educador", "educador", (SELECT id_tipo_token FROM classificacoes_tokens WHERE BINARY nome_token = "educador"));
  INSERT IGNORE INTO classificacoes_tokens (nome_token, id_tipo_token) VALUES ("1737", (SELECT id_chave_tipo_token FROM tipos_tokens WHERE nome_tipo_token = "numeral"));
INSERT IGNORE INTO tokens (nome_token, acentuada, id_tipo_token) VALUES ("1737", "1737", (SELECT id_tipo_token FROM classificacoes_tokens WHERE BINARY nome_token = "1737"));
  INSERT IGNORE INTO tokens (nome_token, acentuada, id_tipo_token) VALUES ("corporal", "corporal", (SELECT id_tipo_token FROM classificacoes_tokens WHERE BINARY nome_token = "corporal"));
  INSERT IGNORE INTO tokens (nome_token, acentuada, id_tipo_token) VALUES ("oral", "oral", (SELECT id_tipo_token FROM classificacoes_tokens WHERE BINARY nome_token = "oral"));
  INSERT IGNORE INTO tokens (nome_token, acentuada, id_tipo_token) VALUES ("expressao", "expressão", (SELECT id_tipo_token FROM classificacoes_tokens WHERE BINARY nome_token = "expressão"));
  INSERT IGNORE INTO classificacoes_tokens (nome_token, id_tipo_token) VALUES ("2635", (SELECT id_chave_tipo_token FROM tipos_tokens WHERE nome_tipo_token = "numeral"));
INSERT IGNORE INTO tokens (nome_token, acentuada, id_tipo_token) VALUES ("2635", "2635", (SELECT id_tipo_token FROM classificacoes_tokens WHERE BINARY nome_token = "2635"));
  INSERT IGNORE INTO classificacoes_tokens (nome_token, id_tipo_token) VALUES ("270", (SELECT id_chave_tipo_token FROM tipos_tokens WHERE nome_tipo_token = "numeral"));
INSERT IGNORE INTO tokens (nome_token, acentuada, id_tipo_token) VALUES ("270", "270", (SELECT id_tipo_token FROM classificacoes_tokens WHERE BINARY nome_token = "270"));
  INSERT IGNORE INTO tokens (nome_token, acentuada, id_tipo_token) VALUES ("possibilidades", "possibilidades", (SELECT id_tipo_token FROM classificacoes_tokens WHERE BINARY nome_token = "possibilidades"));
  INSERT IGNORE INTO classificacoes_tokens (nome_token, id_tipo_token) VALUES ("247", (SELECT id_chave_tipo_token FROM tipos_tokens WHERE nome_tipo_token = "numeral"));
INSERT IGNORE INTO tokens (nome_token, acentuada, id_tipo_token) VALUES ("247", "247", (SELECT id_tipo_token FROM classificacoes_tokens WHERE BINARY nome_token = "247"));
  INSERT IGNORE INTO tokens (nome_token, acentuada, id_tipo_token) VALUES ("tecnologias", "tecnologias", (SELECT id_tipo_token FROM classificacoes_tokens WHERE BINARY nome_token = "tecnologias"));
  INSERT IGNORE INTO tokens (nome_token, acentuada, id_tipo_token) VALUES ("suas", "suas", (SELECT id_tipo_token FROM classificacoes_tokens WHERE BINARY nome_token = "suas"));
  INSERT IGNORE INTO tokens (nome_token, acentuada, id_tipo_token) VALUES ("linguagens", "linguagens", (SELECT id_tipo_token FROM classificacoes_tokens WHERE BINARY nome_token = "linguagens"));
  INSERT IGNORE INTO tokens (nome_token, acentuada, id_tipo_token) VALUES ("conhecimento", "conhecimento", (SELECT id_tipo_token FROM classificacoes_tokens WHERE BINARY nome_token = "conhecimento"));
  INSERT IGNORE INTO tokens (nome_token, acentuada, id_tipo_token) VALUES ("estacao", "estação", (SELECT id_tipo_token FROM classificacoes_tokens WHERE BINARY nome_token = "estação"));
  INSERT IGNORE INTO tokens (nome_token, acentuada, id_tipo_token) VALUES ("possibilidade", "possibilidade", (SELECT id_tipo_token FROM classificacoes_tokens WHERE BINARY nome_token = "possibilidade"));
  INSERT IGNORE INTO tokens (nome_token, acentuada, id_tipo_token) VALUES ("pessoal", "pessoal", (SELECT id_tipo_token FROM classificacoes_tokens WHERE BINARY nome_token = "pessoal"));
  INSERT IGNORE INTO tokens (nome_token, acentuada, id_tipo_token) VALUES ("talento", "talento", (SELECT id_tipo_token FROM classificacoes_tokens WHERE BINARY nome_token = "talento"));
  INSERT IGNORE INTO classificacoes_tokens (nome_token, id_tipo_token) VALUES ("2902", (SELECT id_chave_tipo_token FROM tipos_tokens WHERE nome_tipo_token = "numeral"));
INSERT IGNORE INTO tokens (nome_token, acentuada, id_tipo_token) VALUES ("2902", "2902", (SELECT id_tipo_token FROM classificacoes_tokens WHERE BINARY nome_token = "2902"));
  INSERT IGNORE INTO tokens (nome_token, acentuada, id_tipo_token) VALUES ("secretaria", "secretaria", (SELECT id_tipo_token FROM classificacoes_tokens WHERE BINARY nome_token = "secretaria"));
  INSERT IGNORE INTO classificacoes_tokens (nome_token, id_tipo_token) VALUES ("1711", (SELECT id_chave_tipo_token FROM tipos_tokens WHERE nome_tipo_token = "numeral"));
INSERT IGNORE INTO tokens (nome_token, acentuada, id_tipo_token) VALUES ("1711", "1711", (SELECT id_tipo_token FROM classificacoes_tokens WHERE BINARY nome_token = "1711"));
  INSERT IGNORE INTO tokens (nome_token, acentuada, id_tipo_token) VALUES ("gamificacao", "gamificação", (SELECT id_tipo_token FROM classificacoes_tokens WHERE BINARY nome_token = "gamificação"));
  INSERT IGNORE INTO classificacoes_tokens (nome_token, id_tipo_token) VALUES ("1684", (SELECT id_chave_tipo_token FROM tipos_tokens WHERE nome_tipo_token = "numeral"));
INSERT IGNORE INTO tokens (nome_token, acentuada, id_tipo_token) VALUES ("1684", "1684", (SELECT id_tipo_token FROM classificacoes_tokens WHERE BINARY nome_token = "1684"));
  INSERT IGNORE INTO tokens (nome_token, acentuada, id_tipo_token) VALUES ("tea", "tea", (SELECT id_tipo_token FROM classificacoes_tokens WHERE BINARY nome_token = "tea"));
  INSERT IGNORE INTO tokens (nome_token, acentuada, id_tipo_token) VALUES ("pessoas", "pessoas", (SELECT id_tipo_token FROM classificacoes_tokens WHERE BINARY nome_token = "pessoas"));
  INSERT IGNORE INTO tokens (nome_token, acentuada, id_tipo_token) VALUES ("familias", "famílias", (SELECT id_tipo_token FROM classificacoes_tokens WHERE BINARY nome_token = "famílias"));
  INSERT IGNORE INTO tokens (nome_token, acentuada, id_tipo_token) VALUES ("acoes", "ações", (SELECT id_tipo_token FROM classificacoes_tokens WHERE BINARY nome_token = "ações"));
  INSERT IGNORE INTO tokens (nome_token, acentuada, id_tipo_token) VALUES ("reflexoes", "reflexões", (SELECT id_tipo_token FROM classificacoes_tokens WHERE BINARY nome_token = "reflexões"));
  INSERT IGNORE INTO tokens (nome_token, acentuada, id_tipo_token) VALUES ("escolar", "escolar", (SELECT id_tipo_token FROM classificacoes_tokens WHERE BINARY nome_token = "escolar"));
  INSERT IGNORE INTO tokens (nome_token, acentuada, id_tipo_token) VALUES ("alimentacao", "alimentação", (SELECT id_tipo_token FROM classificacoes_tokens WHERE BINARY nome_token = "alimentação"));
  INSERT IGNORE INTO classificacoes_tokens (nome_token, id_tipo_token) VALUES ("1253", (SELECT id_chave_tipo_token FROM tipos_tokens WHERE nome_tipo_token = "numeral"));
INSERT IGNORE INTO tokens (nome_token, acentuada, id_tipo_token) VALUES ("1253", "1253", (SELECT id_tipo_token FROM classificacoes_tokens WHERE BINARY nome_token = "1253"));
  INSERT IGNORE INTO tokens (nome_token, acentuada, id_tipo_token) VALUES ("basica", "básica", (SELECT id_tipo_token FROM classificacoes_tokens WHERE BINARY nome_token = "básica"));
  INSERT IGNORE INTO tokens (nome_token, acentuada, id_tipo_token) VALUES ("educacao", "educação", (SELECT id_tipo_token FROM classificacoes_tokens WHERE BINARY nome_token = "educação"));
  INSERT IGNORE INTO tokens (nome_token, acentuada, id_tipo_token) VALUES ("a", "à", (SELECT id_tipo_token FROM classificacoes_tokens WHERE BINARY nome_token = "à"));
  INSERT IGNORE INTO tokens (nome_token, acentuada, id_tipo_token) VALUES ("educacionais", "educacionais", (SELECT id_tipo_token FROM classificacoes_tokens WHERE BINARY nome_token = "educacionais"));
  INSERT IGNORE INTO tokens (nome_token, acentuada, id_tipo_token) VALUES ("iniciativas", "iniciativas", (SELECT id_tipo_token FROM classificacoes_tokens WHERE BINARY nome_token = "iniciativas"));
  INSERT IGNORE INTO classificacoes_tokens (nome_token, id_tipo_token) VALUES ("2763", (SELECT id_chave_tipo_token FROM tipos_tokens WHERE nome_tipo_token = "numeral"));
INSERT IGNORE INTO tokens (nome_token, acentuada, id_tipo_token) VALUES ("2763", "2763", (SELECT id_tipo_token FROM classificacoes_tokens WHERE BINARY nome_token = "2763"));
  INSERT IGNORE INTO tokens (nome_token, acentuada, id_tipo_token) VALUES ("autismo", "autismo", (SELECT id_tipo_token FROM classificacoes_tokens WHERE BINARY nome_token = "autismo"));
  INSERT IGNORE INTO tokens (nome_token, acentuada, id_tipo_token) VALUES ("–", "–", (SELECT id_tipo_token FROM classificacoes_tokens WHERE BINARY nome_token = "–"));
  INSERT IGNORE INTO tokens (nome_token, acentuada, id_tipo_token) VALUES ("diversidade", "diversidade", (SELECT id_tipo_token FROM classificacoes_tokens WHERE BINARY nome_token = "diversidade"));
  INSERT IGNORE INTO tokens (nome_token, acentuada, id_tipo_token) VALUES ("inclusao", "inclusão", (SELECT id_tipo_token FROM classificacoes_tokens WHERE BINARY nome_token = "inclusão"));
  INSERT IGNORE INTO tokens (nome_token, acentuada, id_tipo_token) VALUES ("trilha", "trilha", (SELECT id_tipo_token FROM classificacoes_tokens WHERE BINARY nome_token = "trilha"));
  INSERT IGNORE INTO classificacoes_tokens (nome_token, id_tipo_token) VALUES ("2745", (SELECT id_chave_tipo_token FROM tipos_tokens WHERE nome_tipo_token = "numeral"));
INSERT IGNORE INTO tokens (nome_token, acentuada, id_tipo_token) VALUES ("2745", "2745", (SELECT id_tipo_token FROM classificacoes_tokens WHERE BINARY nome_token = "2745"));
  INSERT IGNORE INTO tokens (nome_token, acentuada, id_tipo_token) VALUES ("instrumentais", "instrumentais", (SELECT id_tipo_token FROM classificacoes_tokens WHERE BINARY nome_token = "instrumentais"));
  INSERT IGNORE INTO tokens (nome_token, acentuada, id_tipo_token) VALUES ("educacional", "educacional", (SELECT id_tipo_token FROM classificacoes_tokens WHERE BINARY nome_token = "educacional"));
  INSERT IGNORE INTO classificacoes_tokens (nome_token, id_tipo_token) VALUES ("355", (SELECT id_chave_tipo_token FROM tipos_tokens WHERE nome_tipo_token = "numeral"));
INSERT IGNORE INTO tokens (nome_token, acentuada, id_tipo_token) VALUES ("355", "355", (SELECT id_tipo_token FROM classificacoes_tokens WHERE BINARY nome_token = "355"));
  INSERT IGNORE INTO tokens (nome_token, acentuada, id_tipo_token) VALUES ("interior", "interior", (SELECT id_tipo_token FROM classificacoes_tokens WHERE BINARY nome_token = "interior"));
  INSERT IGNORE INTO tokens (nome_token, acentuada, id_tipo_token) VALUES ("jungle", "jungle", (SELECT id_tipo_token FROM classificacoes_tokens WHERE BINARY nome_token = "jungle"));
  INSERT IGNORE INTO tokens (nome_token, acentuada, id_tipo_token) VALUES ("urban", "urban", (SELECT id_tipo_token FROM classificacoes_tokens WHERE BINARY nome_token = "urban"));
  INSERT IGNORE INTO classificacoes_tokens (nome_token, id_tipo_token) VALUES ("23", (SELECT id_chave_tipo_token FROM tipos_tokens WHERE nome_tipo_token = "numeral"));
INSERT IGNORE INTO tokens (nome_token, acentuada, id_tipo_token) VALUES ("23", "23", (SELECT id_tipo_token FROM classificacoes_tokens WHERE BINARY nome_token = "23"));
  INSERT IGNORE INTO tokens (nome_token, acentuada, id_tipo_token) VALUES ("web", "web", (SELECT id_tipo_token FROM classificacoes_tokens WHERE BINARY nome_token = "web"));
  INSERT IGNORE INTO classificacoes_tokens (nome_token, id_tipo_token) VALUES ("2601", (SELECT id_chave_tipo_token FROM tipos_tokens WHERE nome_tipo_token = "numeral"));
INSERT IGNORE INTO tokens (nome_token, acentuada, id_tipo_token) VALUES ("2601", "2601", (SELECT id_tipo_token FROM classificacoes_tokens WHERE BINARY nome_token = "2601"));
  INSERT IGNORE INTO classificacoes_tokens (nome_token, id_tipo_token) VALUES ("292", (SELECT id_chave_tipo_token FROM tipos_tokens WHERE nome_tipo_token = "numeral"));
INSERT IGNORE INTO tokens (nome_token, acentuada, id_tipo_token) VALUES ("292", "292", (SELECT id_tipo_token FROM classificacoes_tokens WHERE BINARY nome_token = "292"));
  INSERT IGNORE INTO tokens (nome_token, acentuada, id_tipo_token) VALUES ("residencial", "residencial", (SELECT id_tipo_token FROM classificacoes_tokens WHERE BINARY nome_token = "residencial"));
  INSERT IGNORE INTO classificacoes_tokens (nome_token, id_tipo_token) VALUES ("273", (SELECT id_chave_tipo_token FROM tipos_tokens WHERE nome_tipo_token = "numeral"));
INSERT IGNORE INTO tokens (nome_token, acentuada, id_tipo_token) VALUES ("273", "273", (SELECT id_tipo_token FROM classificacoes_tokens WHERE BINARY nome_token = "273"));
  INSERT IGNORE INTO tokens (nome_token, acentuada, id_tipo_token) VALUES ("cores", "cores", (SELECT id_tipo_token FROM classificacoes_tokens WHERE BINARY nome_token = "cores"));
  INSERT IGNORE INTO tokens (nome_token, acentuada, id_tipo_token) VALUES ("composicao", "composição", (SELECT id_tipo_token FROM classificacoes_tokens WHERE BINARY nome_token = "composição"));
  INSERT IGNORE INTO tokens (nome_token, acentuada, id_tipo_token) VALUES ("elementos", "elementos", (SELECT id_tipo_token FROM classificacoes_tokens WHERE BINARY nome_token = "elementos"));
  INSERT IGNORE INTO classificacoes_tokens (nome_token, id_tipo_token) VALUES ("181", (SELECT id_chave_tipo_token FROM tipos_tokens WHERE nome_tipo_token = "numeral"));
INSERT IGNORE INTO tokens (nome_token, acentuada, id_tipo_token) VALUES ("181", "181", (SELECT id_tipo_token FROM classificacoes_tokens WHERE BINARY nome_token = "181"));
  INSERT IGNORE INTO tokens (nome_token, acentuada, id_tipo_token) VALUES ("complementares", "complementares", (SELECT id_tipo_token FROM classificacoes_tokens WHERE BINARY nome_token = "complementares"));
  INSERT IGNORE INTO tokens (nome_token, acentuada, id_tipo_token) VALUES ("jardinagem", "jardinagem", (SELECT id_tipo_token FROM classificacoes_tokens WHERE BINARY nome_token = "jardinagem"));
  INSERT IGNORE INTO tokens (nome_token, acentuada, id_tipo_token) VALUES ("tecnico", "técnico", (SELECT id_tipo_token FROM classificacoes_tokens WHERE BINARY nome_token = "técnico"));
  INSERT IGNORE INTO tokens (nome_token, acentuada, id_tipo_token) VALUES ("desenho", "desenho", (SELECT id_tipo_token FROM classificacoes_tokens WHERE BINARY nome_token = "desenho"));
  INSERT IGNORE INTO classificacoes_tokens (nome_token, id_tipo_token) VALUES ("152", (SELECT id_chave_tipo_token FROM tipos_tokens WHERE nome_tipo_token = "numeral"));
INSERT IGNORE INTO tokens (nome_token, acentuada, id_tipo_token) VALUES ("152", "152", (SELECT id_tipo_token FROM classificacoes_tokens WHERE BINARY nome_token = "152"));
  INSERT IGNORE INTO tokens (nome_token, acentuada, id_tipo_token) VALUES ("natureza", "natureza", (SELECT id_tipo_token FROM classificacoes_tokens WHERE BINARY nome_token = "natureza"));
  INSERT IGNORE INTO tokens (nome_token, acentuada, id_tipo_token) VALUES ("a", "á", (SELECT id_tipo_token FROM classificacoes_tokens WHERE BINARY nome_token = "á"));
  INSERT IGNORE INTO tokens (nome_token, acentuada, id_tipo_token) VALUES ("integrados", "integrados", (SELECT id_tipo_token FROM classificacoes_tokens WHERE BINARY nome_token = "integrados"));
  INSERT IGNORE INTO tokens (nome_token, acentuada, id_tipo_token) VALUES ("biofilico", "biofílico", (SELECT id_tipo_token FROM classificacoes_tokens WHERE BINARY nome_token = "biofílico"));
  INSERT IGNORE INTO classificacoes_tokens (nome_token, id_tipo_token) VALUES ("67", (SELECT id_chave_tipo_token FROM tipos_tokens WHERE nome_tipo_token = "numeral"));
INSERT IGNORE INTO tokens (nome_token, acentuada, id_tipo_token) VALUES ("67", "67", (SELECT id_tipo_token FROM classificacoes_tokens WHERE BINARY nome_token = "67"));
  INSERT IGNORE INTO classificacoes_tokens (nome_token, id_tipo_token) VALUES ("387", (SELECT id_chave_tipo_token FROM tipos_tokens WHERE nome_tipo_token = "numeral"));
INSERT IGNORE INTO tokens (nome_token, acentuada, id_tipo_token) VALUES ("387", "387", (SELECT id_tipo_token FROM classificacoes_tokens WHERE BINARY nome_token = "387"));
  INSERT IGNORE INTO tokens (nome_token, acentuada, id_tipo_token) VALUES ("residenciais", "residenciais", (SELECT id_tipo_token FROM classificacoes_tokens WHERE BINARY nome_token = "residenciais"));
  INSERT IGNORE INTO tokens (nome_token, acentuada, id_tipo_token) VALUES ("organizer", "organizer", (SELECT id_tipo_token FROM classificacoes_tokens WHERE BINARY nome_token = "organizer"));
  INSERT IGNORE INTO tokens (nome_token, acentuada, id_tipo_token) VALUES ("personal", "personal", (SELECT id_tipo_token FROM classificacoes_tokens WHERE BINARY nome_token = "personal"));
  INSERT IGNORE INTO tokens (nome_token, acentuada, id_tipo_token) VALUES ("espacos", "espaços", (SELECT id_tipo_token FROM classificacoes_tokens WHERE BINARY nome_token = "espaços"));
  INSERT IGNORE INTO tokens (nome_token, acentuada, id_tipo_token) VALUES ("pequenos", "pequenos", (SELECT id_tipo_token FROM classificacoes_tokens WHERE BINARY nome_token = "pequenos"));
  INSERT IGNORE INTO tokens (nome_token, acentuada, id_tipo_token) VALUES ("cultivo", "cultivo", (SELECT id_tipo_token FROM classificacoes_tokens WHERE BINARY nome_token = "cultivo"));
  INSERT IGNORE INTO tokens (nome_token, acentuada, id_tipo_token) VALUES ("caseira", "caseira", (SELECT id_tipo_token FROM classificacoes_tokens WHERE BINARY nome_token = "caseira"));
  INSERT IGNORE INTO tokens (nome_token, acentuada, id_tipo_token) VALUES ("organica", "orgânica", (SELECT id_tipo_token FROM classificacoes_tokens WHERE BINARY nome_token = "orgânica"));
  INSERT IGNORE INTO tokens (nome_token, acentuada, id_tipo_token) VALUES ("horta", "horta", (SELECT id_tipo_token FROM classificacoes_tokens WHERE BINARY nome_token = "horta"));
  INSERT IGNORE INTO classificacoes_tokens (nome_token, id_tipo_token) VALUES ("124", (SELECT id_chave_tipo_token FROM tipos_tokens WHERE nome_tipo_token = "numeral"));
INSERT IGNORE INTO tokens (nome_token, acentuada, id_tipo_token) VALUES ("124", "124", (SELECT id_tipo_token FROM classificacoes_tokens WHERE BINARY nome_token = "124"));
  INSERT IGNORE INTO tokens (nome_token, acentuada, id_tipo_token) VALUES ("interiores", "interiores", (SELECT id_tipo_token FROM classificacoes_tokens WHERE BINARY nome_token = "interiores"));
  INSERT IGNORE INTO tokens (nome_token, acentuada, id_tipo_token) VALUES ("obras", "obras", (SELECT id_tipo_token FROM classificacoes_tokens WHERE BINARY nome_token = "obras"));
  INSERT IGNORE INTO tokens (nome_token, acentuada, id_tipo_token) VALUES ("acompanhamento", "acompanhamento", (SELECT id_tipo_token FROM classificacoes_tokens WHERE BINARY nome_token = "acompanhamento"));
  INSERT IGNORE INTO classificacoes_tokens (nome_token, id_tipo_token) VALUES ("49", (SELECT id_chave_tipo_token FROM tipos_tokens WHERE nome_tipo_token = "numeral"));
INSERT IGNORE INTO tokens (nome_token, acentuada, id_tipo_token) VALUES ("49", "49", (SELECT id_tipo_token FROM classificacoes_tokens WHERE BINARY nome_token = "49"));
  INSERT IGNORE INTO classificacoes_tokens (nome_token, id_tipo_token) VALUES ("379", (SELECT id_chave_tipo_token FROM tipos_tokens WHERE nome_tipo_token = "numeral"));
INSERT IGNORE INTO tokens (nome_token, acentuada, id_tipo_token) VALUES ("379", "379", (SELECT id_tipo_token FROM classificacoes_tokens WHERE BINARY nome_token = "379"));
  INSERT IGNORE INTO tokens (nome_token, acentuada, id_tipo_token) VALUES ("paisagismo", "paisagismo", (SELECT id_tipo_token FROM classificacoes_tokens WHERE BINARY nome_token = "paisagismo"));
  INSERT IGNORE INTO tokens (nome_token, acentuada, id_tipo_token) VALUES ("botanica", "botânica", (SELECT id_tipo_token FROM classificacoes_tokens WHERE BINARY nome_token = "botânica"));
  INSERT IGNORE INTO classificacoes_tokens (nome_token, id_tipo_token) VALUES ("386", (SELECT id_chave_tipo_token FROM tipos_tokens WHERE nome_tipo_token = "numeral"));
INSERT IGNORE INTO tokens (nome_token, acentuada, id_tipo_token) VALUES ("386", "386", (SELECT id_tipo_token FROM classificacoes_tokens WHERE BINARY nome_token = "386"));
  INSERT IGNORE INTO tokens (nome_token, acentuada, id_tipo_token) VALUES ("identidade", "identidade", (SELECT id_tipo_token FROM classificacoes_tokens WHERE BINARY nome_token = "identidade"));
  INSERT IGNORE INTO tokens (nome_token, acentuada, id_tipo_token) VALUES ("marcas", "marcas", (SELECT id_tipo_token FROM classificacoes_tokens WHERE BINARY nome_token = "marcas"));
  INSERT IGNORE INTO classificacoes_tokens (nome_token, id_tipo_token) VALUES ("2818", (SELECT id_chave_tipo_token FROM tipos_tokens WHERE nome_tipo_token = "numeral"));
INSERT IGNORE INTO tokens (nome_token, acentuada, id_tipo_token) VALUES ("2818", "2818", (SELECT id_tipo_token FROM classificacoes_tokens WHERE BINARY nome_token = "2818"));
  INSERT IGNORE INTO tokens (nome_token, acentuada, id_tipo_token) VALUES ("interfaces", "interfaces", (SELECT id_tipo_token FROM classificacoes_tokens WHERE BINARY nome_token = "interfaces"));
  INSERT IGNORE INTO classificacoes_tokens (nome_token, id_tipo_token) VALUES ("2820", (SELECT id_chave_tipo_token FROM tipos_tokens WHERE nome_tipo_token = "numeral"));
INSERT IGNORE INTO tokens (nome_token, acentuada, id_tipo_token) VALUES ("2820", "2820", (SELECT id_tipo_token FROM classificacoes_tokens WHERE BINARY nome_token = "2820"));
  INSERT IGNORE INTO tokens (nome_token, acentuada, id_tipo_token) VALUES ("embalagens", "embalagens", (SELECT id_tipo_token FROM classificacoes_tokens WHERE BINARY nome_token = "embalagens"));
  INSERT IGNORE INTO classificacoes_tokens (nome_token, id_tipo_token) VALUES ("2819", (SELECT id_chave_tipo_token FROM tipos_tokens WHERE nome_tipo_token = "numeral"));
INSERT IGNORE INTO tokens (nome_token, acentuada, id_tipo_token) VALUES ("2819", "2819", (SELECT id_tipo_token FROM classificacoes_tokens WHERE BINARY nome_token = "2819"));
  INSERT IGNORE INTO tokens (nome_token, acentuada, id_tipo_token) VALUES ("animacoes", "animações", (SELECT id_tipo_token FROM classificacoes_tokens WHERE BINARY nome_token = "animações"));
  INSERT IGNORE INTO classificacoes_tokens (nome_token, id_tipo_token) VALUES ("2790", (SELECT id_chave_tipo_token FROM tipos_tokens WHERE nome_tipo_token = "numeral"));
INSERT IGNORE INTO tokens (nome_token, acentuada, id_tipo_token) VALUES ("2790", "2790", (SELECT id_tipo_token FROM classificacoes_tokens WHERE BINARY nome_token = "2790"));
  INSERT IGNORE INTO tokens (nome_token, acentuada, id_tipo_token) VALUES ("webgames", "webgames", (SELECT id_tipo_token FROM classificacoes_tokens WHERE BINARY nome_token = "webgames"));
  INSERT IGNORE INTO classificacoes_tokens (nome_token, id_tipo_token) VALUES ("2858", (SELECT id_chave_tipo_token FROM tipos_tokens WHERE nome_tipo_token = "numeral"));
INSERT IGNORE INTO tokens (nome_token, acentuada, id_tipo_token) VALUES ("2858", "2858", (SELECT id_tipo_token FROM classificacoes_tokens WHERE BINARY nome_token = "2858"));
  INSERT IGNORE INTO tokens (nome_token, acentuada, id_tipo_token) VALUES ("webdesigner", "webdesigner", (SELECT id_tipo_token FROM classificacoes_tokens WHERE BINARY nome_token = "webdesigner"));
  INSERT IGNORE INTO classificacoes_tokens (nome_token, id_tipo_token) VALUES ("1701", (SELECT id_chave_tipo_token FROM tipos_tokens WHERE nome_tipo_token = "numeral"));
INSERT IGNORE INTO tokens (nome_token, acentuada, id_tipo_token) VALUES ("1701", "1701", (SELECT id_tipo_token FROM classificacoes_tokens WHERE BINARY nome_token = "1701"));
  INSERT IGNORE INTO tokens (nome_token, acentuada, id_tipo_token) VALUES ("vitrinista", "vitrinista", (SELECT id_tipo_token FROM classificacoes_tokens WHERE BINARY nome_token = "vitrinista"));
  INSERT IGNORE INTO classificacoes_tokens (nome_token, id_tipo_token) VALUES ("337", (SELECT id_chave_tipo_token FROM tipos_tokens WHERE nome_tipo_token = "numeral"));
INSERT IGNORE INTO tokens (nome_token, acentuada, id_tipo_token) VALUES ("337", "337", (SELECT id_tipo_token FROM classificacoes_tokens WHERE BINARY nome_token = "337"));
  INSERT IGNORE INTO tokens (nome_token, acentuada, id_tipo_token) VALUES ("civil", "civil", (SELECT id_tipo_token FROM classificacoes_tokens WHERE BINARY nome_token = "civil"));
  INSERT IGNORE INTO tokens (nome_token, acentuada, id_tipo_token) VALUES ("cadista", "cadista", (SELECT id_tipo_token FROM classificacoes_tokens WHERE BINARY nome_token = "cadista"));
  INSERT IGNORE INTO classificacoes_tokens (nome_token, id_tipo_token) VALUES ("2600", (SELECT id_chave_tipo_token FROM tipos_tokens WHERE nome_tipo_token = "numeral"));
INSERT IGNORE INTO tokens (nome_token, acentuada, id_tipo_token) VALUES ("2600", "2600", (SELECT id_tipo_token FROM classificacoes_tokens WHERE BINARY nome_token = "2600"));
  INSERT IGNORE INTO tokens (nome_token, acentuada, id_tipo_token) VALUES ("montador", "montador", (SELECT id_tipo_token FROM classificacoes_tokens WHERE BINARY nome_token = "montador"));
  INSERT IGNORE INTO classificacoes_tokens (nome_token, id_tipo_token) VALUES ("2223", (SELECT id_chave_tipo_token FROM tipos_tokens WHERE nome_tipo_token = "numeral"));
INSERT IGNORE INTO tokens (nome_token, acentuada, id_tipo_token) VALUES ("2223", "2223", (SELECT id_tipo_token FROM classificacoes_tokens WHERE BINARY nome_token = "2223"));
  INSERT IGNORE INTO tokens (nome_token, acentuada, id_tipo_token) VALUES ("reforma", "reforma", (SELECT id_tipo_token FROM classificacoes_tokens WHERE BINARY nome_token = "reforma"));
  INSERT IGNORE INTO classificacoes_tokens (nome_token, id_tipo_token) VALUES ("807", (SELECT id_chave_tipo_token FROM tipos_tokens WHERE nome_tipo_token = "numeral"));
INSERT IGNORE INTO tokens (nome_token, acentuada, id_tipo_token) VALUES ("807", "807", (SELECT id_tipo_token FROM classificacoes_tokens WHERE BINARY nome_token = "807"));
  INSERT IGNORE INTO tokens (nome_token, acentuada, id_tipo_token) VALUES ("jornalismo", "jornalismo", (SELECT id_tipo_token FROM classificacoes_tokens WHERE BINARY nome_token = "jornalismo"));
  INSERT IGNORE INTO tokens (nome_token, acentuada, id_tipo_token) VALUES ("posts", "posts", (SELECT id_tipo_token FROM classificacoes_tokens WHERE BINARY nome_token = "posts"));
  INSERT IGNORE INTO classificacoes_tokens (nome_token, id_tipo_token) VALUES ("494", (SELECT id_chave_tipo_token FROM tipos_tokens WHERE nome_tipo_token = "numeral"));
INSERT IGNORE INTO tokens (nome_token, acentuada, id_tipo_token) VALUES ("494", "494", (SELECT id_tipo_token FROM classificacoes_tokens WHERE BINARY nome_token = "494"));
  INSERT IGNORE INTO tokens (nome_token, acentuada, id_tipo_token) VALUES ("conteudos", "conteúdos", (SELECT id_tipo_token FROM classificacoes_tokens WHERE BINARY nome_token = "conteúdos"));
  INSERT IGNORE INTO classificacoes_tokens (nome_token, id_tipo_token) VALUES ("423", (SELECT id_chave_tipo_token FROM tipos_tokens WHERE nome_tipo_token = "numeral"));
INSERT IGNORE INTO tokens (nome_token, acentuada, id_tipo_token) VALUES ("423", "423", (SELECT id_tipo_token FROM classificacoes_tokens WHERE BINARY nome_token = "423"));
  INSERT IGNORE INTO tokens (nome_token, acentuada, id_tipo_token) VALUES ("setor", "setor", (SELECT id_tipo_token FROM classificacoes_tokens WHERE BINARY nome_token = "setor"));
  INSERT IGNORE INTO classificacoes_tokens (nome_token, id_tipo_token) VALUES ("2817", (SELECT id_chave_tipo_token FROM tipos_tokens WHERE nome_tipo_token = "numeral"));
INSERT IGNORE INTO tokens (nome_token, acentuada, id_tipo_token) VALUES ("2817", "2817", (SELECT id_tipo_token FROM classificacoes_tokens WHERE BINARY nome_token = "2817"));
  INSERT IGNORE INTO tokens (nome_token, acentuada, id_tipo_token) VALUES ("conteudo", "conteúdo", (SELECT id_tipo_token FROM classificacoes_tokens WHERE BINARY nome_token = "conteúdo"));
  INSERT IGNORE INTO tokens (nome_token, acentuada, id_tipo_token) VALUES ("estrategico", "estratégico", (SELECT id_tipo_token FROM classificacoes_tokens WHERE BINARY nome_token = "estratégico"));
  INSERT IGNORE INTO classificacoes_tokens (nome_token, id_tipo_token) VALUES ("254", (SELECT id_chave_tipo_token FROM tipos_tokens WHERE nome_tipo_token = "numeral"));
INSERT IGNORE INTO tokens (nome_token, acentuada, id_tipo_token) VALUES ("254", "254", (SELECT id_tipo_token FROM classificacoes_tokens WHERE BINARY nome_token = "254"));
  INSERT IGNORE INTO tokens (nome_token, acentuada, id_tipo_token) VALUES ("tecnica", "técnica", (SELECT id_tipo_token FROM classificacoes_tokens WHERE BINARY nome_token = "técnica"));
  INSERT IGNORE INTO classificacoes_tokens (nome_token, id_tipo_token) VALUES ("107", (SELECT id_chave_tipo_token FROM tipos_tokens WHERE nome_tipo_token = "numeral"));
INSERT IGNORE INTO tokens (nome_token, acentuada, id_tipo_token) VALUES ("107", "107", (SELECT id_tipo_token FROM classificacoes_tokens WHERE BINARY nome_token = "107"));
  INSERT IGNORE INTO classificacoes_tokens (nome_token, id_tipo_token) VALUES ("216", (SELECT id_chave_tipo_token FROM tipos_tokens WHERE nome_tipo_token = "numeral"));
INSERT IGNORE INTO tokens (nome_token, acentuada, id_tipo_token) VALUES ("216", "216", (SELECT id_tipo_token FROM classificacoes_tokens WHERE BINARY nome_token = "216"));
  INSERT IGNORE INTO tokens (nome_token, acentuada, id_tipo_token) VALUES ("moveis", "móveis", (SELECT id_tipo_token FROM classificacoes_tokens WHERE BINARY nome_token = "móveis"));
  INSERT IGNORE INTO tokens (nome_token, acentuada, id_tipo_token) VALUES ("dispositivos", "dispositivos", (SELECT id_tipo_token FROM classificacoes_tokens WHERE BINARY nome_token = "dispositivos"));
  INSERT IGNORE INTO classificacoes_tokens (nome_token, id_tipo_token) VALUES ("249", (SELECT id_chave_tipo_token FROM tipos_tokens WHERE nome_tipo_token = "numeral"));
INSERT IGNORE INTO tokens (nome_token, acentuada, id_tipo_token) VALUES ("249", "249", (SELECT id_tipo_token FROM classificacoes_tokens WHERE BINARY nome_token = "249"));
  INSERT IGNORE INTO classificacoes_tokens (nome_token, id_tipo_token) VALUES ("226", (SELECT id_chave_tipo_token FROM tipos_tokens WHERE nome_tipo_token = "numeral"));
INSERT IGNORE INTO tokens (nome_token, acentuada, id_tipo_token) VALUES ("226", "226", (SELECT id_tipo_token FROM classificacoes_tokens WHERE BINARY nome_token = "226"));
  INSERT IGNORE INTO tokens (nome_token, acentuada, id_tipo_token) VALUES ("cerimonias", "cerimônias", (SELECT id_tipo_token FROM classificacoes_tokens WHERE BINARY nome_token = "cerimônias"));
  INSERT IGNORE INTO tokens (nome_token, acentuada, id_tipo_token) VALUES ("mestre", "mestre", (SELECT id_tipo_token FROM classificacoes_tokens WHERE BINARY nome_token = "mestre"));
  INSERT IGNORE INTO tokens (nome_token, acentuada, id_tipo_token) VALUES ("monitoramento", "monitoramento", (SELECT id_tipo_token FROM classificacoes_tokens WHERE BINARY nome_token = "monitoramento"));
  INSERT IGNORE INTO classificacoes_tokens (nome_token, id_tipo_token) VALUES ("212", (SELECT id_chave_tipo_token FROM tipos_tokens WHERE nome_tipo_token = "numeral"));
INSERT IGNORE INTO tokens (nome_token, acentuada, id_tipo_token) VALUES ("212", "212", (SELECT id_tipo_token FROM classificacoes_tokens WHERE BINARY nome_token = "212"));
  INSERT IGNORE INTO tokens (nome_token, acentuada, id_tipo_token) VALUES ("cultural", "cultural", (SELECT id_tipo_token FROM classificacoes_tokens WHERE BINARY nome_token = "cultural"));
  INSERT IGNORE INTO tokens (nome_token, acentuada, id_tipo_token) VALUES ("produtor", "produtor", (SELECT id_tipo_token FROM classificacoes_tokens WHERE BINARY nome_token = "produtor"));
  INSERT IGNORE INTO classificacoes_tokens (nome_token, id_tipo_token) VALUES ("330", (SELECT id_chave_tipo_token FROM tipos_tokens WHERE nome_tipo_token = "numeral"));
INSERT IGNORE INTO tokens (nome_token, acentuada, id_tipo_token) VALUES ("330", "330", (SELECT id_tipo_token FROM classificacoes_tokens WHERE BINARY nome_token = "330"));
  INSERT IGNORE INTO classificacoes_tokens (nome_token, id_tipo_token) VALUES ("209", (SELECT id_chave_tipo_token FROM tipos_tokens WHERE nome_tipo_token = "numeral"));
INSERT IGNORE INTO tokens (nome_token, acentuada, id_tipo_token) VALUES ("209", "209", (SELECT id_tipo_token FROM classificacoes_tokens WHERE BINARY nome_token = "209"));
  INSERT IGNORE INTO tokens (nome_token, acentuada, id_tipo_token) VALUES ("sonoplastia", "sonoplastia", (SELECT id_tipo_token FROM classificacoes_tokens WHERE BINARY nome_token = "sonoplastia"));
  INSERT IGNORE INTO classificacoes_tokens (nome_token, id_tipo_token) VALUES ("2803", (SELECT id_chave_tipo_token FROM tipos_tokens WHERE nome_tipo_token = "numeral"));
INSERT IGNORE INTO tokens (nome_token, acentuada, id_tipo_token) VALUES ("2803", "2803", (SELECT id_tipo_token FROM classificacoes_tokens WHERE BINARY nome_token = "2803"));
  INSERT IGNORE INTO classificacoes_tokens (nome_token, id_tipo_token) VALUES ("174", (SELECT id_chave_tipo_token FROM tipos_tokens WHERE nome_tipo_token = "numeral"));
INSERT IGNORE INTO tokens (nome_token, acentuada, id_tipo_token) VALUES ("174", "174", (SELECT id_tipo_token FROM classificacoes_tokens WHERE BINARY nome_token = "174"));
  INSERT IGNORE INTO tokens (nome_token, acentuada, id_tipo_token) VALUES ("joquei", "jóquei", (SELECT id_tipo_token FROM classificacoes_tokens WHERE BINARY nome_token = "jóquei"));
  INSERT IGNORE INTO tokens (nome_token, acentuada, id_tipo_token) VALUES ("disc", "disc", (SELECT id_tipo_token FROM classificacoes_tokens WHERE BINARY nome_token = "disc"));
  INSERT IGNORE INTO classificacoes_tokens (nome_token, id_tipo_token) VALUES ("317", (SELECT id_chave_tipo_token FROM tipos_tokens WHERE nome_tipo_token = "numeral"));
INSERT IGNORE INTO tokens (nome_token, acentuada, id_tipo_token) VALUES ("317", "317", (SELECT id_tipo_token FROM classificacoes_tokens WHERE BINARY nome_token = "317"));
  INSERT IGNORE INTO classificacoes_tokens (nome_token, id_tipo_token) VALUES ("171", (SELECT id_chave_tipo_token FROM tipos_tokens WHERE nome_tipo_token = "numeral"));
INSERT IGNORE INTO tokens (nome_token, acentuada, id_tipo_token) VALUES ("171", "171", (SELECT id_tipo_token FROM classificacoes_tokens WHERE BINARY nome_token = "171"));
  INSERT IGNORE INTO tokens (nome_token, acentuada, id_tipo_token) VALUES ("roteiro", "roteiro", (SELECT id_tipo_token FROM classificacoes_tokens WHERE BINARY nome_token = "roteiro"));
  INSERT IGNORE INTO classificacoes_tokens (nome_token, id_tipo_token) VALUES ("2800", (SELECT id_chave_tipo_token FROM tipos_tokens WHERE nome_tipo_token = "numeral"));
INSERT IGNORE INTO tokens (nome_token, acentuada, id_tipo_token) VALUES ("2800", "2800", (SELECT id_tipo_token FROM classificacoes_tokens WHERE BINARY nome_token = "2800"));
  INSERT IGNORE INTO classificacoes_tokens (nome_token, id_tipo_token) VALUES ("158", (SELECT id_chave_tipo_token FROM tipos_tokens WHERE nome_tipo_token = "numeral"));
INSERT IGNORE INTO tokens (nome_token, acentuada, id_tipo_token) VALUES ("158", "158", (SELECT id_tipo_token FROM classificacoes_tokens WHERE BINARY nome_token = "158"));
  INSERT IGNORE INTO tokens (nome_token, acentuada, id_tipo_token) VALUES ("estrategia", "estratégia", (SELECT id_tipo_token FROM classificacoes_tokens WHERE BINARY nome_token = "estratégia"));
  INSERT IGNORE INTO tokens (nome_token, acentuada, id_tipo_token) VALUES ("content", "content", (SELECT id_tipo_token FROM classificacoes_tokens WHERE BINARY nome_token = "content"));
  INSERT IGNORE INTO tokens (nome_token, acentuada, id_tipo_token) VALUES ("branded", "branded", (SELECT id_tipo_token FROM classificacoes_tokens WHERE BINARY nome_token = "branded"));
  INSERT IGNORE INTO classificacoes_tokens (nome_token, id_tipo_token) VALUES ("153", (SELECT id_chave_tipo_token FROM tipos_tokens WHERE nome_tipo_token = "numeral"));
INSERT IGNORE INTO tokens (nome_token, acentuada, id_tipo_token) VALUES ("153", "153", (SELECT id_tipo_token FROM classificacoes_tokens WHERE BINARY nome_token = "153"));
  INSERT IGNORE INTO tokens (nome_token, acentuada, id_tipo_token) VALUES ("dj", "dj", (SELECT id_tipo_token FROM classificacoes_tokens WHERE BINARY nome_token = "dj"));
  INSERT IGNORE INTO classificacoes_tokens (nome_token, id_tipo_token) VALUES ("74", (SELECT id_chave_tipo_token FROM tipos_tokens WHERE nome_tipo_token = "numeral"));
INSERT IGNORE INTO tokens (nome_token, acentuada, id_tipo_token) VALUES ("74", "74", (SELECT id_tipo_token FROM classificacoes_tokens WHERE BINARY nome_token = "74"));
  INSERT IGNORE INTO tokens (nome_token, acentuada, id_tipo_token) VALUES ("busca", "busca", (SELECT id_tipo_token FROM classificacoes_tokens WHERE BINARY nome_token = "busca"));
  INSERT IGNORE INTO tokens (nome_token, acentuada, id_tipo_token) VALUES ("mecanismos", "mecanismos", (SELECT id_tipo_token FROM classificacoes_tokens WHERE BINARY nome_token = "mecanismos"));
  INSERT IGNORE INTO tokens (nome_token, acentuada, id_tipo_token) VALUES ("sites", "sites", (SELECT id_tipo_token FROM classificacoes_tokens WHERE BINARY nome_token = "sites"));
  INSERT IGNORE INTO tokens (nome_token, acentuada, id_tipo_token) VALUES ("otimizacao", "otimização", (SELECT id_tipo_token FROM classificacoes_tokens WHERE BINARY nome_token = "otimização"));
  INSERT IGNORE INTO tokens (nome_token, acentuada, id_tipo_token) VALUES ("seo", "seo", (SELECT id_tipo_token FROM classificacoes_tokens WHERE BINARY nome_token = "seo"));
  INSERT IGNORE INTO tokens (nome_token, acentuada, id_tipo_token) VALUES ("imprensa", "imprensa", (SELECT id_tipo_token FROM classificacoes_tokens WHERE BINARY nome_token = "imprensa"));
  INSERT IGNORE INTO tokens (nome_token, acentuada, id_tipo_token) VALUES ("assessoria", "assessoria", (SELECT id_tipo_token FROM classificacoes_tokens WHERE BINARY nome_token = "assessoria"));
  INSERT IGNORE INTO tokens (nome_token, acentuada, id_tipo_token) VALUES ("podcast", "podcast", (SELECT id_tipo_token FROM classificacoes_tokens WHERE BINARY nome_token = "podcast"));
  INSERT IGNORE INTO classificacoes_tokens (nome_token, id_tipo_token) VALUES ("116", (SELECT id_chave_tipo_token FROM tipos_tokens WHERE nome_tipo_token = "numeral"));
INSERT IGNORE INTO tokens (nome_token, acentuada, id_tipo_token) VALUES ("116", "116", (SELECT id_tipo_token FROM classificacoes_tokens WHERE BINARY nome_token = "116"));
  INSERT IGNORE INTO tokens (nome_token, acentuada, id_tipo_token) VALUES ("varejista", "varejista", (SELECT id_tipo_token FROM classificacoes_tokens WHERE BINARY nome_token = "varejista"));
  INSERT IGNORE INTO tokens (nome_token, acentuada, id_tipo_token) VALUES ("publicidade", "publicidade", (SELECT id_tipo_token FROM classificacoes_tokens WHERE BINARY nome_token = "publicidade"));
  INSERT IGNORE INTO tokens (nome_token, acentuada, id_tipo_token) VALUES ("oficina", "oficina", (SELECT id_tipo_token FROM classificacoes_tokens WHERE BINARY nome_token = "oficina"));
  INSERT IGNORE INTO classificacoes_tokens (nome_token, id_tipo_token) VALUES ("1917", (SELECT id_chave_tipo_token FROM tipos_tokens WHERE nome_tipo_token = "numeral"));
INSERT IGNORE INTO tokens (nome_token, acentuada, id_tipo_token) VALUES ("1917", "1917", (SELECT id_tipo_token FROM classificacoes_tokens WHERE BINARY nome_token = "1917"));
  INSERT IGNORE INTO tokens (nome_token, acentuada, id_tipo_token) VALUES ("videos", "vídeos", (SELECT id_tipo_token FROM classificacoes_tokens WHERE BINARY nome_token = "vídeos"));
  INSERT IGNORE INTO classificacoes_tokens (nome_token, id_tipo_token) VALUES ("109", (SELECT id_chave_tipo_token FROM tipos_tokens WHERE nome_tipo_token = "numeral"));
INSERT IGNORE INTO tokens (nome_token, acentuada, id_tipo_token) VALUES ("109", "109", (SELECT id_tipo_token FROM classificacoes_tokens WHERE BINARY nome_token = "109"));
  INSERT IGNORE INTO tokens (nome_token, acentuada, id_tipo_token) VALUES ("locucao", "locução", (SELECT id_tipo_token FROM classificacoes_tokens WHERE BINARY nome_token = "locução"));
  INSERT IGNORE INTO tokens (nome_token, acentuada, id_tipo_token) VALUES ("pratica", "prática", (SELECT id_tipo_token FROM classificacoes_tokens WHERE BINARY nome_token = "prática"));
  INSERT IGNORE INTO classificacoes_tokens (nome_token, id_tipo_token) VALUES ("106", (SELECT id_chave_tipo_token FROM tipos_tokens WHERE nome_tipo_token = "numeral"));
INSERT IGNORE INTO tokens (nome_token, acentuada, id_tipo_token) VALUES ("106", "106", (SELECT id_tipo_token FROM classificacoes_tokens WHERE BINARY nome_token = "106"));
  INSERT IGNORE INTO classificacoes_tokens (nome_token, id_tipo_token) VALUES ("376", (SELECT id_chave_tipo_token FROM tipos_tokens WHERE nome_tipo_token = "numeral"));
INSERT IGNORE INTO tokens (nome_token, acentuada, id_tipo_token) VALUES ("376", "376", (SELECT id_tipo_token FROM classificacoes_tokens WHERE BINARY nome_token = "376"));
  INSERT IGNORE INTO tokens (nome_token, acentuada, id_tipo_token) VALUES ("games", "games", (SELECT id_tipo_token FROM classificacoes_tokens WHERE BINARY nome_token = "games"));
  INSERT IGNORE INTO tokens (nome_token, acentuada, id_tipo_token) VALUES ("designer", "designer", (SELECT id_tipo_token FROM classificacoes_tokens WHERE BINARY nome_token = "designer"));
  INSERT IGNORE INTO tokens (nome_token, acentuada, id_tipo_token) VALUES ("redacao", "redacao", (SELECT id_tipo_token FROM classificacoes_tokens WHERE BINARY nome_token = "redacao"));
  INSERT IGNORE INTO tokens (nome_token, acentuada, id_tipo_token) VALUES ("endomarketing", "endomarketing", (SELECT id_tipo_token FROM classificacoes_tokens WHERE BINARY nome_token = "endomarketing"));
  INSERT IGNORE INTO tokens (nome_token, acentuada, id_tipo_token) VALUES ("interna", "interna", (SELECT id_tipo_token FROM classificacoes_tokens WHERE BINARY nome_token = "interna"));
  INSERT IGNORE INTO tokens (nome_token, acentuada, id_tipo_token) VALUES ("comunicacao", "comunicacão", (SELECT id_tipo_token FROM classificacoes_tokens WHERE BINARY nome_token = "comunicacão"));
  INSERT IGNORE INTO classificacoes_tokens (nome_token, id_tipo_token) VALUES ("388", (SELECT id_chave_tipo_token FROM tipos_tokens WHERE nome_tipo_token = "numeral"));
INSERT IGNORE INTO tokens (nome_token, acentuada, id_tipo_token) VALUES ("388", "388", (SELECT id_tipo_token FROM classificacoes_tokens WHERE BINARY nome_token = "388"));
  INSERT IGNORE INTO classificacoes_tokens (nome_token, id_tipo_token) VALUES ("93", (SELECT id_chave_tipo_token FROM tipos_tokens WHERE nome_tipo_token = "numeral"));
INSERT IGNORE INTO tokens (nome_token, acentuada, id_tipo_token) VALUES ("93", "93", (SELECT id_tipo_token FROM classificacoes_tokens WHERE BINARY nome_token = "93"));
  INSERT IGNORE INTO tokens (nome_token, acentuada, id_tipo_token) VALUES ("tv", "tv", (SELECT id_tipo_token FROM classificacoes_tokens WHERE BINARY nome_token = "tv"));
  INSERT IGNORE INTO tokens (nome_token, acentuada, id_tipo_token) VALUES ("radio", "rádio", (SELECT id_tipo_token FROM classificacoes_tokens WHERE BINARY nome_token = "rádio"));
  INSERT IGNORE INTO classificacoes_tokens (nome_token, id_tipo_token) VALUES ("2816", (SELECT id_chave_tipo_token FROM tipos_tokens WHERE nome_tipo_token = "numeral"));
INSERT IGNORE INTO tokens (nome_token, acentuada, id_tipo_token) VALUES ("2816", "2816", (SELECT id_tipo_token FROM classificacoes_tokens WHERE BINARY nome_token = "2816"));
  INSERT IGNORE INTO tokens (nome_token, acentuada, id_tipo_token) VALUES ("edicao", "edição", (SELECT id_tipo_token FROM classificacoes_tokens WHERE BINARY nome_token = "edição"));
  INSERT IGNORE INTO classificacoes_tokens (nome_token, id_tipo_token) VALUES ("2814", (SELECT id_chave_tipo_token FROM tipos_tokens WHERE nome_tipo_token = "numeral"));
INSERT IGNORE INTO tokens (nome_token, acentuada, id_tipo_token) VALUES ("2814", "2814", (SELECT id_tipo_token FROM classificacoes_tokens WHERE BINARY nome_token = "2814"));
  INSERT IGNORE INTO tokens (nome_token, acentuada, id_tipo_token) VALUES ("televisao", "televisão", (SELECT id_tipo_token FROM classificacoes_tokens WHERE BINARY nome_token = "televisão"));
  INSERT IGNORE INTO tokens (nome_token, acentuada, id_tipo_token) VALUES ("programas", "programas", (SELECT id_tipo_token FROM classificacoes_tokens WHERE BINARY nome_token = "programas"));
  INSERT IGNORE INTO tokens (nome_token, acentuada, id_tipo_token) VALUES ("apresentacao", "apresentação", (SELECT id_tipo_token FROM classificacoes_tokens WHERE BINARY nome_token = "apresentação"));
  INSERT IGNORE INTO classificacoes_tokens (nome_token, id_tipo_token) VALUES ("2802", (SELECT id_chave_tipo_token FROM tipos_tokens WHERE nome_tipo_token = "numeral"));
INSERT IGNORE INTO tokens (nome_token, acentuada, id_tipo_token) VALUES ("2802", "2802", (SELECT id_tipo_token FROM classificacoes_tokens WHERE BINARY nome_token = "2802"));
  INSERT IGNORE INTO tokens (nome_token, acentuada, id_tipo_token) VALUES ("camera", "câmera", (SELECT id_tipo_token FROM classificacoes_tokens WHERE BINARY nome_token = "câmera"));
  INSERT IGNORE INTO classificacoes_tokens (nome_token, id_tipo_token) VALUES ("329", (SELECT id_chave_tipo_token FROM tipos_tokens WHERE nome_tipo_token = "numeral"));
INSERT IGNORE INTO tokens (nome_token, acentuada, id_tipo_token) VALUES ("329", "329", (SELECT id_tipo_token FROM classificacoes_tokens WHERE BINARY nome_token = "329"));
  INSERT IGNORE INTO tokens (nome_token, acentuada, id_tipo_token) VALUES ("publicitario", "publicitário", (SELECT id_tipo_token FROM classificacoes_tokens WHERE BINARY nome_token = "publicitário"));
  INSERT IGNORE INTO classificacoes_tokens (nome_token, id_tipo_token) VALUES ("2804", (SELECT id_chave_tipo_token FROM tipos_tokens WHERE nome_tipo_token = "numeral"));
INSERT IGNORE INTO tokens (nome_token, acentuada, id_tipo_token) VALUES ("2804", "2804", (SELECT id_tipo_token FROM classificacoes_tokens WHERE BINARY nome_token = "2804"));
  INSERT IGNORE INTO tokens (nome_token, acentuada, id_tipo_token) VALUES ("midia", "mídia", (SELECT id_tipo_token FROM classificacoes_tokens WHERE BINARY nome_token = "mídia"));
  INSERT IGNORE INTO classificacoes_tokens (nome_token, id_tipo_token) VALUES ("2806", (SELECT id_chave_tipo_token FROM tipos_tokens WHERE nome_tipo_token = "numeral"));
INSERT IGNORE INTO tokens (nome_token, acentuada, id_tipo_token) VALUES ("2806", "2806", (SELECT id_tipo_token FROM classificacoes_tokens WHERE BINARY nome_token = "2806"));
  INSERT IGNORE INTO tokens (nome_token, acentuada, id_tipo_token) VALUES ("musical", "musical", (SELECT id_tipo_token FROM classificacoes_tokens WHERE BINARY nome_token = "musical"));
  INSERT IGNORE INTO tokens (nome_token, acentuada, id_tipo_token) VALUES ("radialista", "radialista", (SELECT id_tipo_token FROM classificacoes_tokens WHERE BINARY nome_token = "radialista"));
  INSERT IGNORE INTO classificacoes_tokens (nome_token, id_tipo_token) VALUES ("2811", (SELECT id_chave_tipo_token FROM tipos_tokens WHERE nome_tipo_token = "numeral"));
INSERT IGNORE INTO tokens (nome_token, acentuada, id_tipo_token) VALUES ("2811", "2811", (SELECT id_tipo_token FROM classificacoes_tokens WHERE BINARY nome_token = "2811"));
  INSERT IGNORE INTO tokens (nome_token, acentuada, id_tipo_token) VALUES ("publicitaria", "publicitária", (SELECT id_tipo_token FROM classificacoes_tokens WHERE BINARY nome_token = "publicitária"));
  INSERT IGNORE INTO tokens (nome_token, acentuada, id_tipo_token) VALUES ("criacao", "criação", (SELECT id_tipo_token FROM classificacoes_tokens WHERE BINARY nome_token = "criação"));
  INSERT IGNORE INTO classificacoes_tokens (nome_token, id_tipo_token) VALUES ("2805", (SELECT id_chave_tipo_token FROM tipos_tokens WHERE nome_tipo_token = "numeral"));
INSERT IGNORE INTO tokens (nome_token, acentuada, id_tipo_token) VALUES ("2805", "2805", (SELECT id_tipo_token FROM classificacoes_tokens WHERE BINARY nome_token = "2805"));
  INSERT IGNORE INTO tokens (nome_token, acentuada, id_tipo_token) VALUES ("eletronica", "eletrônica", (SELECT id_tipo_token FROM classificacoes_tokens WHERE BINARY nome_token = "eletrônica"));
  INSERT IGNORE INTO tokens (nome_token, acentuada, id_tipo_token) VALUES ("editoracao", "editoração", (SELECT id_tipo_token FROM classificacoes_tokens WHERE BINARY nome_token = "editoração"));
  INSERT IGNORE INTO classificacoes_tokens (nome_token, id_tipo_token) VALUES ("2594", (SELECT id_chave_tipo_token FROM tipos_tokens WHERE nome_tipo_token = "numeral"));
INSERT IGNORE INTO tokens (nome_token, acentuada, id_tipo_token) VALUES ("2594", "2594", (SELECT id_tipo_token FROM classificacoes_tokens WHERE BINARY nome_token = "2594"));
  INSERT IGNORE INTO classificacoes_tokens (nome_token, id_tipo_token) VALUES ("24", (SELECT id_chave_tipo_token FROM tipos_tokens WHERE nome_tipo_token = "numeral"));
INSERT IGNORE INTO tokens (nome_token, acentuada, id_tipo_token) VALUES ("24", "24", (SELECT id_tipo_token FROM classificacoes_tokens WHERE BINARY nome_token = "24"));
  INSERT IGNORE INTO tokens (nome_token, acentuada, id_tipo_token) VALUES ("grafico", "gráfico", (SELECT id_tipo_token FROM classificacoes_tokens WHERE BINARY nome_token = "gráfico"));
  INSERT IGNORE INTO tokens (nome_token, acentuada, id_tipo_token) VALUES ("visual", "visual", (SELECT id_tipo_token FROM classificacoes_tokens WHERE BINARY nome_token = "visual"));
  INSERT IGNORE INTO tokens (nome_token, acentuada, id_tipo_token) VALUES ("projeto", "projeto", (SELECT id_tipo_token FROM classificacoes_tokens WHERE BINARY nome_token = "projeto"));
  INSERT IGNORE INTO classificacoes_tokens (nome_token, id_tipo_token) VALUES ("1285", (SELECT id_chave_tipo_token FROM tipos_tokens WHERE nome_tipo_token = "numeral"));
INSERT IGNORE INTO tokens (nome_token, acentuada, id_tipo_token) VALUES ("1285", "1285", (SELECT id_tipo_token FROM classificacoes_tokens WHERE BINARY nome_token = "1285"));
  INSERT IGNORE INTO tokens (nome_token, acentuada, id_tipo_token) VALUES ("audio", "áudio", (SELECT id_tipo_token FROM classificacoes_tokens WHERE BINARY nome_token = "áudio"));
  INSERT IGNORE INTO classificacoes_tokens (nome_token, id_tipo_token) VALUES ("327", (SELECT id_chave_tipo_token FROM tipos_tokens WHERE nome_tipo_token = "numeral"));
INSERT IGNORE INTO tokens (nome_token, acentuada, id_tipo_token) VALUES ("327", "327", (SELECT id_tipo_token FROM classificacoes_tokens WHERE BINARY nome_token = "327"));
  INSERT IGNORE INTO tokens (nome_token, acentuada, id_tipo_token) VALUES ("video", "vídeo", (SELECT id_tipo_token FROM classificacoes_tokens WHERE BINARY nome_token = "vídeo"));
  INSERT IGNORE INTO tokens (nome_token, acentuada, id_tipo_token) VALUES ("editor", "editor", (SELECT id_tipo_token FROM classificacoes_tokens WHERE BINARY nome_token = "editor"));
  INSERT IGNORE INTO classificacoes_tokens (nome_token, id_tipo_token) VALUES ("1344", (SELECT id_chave_tipo_token FROM tipos_tokens WHERE nome_tipo_token = "numeral"));
INSERT IGNORE INTO tokens (nome_token, acentuada, id_tipo_token) VALUES ("1344", "1344", (SELECT id_tipo_token FROM classificacoes_tokens WHERE BINARY nome_token = "1344"));
  INSERT IGNORE INTO tokens (nome_token, acentuada, id_tipo_token) VALUES ("animador", "animador", (SELECT id_tipo_token FROM classificacoes_tokens WHERE BINARY nome_token = "animador"));
  INSERT IGNORE INTO tokens (nome_token, acentuada, id_tipo_token) VALUES ("apresentador", "apresentador", (SELECT id_tipo_token FROM classificacoes_tokens WHERE BINARY nome_token = "apresentador"));
  INSERT IGNORE INTO tokens (nome_token, acentuada, id_tipo_token) VALUES ("locutor", "locutor", (SELECT id_tipo_token FROM classificacoes_tokens WHERE BINARY nome_token = "locutor"));
  INSERT IGNORE INTO classificacoes_tokens (nome_token, id_tipo_token) VALUES ("324", (SELECT id_chave_tipo_token FROM tipos_tokens WHERE nome_tipo_token = "numeral"));
INSERT IGNORE INTO tokens (nome_token, acentuada, id_tipo_token) VALUES ("324", "324", (SELECT id_tipo_token FROM classificacoes_tokens WHERE BINARY nome_token = "324"));
  INSERT IGNORE INTO classificacoes_tokens (nome_token, id_tipo_token) VALUES ("300", (SELECT id_chave_tipo_token FROM tipos_tokens WHERE nome_tipo_token = "numeral"));
INSERT IGNORE INTO tokens (nome_token, acentuada, id_tipo_token) VALUES ("300", "300", (SELECT id_tipo_token FROM classificacoes_tokens WHERE BINARY nome_token = "300"));
  INSERT IGNORE INTO classificacoes_tokens (nome_token, id_tipo_token) VALUES ("279", (SELECT id_chave_tipo_token FROM tipos_tokens WHERE nome_tipo_token = "numeral"));
INSERT IGNORE INTO tokens (nome_token, acentuada, id_tipo_token) VALUES ("279", "279", (SELECT id_tipo_token FROM classificacoes_tokens WHERE BINARY nome_token = "279"));
  INSERT IGNORE INTO classificacoes_tokens (nome_token, id_tipo_token) VALUES ("260", (SELECT id_chave_tipo_token FROM tipos_tokens WHERE nome_tipo_token = "numeral"));
INSERT IGNORE INTO tokens (nome_token, acentuada, id_tipo_token) VALUES ("260", "260", (SELECT id_tipo_token FROM classificacoes_tokens WHERE BINARY nome_token = "260"));
  INSERT IGNORE INTO classificacoes_tokens (nome_token, id_tipo_token) VALUES ("256", (SELECT id_chave_tipo_token FROM tipos_tokens WHERE nome_tipo_token = "numeral"));
INSERT IGNORE INTO tokens (nome_token, acentuada, id_tipo_token) VALUES ("256", "256", (SELECT id_tipo_token FROM classificacoes_tokens WHERE BINARY nome_token = "256"));
  INSERT IGNORE INTO classificacoes_tokens (nome_token, id_tipo_token) VALUES ("156", (SELECT id_chave_tipo_token FROM tipos_tokens WHERE nome_tipo_token = "numeral"));
INSERT IGNORE INTO tokens (nome_token, acentuada, id_tipo_token) VALUES ("156", "156", (SELECT id_tipo_token FROM classificacoes_tokens WHERE BINARY nome_token = "156"));
  INSERT IGNORE INTO classificacoes_tokens (nome_token, id_tipo_token) VALUES ("2521", (SELECT id_chave_tipo_token FROM tipos_tokens WHERE nome_tipo_token = "numeral"));
INSERT IGNORE INTO tokens (nome_token, acentuada, id_tipo_token) VALUES ("2521", "2521", (SELECT id_tipo_token FROM classificacoes_tokens WHERE BINARY nome_token = "2521"));
  INSERT IGNORE INTO classificacoes_tokens (nome_token, id_tipo_token) VALUES ("122", (SELECT id_chave_tipo_token FROM tipos_tokens WHERE nome_tipo_token = "numeral"));
INSERT IGNORE INTO tokens (nome_token, acentuada, id_tipo_token) VALUES ("122", "122", (SELECT id_tipo_token FROM classificacoes_tokens WHERE BINARY nome_token = "122"));
  INSERT IGNORE INTO classificacoes_tokens (nome_token, id_tipo_token) VALUES ("2470", (SELECT id_chave_tipo_token FROM tipos_tokens WHERE nome_tipo_token = "numeral"));
INSERT IGNORE INTO tokens (nome_token, acentuada, id_tipo_token) VALUES ("2470", "2470", (SELECT id_tipo_token FROM classificacoes_tokens WHERE BINARY nome_token = "2470"));
  INSERT IGNORE INTO classificacoes_tokens (nome_token, id_tipo_token) VALUES ("425", (SELECT id_chave_tipo_token FROM tipos_tokens WHERE nome_tipo_token = "numeral"));
INSERT IGNORE INTO tokens (nome_token, acentuada, id_tipo_token) VALUES ("425", "425", (SELECT id_tipo_token FROM classificacoes_tokens WHERE BINARY nome_token = "425"));
  INSERT IGNORE INTO classificacoes_tokens (nome_token, id_tipo_token) VALUES ("135", (SELECT id_chave_tipo_token FROM tipos_tokens WHERE nome_tipo_token = "numeral"));
INSERT IGNORE INTO tokens (nome_token, acentuada, id_tipo_token) VALUES ("135", "135", (SELECT id_tipo_token FROM classificacoes_tokens WHERE BINARY nome_token = "135"));
  INSERT IGNORE INTO tokens (nome_token, acentuada, id_tipo_token) VALUES ("mais", "mais", (SELECT id_tipo_token FROM classificacoes_tokens WHERE BINARY nome_token = "mais"));
  INSERT IGNORE INTO tokens (nome_token, acentuada, id_tipo_token) VALUES ("comunicar", "comunicar", (SELECT id_tipo_token FROM classificacoes_tokens WHERE BINARY nome_token = "comunicar"));
  INSERT IGNORE INTO classificacoes_tokens (nome_token, id_tipo_token) VALUES ("2326", (SELECT id_chave_tipo_token FROM tipos_tokens WHERE nome_tipo_token = "numeral"));
INSERT IGNORE INTO tokens (nome_token, acentuada, id_tipo_token) VALUES ("2326", "2326", (SELECT id_tipo_token FROM classificacoes_tokens WHERE BINARY nome_token = "2326"));
  INSERT IGNORE INTO classificacoes_tokens (nome_token, id_tipo_token) VALUES ("39", (SELECT id_chave_tipo_token FROM tipos_tokens WHERE nome_tipo_token = "numeral"));
INSERT IGNORE INTO tokens (nome_token, acentuada, id_tipo_token) VALUES ("39", "39", (SELECT id_tipo_token FROM classificacoes_tokens WHERE BINARY nome_token = "39"));
  INSERT IGNORE INTO classificacoes_tokens (nome_token, id_tipo_token) VALUES ("320", (SELECT id_chave_tipo_token FROM tipos_tokens WHERE nome_tipo_token = "numeral"));
INSERT IGNORE INTO tokens (nome_token, acentuada, id_tipo_token) VALUES ("320", "320", (SELECT id_tipo_token FROM classificacoes_tokens WHERE BINARY nome_token = "320"));
  INSERT IGNORE INTO classificacoes_tokens (nome_token, id_tipo_token) VALUES ("420", (SELECT id_chave_tipo_token FROM tipos_tokens WHERE nome_tipo_token = "numeral"));
INSERT IGNORE INTO tokens (nome_token, acentuada, id_tipo_token) VALUES ("420", "420", (SELECT id_tipo_token FROM classificacoes_tokens WHERE BINARY nome_token = "420"));
  INSERT IGNORE INTO classificacoes_tokens (nome_token, id_tipo_token) VALUES ("1558", (SELECT id_chave_tipo_token FROM tipos_tokens WHERE nome_tipo_token = "numeral"));
INSERT IGNORE INTO tokens (nome_token, acentuada, id_tipo_token) VALUES ("1558", "1558", (SELECT id_tipo_token FROM classificacoes_tokens WHERE BINARY nome_token = "1558"));
  INSERT IGNORE INTO classificacoes_tokens (nome_token, id_tipo_token) VALUES ("114", (SELECT id_chave_tipo_token FROM tipos_tokens WHERE nome_tipo_token = "numeral"));
INSERT IGNORE INTO tokens (nome_token, acentuada, id_tipo_token) VALUES ("114", "114", (SELECT id_tipo_token FROM classificacoes_tokens WHERE BINARY nome_token = "114"));
  INSERT IGNORE INTO tokens (nome_token, acentuada, id_tipo_token) VALUES ("equipes", "equipes", (SELECT id_tipo_token FROM classificacoes_tokens WHERE BINARY nome_token = "equipes"));
  INSERT IGNORE INTO tokens (nome_token, acentuada, id_tipo_token) VALUES ("desenvolvimento", "desenvolvimento", (SELECT id_tipo_token FROM classificacoes_tokens WHERE BINARY nome_token = "desenvolvimento"));
  INSERT IGNORE INTO classificacoes_tokens (nome_token, id_tipo_token) VALUES ("2364", (SELECT id_chave_tipo_token FROM tipos_tokens WHERE nome_tipo_token = "numeral"));
INSERT IGNORE INTO tokens (nome_token, acentuada, id_tipo_token) VALUES ("2364", "2364", (SELECT id_tipo_token FROM classificacoes_tokens WHERE BINARY nome_token = "2364"));
  INSERT IGNORE INTO classificacoes_tokens (nome_token, id_tipo_token) VALUES ("486", (SELECT id_chave_tipo_token FROM tipos_tokens WHERE nome_tipo_token = "numeral"));
INSERT IGNORE INTO tokens (nome_token, acentuada, id_tipo_token) VALUES ("486", "486", (SELECT id_tipo_token FROM classificacoes_tokens WHERE BINARY nome_token = "486"));
  INSERT IGNORE INTO classificacoes_tokens (nome_token, id_tipo_token) VALUES ("146", (SELECT id_chave_tipo_token FROM tipos_tokens WHERE nome_tipo_token = "numeral"));
INSERT IGNORE INTO tokens (nome_token, acentuada, id_tipo_token) VALUES ("146", "146", (SELECT id_tipo_token FROM classificacoes_tokens WHERE BINARY nome_token = "146"));
  INSERT IGNORE INTO classificacoes_tokens (nome_token, id_tipo_token) VALUES ("583", (SELECT id_chave_tipo_token FROM tipos_tokens WHERE nome_tipo_token = "numeral"));
INSERT IGNORE INTO tokens (nome_token, acentuada, id_tipo_token) VALUES ("583", "583", (SELECT id_tipo_token FROM classificacoes_tokens WHERE BINARY nome_token = "583"));
  INSERT IGNORE INTO tokens (nome_token, acentuada, id_tipo_token) VALUES ("estoquista", "estoquista", (SELECT id_tipo_token FROM classificacoes_tokens WHERE BINARY nome_token = "estoquista"));
  INSERT IGNORE INTO classificacoes_tokens (nome_token, id_tipo_token) VALUES ("1714", (SELECT id_chave_tipo_token FROM tipos_tokens WHERE nome_tipo_token = "numeral"));
INSERT IGNORE INTO tokens (nome_token, acentuada, id_tipo_token) VALUES ("1714", "1714", (SELECT id_tipo_token FROM classificacoes_tokens WHERE BINARY nome_token = "1714"));
  INSERT IGNORE INTO classificacoes_tokens (nome_token, id_tipo_token) VALUES ("344", (SELECT id_chave_tipo_token FROM tipos_tokens WHERE nome_tipo_token = "numeral"));
INSERT IGNORE INTO tokens (nome_token, acentuada, id_tipo_token) VALUES ("344", "344", (SELECT id_tipo_token FROM classificacoes_tokens WHERE BINARY nome_token = "344"));
  INSERT IGNORE INTO tokens (nome_token, acentuada, id_tipo_token) VALUES ("internet", "internet", (SELECT id_tipo_token FROM classificacoes_tokens WHERE BINARY nome_token = "internet"));
  INSERT IGNORE INTO tokens (nome_token, acentuada, id_tipo_token) VALUES ("vender", "vender", (SELECT id_tipo_token FROM classificacoes_tokens WHERE BINARY nome_token = "vender"));
  INSERT IGNORE INTO tokens (nome_token, acentuada, id_tipo_token) VALUES ("como", "como", (SELECT id_tipo_token FROM classificacoes_tokens WHERE BINARY nome_token = "como"));
  INSERT IGNORE INTO classificacoes_tokens (nome_token, id_tipo_token) VALUES ("2469", (SELECT id_chave_tipo_token FROM tipos_tokens WHERE nome_tipo_token = "numeral"));
INSERT IGNORE INTO tokens (nome_token, acentuada, id_tipo_token) VALUES ("2469", "2469", (SELECT id_tipo_token FROM classificacoes_tokens WHERE BINARY nome_token = "2469"));
  INSERT IGNORE INTO tokens (nome_token, acentuada, id_tipo_token) VALUES ("mercadorias", "mercadorias", (SELECT id_tipo_token FROM classificacoes_tokens WHERE BINARY nome_token = "mercadorias"));
  INSERT IGNORE INTO tokens (nome_token, acentuada, id_tipo_token) VALUES ("repositor", "repositor", (SELECT id_tipo_token FROM classificacoes_tokens WHERE BINARY nome_token = "repositor"));
  INSERT IGNORE INTO classificacoes_tokens (nome_token, id_tipo_token) VALUES ("2456", (SELECT id_chave_tipo_token FROM tipos_tokens WHERE nome_tipo_token = "numeral"));
INSERT IGNORE INTO tokens (nome_token, acentuada, id_tipo_token) VALUES ("2456", "2456", (SELECT id_tipo_token FROM classificacoes_tokens WHERE BINARY nome_token = "2456"));
  INSERT IGNORE INTO classificacoes_tokens (nome_token, id_tipo_token) VALUES ("394", (SELECT id_chave_tipo_token FROM tipos_tokens WHERE nome_tipo_token = "numeral"));
INSERT IGNORE INTO tokens (nome_token, acentuada, id_tipo_token) VALUES ("394", "394", (SELECT id_tipo_token FROM classificacoes_tokens WHERE BINARY nome_token = "394"));
  INSERT IGNORE INTO tokens (nome_token, acentuada, id_tipo_token) VALUES ("analista", "analista", (SELECT id_tipo_token FROM classificacoes_tokens WHERE BINARY nome_token = "analista"));
  INSERT IGNORE INTO classificacoes_tokens (nome_token, id_tipo_token) VALUES ("53", (SELECT id_chave_tipo_token FROM tipos_tokens WHERE nome_tipo_token = "numeral"));
INSERT IGNORE INTO tokens (nome_token, acentuada, id_tipo_token) VALUES ("53", "53", (SELECT id_tipo_token FROM classificacoes_tokens WHERE BINARY nome_token = "53"));
  INSERT IGNORE INTO classificacoes_tokens (nome_token, id_tipo_token) VALUES ("184", (SELECT id_chave_tipo_token FROM tipos_tokens WHERE nome_tipo_token = "numeral"));
INSERT IGNORE INTO tokens (nome_token, acentuada, id_tipo_token) VALUES ("184", "184", (SELECT id_tipo_token FROM classificacoes_tokens WHERE BINARY nome_token = "184"));
  INSERT IGNORE INTO tokens (nome_token, acentuada, id_tipo_token) VALUES ("aplicada", "aplicada", (SELECT id_tipo_token FROM classificacoes_tokens WHERE BINARY nome_token = "aplicada"));
  INSERT IGNORE INTO tokens (nome_token, acentuada, id_tipo_token) VALUES ("assertiva", "assertiva", (SELECT id_tipo_token FROM classificacoes_tokens WHERE BINARY nome_token = "assertiva"));
  INSERT IGNORE INTO tokens (nome_token, acentuada, id_tipo_token) VALUES ("comunicacao", "comunicação", (SELECT id_tipo_token FROM classificacoes_tokens WHERE BINARY nome_token = "comunicação"));
  INSERT IGNORE INTO classificacoes_tokens (nome_token, id_tipo_token) VALUES ("250", (SELECT id_chave_tipo_token FROM tipos_tokens WHERE nome_tipo_token = "numeral"));
INSERT IGNORE INTO tokens (nome_token, acentuada, id_tipo_token) VALUES ("250", "250", (SELECT id_tipo_token FROM classificacoes_tokens WHERE BINARY nome_token = "250"));
  INSERT IGNORE INTO tokens (nome_token, acentuada, id_tipo_token) VALUES ("tesouraria", "tesouraria", (SELECT id_tipo_token FROM classificacoes_tokens WHERE BINARY nome_token = "tesouraria"));
  INSERT IGNORE INTO tokens (nome_token, acentuada, id_tipo_token) VALUES ("receber", "receber", (SELECT id_tipo_token FROM classificacoes_tokens WHERE BINARY nome_token = "receber"));
  INSERT IGNORE INTO tokens (nome_token, acentuada, id_tipo_token) VALUES ("pagar", "pagar", (SELECT id_tipo_token FROM classificacoes_tokens WHERE BINARY nome_token = "pagar"));
  INSERT IGNORE INTO tokens (nome_token, acentuada, id_tipo_token) VALUES ("contas", "contas", (SELECT id_tipo_token FROM classificacoes_tokens WHERE BINARY nome_token = "contas"));
  INSERT IGNORE INTO classificacoes_tokens (nome_token, id_tipo_token) VALUES ("2397", (SELECT id_chave_tipo_token FROM tipos_tokens WHERE nome_tipo_token = "numeral"));
INSERT IGNORE INTO tokens (nome_token, acentuada, id_tipo_token) VALUES ("2397", "2397", (SELECT id_tipo_token FROM classificacoes_tokens WHERE BINARY nome_token = "2397"));
  INSERT IGNORE INTO classificacoes_tokens (nome_token, id_tipo_token) VALUES ("360", (SELECT id_chave_tipo_token FROM tipos_tokens WHERE nome_tipo_token = "numeral"));
INSERT IGNORE INTO tokens (nome_token, acentuada, id_tipo_token) VALUES ("360", "360", (SELECT id_tipo_token FROM classificacoes_tokens WHERE BINARY nome_token = "360"));
  INSERT IGNORE INTO classificacoes_tokens (nome_token, id_tipo_token) VALUES ("113", (SELECT id_chave_tipo_token FROM tipos_tokens WHERE nome_tipo_token = "numeral"));
INSERT IGNORE INTO tokens (nome_token, acentuada, id_tipo_token) VALUES ("113", "113", (SELECT id_tipo_token FROM classificacoes_tokens WHERE BINARY nome_token = "113"));
  INSERT IGNORE INTO classificacoes_tokens (nome_token, id_tipo_token) VALUES ("296", (SELECT id_chave_tipo_token FROM tipos_tokens WHERE nome_tipo_token = "numeral"));
INSERT IGNORE INTO tokens (nome_token, acentuada, id_tipo_token) VALUES ("296", "296", (SELECT id_tipo_token FROM classificacoes_tokens WHERE BINARY nome_token = "296"));
  INSERT IGNORE INTO tokens (nome_token, acentuada, id_tipo_token) VALUES ("inbound", "inbound", (SELECT id_tipo_token FROM classificacoes_tokens WHERE BINARY nome_token = "inbound"));
  INSERT IGNORE INTO tokens (nome_token, acentuada, id_tipo_token) VALUES ("utilizando", "utilizando", (SELECT id_tipo_token FROM classificacoes_tokens WHERE BINARY nome_token = "utilizando"));
  INSERT IGNORE INTO tokens (nome_token, acentuada, id_tipo_token) VALUES ("converta", "converta", (SELECT id_tipo_token FROM classificacoes_tokens WHERE BINARY nome_token = "converta"));
  INSERT IGNORE INTO classificacoes_tokens (nome_token, id_tipo_token) VALUES ("83", (SELECT id_chave_tipo_token FROM tipos_tokens WHERE nome_tipo_token = "numeral"));
INSERT IGNORE INTO tokens (nome_token, acentuada, id_tipo_token) VALUES ("83", "83", (SELECT id_tipo_token FROM classificacoes_tokens WHERE BINARY nome_token = "83"));
  INSERT IGNORE INTO classificacoes_tokens (nome_token, id_tipo_token) VALUES ("266", (SELECT id_chave_tipo_token FROM tipos_tokens WHERE nome_tipo_token = "numeral"));
INSERT IGNORE INTO tokens (nome_token, acentuada, id_tipo_token) VALUES ("266", "266", (SELECT id_tipo_token FROM classificacoes_tokens WHERE BINARY nome_token = "266"));
  INSERT IGNORE INTO classificacoes_tokens (nome_token, id_tipo_token) VALUES ("283", (SELECT id_chave_tipo_token FROM tipos_tokens WHERE nome_tipo_token = "numeral"));
INSERT IGNORE INTO tokens (nome_token, acentuada, id_tipo_token) VALUES ("283", "283", (SELECT id_tipo_token FROM classificacoes_tokens WHERE BINARY nome_token = "283"));
  INSERT IGNORE INTO tokens (nome_token, acentuada, id_tipo_token) VALUES ("inovacao", "inovação", (SELECT id_tipo_token FROM classificacoes_tokens WHERE BINARY nome_token = "inovação"));
  INSERT IGNORE INTO tokens (nome_token, acentuada, id_tipo_token) VALUES ("a", "a", (SELECT id_tipo_token FROM classificacoes_tokens WHERE BINARY nome_token = "a"));
  INSERT IGNORE INTO tokens (nome_token, acentuada, id_tipo_token) VALUES ("modelos", "modelos", (SELECT id_tipo_token FROM classificacoes_tokens WHERE BINARY nome_token = "modelos"));
  INSERT IGNORE INTO classificacoes_tokens (nome_token, id_tipo_token) VALUES ("94", (SELECT id_chave_tipo_token FROM tipos_tokens WHERE nome_tipo_token = "numeral"));
INSERT IGNORE INTO tokens (nome_token, acentuada, id_tipo_token) VALUES ("94", "94", (SELECT id_tipo_token FROM classificacoes_tokens WHERE BINARY nome_token = "94"));
  INSERT IGNORE INTO tokens (nome_token, acentuada, id_tipo_token) VALUES ("potenciais", "potenciais", (SELECT id_tipo_token FROM classificacoes_tokens WHERE BINARY nome_token = "potenciais"));
  INSERT IGNORE INTO tokens (nome_token, acentuada, id_tipo_token) VALUES ("seus", "seus", (SELECT id_tipo_token FROM classificacoes_tokens WHERE BINARY nome_token = "seus"));
  INSERT IGNORE INTO tokens (nome_token, acentuada, id_tipo_token) VALUES ("identifique", "identifique", (SELECT id_tipo_token FROM classificacoes_tokens WHERE BINARY nome_token = "identifique"));
  INSERT IGNORE INTO tokens (nome_token, acentuada, id_tipo_token) VALUES ("clientes", "clientes", (SELECT id_tipo_token FROM classificacoes_tokens WHERE BINARY nome_token = "clientes"));
  INSERT IGNORE INTO tokens (nome_token, acentuada, id_tipo_token) VALUES ("prospeccao", "prospecção", (SELECT id_tipo_token FROM classificacoes_tokens WHERE BINARY nome_token = "prospecção"));
  INSERT IGNORE INTO classificacoes_tokens (nome_token, id_tipo_token) VALUES ("2345", (SELECT id_chave_tipo_token FROM tipos_tokens WHERE nome_tipo_token = "numeral"));
INSERT IGNORE INTO tokens (nome_token, acentuada, id_tipo_token) VALUES ("2345", "2345", (SELECT id_tipo_token FROM classificacoes_tokens WHERE BINARY nome_token = "2345"));
  INSERT IGNORE INTO tokens (nome_token, acentuada, id_tipo_token) VALUES ("excelencia", "excelência", (SELECT id_tipo_token FROM classificacoes_tokens WHERE BINARY nome_token = "excelência"));
  INSERT IGNORE INTO classificacoes_tokens (nome_token, id_tipo_token) VALUES ("217", (SELECT id_chave_tipo_token FROM tipos_tokens WHERE nome_tipo_token = "numeral"));
INSERT IGNORE INTO tokens (nome_token, acentuada, id_tipo_token) VALUES ("217", "217", (SELECT id_tipo_token FROM classificacoes_tokens WHERE BINARY nome_token = "217"));
  INSERT IGNORE INTO tokens (nome_token, acentuada, id_tipo_token) VALUES ("desafiadoras", "desafiadoras", (SELECT id_tipo_token FROM classificacoes_tokens WHERE BINARY nome_token = "desafiadoras"));
  INSERT IGNORE INTO tokens (nome_token, acentuada, id_tipo_token) VALUES ("situacoes", "situações", (SELECT id_tipo_token FROM classificacoes_tokens WHERE BINARY nome_token = "situações"));
  INSERT IGNORE INTO tokens (nome_token, acentuada, id_tipo_token) VALUES ("negociacoes", "negociações", (SELECT id_tipo_token FROM classificacoes_tokens WHERE BINARY nome_token = "negociações"));
  INSERT IGNORE INTO tokens (nome_token, acentuada, id_tipo_token) VALUES ("ganha", "ganha", (SELECT id_tipo_token FROM classificacoes_tokens WHERE BINARY nome_token = "ganha"));
  INSERT IGNORE INTO tokens (nome_token, acentuada, id_tipo_token) VALUES ("alem", "além", (SELECT id_tipo_token FROM classificacoes_tokens WHERE BINARY nome_token = "além"));
  INSERT IGNORE INTO classificacoes_tokens (nome_token, id_tipo_token) VALUES ("215", (SELECT id_chave_tipo_token FROM tipos_tokens WHERE nome_tipo_token = "numeral"));
INSERT IGNORE INTO tokens (nome_token, acentuada, id_tipo_token) VALUES ("215", "215", (SELECT id_tipo_token FROM classificacoes_tokens WHERE BINARY nome_token = "215"));
  INSERT IGNORE INTO tokens (nome_token, acentuada, id_tipo_token) VALUES ("emocional", "emocional", (SELECT id_tipo_token FROM classificacoes_tokens WHERE BINARY nome_token = "emocional"));
  INSERT IGNORE INTO tokens (nome_token, acentuada, id_tipo_token) VALUES ("inteligencia", "inteligência", (SELECT id_tipo_token FROM classificacoes_tokens WHERE BINARY nome_token = "inteligência"));
  INSERT IGNORE INTO classificacoes_tokens (nome_token, id_tipo_token) VALUES ("2335", (SELECT id_chave_tipo_token FROM tipos_tokens WHERE nome_tipo_token = "numeral"));
INSERT IGNORE INTO tokens (nome_token, acentuada, id_tipo_token) VALUES ("2335", "2335", (SELECT id_tipo_token FROM classificacoes_tokens WHERE BINARY nome_token = "2335"));
  INSERT IGNORE INTO classificacoes_tokens (nome_token, id_tipo_token) VALUES ("210", (SELECT id_chave_tipo_token FROM tipos_tokens WHERE nome_tipo_token = "numeral"));
INSERT IGNORE INTO tokens (nome_token, acentuada, id_tipo_token) VALUES ("210", "210", (SELECT id_tipo_token FROM classificacoes_tokens WHERE BINARY nome_token = "210"));
  INSERT IGNORE INTO tokens (nome_token, acentuada, id_tipo_token) VALUES ("negociacao", "negociação", (SELECT id_tipo_token FROM classificacoes_tokens WHERE BINARY nome_token = "negociação"));
  INSERT IGNORE INTO classificacoes_tokens (nome_token, id_tipo_token) VALUES ("2329", (SELECT id_chave_tipo_token FROM tipos_tokens WHERE nome_tipo_token = "numeral"));
INSERT IGNORE INTO tokens (nome_token, acentuada, id_tipo_token) VALUES ("2329", "2329", (SELECT id_tipo_token FROM classificacoes_tokens WHERE BINARY nome_token = "2329"));
  INSERT IGNORE INTO classificacoes_tokens (nome_token, id_tipo_token) VALUES ("2352", (SELECT id_chave_tipo_token FROM tipos_tokens WHERE nome_tipo_token = "numeral"));
INSERT IGNORE INTO tokens (nome_token, acentuada, id_tipo_token) VALUES ("2352", "2352", (SELECT id_tipo_token FROM classificacoes_tokens WHERE BINARY nome_token = "2352"));
  INSERT IGNORE INTO classificacoes_tokens (nome_token, id_tipo_token) VALUES ("2338", (SELECT id_chave_tipo_token FROM tipos_tokens WHERE nome_tipo_token = "numeral"));
INSERT IGNORE INTO tokens (nome_token, acentuada, id_tipo_token) VALUES ("2338", "2338", (SELECT id_tipo_token FROM classificacoes_tokens WHERE BINARY nome_token = "2338"));
  INSERT IGNORE INTO classificacoes_tokens (nome_token, id_tipo_token) VALUES ("185", (SELECT id_chave_tipo_token FROM tipos_tokens WHERE nome_tipo_token = "numeral"));
INSERT IGNORE INTO tokens (nome_token, acentuada, id_tipo_token) VALUES ("185", "185", (SELECT id_tipo_token FROM classificacoes_tokens WHERE BINARY nome_token = "185"));
  INSERT IGNORE INTO tokens (nome_token, acentuada, id_tipo_token) VALUES ("estoque", "estoque", (SELECT id_tipo_token FROM classificacoes_tokens WHERE BINARY nome_token = "estoque"));
  INSERT IGNORE INTO classificacoes_tokens (nome_token, id_tipo_token) VALUES ("2408", (SELECT id_chave_tipo_token FROM tipos_tokens WHERE nome_tipo_token = "numeral"));
INSERT IGNORE INTO tokens (nome_token, acentuada, id_tipo_token) VALUES ("2408", "2408", (SELECT id_tipo_token FROM classificacoes_tokens WHERE BINARY nome_token = "2408"));
  INSERT IGNORE INTO tokens (nome_token, acentuada, id_tipo_token) VALUES ("logistica", "logística", (SELECT id_tipo_token FROM classificacoes_tokens WHERE BINARY nome_token = "logística"));
  INSERT IGNORE INTO tokens (nome_token, acentuada, id_tipo_token) VALUES ("perdas", "perdas", (SELECT id_tipo_token FROM classificacoes_tokens WHERE BINARY nome_token = "perdas"));
  INSERT IGNORE INTO classificacoes_tokens (nome_token, id_tipo_token) VALUES ("2432", (SELECT id_chave_tipo_token FROM tipos_tokens WHERE nome_tipo_token = "numeral"));
INSERT IGNORE INTO tokens (nome_token, acentuada, id_tipo_token) VALUES ("2432", "2432", (SELECT id_tipo_token FROM classificacoes_tokens WHERE BINARY nome_token = "2432"));
  INSERT IGNORE INTO tokens (nome_token, acentuada, id_tipo_token) VALUES ("frente", "frente", (SELECT id_tipo_token FROM classificacoes_tokens WHERE BINARY nome_token = "frente"));
  INSERT IGNORE INTO tokens (nome_token, acentuada, id_tipo_token) VALUES ("na", "na", (SELECT id_tipo_token FROM classificacoes_tokens WHERE BINARY nome_token = "na"));
  INSERT IGNORE INTO tokens (nome_token, acentuada, id_tipo_token) VALUES ("qualidade", "qualidade", (SELECT id_tipo_token FROM classificacoes_tokens WHERE BINARY nome_token = "qualidade"));
  INSERT IGNORE INTO classificacoes_tokens (nome_token, id_tipo_token) VALUES ("48", (SELECT id_chave_tipo_token FROM tipos_tokens WHERE nome_tipo_token = "numeral"));
INSERT IGNORE INTO tokens (nome_token, acentuada, id_tipo_token) VALUES ("48", "48", (SELECT id_tipo_token FROM classificacoes_tokens WHERE BINARY nome_token = "48"));
  INSERT IGNORE INTO tokens (nome_token, acentuada, id_tipo_token) VALUES ("digitais", "digitais", (SELECT id_tipo_token FROM classificacoes_tokens WHERE BINARY nome_token = "digitais"));
  INSERT IGNORE INTO tokens (nome_token, acentuada, id_tipo_token) VALUES ("meios", "meios", (SELECT id_tipo_token FROM classificacoes_tokens WHERE BINARY nome_token = "meios"));
  INSERT IGNORE INTO tokens (nome_token, acentuada, id_tipo_token) VALUES ("imagens", "imagens", (SELECT id_tipo_token FROM classificacoes_tokens WHERE BINARY nome_token = "imagens"));
  INSERT IGNORE INTO classificacoes_tokens (nome_token, id_tipo_token) VALUES ("2333", (SELECT id_chave_tipo_token FROM tipos_tokens WHERE nome_tipo_token = "numeral"));
INSERT IGNORE INTO tokens (nome_token, acentuada, id_tipo_token) VALUES ("2333", "2333", (SELECT id_tipo_token FROM classificacoes_tokens WHERE BINARY nome_token = "2333"));
  INSERT IGNORE INTO classificacoes_tokens (nome_token, id_tipo_token) VALUES ("2522", (SELECT id_chave_tipo_token FROM tipos_tokens WHERE nome_tipo_token = "numeral"));
INSERT IGNORE INTO tokens (nome_token, acentuada, id_tipo_token) VALUES ("2522", "2522", (SELECT id_tipo_token FROM classificacoes_tokens WHERE BINARY nome_token = "2522"));
  INSERT IGNORE INTO tokens (nome_token, acentuada, id_tipo_token) VALUES ("venda", "venda", (SELECT id_tipo_token FROM classificacoes_tokens WHERE BINARY nome_token = "venda"));
  INSERT IGNORE INTO tokens (nome_token, acentuada, id_tipo_token) VALUES ("pos", "pós", (SELECT id_tipo_token FROM classificacoes_tokens WHERE BINARY nome_token = "pós"));
  INSERT IGNORE INTO tokens (nome_token, acentuada, id_tipo_token) VALUES ("relacionamento", "relacionamento", (SELECT id_tipo_token FROM classificacoes_tokens WHERE BINARY nome_token = "relacionamento"));
  INSERT IGNORE INTO classificacoes_tokens (nome_token, id_tipo_token) VALUES ("2328", (SELECT id_chave_tipo_token FROM tipos_tokens WHERE nome_tipo_token = "numeral"));
INSERT IGNORE INTO tokens (nome_token, acentuada, id_tipo_token) VALUES ("2328", "2328", (SELECT id_tipo_token FROM classificacoes_tokens WHERE BINARY nome_token = "2328"));
  INSERT IGNORE INTO tokens (nome_token, acentuada, id_tipo_token) VALUES ("ponto", "ponto", (SELECT id_tipo_token FROM classificacoes_tokens WHERE BINARY nome_token = "ponto"));
  INSERT IGNORE INTO tokens (nome_token, acentuada, id_tipo_token) VALUES ("experiencia", "experiência", (SELECT id_tipo_token FROM classificacoes_tokens WHERE BINARY nome_token = "experiência"));
  INSERT IGNORE INTO classificacoes_tokens (nome_token, id_tipo_token) VALUES ("2359", (SELECT id_chave_tipo_token FROM tipos_tokens WHERE nome_tipo_token = "numeral"));
INSERT IGNORE INTO tokens (nome_token, acentuada, id_tipo_token) VALUES ("2359", "2359", (SELECT id_tipo_token FROM classificacoes_tokens WHERE BINARY nome_token = "2359"));
  INSERT IGNORE INTO classificacoes_tokens (nome_token, id_tipo_token) VALUES ("102", (SELECT id_chave_tipo_token FROM tipos_tokens WHERE nome_tipo_token = "numeral"));
INSERT IGNORE INTO tokens (nome_token, acentuada, id_tipo_token) VALUES ("102", "102", (SELECT id_tipo_token FROM classificacoes_tokens WHERE BINARY nome_token = "102"));
  INSERT IGNORE INTO classificacoes_tokens (nome_token, id_tipo_token) VALUES ("95", (SELECT id_chave_tipo_token FROM tipos_tokens WHERE nome_tipo_token = "numeral"));
INSERT IGNORE INTO tokens (nome_token, acentuada, id_tipo_token) VALUES ("95", "95", (SELECT id_tipo_token FROM classificacoes_tokens WHERE BINARY nome_token = "95"));
  INSERT IGNORE INTO tokens (nome_token, acentuada, id_tipo_token) VALUES ("no", "no", (SELECT id_tipo_token FROM classificacoes_tokens WHERE BINARY nome_token = "no"));
  INSERT IGNORE INTO tokens (nome_token, acentuada, id_tipo_token) VALUES ("financeira", "financeira", (SELECT id_tipo_token FROM classificacoes_tokens WHERE BINARY nome_token = "financeira"));
  INSERT IGNORE INTO classificacoes_tokens (nome_token, id_tipo_token) VALUES ("2390", (SELECT id_chave_tipo_token FROM tipos_tokens WHERE nome_tipo_token = "numeral"));
INSERT IGNORE INTO tokens (nome_token, acentuada, id_tipo_token) VALUES ("2390", "2390", (SELECT id_tipo_token FROM classificacoes_tokens WHERE BINARY nome_token = "2390"));
  INSERT IGNORE INTO tokens (nome_token, acentuada, id_tipo_token) VALUES ("financeiro", "financeiro", (SELECT id_tipo_token FROM classificacoes_tokens WHERE BINARY nome_token = "financeiro"));
  INSERT IGNORE INTO classificacoes_tokens (nome_token, id_tipo_token) VALUES ("2387", (SELECT id_chave_tipo_token FROM tipos_tokens WHERE nome_tipo_token = "numeral"));
INSERT IGNORE INTO tokens (nome_token, acentuada, id_tipo_token) VALUES ("2387", "2387", (SELECT id_tipo_token FROM classificacoes_tokens WHERE BINARY nome_token = "2387"));
  INSERT IGNORE INTO classificacoes_tokens (nome_token, id_tipo_token) VALUES ("63", (SELECT id_chave_tipo_token FROM tipos_tokens WHERE nome_tipo_token = "numeral"));
INSERT IGNORE INTO tokens (nome_token, acentuada, id_tipo_token) VALUES ("63", "63", (SELECT id_tipo_token FROM classificacoes_tokens WHERE BINARY nome_token = "63"));
  INSERT IGNORE INTO tokens (nome_token, acentuada, id_tipo_token) VALUES ("digital", "digital", (SELECT id_tipo_token FROM classificacoes_tokens WHERE BINARY nome_token = "digital"));
  INSERT IGNORE INTO tokens (nome_token, acentuada, id_tipo_token) VALUES ("marketing", "marketing", (SELECT id_tipo_token FROM classificacoes_tokens WHERE BINARY nome_token = "marketing"));
  INSERT IGNORE INTO classificacoes_tokens (nome_token, id_tipo_token) VALUES ("176", (SELECT id_chave_tipo_token FROM tipos_tokens WHERE nome_tipo_token = "numeral"));
INSERT IGNORE INTO tokens (nome_token, acentuada, id_tipo_token) VALUES ("176", "176", (SELECT id_tipo_token FROM classificacoes_tokens WHERE BINARY nome_token = "176"));
  INSERT IGNORE INTO tokens (nome_token, acentuada, id_tipo_token) VALUES ("deseja", "deseja", (SELECT id_tipo_token FROM classificacoes_tokens WHERE BINARY nome_token = "deseja"));
  INSERT IGNORE INTO tokens (nome_token, acentuada, id_tipo_token) VALUES ("seu", "seu", (SELECT id_tipo_token FROM classificacoes_tokens WHERE BINARY nome_token = "seu"));
  INSERT IGNORE INTO tokens (nome_token, acentuada, id_tipo_token) VALUES ("que", "que", (SELECT id_tipo_token FROM classificacoes_tokens WHERE BINARY nome_token = "que"));
  INSERT IGNORE INTO tokens (nome_token, acentuada, id_tipo_token) VALUES ("o", "o", (SELECT id_tipo_token FROM classificacoes_tokens WHERE BINARY nome_token = "o"));
  INSERT IGNORE INTO tokens (nome_token, acentuada, id_tipo_token) VALUES ("consumidor", "consumidor", (SELECT id_tipo_token FROM classificacoes_tokens WHERE BINARY nome_token = "consumidor"));
  INSERT IGNORE INTO tokens (nome_token, acentuada, id_tipo_token) VALUES ("perfil", "perfil", (SELECT id_tipo_token FROM classificacoes_tokens WHERE BINARY nome_token = "perfil"));
  INSERT IGNORE INTO classificacoes_tokens (nome_token, id_tipo_token) VALUES ("2343", (SELECT id_chave_tipo_token FROM tipos_tokens WHERE nome_tipo_token = "numeral"));
INSERT IGNORE INTO tokens (nome_token, acentuada, id_tipo_token) VALUES ("2343", "2343", (SELECT id_tipo_token FROM classificacoes_tokens WHERE BINARY nome_token = "2343"));
  INSERT IGNORE INTO tokens (nome_token, acentuada, id_tipo_token) VALUES ("compras", "compras", (SELECT id_tipo_token FROM classificacoes_tokens WHERE BINARY nome_token = "compras"));
  INSERT IGNORE INTO tokens (nome_token, acentuada, id_tipo_token) VALUES ("estoques", "estoques", (SELECT id_tipo_token FROM classificacoes_tokens WHERE BINARY nome_token = "estoques"));
  INSERT IGNORE INTO tokens (nome_token, acentuada, id_tipo_token) VALUES ("logisticos", "logísticos", (SELECT id_tipo_token FROM classificacoes_tokens WHERE BINARY nome_token = "logísticos"));
  INSERT IGNORE INTO tokens (nome_token, acentuada, id_tipo_token) VALUES ("processos", "processos", (SELECT id_tipo_token FROM classificacoes_tokens WHERE BINARY nome_token = "processos"));
  INSERT IGNORE INTO classificacoes_tokens (nome_token, id_tipo_token) VALUES ("2411", (SELECT id_chave_tipo_token FROM tipos_tokens WHERE nome_tipo_token = "numeral"));
INSERT IGNORE INTO tokens (nome_token, acentuada, id_tipo_token) VALUES ("2411", "2411", (SELECT id_tipo_token FROM classificacoes_tokens WHERE BINARY nome_token = "2411"));
  INSERT IGNORE INTO classificacoes_tokens (nome_token, id_tipo_token) VALUES ("132", (SELECT id_chave_tipo_token FROM tipos_tokens WHERE nome_tipo_token = "numeral"));
INSERT IGNORE INTO tokens (nome_token, acentuada, id_tipo_token) VALUES ("132", "132", (SELECT id_tipo_token FROM classificacoes_tokens WHERE BINARY nome_token = "132"));
  INSERT IGNORE INTO tokens (nome_token, acentuada, id_tipo_token) VALUES ("legais", "legais", (SELECT id_tipo_token FROM classificacoes_tokens WHERE BINARY nome_token = "legais"));
  INSERT IGNORE INTO tokens (nome_token, acentuada, id_tipo_token) VALUES ("aspectos", "aspectos", (SELECT id_tipo_token FROM classificacoes_tokens WHERE BINARY nome_token = "aspectos"));
  INSERT IGNORE INTO tokens (nome_token, acentuada, id_tipo_token) VALUES ("psc", "psc", (SELECT id_tipo_token FROM classificacoes_tokens WHERE BINARY nome_token = "psc"));
  INSERT IGNORE INTO classificacoes_tokens (nome_token, id_tipo_token) VALUES ("2336", (SELECT id_chave_tipo_token FROM tipos_tokens WHERE nome_tipo_token = "numeral"));
INSERT IGNORE INTO tokens (nome_token, acentuada, id_tipo_token) VALUES ("2336", "2336", (SELECT id_tipo_token FROM classificacoes_tokens WHERE BINARY nome_token = "2336"));
  INSERT IGNORE INTO tokens (nome_token, acentuada, id_tipo_token) VALUES ("empresarial", "empresarial", (SELECT id_tipo_token FROM classificacoes_tokens WHERE BINARY nome_token = "empresarial"));
  INSERT IGNORE INTO tokens (nome_token, acentuada, id_tipo_token) VALUES ("gestao", "gestão", (SELECT id_tipo_token FROM classificacoes_tokens WHERE BINARY nome_token = "gestão"));
  INSERT IGNORE INTO tokens (nome_token, acentuada, id_tipo_token) VALUES ("planejamento", "planejamento", (SELECT id_tipo_token FROM classificacoes_tokens WHERE BINARY nome_token = "planejamento"));
  INSERT IGNORE INTO tokens (nome_token, acentuada, id_tipo_token) VALUES ("ferramentas", "ferramentas", (SELECT id_tipo_token FROM classificacoes_tokens WHERE BINARY nome_token = "ferramentas"));
  INSERT IGNORE INTO classificacoes_tokens (nome_token, id_tipo_token) VALUES ("2361", (SELECT id_chave_tipo_token FROM tipos_tokens WHERE nome_tipo_token = "numeral"));
INSERT IGNORE INTO tokens (nome_token, acentuada, id_tipo_token) VALUES ("2361", "2361", (SELECT id_tipo_token FROM classificacoes_tokens WHERE BINARY nome_token = "2361"));
  INSERT IGNORE INTO tokens (nome_token, acentuada, id_tipo_token) VALUES ("cliente", "cliente", (SELECT id_tipo_token FROM classificacoes_tokens WHERE BINARY nome_token = "cliente"));
  INSERT IGNORE INTO tokens (nome_token, acentuada, id_tipo_token) VALUES ("ao", "ao", (SELECT id_tipo_token FROM classificacoes_tokens WHERE BINARY nome_token = "ao"));
  INSERT IGNORE INTO classificacoes_tokens (nome_token, id_tipo_token) VALUES ("86", (SELECT id_chave_tipo_token FROM tipos_tokens WHERE nome_tipo_token = "numeral"));
INSERT IGNORE INTO tokens (nome_token, acentuada, id_tipo_token) VALUES ("86", "86", (SELECT id_tipo_token FROM classificacoes_tokens WHERE BINARY nome_token = "86"));
  INSERT IGNORE INTO tokens (nome_token, acentuada, id_tipo_token) VALUES ("atendimento", "atendimento", (SELECT id_tipo_token FROM classificacoes_tokens WHERE BINARY nome_token = "atendimento"));
  INSERT IGNORE INTO tokens (nome_token, acentuada, id_tipo_token) VALUES ("avancadas", "avançadas", (SELECT id_tipo_token FROM classificacoes_tokens WHERE BINARY nome_token = "avançadas"));
  INSERT IGNORE INTO classificacoes_tokens (nome_token, id_tipo_token) VALUES ("71", (SELECT id_chave_tipo_token FROM tipos_tokens WHERE nome_tipo_token = "numeral"));
INSERT IGNORE INTO tokens (nome_token, acentuada, id_tipo_token) VALUES ("71", "71", (SELECT id_tipo_token FROM classificacoes_tokens WHERE BINARY nome_token = "71"));
  INSERT IGNORE INTO tokens (nome_token, acentuada, id_tipo_token) VALUES (")", ")", (SELECT id_tipo_token FROM classificacoes_tokens WHERE BINARY nome_token = ")"));
  INSERT IGNORE INTO tokens (nome_token, acentuada, id_tipo_token) VALUES ("kpi", "kpi", (SELECT id_tipo_token FROM classificacoes_tokens WHERE BINARY nome_token = "kpi"));
  INSERT IGNORE INTO tokens (nome_token, acentuada, id_tipo_token) VALUES ("(", "(", (SELECT id_tipo_token FROM classificacoes_tokens WHERE BINARY nome_token = "("));
  INSERT IGNORE INTO tokens (nome_token, acentuada, id_tipo_token) VALUES ("performance", "performance", (SELECT id_tipo_token FROM classificacoes_tokens WHERE BINARY nome_token = "performance"));
  INSERT IGNORE INTO tokens (nome_token, acentuada, id_tipo_token) VALUES ("chave", "chave", (SELECT id_tipo_token FROM classificacoes_tokens WHERE BINARY nome_token = "chave"));
  INSERT IGNORE INTO tokens (nome_token, acentuada, id_tipo_token) VALUES ("indicadores", "indicadores", (SELECT id_tipo_token FROM classificacoes_tokens WHERE BINARY nome_token = "indicadores"));
  INSERT IGNORE INTO tokens (nome_token, acentuada, id_tipo_token) VALUES ("analise", "análise", (SELECT id_tipo_token FROM classificacoes_tokens WHERE BINARY nome_token = "análise"));
  INSERT IGNORE INTO classificacoes_tokens (nome_token, id_tipo_token) VALUES ("104", (SELECT id_chave_tipo_token FROM tipos_tokens WHERE nome_tipo_token = "numeral"));
INSERT IGNORE INTO tokens (nome_token, acentuada, id_tipo_token) VALUES ("104", "104", (SELECT id_tipo_token FROM classificacoes_tokens WHERE BINARY nome_token = "104"));
  INSERT IGNORE INTO classificacoes_tokens (nome_token, id_tipo_token) VALUES ("969", (SELECT id_chave_tipo_token FROM tipos_tokens WHERE nome_tipo_token = "numeral"));
INSERT IGNORE INTO tokens (nome_token, acentuada, id_tipo_token) VALUES ("969", "969", (SELECT id_tipo_token FROM classificacoes_tokens WHERE BINARY nome_token = "969"));
  INSERT IGNORE INTO tokens (nome_token, acentuada, id_tipo_token) VALUES ("caixa", "caixa", (SELECT id_tipo_token FROM classificacoes_tokens WHERE BINARY nome_token = "caixa"));
  INSERT IGNORE INTO tokens (nome_token, acentuada, id_tipo_token) VALUES ("operacao", "operação", (SELECT id_tipo_token FROM classificacoes_tokens WHERE BINARY nome_token = "operação"));
  INSERT IGNORE INTO classificacoes_tokens (nome_token, id_tipo_token) VALUES ("1599", (SELECT id_chave_tipo_token FROM tipos_tokens WHERE nome_tipo_token = "numeral"));
INSERT IGNORE INTO tokens (nome_token, acentuada, id_tipo_token) VALUES ("1599", "1599", (SELECT id_tipo_token FROM classificacoes_tokens WHERE BINARY nome_token = "1599"));
  INSERT IGNORE INTO tokens (nome_token, acentuada, id_tipo_token) VALUES ("vendedor", "vendedor", (SELECT id_tipo_token FROM classificacoes_tokens WHERE BINARY nome_token = "vendedor"));
  INSERT IGNORE INTO classificacoes_tokens (nome_token, id_tipo_token) VALUES ("1562", (SELECT id_chave_tipo_token FROM tipos_tokens WHERE nome_tipo_token = "numeral"));
INSERT IGNORE INTO tokens (nome_token, acentuada, id_tipo_token) VALUES ("1562", "1562", (SELECT id_tipo_token FROM classificacoes_tokens WHERE BINARY nome_token = "1562"));
  INSERT IGNORE INTO tokens (nome_token, acentuada, id_tipo_token) VALUES ("vendas", "vendas", (SELECT id_tipo_token FROM classificacoes_tokens WHERE BINARY nome_token = "vendas"));
  INSERT IGNORE INTO tokens (nome_token, acentuada, id_tipo_token) VALUES ("promotor", "promotor", (SELECT id_tipo_token FROM classificacoes_tokens WHERE BINARY nome_token = "promotor"));
  INSERT IGNORE INTO classificacoes_tokens (nome_token, id_tipo_token) VALUES ("143", (SELECT id_chave_tipo_token FROM tipos_tokens WHERE nome_tipo_token = "numeral"));
INSERT IGNORE INTO tokens (nome_token, acentuada, id_tipo_token) VALUES ("143", "143", (SELECT id_tipo_token FROM classificacoes_tokens WHERE BINARY nome_token = "143"));
  INSERT IGNORE INTO tokens (nome_token, acentuada, id_tipo_token) VALUES ("telemarketing", "telemarketing", (SELECT id_tipo_token FROM classificacoes_tokens WHERE BINARY nome_token = "telemarketing"));
  INSERT IGNORE INTO classificacoes_tokens (nome_token, id_tipo_token) VALUES ("2526", (SELECT id_chave_tipo_token FROM tipos_tokens WHERE nome_tipo_token = "numeral"));
INSERT IGNORE INTO tokens (nome_token, acentuada, id_tipo_token) VALUES ("2526", "2526", (SELECT id_tipo_token FROM classificacoes_tokens WHERE BINARY nome_token = "2526"));
  INSERT IGNORE INTO tokens (nome_token, acentuada, id_tipo_token) VALUES ("comprador", "comprador", (SELECT id_tipo_token FROM classificacoes_tokens WHERE BINARY nome_token = "comprador"));
  INSERT IGNORE INTO classificacoes_tokens (nome_token, id_tipo_token) VALUES ("2468", (SELECT id_chave_tipo_token FROM tipos_tokens WHERE nome_tipo_token = "numeral"));
INSERT IGNORE INTO tokens (nome_token, acentuada, id_tipo_token) VALUES ("2468", "2468", (SELECT id_tipo_token FROM classificacoes_tokens WHERE BINARY nome_token = "2468"));
  INSERT IGNORE INTO classificacoes_tokens (nome_token, id_tipo_token) VALUES ("141", (SELECT id_chave_tipo_token FROM tipos_tokens WHERE nome_tipo_token = "numeral"));
INSERT IGNORE INTO tokens (nome_token, acentuada, id_tipo_token) VALUES ("141", "141", (SELECT id_tipo_token FROM classificacoes_tokens WHERE BINARY nome_token = "141"));
  INSERT IGNORE INTO tokens (nome_token, acentuada, id_tipo_token) VALUES ("representante", "representante", (SELECT id_tipo_token FROM classificacoes_tokens WHERE BINARY nome_token = "representante"));
  INSERT IGNORE INTO classificacoes_tokens (nome_token, id_tipo_token) VALUES ("1835", (SELECT id_chave_tipo_token FROM tipos_tokens WHERE nome_tipo_token = "numeral"));
INSERT IGNORE INTO tokens (nome_token, acentuada, id_tipo_token) VALUES ("1835", "1835", (SELECT id_tipo_token FROM classificacoes_tokens WHERE BINARY nome_token = "1835"));
  INSERT IGNORE INTO tokens (nome_token, acentuada, id_tipo_token) VALUES ("supermercados", "supermercados", (SELECT id_tipo_token FROM classificacoes_tokens WHERE BINARY nome_token = "supermercados"));
  INSERT IGNORE INTO tokens (nome_token, acentuada, id_tipo_token) VALUES ("operador", "operador", (SELECT id_tipo_token FROM classificacoes_tokens WHERE BINARY nome_token = "operador"));
  INSERT IGNORE INTO classificacoes_tokens (nome_token, id_tipo_token) VALUES ("1836", (SELECT id_chave_tipo_token FROM tipos_tokens WHERE nome_tipo_token = "numeral"));
INSERT IGNORE INTO tokens (nome_token, acentuada, id_tipo_token) VALUES ("1836", "1836", (SELECT id_tipo_token FROM classificacoes_tokens WHERE BINARY nome_token = "1836"));
  INSERT IGNORE INTO tokens (nome_token, acentuada, id_tipo_token) VALUES ("comercio", "comércio", (SELECT id_tipo_token FROM classificacoes_tokens WHERE BINARY nome_token = "comércio"));
  INSERT IGNORE INTO classificacoes_tokens (nome_token, id_tipo_token) VALUES ("253", (SELECT id_chave_tipo_token FROM tipos_tokens WHERE nome_tipo_token = "numeral"));
INSERT IGNORE INTO tokens (nome_token, acentuada, id_tipo_token) VALUES ("253", "253", (SELECT id_tipo_token FROM classificacoes_tokens WHERE BINARY nome_token = "253"));
  INSERT IGNORE INTO classificacoes_tokens (nome_token, id_tipo_token) VALUES ("208", (SELECT id_chave_tipo_token FROM tipos_tokens WHERE nome_tipo_token = "numeral"));
INSERT IGNORE INTO tokens (nome_token, acentuada, id_tipo_token) VALUES ("208", "208", (SELECT id_tipo_token FROM classificacoes_tokens WHERE BINARY nome_token = "208"));
  INSERT IGNORE INTO classificacoes_tokens (nome_token, id_tipo_token) VALUES ("232", (SELECT id_chave_tipo_token FROM tipos_tokens WHERE nome_tipo_token = "numeral"));
INSERT IGNORE INTO tokens (nome_token, acentuada, id_tipo_token) VALUES ("232", "232", (SELECT id_tipo_token FROM classificacoes_tokens WHERE BINARY nome_token = "232"));
  INSERT IGNORE INTO classificacoes_tokens (nome_token, id_tipo_token) VALUES ("023", (SELECT id_chave_tipo_token FROM tipos_tokens WHERE nome_tipo_token = "numeral"));
INSERT IGNORE INTO tokens (nome_token, acentuada, id_tipo_token) VALUES ("023", "023", (SELECT id_tipo_token FROM classificacoes_tokens WHERE BINARY nome_token = "023"));
  INSERT IGNORE INTO classificacoes_tokens (nome_token, id_tipo_token) VALUES ("160", (SELECT id_chave_tipo_token FROM tipos_tokens WHERE nome_tipo_token = "numeral"));
INSERT IGNORE INTO tokens (nome_token, acentuada, id_tipo_token) VALUES ("160", "160", (SELECT id_tipo_token FROM classificacoes_tokens WHERE BINARY nome_token = "160"));
  INSERT IGNORE INTO classificacoes_tokens (nome_token, id_tipo_token) VALUES ("415", (SELECT id_chave_tipo_token FROM tipos_tokens WHERE nome_tipo_token = "numeral"));
INSERT IGNORE INTO tokens (nome_token, acentuada, id_tipo_token) VALUES ("415", "415", (SELECT id_tipo_token FROM classificacoes_tokens WHERE BINARY nome_token = "415"));
  INSERT IGNORE INTO classificacoes_tokens (nome_token, id_tipo_token) VALUES ("305", (SELECT id_chave_tipo_token FROM tipos_tokens WHERE nome_tipo_token = "numeral"));
INSERT IGNORE INTO tokens (nome_token, acentuada, id_tipo_token) VALUES ("305", "305", (SELECT id_tipo_token FROM classificacoes_tokens WHERE BINARY nome_token = "305"));
  INSERT IGNORE INTO classificacoes_tokens (nome_token, id_tipo_token) VALUES ("200", (SELECT id_chave_tipo_token FROM tipos_tokens WHERE nome_tipo_token = "numeral"));
INSERT IGNORE INTO tokens (nome_token, acentuada, id_tipo_token) VALUES ("200", "200", (SELECT id_tipo_token FROM classificacoes_tokens WHERE BINARY nome_token = "200"));
  INSERT IGNORE INTO classificacoes_tokens (nome_token, id_tipo_token) VALUES ("1556", (SELECT id_chave_tipo_token FROM tipos_tokens WHERE nome_tipo_token = "numeral"));
INSERT IGNORE INTO tokens (nome_token, acentuada, id_tipo_token) VALUES ("1556", "1556", (SELECT id_tipo_token FROM classificacoes_tokens WHERE BINARY nome_token = "1556"));
  INSERT IGNORE INTO classificacoes_tokens (nome_token, id_tipo_token) VALUES ("369", (SELECT id_chave_tipo_token FROM tipos_tokens WHERE nome_tipo_token = "numeral"));
INSERT IGNORE INTO tokens (nome_token, acentuada, id_tipo_token) VALUES ("369", "369", (SELECT id_tipo_token FROM classificacoes_tokens WHERE BINARY nome_token = "369"));
  INSERT IGNORE INTO classificacoes_tokens (nome_token, id_tipo_token) VALUES ("761", (SELECT id_chave_tipo_token FROM tipos_tokens WHERE nome_tipo_token = "numeral"));
INSERT IGNORE INTO tokens (nome_token, acentuada, id_tipo_token) VALUES ("761", "761", (SELECT id_tipo_token FROM classificacoes_tokens WHERE BINARY nome_token = "761"));
  INSERT IGNORE INTO classificacoes_tokens (nome_token, id_tipo_token) VALUES ("128", (SELECT id_chave_tipo_token FROM tipos_tokens WHERE nome_tipo_token = "numeral"));
INSERT IGNORE INTO tokens (nome_token, acentuada, id_tipo_token) VALUES ("128", "128", (SELECT id_tipo_token FROM classificacoes_tokens WHERE BINARY nome_token = "128"));
  INSERT IGNORE INTO classificacoes_tokens (nome_token, id_tipo_token) VALUES ("47", (SELECT id_chave_tipo_token FROM tipos_tokens WHERE nome_tipo_token = "numeral"));
INSERT IGNORE INTO tokens (nome_token, acentuada, id_tipo_token) VALUES ("47", "47", (SELECT id_tipo_token FROM classificacoes_tokens WHERE BINARY nome_token = "47"));
  INSERT IGNORE INTO classificacoes_tokens (nome_token, id_tipo_token) VALUES ("218", (SELECT id_chave_tipo_token FROM tipos_tokens WHERE nome_tipo_token = "numeral"));
INSERT IGNORE INTO tokens (nome_token, acentuada, id_tipo_token) VALUES ("218", "218", (SELECT id_tipo_token FROM classificacoes_tokens WHERE BINARY nome_token = "218"));
  INSERT IGNORE INTO classificacoes_tokens (nome_token, id_tipo_token) VALUES ("939", (SELECT id_chave_tipo_token FROM tipos_tokens WHERE nome_tipo_token = "numeral"));
INSERT IGNORE INTO tokens (nome_token, acentuada, id_tipo_token) VALUES ("939", "939", (SELECT id_tipo_token FROM classificacoes_tokens WHERE BINARY nome_token = "939"));
  INSERT IGNORE INTO classificacoes_tokens (nome_token, id_tipo_token) VALUES ("230", (SELECT id_chave_tipo_token FROM tipos_tokens WHERE nome_tipo_token = "numeral"));
INSERT IGNORE INTO tokens (nome_token, acentuada, id_tipo_token) VALUES ("230", "230", (SELECT id_tipo_token FROM classificacoes_tokens WHERE BINARY nome_token = "230"));
  INSERT IGNORE INTO classificacoes_tokens (nome_token, id_tipo_token) VALUES ("241", (SELECT id_chave_tipo_token FROM tipos_tokens WHERE nome_tipo_token = "numeral"));
INSERT IGNORE INTO tokens (nome_token, acentuada, id_tipo_token) VALUES ("241", "241", (SELECT id_tipo_token FROM classificacoes_tokens WHERE BINARY nome_token = "241"));
  INSERT IGNORE INTO classificacoes_tokens (nome_token, id_tipo_token) VALUES ("155", (SELECT id_chave_tipo_token FROM tipos_tokens WHERE nome_tipo_token = "numeral"));
INSERT IGNORE INTO tokens (nome_token, acentuada, id_tipo_token) VALUES ("155", "155", (SELECT id_tipo_token FROM classificacoes_tokens WHERE BINARY nome_token = "155"));
  INSERT IGNORE INTO classificacoes_tokens (nome_token, id_tipo_token) VALUES ("267", (SELECT id_chave_tipo_token FROM tipos_tokens WHERE nome_tipo_token = "numeral"));
INSERT IGNORE INTO tokens (nome_token, acentuada, id_tipo_token) VALUES ("267", "267", (SELECT id_tipo_token FROM classificacoes_tokens WHERE BINARY nome_token = "267"));
  INSERT IGNORE INTO classificacoes_tokens (nome_token, id_tipo_token) VALUES ("286", (SELECT id_chave_tipo_token FROM tipos_tokens WHERE nome_tipo_token = "numeral"));
INSERT IGNORE INTO tokens (nome_token, acentuada, id_tipo_token) VALUES ("286", "286", (SELECT id_tipo_token FROM classificacoes_tokens WHERE BINARY nome_token = "286"));
  INSERT IGNORE INTO classificacoes_tokens (nome_token, id_tipo_token) VALUES ("115", (SELECT id_chave_tipo_token FROM tipos_tokens WHERE nome_tipo_token = "numeral"));
INSERT IGNORE INTO tokens (nome_token, acentuada, id_tipo_token) VALUES ("115", "115", (SELECT id_tipo_token FROM classificacoes_tokens WHERE BINARY nome_token = "115"));
  INSERT IGNORE INTO classificacoes_tokens (nome_token, id_tipo_token) VALUES ("1557", (SELECT id_chave_tipo_token FROM tipos_tokens WHERE nome_tipo_token = "numeral"));
INSERT IGNORE INTO tokens (nome_token, acentuada, id_tipo_token) VALUES ("1557", "1557", (SELECT id_tipo_token FROM classificacoes_tokens WHERE BINARY nome_token = "1557"));
  INSERT IGNORE INTO classificacoes_tokens (nome_token, id_tipo_token) VALUES ("366", (SELECT id_chave_tipo_token FROM tipos_tokens WHERE nome_tipo_token = "numeral"));
INSERT IGNORE INTO tokens (nome_token, acentuada, id_tipo_token) VALUES ("366", "366", (SELECT id_tipo_token FROM classificacoes_tokens WHERE BINARY nome_token = "366"));
  INSERT IGNORE INTO classificacoes_tokens (nome_token, id_tipo_token) VALUES ("198", (SELECT id_chave_tipo_token FROM tipos_tokens WHERE nome_tipo_token = "numeral"));
INSERT IGNORE INTO tokens (nome_token, acentuada, id_tipo_token) VALUES ("198", "198", (SELECT id_tipo_token FROM classificacoes_tokens WHERE BINARY nome_token = "198"));
  INSERT IGNORE INTO classificacoes_tokens (nome_token, id_tipo_token) VALUES ("426", (SELECT id_chave_tipo_token FROM tipos_tokens WHERE nome_tipo_token = "numeral"));
INSERT IGNORE INTO tokens (nome_token, acentuada, id_tipo_token) VALUES ("426", "426", (SELECT id_tipo_token FROM classificacoes_tokens WHERE BINARY nome_token = "426"));
  INSERT IGNORE INTO classificacoes_tokens (nome_token, id_tipo_token) VALUES ("251", (SELECT id_chave_tipo_token FROM tipos_tokens WHERE nome_tipo_token = "numeral"));
INSERT IGNORE INTO tokens (nome_token, acentuada, id_tipo_token) VALUES ("251", "251", (SELECT id_tipo_token FROM classificacoes_tokens WHERE BINARY nome_token = "251"));
  INSERT IGNORE INTO classificacoes_tokens (nome_token, id_tipo_token) VALUES ("307", (SELECT id_chave_tipo_token FROM tipos_tokens WHERE nome_tipo_token = "numeral"));
INSERT IGNORE INTO tokens (nome_token, acentuada, id_tipo_token) VALUES ("307", "307", (SELECT id_tipo_token FROM classificacoes_tokens WHERE BINARY nome_token = "307"));
  INSERT IGNORE INTO classificacoes_tokens (nome_token, id_tipo_token) VALUES ("186", (SELECT id_chave_tipo_token FROM tipos_tokens WHERE nome_tipo_token = "numeral"));
INSERT IGNORE INTO tokens (nome_token, acentuada, id_tipo_token) VALUES ("186", "186", (SELECT id_tipo_token FROM classificacoes_tokens WHERE BINARY nome_token = "186"));
  INSERT IGNORE INTO classificacoes_tokens (nome_token, id_tipo_token) VALUES ("149", (SELECT id_chave_tipo_token FROM tipos_tokens WHERE nome_tipo_token = "numeral"));
INSERT IGNORE INTO tokens (nome_token, acentuada, id_tipo_token) VALUES ("149", "149", (SELECT id_tipo_token FROM classificacoes_tokens WHERE BINARY nome_token = "149"));
  INSERT IGNORE INTO classificacoes_tokens (nome_token, id_tipo_token) VALUES ("1551", (SELECT id_chave_tipo_token FROM tipos_tokens WHERE nome_tipo_token = "numeral"));
INSERT IGNORE INTO tokens (nome_token, acentuada, id_tipo_token) VALUES ("1551", "1551", (SELECT id_tipo_token FROM classificacoes_tokens WHERE BINARY nome_token = "1551"));
  INSERT IGNORE INTO classificacoes_tokens (nome_token, id_tipo_token) VALUES ("88", (SELECT id_chave_tipo_token FROM tipos_tokens WHERE nome_tipo_token = "numeral"));
INSERT IGNORE INTO tokens (nome_token, acentuada, id_tipo_token) VALUES ("88", "88", (SELECT id_tipo_token FROM classificacoes_tokens WHERE BINARY nome_token = "88"));
  INSERT IGNORE INTO classificacoes_tokens (nome_token, id_tipo_token) VALUES ("361", (SELECT id_chave_tipo_token FROM tipos_tokens WHERE nome_tipo_token = "numeral"));
INSERT IGNORE INTO tokens (nome_token, acentuada, id_tipo_token) VALUES ("361", "361", (SELECT id_tipo_token FROM classificacoes_tokens WHERE BINARY nome_token = "361"));
  INSERT IGNORE INTO classificacoes_tokens (nome_token, id_tipo_token) VALUES ("166", (SELECT id_chave_tipo_token FROM tipos_tokens WHERE nome_tipo_token = "numeral"));
INSERT IGNORE INTO tokens (nome_token, acentuada, id_tipo_token) VALUES ("166", "166", (SELECT id_tipo_token FROM classificacoes_tokens WHERE BINARY nome_token = "166"));
  INSERT IGNORE INTO classificacoes_tokens (nome_token, id_tipo_token) VALUES ("140", (SELECT id_chave_tipo_token FROM tipos_tokens WHERE nome_tipo_token = "numeral"));
INSERT IGNORE INTO tokens (nome_token, acentuada, id_tipo_token) VALUES ("140", "140", (SELECT id_tipo_token FROM classificacoes_tokens WHERE BINARY nome_token = "140"));
  INSERT IGNORE INTO classificacoes_tokens (nome_token, id_tipo_token) VALUES ("168", (SELECT id_chave_tipo_token FROM tipos_tokens WHERE nome_tipo_token = "numeral"));
INSERT IGNORE INTO tokens (nome_token, acentuada, id_tipo_token) VALUES ("168", "168", (SELECT id_tipo_token FROM classificacoes_tokens WHERE BINARY nome_token = "168"));
  INSERT IGNORE INTO classificacoes_tokens (nome_token, id_tipo_token) VALUES ("42", (SELECT id_chave_tipo_token FROM tipos_tokens WHERE nome_tipo_token = "numeral"));
INSERT IGNORE INTO tokens (nome_token, acentuada, id_tipo_token) VALUES ("42", "42", (SELECT id_tipo_token FROM classificacoes_tokens WHERE BINARY nome_token = "42"));
  INSERT IGNORE INTO classificacoes_tokens (nome_token, id_tipo_token) VALUES ("280", (SELECT id_chave_tipo_token FROM tipos_tokens WHERE nome_tipo_token = "numeral"));
INSERT IGNORE INTO tokens (nome_token, acentuada, id_tipo_token) VALUES ("280", "280", (SELECT id_tipo_token FROM classificacoes_tokens WHERE BINARY nome_token = "280"));
  INSERT IGNORE INTO classificacoes_tokens (nome_token, id_tipo_token) VALUES ("91", (SELECT id_chave_tipo_token FROM tipos_tokens WHERE nome_tipo_token = "numeral"));
INSERT IGNORE INTO tokens (nome_token, acentuada, id_tipo_token) VALUES ("91", "91", (SELECT id_tipo_token FROM classificacoes_tokens WHERE BINARY nome_token = "91"));
  INSERT IGNORE INTO tokens (nome_token, acentuada, id_tipo_token) VALUES ("barbeiro", "barbeiro", (SELECT id_tipo_token FROM classificacoes_tokens WHERE BINARY nome_token = "barbeiro"));
  INSERT IGNORE INTO classificacoes_tokens (nome_token, id_tipo_token) VALUES ("1915", (SELECT id_chave_tipo_token FROM tipos_tokens WHERE nome_tipo_token = "numeral"));
INSERT IGNORE INTO tokens (nome_token, acentuada, id_tipo_token) VALUES ("1915", "1915", (SELECT id_tipo_token FROM classificacoes_tokens WHERE BINARY nome_token = "1915"));
  INSERT IGNORE INTO classificacoes_tokens (nome_token, id_tipo_token) VALUES ("225", (SELECT id_chave_tipo_token FROM tipos_tokens WHERE nome_tipo_token = "numeral"));
INSERT IGNORE INTO tokens (nome_token, acentuada, id_tipo_token) VALUES ("225", "225", (SELECT id_tipo_token FROM classificacoes_tokens WHERE BINARY nome_token = "225"));
  INSERT IGNORE INTO classificacoes_tokens (nome_token, id_tipo_token) VALUES ("157", (SELECT id_chave_tipo_token FROM tipos_tokens WHERE nome_tipo_token = "numeral"));
INSERT IGNORE INTO tokens (nome_token, acentuada, id_tipo_token) VALUES ("157", "157", (SELECT id_tipo_token FROM classificacoes_tokens WHERE BINARY nome_token = "157"));
  INSERT IGNORE INTO classificacoes_tokens (nome_token, id_tipo_token) VALUES ("138", (SELECT id_chave_tipo_token FROM tipos_tokens WHERE nome_tipo_token = "numeral"));
INSERT IGNORE INTO tokens (nome_token, acentuada, id_tipo_token) VALUES ("138", "138", (SELECT id_tipo_token FROM classificacoes_tokens WHERE BINARY nome_token = "138"));
  INSERT IGNORE INTO classificacoes_tokens (nome_token, id_tipo_token) VALUES ("490", (SELECT id_chave_tipo_token FROM tipos_tokens WHERE nome_tipo_token = "numeral"));
INSERT IGNORE INTO tokens (nome_token, acentuada, id_tipo_token) VALUES ("490", "490", (SELECT id_tipo_token FROM classificacoes_tokens WHERE BINARY nome_token = "490"));
  INSERT IGNORE INTO classificacoes_tokens (nome_token, id_tipo_token) VALUES ("268", (SELECT id_chave_tipo_token FROM tipos_tokens WHERE nome_tipo_token = "numeral"));
INSERT IGNORE INTO tokens (nome_token, acentuada, id_tipo_token) VALUES ("268", "268", (SELECT id_tipo_token FROM classificacoes_tokens WHERE BINARY nome_token = "268"));
  INSERT IGNORE INTO classificacoes_tokens (nome_token, id_tipo_token) VALUES ("195", (SELECT id_chave_tipo_token FROM tipos_tokens WHERE nome_tipo_token = "numeral"));
INSERT IGNORE INTO tokens (nome_token, acentuada, id_tipo_token) VALUES ("195", "195", (SELECT id_tipo_token FROM classificacoes_tokens WHERE BINARY nome_token = "195"));
  INSERT IGNORE INTO classificacoes_tokens (nome_token, id_tipo_token) VALUES ("178", (SELECT id_chave_tipo_token FROM tipos_tokens WHERE nome_tipo_token = "numeral"));
INSERT IGNORE INTO tokens (nome_token, acentuada, id_tipo_token) VALUES ("178", "178", (SELECT id_tipo_token FROM classificacoes_tokens WHERE BINARY nome_token = "178"));
  INSERT IGNORE INTO classificacoes_tokens (nome_token, id_tipo_token) VALUES ("85", (SELECT id_chave_tipo_token FROM tipos_tokens WHERE nome_tipo_token = "numeral"));
INSERT IGNORE INTO tokens (nome_token, acentuada, id_tipo_token) VALUES ("85", "85", (SELECT id_tipo_token FROM classificacoes_tokens WHERE BINARY nome_token = "85"));
  INSERT IGNORE INTO classificacoes_tokens (nome_token, id_tipo_token) VALUES ("199", (SELECT id_chave_tipo_token FROM tipos_tokens WHERE nome_tipo_token = "numeral"));
INSERT IGNORE INTO tokens (nome_token, acentuada, id_tipo_token) VALUES ("199", "199", (SELECT id_tipo_token FROM classificacoes_tokens WHERE BINARY nome_token = "199"));
  INSERT IGNORE INTO classificacoes_tokens (nome_token, id_tipo_token) VALUES ("244", (SELECT id_chave_tipo_token FROM tipos_tokens WHERE nome_tipo_token = "numeral"));
INSERT IGNORE INTO tokens (nome_token, acentuada, id_tipo_token) VALUES ("244", "244", (SELECT id_tipo_token FROM classificacoes_tokens WHERE BINARY nome_token = "244"));
  INSERT IGNORE INTO classificacoes_tokens (nome_token, id_tipo_token) VALUES ("79", (SELECT id_chave_tipo_token FROM tipos_tokens WHERE nome_tipo_token = "numeral"));
INSERT IGNORE INTO tokens (nome_token, acentuada, id_tipo_token) VALUES ("79", "79", (SELECT id_tipo_token FROM classificacoes_tokens WHERE BINARY nome_token = "79"));
  INSERT IGNORE INTO classificacoes_tokens (nome_token, id_tipo_token) VALUES ("105", (SELECT id_chave_tipo_token FROM tipos_tokens WHERE nome_tipo_token = "numeral"));
INSERT IGNORE INTO tokens (nome_token, acentuada, id_tipo_token) VALUES ("105", "105", (SELECT id_tipo_token FROM classificacoes_tokens WHERE BINARY nome_token = "105"));
  INSERT IGNORE INTO classificacoes_tokens (nome_token, id_tipo_token) VALUES ("1554", (SELECT id_chave_tipo_token FROM tipos_tokens WHERE nome_tipo_token = "numeral"));
INSERT IGNORE INTO tokens (nome_token, acentuada, id_tipo_token) VALUES ("1554", "1554", (SELECT id_tipo_token FROM classificacoes_tokens WHERE BINARY nome_token = "1554"));
  INSERT IGNORE INTO classificacoes_tokens (nome_token, id_tipo_token) VALUES ("087", (SELECT id_chave_tipo_token FROM tipos_tokens WHERE nome_tipo_token = "numeral"));
INSERT IGNORE INTO tokens (nome_token, acentuada, id_tipo_token) VALUES ("087", "087", (SELECT id_tipo_token FROM classificacoes_tokens WHERE BINARY nome_token = "087"));
  INSERT IGNORE INTO classificacoes_tokens (nome_token, id_tipo_token) VALUES ("11", (SELECT id_chave_tipo_token FROM tipos_tokens WHERE nome_tipo_token = "numeral"));
INSERT IGNORE INTO tokens (nome_token, acentuada, id_tipo_token) VALUES ("11", "11", (SELECT id_tipo_token FROM classificacoes_tokens WHERE BINARY nome_token = "11"));
  INSERT IGNORE INTO classificacoes_tokens (nome_token, id_tipo_token) VALUES ("562", (SELECT id_chave_tipo_token FROM tipos_tokens WHERE nome_tipo_token = "numeral"));
INSERT IGNORE INTO tokens (nome_token, acentuada, id_tipo_token) VALUES ("562", "562", (SELECT id_tipo_token FROM classificacoes_tokens WHERE BINARY nome_token = "562"));
  INSERT IGNORE INTO classificacoes_tokens (nome_token, id_tipo_token) VALUES ("127", (SELECT id_chave_tipo_token FROM tipos_tokens WHERE nome_tipo_token = "numeral"));
INSERT IGNORE INTO tokens (nome_token, acentuada, id_tipo_token) VALUES ("127", "127", (SELECT id_tipo_token FROM classificacoes_tokens WHERE BINARY nome_token = "127"));
  INSERT IGNORE INTO classificacoes_tokens (nome_token, id_tipo_token) VALUES ("338", (SELECT id_chave_tipo_token FROM tipos_tokens WHERE nome_tipo_token = "numeral"));
INSERT IGNORE INTO tokens (nome_token, acentuada, id_tipo_token) VALUES ("338", "338", (SELECT id_tipo_token FROM classificacoes_tokens WHERE BINARY nome_token = "338"));
  INSERT IGNORE INTO tokens (nome_token, acentuada, id_tipo_token) VALUES ("da", "da", (SELECT id_tipo_token FROM classificacoes_tokens WHERE BINARY nome_token = "da"));
  INSERT IGNORE INTO classificacoes_tokens (nome_token, id_tipo_token) VALUES ("38", (SELECT id_chave_tipo_token FROM tipos_tokens WHERE nome_tipo_token = "numeral"));
INSERT IGNORE INTO tokens (nome_token, acentuada, id_tipo_token) VALUES ("38", "38", (SELECT id_tipo_token FROM classificacoes_tokens WHERE BINARY nome_token = "38"));
  INSERT IGNORE INTO classificacoes_tokens (nome_token, id_tipo_token) VALUES ("390", (SELECT id_chave_tipo_token FROM tipos_tokens WHERE nome_tipo_token = "numeral"));
INSERT IGNORE INTO tokens (nome_token, acentuada, id_tipo_token) VALUES ("390", "390", (SELECT id_tipo_token FROM classificacoes_tokens WHERE BINARY nome_token = "390"));
  INSERT IGNORE INTO classificacoes_tokens (nome_token, id_tipo_token) VALUES ("358", (SELECT id_chave_tipo_token FROM tipos_tokens WHERE nome_tipo_token = "numeral"));
INSERT IGNORE INTO tokens (nome_token, acentuada, id_tipo_token) VALUES ("358", "358", (SELECT id_tipo_token FROM classificacoes_tokens WHERE BINARY nome_token = "358"));
  INSERT IGNORE INTO classificacoes_tokens (nome_token, id_tipo_token) VALUES ("242", (SELECT id_chave_tipo_token FROM tipos_tokens WHERE nome_tipo_token = "numeral"));
INSERT IGNORE INTO tokens (nome_token, acentuada, id_tipo_token) VALUES ("242", "242", (SELECT id_tipo_token FROM classificacoes_tokens WHERE BINARY nome_token = "242"));
  INSERT IGNORE INTO classificacoes_tokens (nome_token, id_tipo_token) VALUES ("1840", (SELECT id_chave_tipo_token FROM tipos_tokens WHERE nome_tipo_token = "numeral"));
INSERT IGNORE INTO tokens (nome_token, acentuada, id_tipo_token) VALUES ("1840", "1840", (SELECT id_tipo_token FROM classificacoes_tokens WHERE BINARY nome_token = "1840"));
  INSERT IGNORE INTO classificacoes_tokens (nome_token, id_tipo_token) VALUES ("714", (SELECT id_chave_tipo_token FROM tipos_tokens WHERE nome_tipo_token = "numeral"));
INSERT IGNORE INTO tokens (nome_token, acentuada, id_tipo_token) VALUES ("714", "714", (SELECT id_tipo_token FROM classificacoes_tokens WHERE BINARY nome_token = "714"));
  INSERT IGNORE INTO classificacoes_tokens (nome_token, id_tipo_token) VALUES ("45", (SELECT id_chave_tipo_token FROM tipos_tokens WHERE nome_tipo_token = "numeral"));
INSERT IGNORE INTO tokens (nome_token, acentuada, id_tipo_token) VALUES ("45", "45", (SELECT id_tipo_token FROM classificacoes_tokens WHERE BINARY nome_token = "45"));
  INSERT IGNORE INTO tokens (nome_token, acentuada, id_tipo_token) VALUES ("henna", "henna", (SELECT id_tipo_token FROM classificacoes_tokens WHERE BINARY nome_token = "henna"));
  INSERT IGNORE INTO classificacoes_tokens (nome_token, id_tipo_token) VALUES ("810", (SELECT id_chave_tipo_token FROM tipos_tokens WHERE nome_tipo_token = "numeral"));
INSERT IGNORE INTO tokens (nome_token, acentuada, id_tipo_token) VALUES ("810", "810", (SELECT id_tipo_token FROM classificacoes_tokens WHERE BINARY nome_token = "810"));
  INSERT IGNORE INTO tokens (nome_token, acentuada, id_tipo_token) VALUES ("linha", "linha", (SELECT id_tipo_token FROM classificacoes_tokens WHERE BINARY nome_token = "linha"));
  INSERT IGNORE INTO tokens (nome_token, acentuada, id_tipo_token) VALUES ("facial", "facial", (SELECT id_tipo_token FROM classificacoes_tokens WHERE BINARY nome_token = "facial"));
  INSERT IGNORE INTO classificacoes_tokens (nome_token, id_tipo_token) VALUES ("751", (SELECT id_chave_tipo_token FROM tipos_tokens WHERE nome_tipo_token = "numeral"));
INSERT IGNORE INTO tokens (nome_token, acentuada, id_tipo_token) VALUES ("751", "751", (SELECT id_tipo_token FROM classificacoes_tokens WHERE BINARY nome_token = "751"));
  INSERT IGNORE INTO tokens (nome_token, acentuada, id_tipo_token) VALUES ("decoracao", "decoração", (SELECT id_tipo_token FROM classificacoes_tokens WHERE BINARY nome_token = "decoração"));
  INSERT IGNORE INTO tokens (nome_token, acentuada, id_tipo_token) VALUES ("art", "art", (SELECT id_tipo_token FROM classificacoes_tokens WHERE BINARY nome_token = "art"));
