INSERT IGNORE INTO instituicoes (nome_instituicao, sigla, identificador, id_tipo_instituicao, logo) VALUES ("Serviço Nacional de Aprendizagem Rural", "SENAR", "senar", (SELECT id_chave_tipo_instituicao FROM tipos_instituicoes WHERE nome_tipo_instituicao = "Sistema S - Privada"), "senar_logo.jpg");

 INSERT INTO arquivos_fonte (nome_arquivo_fonte_SQL, nome_arquivo_fonte_CSV, id_instituicao, fornecedor, data_entrada, descricao) VALUES ("saida_cursos_senar_1.sql", "cursos_senar_1.csv", (SELECT id_chave_instituicao FROM instituicoes WHERE identificador = "senar"),"","", "Repassado por Leonardo Moraes");
SET @id_arquivo_var:=(SELECT id_chave_arquivo_fonte FROM arquivos_fonte WHERE nome_arquivo_fonte_SQL = "saida_cursos_senar_1.sql");

INSERT IGNORE INTO tipos_classificacoes (nome_tipo_classificacao, caption_substituto, id_arquivo_fonte, ordem) VALUES ("codigo_do_curso","codigo_do_curso", @id_arquivo_var, 1);
 INSERT IGNORE INTO tipos_classificacoes (nome_tipo_classificacao, caption_substituto, id_arquivo_fonte, ordem) VALUES ("titulo_do_curso","titulo_do_curso", @id_arquivo_var, 2);
 INSERT IGNORE INTO tipos_classificacoes (nome_tipo_classificacao, caption_substituto, id_arquivo_fonte, ordem) VALUES ("carga_horaria","carga_horaria", @id_arquivo_var, 3);
 INSERT IGNORE INTO tipos_classificacoes (nome_tipo_classificacao, caption_substituto, id_arquivo_fonte, ordem) VALUES ("duracao","duracao", @id_arquivo_var, 4);
 INSERT IGNORE INTO tipos_classificacoes (nome_tipo_classificacao, caption_substituto, id_arquivo_fonte, ordem) VALUES ("proxima_turma","proxima_turma", @id_arquivo_var, 5);
 INSERT IGNORE INTO tipos_classificacoes (nome_tipo_classificacao, caption_substituto, id_arquivo_fonte, ordem) VALUES ("tipo_de_curso","tipo_de_curso", @id_arquivo_var, 6);
 INSERT IGNORE INTO tipos_classificacoes (nome_tipo_classificacao, caption_substituto, id_arquivo_fonte, ordem) VALUES ("presencial_remoto","presencial_remoto", @id_arquivo_var, 7);
 INSERT IGNORE INTO tipos_classificacoes (nome_tipo_classificacao, caption_substituto, id_arquivo_fonte, ordem) VALUES ("estado","estado", @id_arquivo_var, 8);
 INSERT IGNORE INTO classificacoes_tokens (nome_token, id_tipo_token, id_arquivo_fonte) VALUES ("184", (SELECT id_chave_tipo_token FROM tipos_tokens WHERE nome_tipo_token = "numeral"), @id_arquivo_var);
INSERT IGNORE INTO tokens (nome_token, acentuada, id_tipo_token, id_tipo_token_spaCy, id_arquivo_fonte) VALUES ("184", "184", (SELECT id_tipo_token FROM classificacoes_tokens WHERE BINARY nome_token = "184" UNION (SELECT id_chave_tipo_token FROM tipos_tokens WHERE nome_tipo_token = 'indeterminado') LIMIT 1), (SELECT id_chave_tipo_token FROM tipos_tokens WHERE nome_tipo_token = "numeral" UNION (SELECT id_chave_tipo_token FROM tipos_tokens WHERE nome_tipo_token = 'indeterminado') LIMIT 1), @id_arquivo_var);
  INSERT IGNORE INTO tokens (nome_token, acentuada, id_tipo_token, id_tipo_token_spaCy, id_arquivo_fonte) VALUES ("word", "word", (SELECT id_tipo_token FROM classificacoes_tokens WHERE BINARY nome_token = "word" UNION (SELECT id_chave_tipo_token FROM tipos_tokens WHERE nome_tipo_token = 'indeterminado') LIMIT 1), (SELECT id_chave_tipo_token FROM tipos_tokens WHERE nome_tipo_token = "sigla" UNION (SELECT id_chave_tipo_token FROM tipos_tokens WHERE nome_tipo_token = 'indeterminado') LIMIT 1), @id_arquivo_var);
  INSERT IGNORE INTO classificacoes_tokens (nome_token, id_tipo_token, id_arquivo_fonte) VALUES ("183", (SELECT id_chave_tipo_token FROM tipos_tokens WHERE nome_tipo_token = "numeral"), @id_arquivo_var);
INSERT IGNORE INTO tokens (nome_token, acentuada, id_tipo_token, id_tipo_token_spaCy, id_arquivo_fonte) VALUES ("183", "183", (SELECT id_tipo_token FROM classificacoes_tokens WHERE BINARY nome_token = "183" UNION (SELECT id_chave_tipo_token FROM tipos_tokens WHERE nome_tipo_token = 'indeterminado') LIMIT 1), (SELECT id_chave_tipo_token FROM tipos_tokens WHERE nome_tipo_token = "numeral" UNION (SELECT id_chave_tipo_token FROM tipos_tokens WHERE nome_tipo_token = 'indeterminado') LIMIT 1), @id_arquivo_var);
  INSERT IGNORE INTO classificacoes_tokens (nome_token, id_tipo_token, id_arquivo_fonte) VALUES ("182", (SELECT id_chave_tipo_token FROM tipos_tokens WHERE nome_tipo_token = "numeral"), @id_arquivo_var);
INSERT IGNORE INTO tokens (nome_token, acentuada, id_tipo_token, id_tipo_token_spaCy, id_arquivo_fonte) VALUES ("182", "182", (SELECT id_tipo_token FROM classificacoes_tokens WHERE BINARY nome_token = "182" UNION (SELECT id_chave_tipo_token FROM tipos_tokens WHERE nome_tipo_token = 'indeterminado') LIMIT 1), (SELECT id_chave_tipo_token FROM tipos_tokens WHERE nome_tipo_token = "numeral" UNION (SELECT id_chave_tipo_token FROM tipos_tokens WHERE nome_tipo_token = 'indeterminado') LIMIT 1), @id_arquivo_var);
  INSERT IGNORE INTO classificacoes_tokens (nome_token, id_tipo_token, id_arquivo_fonte) VALUES ("180", (SELECT id_chave_tipo_token FROM tipos_tokens WHERE nome_tipo_token = "numeral"), @id_arquivo_var);
INSERT IGNORE INTO tokens (nome_token, acentuada, id_tipo_token, id_tipo_token_spaCy, id_arquivo_fonte) VALUES ("180", "180", (SELECT id_tipo_token FROM classificacoes_tokens WHERE BINARY nome_token = "180" UNION (SELECT id_chave_tipo_token FROM tipos_tokens WHERE nome_tipo_token = 'indeterminado') LIMIT 1), (SELECT id_chave_tipo_token FROM tipos_tokens WHERE nome_tipo_token = "numeral" UNION (SELECT id_chave_tipo_token FROM tipos_tokens WHERE nome_tipo_token = 'indeterminado') LIMIT 1), @id_arquivo_var);
  INSERT IGNORE INTO classificacoes_tokens (nome_token, id_tipo_token, id_arquivo_fonte) VALUES ("179", (SELECT id_chave_tipo_token FROM tipos_tokens WHERE nome_tipo_token = "numeral"), @id_arquivo_var);
INSERT IGNORE INTO tokens (nome_token, acentuada, id_tipo_token, id_tipo_token_spaCy, id_arquivo_fonte) VALUES ("179", "179", (SELECT id_tipo_token FROM classificacoes_tokens WHERE BINARY nome_token = "179" UNION (SELECT id_chave_tipo_token FROM tipos_tokens WHERE nome_tipo_token = 'indeterminado') LIMIT 1), (SELECT id_chave_tipo_token FROM tipos_tokens WHERE nome_tipo_token = "numeral" UNION (SELECT id_chave_tipo_token FROM tipos_tokens WHERE nome_tipo_token = 'indeterminado') LIMIT 1), @id_arquivo_var);
  INSERT IGNORE INTO tokens (nome_token, acentuada, id_tipo_token, id_tipo_token_spaCy, id_arquivo_fonte) VALUES ("animais", "animais", (SELECT id_tipo_token FROM classificacoes_tokens WHERE BINARY nome_token = "animais" UNION (SELECT id_chave_tipo_token FROM tipos_tokens WHERE nome_tipo_token = 'indeterminado') LIMIT 1), (SELECT id_chave_tipo_token FROM tipos_tokens WHERE nome_tipo_token = "adjetivo" UNION (SELECT id_chave_tipo_token FROM tipos_tokens WHERE nome_tipo_token = 'indeterminado') LIMIT 1), @id_arquivo_var);
  INSERT IGNORE INTO tokens (nome_token, acentuada, id_tipo_token, id_tipo_token_spaCy, id_arquivo_fonte) VALUES ("tratamento", "tratamento", (SELECT id_tipo_token FROM classificacoes_tokens WHERE BINARY nome_token = "tratamento" UNION (SELECT id_chave_tipo_token FROM tipos_tokens WHERE nome_tipo_token = 'indeterminado') LIMIT 1), (SELECT id_chave_tipo_token FROM tipos_tokens WHERE nome_tipo_token = "substantivo" UNION (SELECT id_chave_tipo_token FROM tipos_tokens WHERE nome_tipo_token = 'indeterminado') LIMIT 1), @id_arquivo_var);
  INSERT IGNORE INTO tokens (nome_token, acentuada, id_tipo_token, id_tipo_token_spaCy, id_arquivo_fonte) VALUES ("carnauba", "carnaúba", (SELECT id_tipo_token FROM classificacoes_tokens WHERE BINARY nome_token = "carnaúba" UNION (SELECT id_chave_tipo_token FROM tipos_tokens WHERE nome_tipo_token = 'indeterminado') LIMIT 1), (SELECT id_chave_tipo_token FROM tipos_tokens WHERE nome_tipo_token = "substantivo" UNION (SELECT id_chave_tipo_token FROM tipos_tokens WHERE nome_tipo_token = 'indeterminado') LIMIT 1), @id_arquivo_var);
  INSERT IGNORE INTO tokens (nome_token, acentuada, id_tipo_token, id_tipo_token_spaCy, id_arquivo_fonte) VALUES ("extrativismo", "extrativismo", (SELECT id_tipo_token FROM classificacoes_tokens WHERE BINARY nome_token = "extrativismo" UNION (SELECT id_chave_tipo_token FROM tipos_tokens WHERE nome_tipo_token = 'indeterminado') LIMIT 1), (SELECT id_chave_tipo_token FROM tipos_tokens WHERE nome_tipo_token = "substantivo" UNION (SELECT id_chave_tipo_token FROM tipos_tokens WHERE nome_tipo_token = 'indeterminado') LIMIT 1), @id_arquivo_var);
  INSERT IGNORE INTO tokens (nome_token, acentuada, id_tipo_token, id_tipo_token_spaCy, id_arquivo_fonte) VALUES ("trabalhador", "trabalhador", (SELECT id_tipo_token FROM classificacoes_tokens WHERE BINARY nome_token = "trabalhador" UNION (SELECT id_chave_tipo_token FROM tipos_tokens WHERE nome_tipo_token = 'indeterminado') LIMIT 1), (SELECT id_chave_tipo_token FROM tipos_tokens WHERE nome_tipo_token = "substantivo" UNION (SELECT id_chave_tipo_token FROM tipos_tokens WHERE nome_tipo_token = 'indeterminado') LIMIT 1), @id_arquivo_var);
  INSERT IGNORE INTO tokens (nome_token, acentuada, id_tipo_token, id_tipo_token_spaCy, id_arquivo_fonte) VALUES ("controlada", "controlada", (SELECT id_tipo_token FROM classificacoes_tokens WHERE BINARY nome_token = "controlada" UNION (SELECT id_chave_tipo_token FROM tipos_tokens WHERE nome_tipo_token = 'indeterminado') LIMIT 1), (SELECT id_chave_tipo_token FROM tipos_tokens WHERE nome_tipo_token = "verbo" UNION (SELECT id_chave_tipo_token FROM tipos_tokens WHERE nome_tipo_token = 'indeterminado') LIMIT 1), @id_arquivo_var);
  INSERT IGNORE INTO tokens (nome_token, acentuada, id_tipo_token, id_tipo_token_spaCy, id_arquivo_fonte) VALUES ("queima", "queima", (SELECT id_tipo_token FROM classificacoes_tokens WHERE BINARY nome_token = "queima" UNION (SELECT id_chave_tipo_token FROM tipos_tokens WHERE nome_tipo_token = 'indeterminado') LIMIT 1), (SELECT id_chave_tipo_token FROM tipos_tokens WHERE nome_tipo_token = "substantivo" UNION (SELECT id_chave_tipo_token FROM tipos_tokens WHERE nome_tipo_token = 'indeterminado') LIMIT 1), @id_arquivo_var);
  INSERT IGNORE INTO tokens (nome_token, acentuada, id_tipo_token, id_tipo_token_spaCy, id_arquivo_fonte) VALUES ("realizacao", "realização", (SELECT id_tipo_token FROM classificacoes_tokens WHERE BINARY nome_token = "realização" UNION (SELECT id_chave_tipo_token FROM tipos_tokens WHERE nome_tipo_token = 'indeterminado') LIMIT 1), (SELECT id_chave_tipo_token FROM tipos_tokens WHERE nome_tipo_token = "substantivo" UNION (SELECT id_chave_tipo_token FROM tipos_tokens WHERE nome_tipo_token = 'indeterminado') LIMIT 1), @id_arquivo_var);
  INSERT IGNORE INTO classificacoes_tokens (nome_token, id_tipo_token, id_arquivo_fonte) VALUES ("176", (SELECT id_chave_tipo_token FROM tipos_tokens WHERE nome_tipo_token = "numeral"), @id_arquivo_var);
INSERT IGNORE INTO tokens (nome_token, acentuada, id_tipo_token, id_tipo_token_spaCy, id_arquivo_fonte) VALUES ("176", "176", (SELECT id_tipo_token FROM classificacoes_tokens WHERE BINARY nome_token = "176" UNION (SELECT id_chave_tipo_token FROM tipos_tokens WHERE nome_tipo_token = 'indeterminado') LIMIT 1), (SELECT id_chave_tipo_token FROM tipos_tokens WHERE nome_tipo_token = "numeral" UNION (SELECT id_chave_tipo_token FROM tipos_tokens WHERE nome_tipo_token = 'indeterminado') LIMIT 1), @id_arquivo_var);
  INSERT IGNORE INTO classificacoes_tokens (nome_token, id_tipo_token, id_arquivo_fonte) VALUES ("178", (SELECT id_chave_tipo_token FROM tipos_tokens WHERE nome_tipo_token = "numeral"), @id_arquivo_var);
INSERT IGNORE INTO tokens (nome_token, acentuada, id_tipo_token, id_tipo_token_spaCy, id_arquivo_fonte) VALUES ("178", "178", (SELECT id_tipo_token FROM classificacoes_tokens WHERE BINARY nome_token = "178" UNION (SELECT id_chave_tipo_token FROM tipos_tokens WHERE nome_tipo_token = 'indeterminado') LIMIT 1), (SELECT id_chave_tipo_token FROM tipos_tokens WHERE nome_tipo_token = "numeral" UNION (SELECT id_chave_tipo_token FROM tipos_tokens WHERE nome_tipo_token = 'indeterminado') LIMIT 1), @id_arquivo_var);
  INSERT IGNORE INTO tokens (nome_token, acentuada, id_tipo_token, id_tipo_token_spaCy, id_arquivo_fonte) VALUES ("propagacao", "propagação", (SELECT id_tipo_token FROM classificacoes_tokens WHERE BINARY nome_token = "propagação" UNION (SELECT id_chave_tipo_token FROM tipos_tokens WHERE nome_tipo_token = 'indeterminado') LIMIT 1), (SELECT id_chave_tipo_token FROM tipos_tokens WHERE nome_tipo_token = "substantivo" UNION (SELECT id_chave_tipo_token FROM tipos_tokens WHERE nome_tipo_token = 'indeterminado') LIMIT 1), @id_arquivo_var);
  INSERT IGNORE INTO classificacoes_tokens (nome_token, id_tipo_token, id_arquivo_fonte) VALUES ("175", (SELECT id_chave_tipo_token FROM tipos_tokens WHERE nome_tipo_token = "numeral"), @id_arquivo_var);
INSERT IGNORE INTO tokens (nome_token, acentuada, id_tipo_token, id_tipo_token_spaCy, id_arquivo_fonte) VALUES ("175", "175", (SELECT id_tipo_token FROM classificacoes_tokens WHERE BINARY nome_token = "175" UNION (SELECT id_chave_tipo_token FROM tipos_tokens WHERE nome_tipo_token = 'indeterminado') LIMIT 1), (SELECT id_chave_tipo_token FROM tipos_tokens WHERE nome_tipo_token = "numeral" UNION (SELECT id_chave_tipo_token FROM tipos_tokens WHERE nome_tipo_token = 'indeterminado') LIMIT 1), @id_arquivo_var);
  INSERT IGNORE INTO tokens (nome_token, acentuada, id_tipo_token, id_tipo_token_spaCy, id_arquivo_fonte) VALUES ("capim", "capim", (SELECT id_tipo_token FROM classificacoes_tokens WHERE BINARY nome_token = "capim" UNION (SELECT id_chave_tipo_token FROM tipos_tokens WHERE nome_tipo_token = 'indeterminado') LIMIT 1), (SELECT id_chave_tipo_token FROM tipos_tokens WHERE nome_tipo_token = "substantivo" UNION (SELECT id_chave_tipo_token FROM tipos_tokens WHERE nome_tipo_token = 'indeterminado') LIMIT 1), @id_arquivo_var);
  INSERT IGNORE INTO tokens (nome_token, acentuada, id_tipo_token, id_tipo_token_spaCy, id_arquivo_fonte) VALUES ("tecnicas", "técnicas", (SELECT id_tipo_token FROM classificacoes_tokens WHERE BINARY nome_token = "técnicas" UNION (SELECT id_chave_tipo_token FROM tipos_tokens WHERE nome_tipo_token = 'indeterminado') LIMIT 1), (SELECT id_chave_tipo_token FROM tipos_tokens WHERE nome_tipo_token = "substantivo" UNION (SELECT id_chave_tipo_token FROM tipos_tokens WHERE nome_tipo_token = 'indeterminado') LIMIT 1), @id_arquivo_var);
  INSERT IGNORE INTO classificacoes_tokens (nome_token, id_tipo_token, id_arquivo_fonte) VALUES ("174", (SELECT id_chave_tipo_token FROM tipos_tokens WHERE nome_tipo_token = "numeral"), @id_arquivo_var);
INSERT IGNORE INTO tokens (nome_token, acentuada, id_tipo_token, id_tipo_token_spaCy, id_arquivo_fonte) VALUES ("174", "174", (SELECT id_tipo_token FROM classificacoes_tokens WHERE BINARY nome_token = "174" UNION (SELECT id_chave_tipo_token FROM tipos_tokens WHERE nome_tipo_token = 'indeterminado') LIMIT 1), (SELECT id_chave_tipo_token FROM tipos_tokens WHERE nome_tipo_token = "numeral" UNION (SELECT id_chave_tipo_token FROM tipos_tokens WHERE nome_tipo_token = 'indeterminado') LIMIT 1), @id_arquivo_var);
  INSERT IGNORE INTO classificacoes_tokens (nome_token, id_tipo_token, id_arquivo_fonte) VALUES ("172", (SELECT id_chave_tipo_token FROM tipos_tokens WHERE nome_tipo_token = "numeral"), @id_arquivo_var);
INSERT IGNORE INTO tokens (nome_token, acentuada, id_tipo_token, id_tipo_token_spaCy, id_arquivo_fonte) VALUES ("172", "172", (SELECT id_tipo_token FROM classificacoes_tokens WHERE BINARY nome_token = "172" UNION (SELECT id_chave_tipo_token FROM tipos_tokens WHERE nome_tipo_token = 'indeterminado') LIMIT 1), (SELECT id_chave_tipo_token FROM tipos_tokens WHERE nome_tipo_token = "numeral" UNION (SELECT id_chave_tipo_token FROM tipos_tokens WHERE nome_tipo_token = 'indeterminado') LIMIT 1), @id_arquivo_var);
  INSERT IGNORE INTO tokens (nome_token, acentuada, id_tipo_token, id_tipo_token_spaCy, id_arquivo_fonte) VALUES ("cafe", "café", (SELECT id_tipo_token FROM classificacoes_tokens WHERE BINARY nome_token = "café" UNION (SELECT id_chave_tipo_token FROM tipos_tokens WHERE nome_tipo_token = 'indeterminado') LIMIT 1), (SELECT id_chave_tipo_token FROM tipos_tokens WHERE nome_tipo_token = "substantivo" UNION (SELECT id_chave_tipo_token FROM tipos_tokens WHERE nome_tipo_token = 'indeterminado') LIMIT 1), @id_arquivo_var);
  INSERT IGNORE INTO tokens (nome_token, acentuada, id_tipo_token, id_tipo_token_spaCy, id_arquivo_fonte) VALUES ("sustentabilidade", "sustentabilidade", (SELECT id_tipo_token FROM classificacoes_tokens WHERE BINARY nome_token = "sustentabilidade" UNION (SELECT id_chave_tipo_token FROM tipos_tokens WHERE nome_tipo_token = 'indeterminado') LIMIT 1), (SELECT id_chave_tipo_token FROM tipos_tokens WHERE nome_tipo_token = "substantivo" UNION (SELECT id_chave_tipo_token FROM tipos_tokens WHERE nome_tipo_token = 'indeterminado') LIMIT 1), @id_arquivo_var);
  INSERT IGNORE INTO tokens (nome_token, acentuada, id_tipo_token, id_tipo_token_spaCy, id_arquivo_fonte) VALUES ("floricultura", "floricultura", (SELECT id_tipo_token FROM classificacoes_tokens WHERE BINARY nome_token = "floricultura" UNION (SELECT id_chave_tipo_token FROM tipos_tokens WHERE nome_tipo_token = 'indeterminado') LIMIT 1), (SELECT id_chave_tipo_token FROM tipos_tokens WHERE nome_tipo_token = "substantivo" UNION (SELECT id_chave_tipo_token FROM tipos_tokens WHERE nome_tipo_token = 'indeterminado') LIMIT 1), @id_arquivo_var);
  INSERT IGNORE INTO tokens (nome_token, acentuada, id_tipo_token, id_tipo_token_spaCy, id_arquivo_fonte) VALUES ("culturais", "culturais", (SELECT id_tipo_token FROM classificacoes_tokens WHERE BINARY nome_token = "culturais" UNION (SELECT id_chave_tipo_token FROM tipos_tokens WHERE nome_tipo_token = 'indeterminado') LIMIT 1), (SELECT id_chave_tipo_token FROM tipos_tokens WHERE nome_tipo_token = "adjetivo" UNION (SELECT id_chave_tipo_token FROM tipos_tokens WHERE nome_tipo_token = 'indeterminado') LIMIT 1), @id_arquivo_var);
  INSERT IGNORE INTO tokens (nome_token, acentuada, id_tipo_token, id_tipo_token_spaCy, id_arquivo_fonte) VALUES ("produtivos", "produtivos", (SELECT id_tipo_token FROM classificacoes_tokens WHERE BINARY nome_token = "produtivos" UNION (SELECT id_chave_tipo_token FROM tipos_tokens WHERE nome_tipo_token = 'indeterminado') LIMIT 1), (SELECT id_chave_tipo_token FROM tipos_tokens WHERE nome_tipo_token = "adjetivo" UNION (SELECT id_chave_tipo_token FROM tipos_tokens WHERE nome_tipo_token = 'indeterminado') LIMIT 1), @id_arquivo_var);
  INSERT IGNORE INTO classificacoes_tokens (nome_token, id_tipo_token, id_arquivo_fonte) VALUES ("171", (SELECT id_chave_tipo_token FROM tipos_tokens WHERE nome_tipo_token = "numeral"), @id_arquivo_var);
INSERT IGNORE INTO tokens (nome_token, acentuada, id_tipo_token, id_tipo_token_spaCy, id_arquivo_fonte) VALUES ("171", "171", (SELECT id_tipo_token FROM classificacoes_tokens WHERE BINARY nome_token = "171" UNION (SELECT id_chave_tipo_token FROM tipos_tokens WHERE nome_tipo_token = 'indeterminado') LIMIT 1), (SELECT id_chave_tipo_token FROM tipos_tokens WHERE nome_tipo_token = "numeral" UNION (SELECT id_chave_tipo_token FROM tipos_tokens WHERE nome_tipo_token = 'indeterminado') LIMIT 1), @id_arquivo_var);
  INSERT IGNORE INTO classificacoes_tokens (nome_token, id_tipo_token, id_arquivo_fonte) VALUES ("170", (SELECT id_chave_tipo_token FROM tipos_tokens WHERE nome_tipo_token = "numeral"), @id_arquivo_var);
INSERT IGNORE INTO tokens (nome_token, acentuada, id_tipo_token, id_tipo_token_spaCy, id_arquivo_fonte) VALUES ("170", "170", (SELECT id_tipo_token FROM classificacoes_tokens WHERE BINARY nome_token = "170" UNION (SELECT id_chave_tipo_token FROM tipos_tokens WHERE nome_tipo_token = 'indeterminado') LIMIT 1), (SELECT id_chave_tipo_token FROM tipos_tokens WHERE nome_tipo_token = "numeral" UNION (SELECT id_chave_tipo_token FROM tipos_tokens WHERE nome_tipo_token = 'indeterminado') LIMIT 1), @id_arquivo_var);
  INSERT IGNORE INTO tokens (nome_token, acentuada, id_tipo_token, id_tipo_token_spaCy, id_arquivo_fonte) VALUES ("projetos", "projetos", (SELECT id_tipo_token FROM classificacoes_tokens WHERE BINARY nome_token = "projetos" UNION (SELECT id_chave_tipo_token FROM tipos_tokens WHERE nome_tipo_token = 'indeterminado') LIMIT 1), (SELECT id_chave_tipo_token FROM tipos_tokens WHERE nome_tipo_token = "substantivo" UNION (SELECT id_chave_tipo_token FROM tipos_tokens WHERE nome_tipo_token = 'indeterminado') LIMIT 1), @id_arquivo_var);
  INSERT IGNORE INTO classificacoes_tokens (nome_token, id_tipo_token, id_arquivo_fonte) VALUES ("168", (SELECT id_chave_tipo_token FROM tipos_tokens WHERE nome_tipo_token = "numeral"), @id_arquivo_var);
INSERT IGNORE INTO tokens (nome_token, acentuada, id_tipo_token, id_tipo_token_spaCy, id_arquivo_fonte) VALUES ("168", "168", (SELECT id_tipo_token FROM classificacoes_tokens WHERE BINARY nome_token = "168" UNION (SELECT id_chave_tipo_token FROM tipos_tokens WHERE nome_tipo_token = 'indeterminado') LIMIT 1), (SELECT id_chave_tipo_token FROM tipos_tokens WHERE nome_tipo_token = "numeral" UNION (SELECT id_chave_tipo_token FROM tipos_tokens WHERE nome_tipo_token = 'indeterminado') LIMIT 1), @id_arquivo_var);
  INSERT IGNORE INTO tokens (nome_token, acentuada, id_tipo_token, id_tipo_token_spaCy, id_arquivo_fonte) VALUES ("latex", "látex", (SELECT id_tipo_token FROM classificacoes_tokens WHERE BINARY nome_token = "látex" UNION (SELECT id_chave_tipo_token FROM tipos_tokens WHERE nome_tipo_token = 'indeterminado') LIMIT 1), (SELECT id_chave_tipo_token FROM tipos_tokens WHERE nome_tipo_token = "substantivo" UNION (SELECT id_chave_tipo_token FROM tipos_tokens WHERE nome_tipo_token = 'indeterminado') LIMIT 1), @id_arquivo_var);
  INSERT IGNORE INTO tokens (nome_token, acentuada, id_tipo_token, id_tipo_token_spaCy, id_arquivo_fonte) VALUES ("cultivo", "cultivo", (SELECT id_tipo_token FROM classificacoes_tokens WHERE BINARY nome_token = "cultivo" UNION (SELECT id_chave_tipo_token FROM tipos_tokens WHERE nome_tipo_token = 'indeterminado') LIMIT 1), (SELECT id_chave_tipo_token FROM tipos_tokens WHERE nome_tipo_token = "substantivo" UNION (SELECT id_chave_tipo_token FROM tipos_tokens WHERE nome_tipo_token = 'indeterminado') LIMIT 1), @id_arquivo_var);
  INSERT IGNORE INTO classificacoes_tokens (nome_token, id_tipo_token, id_arquivo_fonte) VALUES ("167", (SELECT id_chave_tipo_token FROM tipos_tokens WHERE nome_tipo_token = "numeral"), @id_arquivo_var);
INSERT IGNORE INTO tokens (nome_token, acentuada, id_tipo_token, id_tipo_token_spaCy, id_arquivo_fonte) VALUES ("167", "167", (SELECT id_tipo_token FROM classificacoes_tokens WHERE BINARY nome_token = "167" UNION (SELECT id_chave_tipo_token FROM tipos_tokens WHERE nome_tipo_token = 'indeterminado') LIMIT 1), (SELECT id_chave_tipo_token FROM tipos_tokens WHERE nome_tipo_token = "numeral" UNION (SELECT id_chave_tipo_token FROM tipos_tokens WHERE nome_tipo_token = 'indeterminado') LIMIT 1), @id_arquivo_var);
  INSERT IGNORE INTO classificacoes_tokens (nome_token, id_tipo_token, id_arquivo_fonte) VALUES ("166", (SELECT id_chave_tipo_token FROM tipos_tokens WHERE nome_tipo_token = "numeral"), @id_arquivo_var);
INSERT IGNORE INTO tokens (nome_token, acentuada, id_tipo_token, id_tipo_token_spaCy, id_arquivo_fonte) VALUES ("166", "166", (SELECT id_tipo_token FROM classificacoes_tokens WHERE BINARY nome_token = "166" UNION (SELECT id_chave_tipo_token FROM tipos_tokens WHERE nome_tipo_token = 'indeterminado') LIMIT 1), (SELECT id_chave_tipo_token FROM tipos_tokens WHERE nome_tipo_token = "numeral" UNION (SELECT id_chave_tipo_token FROM tipos_tokens WHERE nome_tipo_token = 'indeterminado') LIMIT 1), @id_arquivo_var);
  INSERT IGNORE INTO tokens (nome_token, acentuada, id_tipo_token, id_tipo_token_spaCy, id_arquivo_fonte) VALUES ("floresta", "floresta", (SELECT id_tipo_token FROM classificacoes_tokens WHERE BINARY nome_token = "floresta" UNION (SELECT id_chave_tipo_token FROM tipos_tokens WHERE nome_tipo_token = 'indeterminado') LIMIT 1), (SELECT id_chave_tipo_token FROM tipos_tokens WHERE nome_tipo_token = "adjetivo" UNION (SELECT id_chave_tipo_token FROM tipos_tokens WHERE nome_tipo_token = 'indeterminado') LIMIT 1), @id_arquivo_var);
  INSERT IGNORE INTO tokens (nome_token, acentuada, id_tipo_token, id_tipo_token_spaCy, id_arquivo_fonte) VALUES ("pecuaria", "pecuária", (SELECT id_tipo_token FROM classificacoes_tokens WHERE BINARY nome_token = "pecuária" UNION (SELECT id_chave_tipo_token FROM tipos_tokens WHERE nome_tipo_token = 'indeterminado') LIMIT 1), (SELECT id_chave_tipo_token FROM tipos_tokens WHERE nome_tipo_token = "substantivo" UNION (SELECT id_chave_tipo_token FROM tipos_tokens WHERE nome_tipo_token = 'indeterminado') LIMIT 1), @id_arquivo_var);
  INSERT IGNORE INTO tokens (nome_token, acentuada, id_tipo_token, id_tipo_token_spaCy, id_arquivo_fonte) VALUES ("lavoura", "lavoura", (SELECT id_tipo_token FROM classificacoes_tokens WHERE BINARY nome_token = "lavoura" UNION (SELECT id_chave_tipo_token FROM tipos_tokens WHERE nome_tipo_token = 'indeterminado') LIMIT 1), (SELECT id_chave_tipo_token FROM tipos_tokens WHERE nome_tipo_token = "substantivo" UNION (SELECT id_chave_tipo_token FROM tipos_tokens WHERE nome_tipo_token = 'indeterminado') LIMIT 1), @id_arquivo_var);
  INSERT IGNORE INTO tokens (nome_token, acentuada, id_tipo_token, id_tipo_token_spaCy, id_arquivo_fonte) VALUES ("integracao", "integração", (SELECT id_tipo_token FROM classificacoes_tokens WHERE BINARY nome_token = "integração" UNION (SELECT id_chave_tipo_token FROM tipos_tokens WHERE nome_tipo_token = 'indeterminado') LIMIT 1), (SELECT id_chave_tipo_token FROM tipos_tokens WHERE nome_tipo_token = "substantivo" UNION (SELECT id_chave_tipo_token FROM tipos_tokens WHERE nome_tipo_token = 'indeterminado') LIMIT 1), @id_arquivo_var);
  INSERT IGNORE INTO classificacoes_tokens (nome_token, id_tipo_token, id_arquivo_fonte) VALUES ("164", (SELECT id_chave_tipo_token FROM tipos_tokens WHERE nome_tipo_token = "numeral"), @id_arquivo_var);
INSERT IGNORE INTO tokens (nome_token, acentuada, id_tipo_token, id_tipo_token_spaCy, id_arquivo_fonte) VALUES ("164", "164", (SELECT id_tipo_token FROM classificacoes_tokens WHERE BINARY nome_token = "164" UNION (SELECT id_chave_tipo_token FROM tipos_tokens WHERE nome_tipo_token = 'indeterminado') LIMIT 1), (SELECT id_chave_tipo_token FROM tipos_tokens WHERE nome_tipo_token = "numeral" UNION (SELECT id_chave_tipo_token FROM tipos_tokens WHERE nome_tipo_token = 'indeterminado') LIMIT 1), @id_arquivo_var);
  INSERT IGNORE INTO tokens (nome_token, acentuada, id_tipo_token, id_tipo_token_spaCy, id_arquivo_fonte) VALUES ("economico", "econômico", (SELECT id_tipo_token FROM classificacoes_tokens WHERE BINARY nome_token = "econômico" UNION (SELECT id_chave_tipo_token FROM tipos_tokens WHERE nome_tipo_token = 'indeterminado') LIMIT 1), (SELECT id_chave_tipo_token FROM tipos_tokens WHERE nome_tipo_token = "adjetivo" UNION (SELECT id_chave_tipo_token FROM tipos_tokens WHERE nome_tipo_token = 'indeterminado') LIMIT 1), @id_arquivo_var);
  INSERT IGNORE INTO tokens (nome_token, acentuada, id_tipo_token, id_tipo_token_spaCy, id_arquivo_fonte) VALUES ("analise", "análise", (SELECT id_tipo_token FROM classificacoes_tokens WHERE BINARY nome_token = "análise" UNION (SELECT id_chave_tipo_token FROM tipos_tokens WHERE nome_tipo_token = 'indeterminado') LIMIT 1), (SELECT id_chave_tipo_token FROM tipos_tokens WHERE nome_tipo_token = "substantivo" UNION (SELECT id_chave_tipo_token FROM tipos_tokens WHERE nome_tipo_token = 'indeterminado') LIMIT 1), @id_arquivo_var);
  INSERT IGNORE INTO tokens (nome_token, acentuada, id_tipo_token, id_tipo_token_spaCy, id_arquivo_fonte) VALUES ("informacoes", "informações", (SELECT id_tipo_token FROM classificacoes_tokens WHERE BINARY nome_token = "informações" UNION (SELECT id_chave_tipo_token FROM tipos_tokens WHERE nome_tipo_token = 'indeterminado') LIMIT 1), (SELECT id_chave_tipo_token FROM tipos_tokens WHERE nome_tipo_token = "substantivo" UNION (SELECT id_chave_tipo_token FROM tipos_tokens WHERE nome_tipo_token = 'indeterminado') LIMIT 1), @id_arquivo_var);
  INSERT IGNORE INTO classificacoes_tokens (nome_token, id_tipo_token, id_arquivo_fonte) VALUES ("163", (SELECT id_chave_tipo_token FROM tipos_tokens WHERE nome_tipo_token = "numeral"), @id_arquivo_var);
INSERT IGNORE INTO tokens (nome_token, acentuada, id_tipo_token, id_tipo_token_spaCy, id_arquivo_fonte) VALUES ("163", "163", (SELECT id_tipo_token FROM classificacoes_tokens WHERE BINARY nome_token = "163" UNION (SELECT id_chave_tipo_token FROM tipos_tokens WHERE nome_tipo_token = 'indeterminado') LIMIT 1), (SELECT id_chave_tipo_token FROM tipos_tokens WHERE nome_tipo_token = "numeral" UNION (SELECT id_chave_tipo_token FROM tipos_tokens WHERE nome_tipo_token = 'indeterminado') LIMIT 1), @id_arquivo_var);
  INSERT IGNORE INTO classificacoes_tokens (nome_token, id_tipo_token, id_arquivo_fonte) VALUES ("162", (SELECT id_chave_tipo_token FROM tipos_tokens WHERE nome_tipo_token = "numeral"), @id_arquivo_var);
INSERT IGNORE INTO tokens (nome_token, acentuada, id_tipo_token, id_tipo_token_spaCy, id_arquivo_fonte) VALUES ("162", "162", (SELECT id_tipo_token FROM classificacoes_tokens WHERE BINARY nome_token = "162" UNION (SELECT id_chave_tipo_token FROM tipos_tokens WHERE nome_tipo_token = 'indeterminado') LIMIT 1), (SELECT id_chave_tipo_token FROM tipos_tokens WHERE nome_tipo_token = "numeral" UNION (SELECT id_chave_tipo_token FROM tipos_tokens WHERE nome_tipo_token = 'indeterminado') LIMIT 1), @id_arquivo_var);
  INSERT IGNORE INTO classificacoes_tokens (nome_token, id_tipo_token, id_arquivo_fonte) VALUES ("160", (SELECT id_chave_tipo_token FROM tipos_tokens WHERE nome_tipo_token = "numeral"), @id_arquivo_var);
INSERT IGNORE INTO tokens (nome_token, acentuada, id_tipo_token, id_tipo_token_spaCy, id_arquivo_fonte) VALUES ("160", "160", (SELECT id_tipo_token FROM classificacoes_tokens WHERE BINARY nome_token = "160" UNION (SELECT id_chave_tipo_token FROM tipos_tokens WHERE nome_tipo_token = 'indeterminado') LIMIT 1), (SELECT id_chave_tipo_token FROM tipos_tokens WHERE nome_tipo_token = "numeral" UNION (SELECT id_chave_tipo_token FROM tipos_tokens WHERE nome_tipo_token = 'indeterminado') LIMIT 1), @id_arquivo_var);
  INSERT IGNORE INTO tokens (nome_token, acentuada, id_tipo_token, id_tipo_token_spaCy, id_arquivo_fonte) VALUES ("gerenciais", "gerenciais", (SELECT id_tipo_token FROM classificacoes_tokens WHERE BINARY nome_token = "gerenciais" UNION (SELECT id_chave_tipo_token FROM tipos_tokens WHERE nome_tipo_token = 'indeterminado') LIMIT 1), (SELECT id_chave_tipo_token FROM tipos_tokens WHERE nome_tipo_token = "adjetivo" UNION (SELECT id_chave_tipo_token FROM tipos_tokens WHERE nome_tipo_token = 'indeterminado') LIMIT 1), @id_arquivo_var);
  INSERT IGNORE INTO tokens (nome_token, acentuada, id_tipo_token, id_tipo_token_spaCy, id_arquivo_fonte) VALUES ("tecnologias", "tecnologias", (SELECT id_tipo_token FROM classificacoes_tokens WHERE BINARY nome_token = "tecnologias" UNION (SELECT id_chave_tipo_token FROM tipos_tokens WHERE nome_tipo_token = 'indeterminado') LIMIT 1), (SELECT id_chave_tipo_token FROM tipos_tokens WHERE nome_tipo_token = "substantivo" UNION (SELECT id_chave_tipo_token FROM tipos_tokens WHERE nome_tipo_token = 'indeterminado') LIMIT 1), @id_arquivo_var);
  INSERT IGNORE INTO tokens (nome_token, acentuada, id_tipo_token, id_tipo_token_spaCy, id_arquivo_fonte) VALUES ("sanidade", "sanidade", (SELECT id_tipo_token FROM classificacoes_tokens WHERE BINARY nome_token = "sanidade" UNION (SELECT id_chave_tipo_token FROM tipos_tokens WHERE nome_tipo_token = 'indeterminado') LIMIT 1), (SELECT id_chave_tipo_token FROM tipos_tokens WHERE nome_tipo_token = "substantivo" UNION (SELECT id_chave_tipo_token FROM tipos_tokens WHERE nome_tipo_token = 'indeterminado') LIMIT 1), @id_arquivo_var);
  INSERT IGNORE INTO classificacoes_tokens (nome_token, id_tipo_token, id_arquivo_fonte) VALUES ("159", (SELECT id_chave_tipo_token FROM tipos_tokens WHERE nome_tipo_token = "numeral"), @id_arquivo_var);
INSERT IGNORE INTO tokens (nome_token, acentuada, id_tipo_token, id_tipo_token_spaCy, id_arquivo_fonte) VALUES ("159", "159", (SELECT id_tipo_token FROM classificacoes_tokens WHERE BINARY nome_token = "159" UNION (SELECT id_chave_tipo_token FROM tipos_tokens WHERE nome_tipo_token = 'indeterminado') LIMIT 1), (SELECT id_chave_tipo_token FROM tipos_tokens WHERE nome_tipo_token = "numeral" UNION (SELECT id_chave_tipo_token FROM tipos_tokens WHERE nome_tipo_token = 'indeterminado') LIMIT 1), @id_arquivo_var);
  INSERT IGNORE INTO tokens (nome_token, acentuada, id_tipo_token, id_tipo_token_spaCy, id_arquivo_fonte) VALUES ("saneamento", "saneamento", (SELECT id_tipo_token FROM classificacoes_tokens WHERE BINARY nome_token = "saneamento" UNION (SELECT id_chave_tipo_token FROM tipos_tokens WHERE nome_tipo_token = 'indeterminado') LIMIT 1), (SELECT id_chave_tipo_token FROM tipos_tokens WHERE nome_tipo_token = "substantivo" UNION (SELECT id_chave_tipo_token FROM tipos_tokens WHERE nome_tipo_token = 'indeterminado') LIMIT 1), @id_arquivo_var);
  INSERT IGNORE INTO classificacoes_tokens (nome_token, id_tipo_token, id_arquivo_fonte) VALUES ("158", (SELECT id_chave_tipo_token FROM tipos_tokens WHERE nome_tipo_token = "numeral"), @id_arquivo_var);
INSERT IGNORE INTO tokens (nome_token, acentuada, id_tipo_token, id_tipo_token_spaCy, id_arquivo_fonte) VALUES ("158", "158", (SELECT id_tipo_token FROM classificacoes_tokens WHERE BINARY nome_token = "158" UNION (SELECT id_chave_tipo_token FROM tipos_tokens WHERE nome_tipo_token = 'indeterminado') LIMIT 1), (SELECT id_chave_tipo_token FROM tipos_tokens WHERE nome_tipo_token = "numeral" UNION (SELECT id_chave_tipo_token FROM tipos_tokens WHERE nome_tipo_token = 'indeterminado') LIMIT 1), @id_arquivo_var);
  INSERT IGNORE INTO tokens (nome_token, acentuada, id_tipo_token, id_tipo_token_spaCy, id_arquivo_fonte) VALUES ("reproducao", "reprodução", (SELECT id_tipo_token FROM classificacoes_tokens WHERE BINARY nome_token = "reprodução" UNION (SELECT id_chave_tipo_token FROM tipos_tokens WHERE nome_tipo_token = 'indeterminado') LIMIT 1), (SELECT id_chave_tipo_token FROM tipos_tokens WHERE nome_tipo_token = "substantivo" UNION (SELECT id_chave_tipo_token FROM tipos_tokens WHERE nome_tipo_token = 'indeterminado') LIMIT 1), @id_arquivo_var);
  INSERT IGNORE INTO classificacoes_tokens (nome_token, id_tipo_token, id_arquivo_fonte) VALUES ("156", (SELECT id_chave_tipo_token FROM tipos_tokens WHERE nome_tipo_token = "numeral"), @id_arquivo_var);
INSERT IGNORE INTO tokens (nome_token, acentuada, id_tipo_token, id_tipo_token_spaCy, id_arquivo_fonte) VALUES ("156", "156", (SELECT id_tipo_token FROM classificacoes_tokens WHERE BINARY nome_token = "156" UNION (SELECT id_chave_tipo_token FROM tipos_tokens WHERE nome_tipo_token = 'indeterminado') LIMIT 1), (SELECT id_chave_tipo_token FROM tipos_tokens WHERE nome_tipo_token = "numeral" UNION (SELECT id_chave_tipo_token FROM tipos_tokens WHERE nome_tipo_token = 'indeterminado') LIMIT 1), @id_arquivo_var);
  INSERT IGNORE INTO tokens (nome_token, acentuada, id_tipo_token, id_tipo_token_spaCy, id_arquivo_fonte) VALUES ("degradadas", "degradadas", (SELECT id_tipo_token FROM classificacoes_tokens WHERE BINARY nome_token = "degradadas" UNION (SELECT id_chave_tipo_token FROM tipos_tokens WHERE nome_tipo_token = 'indeterminado') LIMIT 1), (SELECT id_chave_tipo_token FROM tipos_tokens WHERE nome_tipo_token = "substantivo" UNION (SELECT id_chave_tipo_token FROM tipos_tokens WHERE nome_tipo_token = 'indeterminado') LIMIT 1), @id_arquivo_var);
  INSERT IGNORE INTO tokens (nome_token, acentuada, id_tipo_token, id_tipo_token_spaCy, id_arquivo_fonte) VALUES ("recuperacao", "recuperação", (SELECT id_tipo_token FROM classificacoes_tokens WHERE BINARY nome_token = "recuperação" UNION (SELECT id_chave_tipo_token FROM tipos_tokens WHERE nome_tipo_token = 'indeterminado') LIMIT 1), (SELECT id_chave_tipo_token FROM tipos_tokens WHERE nome_tipo_token = "substantivo" UNION (SELECT id_chave_tipo_token FROM tipos_tokens WHERE nome_tipo_token = 'indeterminado') LIMIT 1), @id_arquivo_var);
  INSERT IGNORE INTO classificacoes_tokens (nome_token, id_tipo_token, id_arquivo_fonte) VALUES ("155", (SELECT id_chave_tipo_token FROM tipos_tokens WHERE nome_tipo_token = "numeral"), @id_arquivo_var);
INSERT IGNORE INTO tokens (nome_token, acentuada, id_tipo_token, id_tipo_token_spaCy, id_arquivo_fonte) VALUES ("155", "155", (SELECT id_tipo_token FROM classificacoes_tokens WHERE BINARY nome_token = "155" UNION (SELECT id_chave_tipo_token FROM tipos_tokens WHERE nome_tipo_token = 'indeterminado') LIMIT 1), (SELECT id_chave_tipo_token FROM tipos_tokens WHERE nome_tipo_token = "numeral" UNION (SELECT id_chave_tipo_token FROM tipos_tokens WHERE nome_tipo_token = 'indeterminado') LIMIT 1), @id_arquivo_var);
  INSERT IGNORE INTO tokens (nome_token, acentuada, id_tipo_token, id_tipo_token_spaCy, id_arquivo_fonte) VALUES ("pasto", "pasto", (SELECT id_tipo_token FROM classificacoes_tokens WHERE BINARY nome_token = "pasto" UNION (SELECT id_chave_tipo_token FROM tipos_tokens WHERE nome_tipo_token = 'indeterminado') LIMIT 1), (SELECT id_chave_tipo_token FROM tipos_tokens WHERE nome_tipo_token = "substantivo" UNION (SELECT id_chave_tipo_token FROM tipos_tokens WHERE nome_tipo_token = 'indeterminado') LIMIT 1), @id_arquivo_var);
  INSERT IGNORE INTO tokens (nome_token, acentuada, id_tipo_token, id_tipo_token_spaCy, id_arquivo_fonte) VALUES ("intensiva", "intensiva", (SELECT id_tipo_token FROM classificacoes_tokens WHERE BINARY nome_token = "intensiva" UNION (SELECT id_chave_tipo_token FROM tipos_tokens WHERE nome_tipo_token = 'indeterminado') LIMIT 1), (SELECT id_chave_tipo_token FROM tipos_tokens WHERE nome_tipo_token = "adjetivo" UNION (SELECT id_chave_tipo_token FROM tipos_tokens WHERE nome_tipo_token = 'indeterminado') LIMIT 1), @id_arquivo_var);
  INSERT IGNORE INTO tokens (nome_token, acentuada, id_tipo_token, id_tipo_token_spaCy, id_arquivo_fonte) VALUES ("recria", "recria", (SELECT id_tipo_token FROM classificacoes_tokens WHERE BINARY nome_token = "recria" UNION (SELECT id_chave_tipo_token FROM tipos_tokens WHERE nome_tipo_token = 'indeterminado') LIMIT 1), (SELECT id_chave_tipo_token FROM tipos_tokens WHERE nome_tipo_token = "verbo" UNION (SELECT id_chave_tipo_token FROM tipos_tokens WHERE nome_tipo_token = 'indeterminado') LIMIT 1), @id_arquivo_var);
  INSERT IGNORE INTO classificacoes_tokens (nome_token, id_tipo_token, id_arquivo_fonte) VALUES ("154", (SELECT id_chave_tipo_token FROM tipos_tokens WHERE nome_tipo_token = "numeral"), @id_arquivo_var);
INSERT IGNORE INTO tokens (nome_token, acentuada, id_tipo_token, id_tipo_token_spaCy, id_arquivo_fonte) VALUES ("154", "154", (SELECT id_tipo_token FROM classificacoes_tokens WHERE BINARY nome_token = "154" UNION (SELECT id_chave_tipo_token FROM tipos_tokens WHERE nome_tipo_token = 'indeterminado') LIMIT 1), (SELECT id_chave_tipo_token FROM tipos_tokens WHERE nome_tipo_token = "numeral" UNION (SELECT id_chave_tipo_token FROM tipos_tokens WHERE nome_tipo_token = 'indeterminado') LIMIT 1), @id_arquivo_var);
  INSERT IGNORE INTO tokens (nome_token, acentuada, id_tipo_token, id_tipo_token_spaCy, id_arquivo_fonte) VALUES ("artesanais", "artesanais", (SELECT id_tipo_token FROM classificacoes_tokens WHERE BINARY nome_token = "artesanais" UNION (SELECT id_chave_tipo_token FROM tipos_tokens WHERE nome_tipo_token = 'indeterminado') LIMIT 1), (SELECT id_chave_tipo_token FROM tipos_tokens WHERE nome_tipo_token = "adjetivo" UNION (SELECT id_chave_tipo_token FROM tipos_tokens WHERE nome_tipo_token = 'indeterminado') LIMIT 1), @id_arquivo_var);
  INSERT IGNORE INTO tokens (nome_token, acentuada, id_tipo_token, id_tipo_token_spaCy, id_arquivo_fonte) VALUES ("queijos", "queijos", (SELECT id_tipo_token FROM classificacoes_tokens WHERE BINARY nome_token = "queijos" UNION (SELECT id_chave_tipo_token FROM tipos_tokens WHERE nome_tipo_token = 'indeterminado') LIMIT 1), (SELECT id_chave_tipo_token FROM tipos_tokens WHERE nome_tipo_token = "substantivo" UNION (SELECT id_chave_tipo_token FROM tipos_tokens WHERE nome_tipo_token = 'indeterminado') LIMIT 1), @id_arquivo_var);
  INSERT IGNORE INTO classificacoes_tokens (nome_token, id_tipo_token, id_arquivo_fonte) VALUES ("152", (SELECT id_chave_tipo_token FROM tipos_tokens WHERE nome_tipo_token = "numeral"), @id_arquivo_var);
INSERT IGNORE INTO tokens (nome_token, acentuada, id_tipo_token, id_tipo_token_spaCy, id_arquivo_fonte) VALUES ("152", "152", (SELECT id_tipo_token FROM classificacoes_tokens WHERE BINARY nome_token = "152" UNION (SELECT id_chave_tipo_token FROM tipos_tokens WHERE nome_tipo_token = 'indeterminado') LIMIT 1), (SELECT id_chave_tipo_token FROM tipos_tokens WHERE nome_tipo_token = "numeral" UNION (SELECT id_chave_tipo_token FROM tipos_tokens WHERE nome_tipo_token = 'indeterminado') LIMIT 1), @id_arquivo_var);
  INSERT IGNORE INTO tokens (nome_token, acentuada, id_tipo_token, id_tipo_token_spaCy, id_arquivo_fonte) VALUES ("tilapia", "tilápia", (SELECT id_tipo_token FROM classificacoes_tokens WHERE BINARY nome_token = "tilápia" UNION (SELECT id_chave_tipo_token FROM tipos_tokens WHERE nome_tipo_token = 'indeterminado') LIMIT 1), (SELECT id_chave_tipo_token FROM tipos_tokens WHERE nome_tipo_token = "substantivo" UNION (SELECT id_chave_tipo_token FROM tipos_tokens WHERE nome_tipo_token = 'indeterminado') LIMIT 1), @id_arquivo_var);
  INSERT IGNORE INTO tokens (nome_token, acentuada, id_tipo_token, id_tipo_token_spaCy, id_arquivo_fonte) VALUES ("agua", "água", (SELECT id_tipo_token FROM classificacoes_tokens WHERE BINARY nome_token = "água" UNION (SELECT id_chave_tipo_token FROM tipos_tokens WHERE nome_tipo_token = 'indeterminado') LIMIT 1), (SELECT id_chave_tipo_token FROM tipos_tokens WHERE nome_tipo_token = "substantivo" UNION (SELECT id_chave_tipo_token FROM tipos_tokens WHERE nome_tipo_token = 'indeterminado') LIMIT 1), @id_arquivo_var);
  INSERT IGNORE INTO classificacoes_tokens (nome_token, id_tipo_token, id_arquivo_fonte) VALUES ("151", (SELECT id_chave_tipo_token FROM tipos_tokens WHERE nome_tipo_token = "numeral"), @id_arquivo_var);
INSERT IGNORE INTO tokens (nome_token, acentuada, id_tipo_token, id_tipo_token_spaCy, id_arquivo_fonte) VALUES ("151", "151", (SELECT id_tipo_token FROM classificacoes_tokens WHERE BINARY nome_token = "151" UNION (SELECT id_chave_tipo_token FROM tipos_tokens WHERE nome_tipo_token = 'indeterminado') LIMIT 1), (SELECT id_chave_tipo_token FROM tipos_tokens WHERE nome_tipo_token = "numeral" UNION (SELECT id_chave_tipo_token FROM tipos_tokens WHERE nome_tipo_token = 'indeterminado') LIMIT 1), @id_arquivo_var);
  INSERT IGNORE INTO tokens (nome_token, acentuada, id_tipo_token, id_tipo_token_spaCy, id_arquivo_fonte) VALUES ("pulverizadores", "pulverizadores", (SELECT id_tipo_token FROM classificacoes_tokens WHERE BINARY nome_token = "pulverizadores" UNION (SELECT id_chave_tipo_token FROM tipos_tokens WHERE nome_tipo_token = 'indeterminado') LIMIT 1), (SELECT id_chave_tipo_token FROM tipos_tokens WHERE nome_tipo_token = "substantivo" UNION (SELECT id_chave_tipo_token FROM tipos_tokens WHERE nome_tipo_token = 'indeterminado') LIMIT 1), @id_arquivo_var);
  INSERT IGNORE INTO classificacoes_tokens (nome_token, id_tipo_token, id_arquivo_fonte) VALUES ("150", (SELECT id_chave_tipo_token FROM tipos_tokens WHERE nome_tipo_token = "numeral"), @id_arquivo_var);
INSERT IGNORE INTO tokens (nome_token, acentuada, id_tipo_token, id_tipo_token_spaCy, id_arquivo_fonte) VALUES ("150", "150", (SELECT id_tipo_token FROM classificacoes_tokens WHERE BINARY nome_token = "150" UNION (SELECT id_chave_tipo_token FROM tipos_tokens WHERE nome_tipo_token = 'indeterminado') LIMIT 1), (SELECT id_chave_tipo_token FROM tipos_tokens WHERE nome_tipo_token = "numeral" UNION (SELECT id_chave_tipo_token FROM tipos_tokens WHERE nome_tipo_token = 'indeterminado') LIMIT 1), @id_arquivo_var);
  INSERT IGNORE INTO tokens (nome_token, acentuada, id_tipo_token, id_tipo_token_spaCy, id_arquivo_fonte) VALUES ("brasil", "brasil", (SELECT id_tipo_token FROM classificacoes_tokens WHERE BINARY nome_token = "brasil" UNION (SELECT id_chave_tipo_token FROM tipos_tokens WHERE nome_tipo_token = 'indeterminado') LIMIT 1), (SELECT id_chave_tipo_token FROM tipos_tokens WHERE nome_tipo_token = "substantivo" UNION (SELECT id_chave_tipo_token FROM tipos_tokens WHERE nome_tipo_token = 'indeterminado') LIMIT 1), @id_arquivo_var);
  INSERT IGNORE INTO tokens (nome_token, acentuada, id_tipo_token, id_tipo_token_spaCy, id_arquivo_fonte) VALUES ("terra", "terra", (SELECT id_tipo_token FROM classificacoes_tokens WHERE BINARY nome_token = "terra" UNION (SELECT id_chave_tipo_token FROM tipos_tokens WHERE nome_tipo_token = 'indeterminado') LIMIT 1), (SELECT id_chave_tipo_token FROM tipos_tokens WHERE nome_tipo_token = "substantivo" UNION (SELECT id_chave_tipo_token FROM tipos_tokens WHERE nome_tipo_token = 'indeterminado') LIMIT 1), @id_arquivo_var);
  INSERT IGNORE INTO tokens (nome_token, acentuada, id_tipo_token, id_tipo_token_spaCy, id_arquivo_fonte) VALUES ("fundiario", "fundiário", (SELECT id_tipo_token FROM classificacoes_tokens WHERE BINARY nome_token = "fundiário" UNION (SELECT id_chave_tipo_token FROM tipos_tokens WHERE nome_tipo_token = 'indeterminado') LIMIT 1), (SELECT id_chave_tipo_token FROM tipos_tokens WHERE nome_tipo_token = "adjetivo" UNION (SELECT id_chave_tipo_token FROM tipos_tokens WHERE nome_tipo_token = 'indeterminado') LIMIT 1), @id_arquivo_var);
  INSERT IGNORE INTO tokens (nome_token, acentuada, id_tipo_token, id_tipo_token_spaCy, id_arquivo_fonte) VALUES ("nacional", "nacional", (SELECT id_tipo_token FROM classificacoes_tokens WHERE BINARY nome_token = "nacional" UNION (SELECT id_chave_tipo_token FROM tipos_tokens WHERE nome_tipo_token = 'indeterminado') LIMIT 1), (SELECT id_chave_tipo_token FROM tipos_tokens WHERE nome_tipo_token = "adjetivo" UNION (SELECT id_chave_tipo_token FROM tipos_tokens WHERE nome_tipo_token = 'indeterminado') LIMIT 1), @id_arquivo_var);
  INSERT IGNORE INTO tokens (nome_token, acentuada, id_tipo_token, id_tipo_token_spaCy, id_arquivo_fonte) VALUES ("programa", "programa", (SELECT id_tipo_token FROM classificacoes_tokens WHERE BINARY nome_token = "programa" UNION (SELECT id_chave_tipo_token FROM tipos_tokens WHERE nome_tipo_token = 'indeterminado') LIMIT 1), (SELECT id_chave_tipo_token FROM tipos_tokens WHERE nome_tipo_token = "substantivo" UNION (SELECT id_chave_tipo_token FROM tipos_tokens WHERE nome_tipo_token = 'indeterminado') LIMIT 1), @id_arquivo_var);
  INSERT IGNORE INTO classificacoes_tokens (nome_token, id_tipo_token, id_arquivo_fonte) VALUES ("148", (SELECT id_chave_tipo_token FROM tipos_tokens WHERE nome_tipo_token = "numeral"), @id_arquivo_var);
INSERT IGNORE INTO tokens (nome_token, acentuada, id_tipo_token, id_tipo_token_spaCy, id_arquivo_fonte) VALUES ("148", "148", (SELECT id_tipo_token FROM classificacoes_tokens WHERE BINARY nome_token = "148" UNION (SELECT id_chave_tipo_token FROM tipos_tokens WHERE nome_tipo_token = 'indeterminado') LIMIT 1), (SELECT id_chave_tipo_token FROM tipos_tokens WHERE nome_tipo_token = "numeral" UNION (SELECT id_chave_tipo_token FROM tipos_tokens WHERE nome_tipo_token = 'indeterminado') LIMIT 1), @id_arquivo_var);
  INSERT IGNORE INTO classificacoes_tokens (nome_token, id_tipo_token, id_arquivo_fonte) VALUES ("147", (SELECT id_chave_tipo_token FROM tipos_tokens WHERE nome_tipo_token = "numeral"), @id_arquivo_var);
INSERT IGNORE INTO tokens (nome_token, acentuada, id_tipo_token, id_tipo_token_spaCy, id_arquivo_fonte) VALUES ("147", "147", (SELECT id_tipo_token FROM classificacoes_tokens WHERE BINARY nome_token = "147" UNION (SELECT id_chave_tipo_token FROM tipos_tokens WHERE nome_tipo_token = 'indeterminado') LIMIT 1), (SELECT id_chave_tipo_token FROM tipos_tokens WHERE nome_tipo_token = "numeral" UNION (SELECT id_chave_tipo_token FROM tipos_tokens WHERE nome_tipo_token = 'indeterminado') LIMIT 1), @id_arquivo_var);
  INSERT IGNORE INTO tokens (nome_token, acentuada, id_tipo_token, id_tipo_token_spaCy, id_arquivo_fonte) VALUES ("caupi", "caupi", (SELECT id_tipo_token FROM classificacoes_tokens WHERE BINARY nome_token = "caupi" UNION (SELECT id_chave_tipo_token FROM tipos_tokens WHERE nome_tipo_token = 'indeterminado') LIMIT 1), (SELECT id_chave_tipo_token FROM tipos_tokens WHERE nome_tipo_token = "adjetivo" UNION (SELECT id_chave_tipo_token FROM tipos_tokens WHERE nome_tipo_token = 'indeterminado') LIMIT 1), @id_arquivo_var);
  INSERT IGNORE INTO tokens (nome_token, acentuada, id_tipo_token, id_tipo_token_spaCy, id_arquivo_fonte) VALUES ("comum", "comum", (SELECT id_tipo_token FROM classificacoes_tokens WHERE BINARY nome_token = "comum" UNION (SELECT id_chave_tipo_token FROM tipos_tokens WHERE nome_tipo_token = 'indeterminado') LIMIT 1), (SELECT id_chave_tipo_token FROM tipos_tokens WHERE nome_tipo_token = "adjetivo" UNION (SELECT id_chave_tipo_token FROM tipos_tokens WHERE nome_tipo_token = 'indeterminado') LIMIT 1), @id_arquivo_var);
  INSERT IGNORE INTO tokens (nome_token, acentuada, id_tipo_token, id_tipo_token_spaCy, id_arquivo_fonte) VALUES ("feijao", "feijão", (SELECT id_tipo_token FROM classificacoes_tokens WHERE BINARY nome_token = "feijão" UNION (SELECT id_chave_tipo_token FROM tipos_tokens WHERE nome_tipo_token = 'indeterminado') LIMIT 1), (SELECT id_chave_tipo_token FROM tipos_tokens WHERE nome_tipo_token = "substantivo" UNION (SELECT id_chave_tipo_token FROM tipos_tokens WHERE nome_tipo_token = 'indeterminado') LIMIT 1), @id_arquivo_var);
  INSERT IGNORE INTO tokens (nome_token, acentuada, id_tipo_token, id_tipo_token_spaCy, id_arquivo_fonte) VALUES ("umido", "úmido", (SELECT id_tipo_token FROM classificacoes_tokens WHERE BINARY nome_token = "úmido" UNION (SELECT id_chave_tipo_token FROM tipos_tokens WHERE nome_tipo_token = 'indeterminado') LIMIT 1), (SELECT id_chave_tipo_token FROM tipos_tokens WHERE nome_tipo_token = "verbo" UNION (SELECT id_chave_tipo_token FROM tipos_tokens WHERE nome_tipo_token = 'indeterminado') LIMIT 1), @id_arquivo_var);
  INSERT IGNORE INTO tokens (nome_token, acentuada, id_tipo_token, id_tipo_token_spaCy, id_arquivo_fonte) VALUES ("grao", "grão", (SELECT id_tipo_token FROM classificacoes_tokens WHERE BINARY nome_token = "grão" UNION (SELECT id_chave_tipo_token FROM tipos_tokens WHERE nome_tipo_token = 'indeterminado') LIMIT 1), (SELECT id_chave_tipo_token FROM tipos_tokens WHERE nome_tipo_token = "verbo" UNION (SELECT id_chave_tipo_token FROM tipos_tokens WHERE nome_tipo_token = 'indeterminado') LIMIT 1), @id_arquivo_var);
  INSERT IGNORE INTO classificacoes_tokens (nome_token, id_tipo_token, id_arquivo_fonte) VALUES ("146", (SELECT id_chave_tipo_token FROM tipos_tokens WHERE nome_tipo_token = "numeral"), @id_arquivo_var);
INSERT IGNORE INTO tokens (nome_token, acentuada, id_tipo_token, id_tipo_token_spaCy, id_arquivo_fonte) VALUES ("146", "146", (SELECT id_tipo_token FROM classificacoes_tokens WHERE BINARY nome_token = "146" UNION (SELECT id_chave_tipo_token FROM tipos_tokens WHERE nome_tipo_token = 'indeterminado') LIMIT 1), (SELECT id_chave_tipo_token FROM tipos_tokens WHERE nome_tipo_token = "numeral" UNION (SELECT id_chave_tipo_token FROM tipos_tokens WHERE nome_tipo_token = 'indeterminado') LIMIT 1), @id_arquivo_var);
  INSERT IGNORE INTO classificacoes_tokens (nome_token, id_tipo_token, id_arquivo_fonte) VALUES ("144", (SELECT id_chave_tipo_token FROM tipos_tokens WHERE nome_tipo_token = "numeral"), @id_arquivo_var);
INSERT IGNORE INTO tokens (nome_token, acentuada, id_tipo_token, id_tipo_token_spaCy, id_arquivo_fonte) VALUES ("144", "144", (SELECT id_tipo_token FROM classificacoes_tokens WHERE BINARY nome_token = "144" UNION (SELECT id_chave_tipo_token FROM tipos_tokens WHERE nome_tipo_token = 'indeterminado') LIMIT 1), (SELECT id_chave_tipo_token FROM tipos_tokens WHERE nome_tipo_token = "numeral" UNION (SELECT id_chave_tipo_token FROM tipos_tokens WHERE nome_tipo_token = 'indeterminado') LIMIT 1), @id_arquivo_var);
  INSERT IGNORE INTO tokens (nome_token, acentuada, id_tipo_token, id_tipo_token_spaCy, id_arquivo_fonte) VALUES ("reidratado", "reidratado", (SELECT id_tipo_token FROM classificacoes_tokens WHERE BINARY nome_token = "reidratado" UNION (SELECT id_chave_tipo_token FROM tipos_tokens WHERE nome_tipo_token = 'indeterminado') LIMIT 1), (SELECT id_chave_tipo_token FROM tipos_tokens WHERE nome_tipo_token = "verbo" UNION (SELECT id_chave_tipo_token FROM tipos_tokens WHERE nome_tipo_token = 'indeterminado') LIMIT 1), @id_arquivo_var);
  INSERT IGNORE INTO tokens (nome_token, acentuada, id_tipo_token, id_tipo_token_spaCy, id_arquivo_fonte) VALUES ("milho", "milho", (SELECT id_tipo_token FROM classificacoes_tokens WHERE BINARY nome_token = "milho" UNION (SELECT id_chave_tipo_token FROM tipos_tokens WHERE nome_tipo_token = 'indeterminado') LIMIT 1), (SELECT id_chave_tipo_token FROM tipos_tokens WHERE nome_tipo_token = "substantivo" UNION (SELECT id_chave_tipo_token FROM tipos_tokens WHERE nome_tipo_token = 'indeterminado') LIMIT 1), @id_arquivo_var);
  INSERT IGNORE INTO tokens (nome_token, acentuada, id_tipo_token, id_tipo_token_spaCy, id_arquivo_fonte) VALUES ("grao", "grão", (SELECT id_tipo_token FROM classificacoes_tokens WHERE BINARY nome_token = "grão" UNION (SELECT id_chave_tipo_token FROM tipos_tokens WHERE nome_tipo_token = 'indeterminado') LIMIT 1), (SELECT id_chave_tipo_token FROM tipos_tokens WHERE nome_tipo_token = "substantivo" UNION (SELECT id_chave_tipo_token FROM tipos_tokens WHERE nome_tipo_token = 'indeterminado') LIMIT 1), @id_arquivo_var);
  INSERT IGNORE INTO tokens (nome_token, acentuada, id_tipo_token, id_tipo_token_spaCy, id_arquivo_fonte) VALUES ("silagem", "silagem", (SELECT id_tipo_token FROM classificacoes_tokens WHERE BINARY nome_token = "silagem" UNION (SELECT id_chave_tipo_token FROM tipos_tokens WHERE nome_tipo_token = 'indeterminado') LIMIT 1), (SELECT id_chave_tipo_token FROM tipos_tokens WHERE nome_tipo_token = "substantivo" UNION (SELECT id_chave_tipo_token FROM tipos_tokens WHERE nome_tipo_token = 'indeterminado') LIMIT 1), @id_arquivo_var);
  INSERT IGNORE INTO classificacoes_tokens (nome_token, id_tipo_token, id_arquivo_fonte) VALUES ("143", (SELECT id_chave_tipo_token FROM tipos_tokens WHERE nome_tipo_token = "numeral"), @id_arquivo_var);
INSERT IGNORE INTO tokens (nome_token, acentuada, id_tipo_token, id_tipo_token_spaCy, id_arquivo_fonte) VALUES ("143", "143", (SELECT id_tipo_token FROM classificacoes_tokens WHERE BINARY nome_token = "143" UNION (SELECT id_chave_tipo_token FROM tipos_tokens WHERE nome_tipo_token = 'indeterminado') LIMIT 1), (SELECT id_chave_tipo_token FROM tipos_tokens WHERE nome_tipo_token = "numeral" UNION (SELECT id_chave_tipo_token FROM tipos_tokens WHERE nome_tipo_token = 'indeterminado') LIMIT 1), @id_arquivo_var);
  INSERT IGNORE INTO classificacoes_tokens (nome_token, id_tipo_token, id_arquivo_fonte) VALUES ("142", (SELECT id_chave_tipo_token FROM tipos_tokens WHERE nome_tipo_token = "numeral"), @id_arquivo_var);
INSERT IGNORE INTO tokens (nome_token, acentuada, id_tipo_token, id_tipo_token_spaCy, id_arquivo_fonte) VALUES ("142", "142", (SELECT id_tipo_token FROM classificacoes_tokens WHERE BINARY nome_token = "142" UNION (SELECT id_chave_tipo_token FROM tipos_tokens WHERE nome_tipo_token = 'indeterminado') LIMIT 1), (SELECT id_chave_tipo_token FROM tipos_tokens WHERE nome_tipo_token = "numeral" UNION (SELECT id_chave_tipo_token FROM tipos_tokens WHERE nome_tipo_token = 'indeterminado') LIMIT 1), @id_arquivo_var);
  INSERT IGNORE INTO tokens (nome_token, acentuada, id_tipo_token, id_tipo_token_spaCy, id_arquivo_fonte) VALUES ("nativas", "nativas", (SELECT id_tipo_token FROM classificacoes_tokens WHERE BINARY nome_token = "nativas" UNION (SELECT id_chave_tipo_token FROM tipos_tokens WHERE nome_tipo_token = 'indeterminado') LIMIT 1), (SELECT id_chave_tipo_token FROM tipos_tokens WHERE nome_tipo_token = "adjetivo" UNION (SELECT id_chave_tipo_token FROM tipos_tokens WHERE nome_tipo_token = 'indeterminado') LIMIT 1), @id_arquivo_var);
  INSERT IGNORE INTO tokens (nome_token, acentuada, id_tipo_token, id_tipo_token_spaCy, id_arquivo_fonte) VALUES ("especies", "espécies", (SELECT id_tipo_token FROM classificacoes_tokens WHERE BINARY nome_token = "espécies" UNION (SELECT id_chave_tipo_token FROM tipos_tokens WHERE nome_tipo_token = 'indeterminado') LIMIT 1), (SELECT id_chave_tipo_token FROM tipos_tokens WHERE nome_tipo_token = "substantivo" UNION (SELECT id_chave_tipo_token FROM tipos_tokens WHERE nome_tipo_token = 'indeterminado') LIMIT 1), @id_arquivo_var);
  INSERT IGNORE INTO tokens (nome_token, acentuada, id_tipo_token, id_tipo_token_spaCy, id_arquivo_fonte) VALUES ("sementes", "sementes", (SELECT id_tipo_token FROM classificacoes_tokens WHERE BINARY nome_token = "sementes" UNION (SELECT id_chave_tipo_token FROM tipos_tokens WHERE nome_tipo_token = 'indeterminado') LIMIT 1), (SELECT id_chave_tipo_token FROM tipos_tokens WHERE nome_tipo_token = "substantivo" UNION (SELECT id_chave_tipo_token FROM tipos_tokens WHERE nome_tipo_token = 'indeterminado') LIMIT 1), @id_arquivo_var);
  INSERT IGNORE INTO tokens (nome_token, acentuada, id_tipo_token, id_tipo_token_spaCy, id_arquivo_fonte) VALUES ("silvicultura", "silvicultura", (SELECT id_tipo_token FROM classificacoes_tokens WHERE BINARY nome_token = "silvicultura" UNION (SELECT id_chave_tipo_token FROM tipos_tokens WHERE nome_tipo_token = 'indeterminado') LIMIT 1), (SELECT id_chave_tipo_token FROM tipos_tokens WHERE nome_tipo_token = "substantivo" UNION (SELECT id_chave_tipo_token FROM tipos_tokens WHERE nome_tipo_token = 'indeterminado') LIMIT 1), @id_arquivo_var);
  INSERT IGNORE INTO classificacoes_tokens (nome_token, id_tipo_token, id_arquivo_fonte) VALUES ("140", (SELECT id_chave_tipo_token FROM tipos_tokens WHERE nome_tipo_token = "numeral"), @id_arquivo_var);
INSERT IGNORE INTO tokens (nome_token, acentuada, id_tipo_token, id_tipo_token_spaCy, id_arquivo_fonte) VALUES ("140", "140", (SELECT id_tipo_token FROM classificacoes_tokens WHERE BINARY nome_token = "140" UNION (SELECT id_chave_tipo_token FROM tipos_tokens WHERE nome_tipo_token = 'indeterminado') LIMIT 1), (SELECT id_chave_tipo_token FROM tipos_tokens WHERE nome_tipo_token = "numeral" UNION (SELECT id_chave_tipo_token FROM tipos_tokens WHERE nome_tipo_token = 'indeterminado') LIMIT 1), @id_arquivo_var);
  INSERT IGNORE INTO classificacoes_tokens (nome_token, id_tipo_token, id_arquivo_fonte) VALUES ("139", (SELECT id_chave_tipo_token FROM tipos_tokens WHERE nome_tipo_token = "numeral"), @id_arquivo_var);
INSERT IGNORE INTO tokens (nome_token, acentuada, id_tipo_token, id_tipo_token_spaCy, id_arquivo_fonte) VALUES ("139", "139", (SELECT id_tipo_token FROM classificacoes_tokens WHERE BINARY nome_token = "139" UNION (SELECT id_chave_tipo_token FROM tipos_tokens WHERE nome_tipo_token = 'indeterminado') LIMIT 1), (SELECT id_chave_tipo_token FROM tipos_tokens WHERE nome_tipo_token = "numeral" UNION (SELECT id_chave_tipo_token FROM tipos_tokens WHERE nome_tipo_token = 'indeterminado') LIMIT 1), @id_arquivo_var);
  INSERT IGNORE INTO tokens (nome_token, acentuada, id_tipo_token, id_tipo_token_spaCy, id_arquivo_fonte) VALUES ("seringueira", "seringueira", (SELECT id_tipo_token FROM classificacoes_tokens WHERE BINARY nome_token = "seringueira" UNION (SELECT id_chave_tipo_token FROM tipos_tokens WHERE nome_tipo_token = 'indeterminado') LIMIT 1), (SELECT id_chave_tipo_token FROM tipos_tokens WHERE nome_tipo_token = "substantivo" UNION (SELECT id_chave_tipo_token FROM tipos_tokens WHERE nome_tipo_token = 'indeterminado') LIMIT 1), @id_arquivo_var);
  INSERT IGNORE INTO tokens (nome_token, acentuada, id_tipo_token, id_tipo_token_spaCy, id_arquivo_fonte) VALUES ("ornamentais", "ornamentais", (SELECT id_tipo_token FROM classificacoes_tokens WHERE BINARY nome_token = "ornamentais" UNION (SELECT id_chave_tipo_token FROM tipos_tokens WHERE nome_tipo_token = 'indeterminado') LIMIT 1), (SELECT id_chave_tipo_token FROM tipos_tokens WHERE nome_tipo_token = "adjetivo" UNION (SELECT id_chave_tipo_token FROM tipos_tokens WHERE nome_tipo_token = 'indeterminado') LIMIT 1), @id_arquivo_var);
  INSERT IGNORE INTO tokens (nome_token, acentuada, id_tipo_token, id_tipo_token_spaCy, id_arquivo_fonte) VALUES ("plantas", "plantas", (SELECT id_tipo_token FROM classificacoes_tokens WHERE BINARY nome_token = "plantas" UNION (SELECT id_chave_tipo_token FROM tipos_tokens WHERE nome_tipo_token = 'indeterminado') LIMIT 1), (SELECT id_chave_tipo_token FROM tipos_tokens WHERE nome_tipo_token = "substantivo" UNION (SELECT id_chave_tipo_token FROM tipos_tokens WHERE nome_tipo_token = 'indeterminado') LIMIT 1), @id_arquivo_var);
  INSERT IGNORE INTO tokens (nome_token, acentuada, id_tipo_token, id_tipo_token_spaCy, id_arquivo_fonte) VALUES ("vaso", "vaso", (SELECT id_tipo_token FROM classificacoes_tokens WHERE BINARY nome_token = "vaso" UNION (SELECT id_chave_tipo_token FROM tipos_tokens WHERE nome_tipo_token = 'indeterminado') LIMIT 1), (SELECT id_chave_tipo_token FROM tipos_tokens WHERE nome_tipo_token = "substantivo" UNION (SELECT id_chave_tipo_token FROM tipos_tokens WHERE nome_tipo_token = 'indeterminado') LIMIT 1), @id_arquivo_var);
  INSERT IGNORE INTO tokens (nome_token, acentuada, id_tipo_token, id_tipo_token_spaCy, id_arquivo_fonte) VALUES ("flores", "flores", (SELECT id_tipo_token FROM classificacoes_tokens WHERE BINARY nome_token = "flores" UNION (SELECT id_chave_tipo_token FROM tipos_tokens WHERE nome_tipo_token = 'indeterminado') LIMIT 1), (SELECT id_chave_tipo_token FROM tipos_tokens WHERE nome_tipo_token = "substantivo" UNION (SELECT id_chave_tipo_token FROM tipos_tokens WHERE nome_tipo_token = 'indeterminado') LIMIT 1), @id_arquivo_var);
  INSERT IGNORE INTO classificacoes_tokens (nome_token, id_tipo_token, id_arquivo_fonte) VALUES ("138", (SELECT id_chave_tipo_token FROM tipos_tokens WHERE nome_tipo_token = "numeral"), @id_arquivo_var);
INSERT IGNORE INTO tokens (nome_token, acentuada, id_tipo_token, id_tipo_token_spaCy, id_arquivo_fonte) VALUES ("138", "138", (SELECT id_tipo_token FROM classificacoes_tokens WHERE BINARY nome_token = "138" UNION (SELECT id_chave_tipo_token FROM tipos_tokens WHERE nome_tipo_token = 'indeterminado') LIMIT 1), (SELECT id_chave_tipo_token FROM tipos_tokens WHERE nome_tipo_token = "numeral" UNION (SELECT id_chave_tipo_token FROM tipos_tokens WHERE nome_tipo_token = 'indeterminado') LIMIT 1), @id_arquivo_var);
  INSERT IGNORE INTO classificacoes_tokens (nome_token, id_tipo_token, id_arquivo_fonte) VALUES ("136", (SELECT id_chave_tipo_token FROM tipos_tokens WHERE nome_tipo_token = "numeral"), @id_arquivo_var);
INSERT IGNORE INTO tokens (nome_token, acentuada, id_tipo_token, id_tipo_token_spaCy, id_arquivo_fonte) VALUES ("136", "136", (SELECT id_tipo_token FROM classificacoes_tokens WHERE BINARY nome_token = "136" UNION (SELECT id_chave_tipo_token FROM tipos_tokens WHERE nome_tipo_token = 'indeterminado') LIMIT 1), (SELECT id_chave_tipo_token FROM tipos_tokens WHERE nome_tipo_token = "numeral" UNION (SELECT id_chave_tipo_token FROM tipos_tokens WHERE nome_tipo_token = 'indeterminado') LIMIT 1), @id_arquivo_var);
  INSERT IGNORE INTO tokens (nome_token, acentuada, id_tipo_token, id_tipo_token_spaCy, id_arquivo_fonte) VALUES ("organicos", "orgânicos", (SELECT id_tipo_token FROM classificacoes_tokens WHERE BINARY nome_token = "orgânicos" UNION (SELECT id_chave_tipo_token FROM tipos_tokens WHERE nome_tipo_token = 'indeterminado') LIMIT 1), (SELECT id_chave_tipo_token FROM tipos_tokens WHERE nome_tipo_token = "adjetivo" UNION (SELECT id_chave_tipo_token FROM tipos_tokens WHERE nome_tipo_token = 'indeterminado') LIMIT 1), @id_arquivo_var);
  INSERT IGNORE INTO tokens (nome_token, acentuada, id_tipo_token, id_tipo_token_spaCy, id_arquivo_fonte) VALUES ("alimentos", "alimentos", (SELECT id_tipo_token FROM classificacoes_tokens WHERE BINARY nome_token = "alimentos" UNION (SELECT id_chave_tipo_token FROM tipos_tokens WHERE nome_tipo_token = 'indeterminado') LIMIT 1), (SELECT id_chave_tipo_token FROM tipos_tokens WHERE nome_tipo_token = "substantivo" UNION (SELECT id_chave_tipo_token FROM tipos_tokens WHERE nome_tipo_token = 'indeterminado') LIMIT 1), @id_arquivo_var);
  INSERT IGNORE INTO classificacoes_tokens (nome_token, id_tipo_token, id_arquivo_fonte) VALUES ("135", (SELECT id_chave_tipo_token FROM tipos_tokens WHERE nome_tipo_token = "numeral"), @id_arquivo_var);
INSERT IGNORE INTO tokens (nome_token, acentuada, id_tipo_token, id_tipo_token_spaCy, id_arquivo_fonte) VALUES ("135", "135", (SELECT id_tipo_token FROM classificacoes_tokens WHERE BINARY nome_token = "135" UNION (SELECT id_chave_tipo_token FROM tipos_tokens WHERE nome_tipo_token = 'indeterminado') LIMIT 1), (SELECT id_chave_tipo_token FROM tipos_tokens WHERE nome_tipo_token = "numeral" UNION (SELECT id_chave_tipo_token FROM tipos_tokens WHERE nome_tipo_token = 'indeterminado') LIMIT 1), @id_arquivo_var);
  INSERT IGNORE INTO tokens (nome_token, acentuada, id_tipo_token, id_tipo_token_spaCy, id_arquivo_fonte) VALUES ("socorros", "socorros", (SELECT id_tipo_token FROM classificacoes_tokens WHERE BINARY nome_token = "socorros" UNION (SELECT id_chave_tipo_token FROM tipos_tokens WHERE nome_tipo_token = 'indeterminado') LIMIT 1), (SELECT id_chave_tipo_token FROM tipos_tokens WHERE nome_tipo_token = "substantivo" UNION (SELECT id_chave_tipo_token FROM tipos_tokens WHERE nome_tipo_token = 'indeterminado') LIMIT 1), @id_arquivo_var);
  INSERT IGNORE INTO tokens (nome_token, acentuada, id_tipo_token, id_tipo_token_spaCy, id_arquivo_fonte) VALUES ("primeiros", "primeiros", (SELECT id_tipo_token FROM classificacoes_tokens WHERE BINARY nome_token = "primeiros" UNION (SELECT id_chave_tipo_token FROM tipos_tokens WHERE nome_tipo_token = 'indeterminado') LIMIT 1), (SELECT id_chave_tipo_token FROM tipos_tokens WHERE nome_tipo_token = "adjetivo" UNION (SELECT id_chave_tipo_token FROM tipos_tokens WHERE nome_tipo_token = 'indeterminado') LIMIT 1), @id_arquivo_var);
  INSERT IGNORE INTO classificacoes_tokens (nome_token, id_tipo_token, id_arquivo_fonte) VALUES ("134", (SELECT id_chave_tipo_token FROM tipos_tokens WHERE nome_tipo_token = "numeral"), @id_arquivo_var);
INSERT IGNORE INTO tokens (nome_token, acentuada, id_tipo_token, id_tipo_token_spaCy, id_arquivo_fonte) VALUES ("134", "134", (SELECT id_tipo_token FROM classificacoes_tokens WHERE BINARY nome_token = "134" UNION (SELECT id_chave_tipo_token FROM tipos_tokens WHERE nome_tipo_token = 'indeterminado') LIMIT 1), (SELECT id_chave_tipo_token FROM tipos_tokens WHERE nome_tipo_token = "numeral" UNION (SELECT id_chave_tipo_token FROM tipos_tokens WHERE nome_tipo_token = 'indeterminado') LIMIT 1), @id_arquivo_var);
  INSERT IGNORE INTO classificacoes_tokens (nome_token, id_tipo_token, id_arquivo_fonte) VALUES ("132", (SELECT id_chave_tipo_token FROM tipos_tokens WHERE nome_tipo_token = "numeral"), @id_arquivo_var);
INSERT IGNORE INTO tokens (nome_token, acentuada, id_tipo_token, id_tipo_token_spaCy, id_arquivo_fonte) VALUES ("132", "132", (SELECT id_tipo_token FROM classificacoes_tokens WHERE BINARY nome_token = "132" UNION (SELECT id_chave_tipo_token FROM tipos_tokens WHERE nome_tipo_token = 'indeterminado') LIMIT 1), (SELECT id_chave_tipo_token FROM tipos_tokens WHERE nome_tipo_token = "numeral" UNION (SELECT id_chave_tipo_token FROM tipos_tokens WHERE nome_tipo_token = 'indeterminado') LIMIT 1), @id_arquivo_var);
  INSERT IGNORE INTO tokens (nome_token, acentuada, id_tipo_token, id_tipo_token_spaCy, id_arquivo_fonte) VALUES ("melhoria", "melhoria", (SELECT id_tipo_token FROM classificacoes_tokens WHERE BINARY nome_token = "melhoria" UNION (SELECT id_chave_tipo_token FROM tipos_tokens WHERE nome_tipo_token = 'indeterminado') LIMIT 1), (SELECT id_chave_tipo_token FROM tipos_tokens WHERE nome_tipo_token = "substantivo" UNION (SELECT id_chave_tipo_token FROM tipos_tokens WHERE nome_tipo_token = 'indeterminado') LIMIT 1), @id_arquivo_var);
  INSERT IGNORE INTO classificacoes_tokens (nome_token, id_tipo_token, id_arquivo_fonte) VALUES ("131", (SELECT id_chave_tipo_token FROM tipos_tokens WHERE nome_tipo_token = "numeral"), @id_arquivo_var);
INSERT IGNORE INTO tokens (nome_token, acentuada, id_tipo_token, id_tipo_token_spaCy, id_arquivo_fonte) VALUES ("131", "131", (SELECT id_tipo_token FROM classificacoes_tokens WHERE BINARY nome_token = "131" UNION (SELECT id_chave_tipo_token FROM tipos_tokens WHERE nome_tipo_token = 'indeterminado') LIMIT 1), (SELECT id_chave_tipo_token FROM tipos_tokens WHERE nome_tipo_token = "numeral" UNION (SELECT id_chave_tipo_token FROM tipos_tokens WHERE nome_tipo_token = 'indeterminado') LIMIT 1), @id_arquivo_var);
  INSERT IGNORE INTO classificacoes_tokens (nome_token, id_tipo_token, id_arquivo_fonte) VALUES ("130", (SELECT id_chave_tipo_token FROM tipos_tokens WHERE nome_tipo_token = "numeral"), @id_arquivo_var);
INSERT IGNORE INTO tokens (nome_token, acentuada, id_tipo_token, id_tipo_token_spaCy, id_arquivo_fonte) VALUES ("130", "130", (SELECT id_tipo_token FROM classificacoes_tokens WHERE BINARY nome_token = "130" UNION (SELECT id_chave_tipo_token FROM tipos_tokens WHERE nome_tipo_token = 'indeterminado') LIMIT 1), (SELECT id_chave_tipo_token FROM tipos_tokens WHERE nome_tipo_token = "numeral" UNION (SELECT id_chave_tipo_token FROM tipos_tokens WHERE nome_tipo_token = 'indeterminado') LIMIT 1), @id_arquivo_var);
  INSERT IGNORE INTO tokens (nome_token, acentuada, id_tipo_token, id_tipo_token_spaCy, id_arquivo_fonte) VALUES (".", ".", (SELECT id_tipo_token FROM classificacoes_tokens WHERE BINARY nome_token = "." UNION (SELECT id_chave_tipo_token FROM tipos_tokens WHERE nome_tipo_token = 'indeterminado') LIMIT 1), (SELECT id_chave_tipo_token FROM tipos_tokens WHERE nome_tipo_token = "pontuacao" UNION (SELECT id_chave_tipo_token FROM tipos_tokens WHERE nome_tipo_token = 'indeterminado') LIMIT 1), @id_arquivo_var);
  INSERT IGNORE INTO tokens (nome_token, acentuada, id_tipo_token, id_tipo_token_spaCy, id_arquivo_fonte) VALUES ("nr", "nr", (SELECT id_tipo_token FROM classificacoes_tokens WHERE BINARY nome_token = "nr" UNION (SELECT id_chave_tipo_token FROM tipos_tokens WHERE nome_tipo_token = 'indeterminado') LIMIT 1), (SELECT id_chave_tipo_token FROM tipos_tokens WHERE nome_tipo_token = "sigla" UNION (SELECT id_chave_tipo_token FROM tipos_tokens WHERE nome_tipo_token = 'indeterminado') LIMIT 1), @id_arquivo_var);
  INSERT IGNORE INTO tokens (nome_token, acentuada, id_tipo_token, id_tipo_token_spaCy, id_arquivo_fonte) VALUES ("maquinas", "máquinas", (SELECT id_tipo_token FROM classificacoes_tokens WHERE BINARY nome_token = "máquinas" UNION (SELECT id_chave_tipo_token FROM tipos_tokens WHERE nome_tipo_token = 'indeterminado') LIMIT 1), (SELECT id_chave_tipo_token FROM tipos_tokens WHERE nome_tipo_token = "substantivo" UNION (SELECT id_chave_tipo_token FROM tipos_tokens WHERE nome_tipo_token = 'indeterminado') LIMIT 1), @id_arquivo_var);
  INSERT IGNORE INTO tokens (nome_token, acentuada, id_tipo_token, id_tipo_token_spaCy, id_arquivo_fonte) VALUES ("acidentes", "acidentes", (SELECT id_tipo_token FROM classificacoes_tokens WHERE BINARY nome_token = "acidentes" UNION (SELECT id_chave_tipo_token FROM tipos_tokens WHERE nome_tipo_token = 'indeterminado') LIMIT 1), (SELECT id_chave_tipo_token FROM tipos_tokens WHERE nome_tipo_token = "substantivo" UNION (SELECT id_chave_tipo_token FROM tipos_tokens WHERE nome_tipo_token = 'indeterminado') LIMIT 1), @id_arquivo_var);
  INSERT IGNORE INTO classificacoes_tokens (nome_token, id_tipo_token, id_arquivo_fonte) VALUES ("128", (SELECT id_chave_tipo_token FROM tipos_tokens WHERE nome_tipo_token = "numeral"), @id_arquivo_var);
INSERT IGNORE INTO tokens (nome_token, acentuada, id_tipo_token, id_tipo_token_spaCy, id_arquivo_fonte) VALUES ("128", "128", (SELECT id_tipo_token FROM classificacoes_tokens WHERE BINARY nome_token = "128" UNION (SELECT id_chave_tipo_token FROM tipos_tokens WHERE nome_tipo_token = 'indeterminado') LIMIT 1), (SELECT id_chave_tipo_token FROM tipos_tokens WHERE nome_tipo_token = "numeral" UNION (SELECT id_chave_tipo_token FROM tipos_tokens WHERE nome_tipo_token = 'indeterminado') LIMIT 1), @id_arquivo_var);
  INSERT IGNORE INTO tokens (nome_token, acentuada, id_tipo_token, id_tipo_token_spaCy, id_arquivo_fonte) VALUES ("florestais", "florestais", (SELECT id_tipo_token FROM classificacoes_tokens WHERE BINARY nome_token = "florestais" UNION (SELECT id_chave_tipo_token FROM tipos_tokens WHERE nome_tipo_token = 'indeterminado') LIMIT 1), (SELECT id_chave_tipo_token FROM tipos_tokens WHERE nome_tipo_token = "adjetivo" UNION (SELECT id_chave_tipo_token FROM tipos_tokens WHERE nome_tipo_token = 'indeterminado') LIMIT 1), @id_arquivo_var);
  INSERT IGNORE INTO tokens (nome_token, acentuada, id_tipo_token, id_tipo_token_spaCy, id_arquivo_fonte) VALUES ("incendios", "incêndios", (SELECT id_tipo_token FROM classificacoes_tokens WHERE BINARY nome_token = "incêndios" UNION (SELECT id_chave_tipo_token FROM tipos_tokens WHERE nome_tipo_token = 'indeterminado') LIMIT 1), (SELECT id_chave_tipo_token FROM tipos_tokens WHERE nome_tipo_token = "substantivo" UNION (SELECT id_chave_tipo_token FROM tipos_tokens WHERE nome_tipo_token = 'indeterminado') LIMIT 1), @id_arquivo_var);
  INSERT IGNORE INTO tokens (nome_token, acentuada, id_tipo_token, id_tipo_token_spaCy, id_arquivo_fonte) VALUES ("a", "a", (SELECT id_tipo_token FROM classificacoes_tokens WHERE BINARY nome_token = "a" UNION (SELECT id_chave_tipo_token FROM tipos_tokens WHERE nome_tipo_token = 'indeterminado') LIMIT 1), (SELECT id_chave_tipo_token FROM tipos_tokens WHERE nome_tipo_token = "preposicao" UNION (SELECT id_chave_tipo_token FROM tipos_tokens WHERE nome_tipo_token = 'indeterminado') LIMIT 1), @id_arquivo_var);
  INSERT IGNORE INTO classificacoes_tokens (nome_token, id_tipo_token, id_arquivo_fonte) VALUES ("127", (SELECT id_chave_tipo_token FROM tipos_tokens WHERE nome_tipo_token = "numeral"), @id_arquivo_var);
INSERT IGNORE INTO tokens (nome_token, acentuada, id_tipo_token, id_tipo_token_spaCy, id_arquivo_fonte) VALUES ("127", "127", (SELECT id_tipo_token FROM classificacoes_tokens WHERE BINARY nome_token = "127" UNION (SELECT id_chave_tipo_token FROM tipos_tokens WHERE nome_tipo_token = 'indeterminado') LIMIT 1), (SELECT id_chave_tipo_token FROM tipos_tokens WHERE nome_tipo_token = "numeral" UNION (SELECT id_chave_tipo_token FROM tipos_tokens WHERE nome_tipo_token = 'indeterminado') LIMIT 1), @id_arquivo_var);
  INSERT IGNORE INTO tokens (nome_token, acentuada, id_tipo_token, id_tipo_token_spaCy, id_arquivo_fonte) VALUES ("esg", "esg", (SELECT id_tipo_token FROM classificacoes_tokens WHERE BINARY nome_token = "esg" UNION (SELECT id_chave_tipo_token FROM tipos_tokens WHERE nome_tipo_token = 'indeterminado') LIMIT 1), (SELECT id_chave_tipo_token FROM tipos_tokens WHERE nome_tipo_token = "sigla" UNION (SELECT id_chave_tipo_token FROM tipos_tokens WHERE nome_tipo_token = 'indeterminado') LIMIT 1), @id_arquivo_var);
  INSERT IGNORE INTO tokens (nome_token, acentuada, id_tipo_token, id_tipo_token_spaCy, id_arquivo_fonte) VALUES ("colheita", "colheita", (SELECT id_tipo_token FROM classificacoes_tokens WHERE BINARY nome_token = "colheita" UNION (SELECT id_chave_tipo_token FROM tipos_tokens WHERE nome_tipo_token = 'indeterminado') LIMIT 1), (SELECT id_chave_tipo_token FROM tipos_tokens WHERE nome_tipo_token = "adjetivo" UNION (SELECT id_chave_tipo_token FROM tipos_tokens WHERE nome_tipo_token = 'indeterminado') LIMIT 1), @id_arquivo_var);
  INSERT IGNORE INTO tokens (nome_token, acentuada, id_tipo_token, id_tipo_token_spaCy, id_arquivo_fonte) VALUES ("pos", "pós", (SELECT id_tipo_token FROM classificacoes_tokens WHERE BINARY nome_token = "pós" UNION (SELECT id_chave_tipo_token FROM tipos_tokens WHERE nome_tipo_token = 'indeterminado') LIMIT 1), (SELECT id_chave_tipo_token FROM tipos_tokens WHERE nome_tipo_token = "adverbio" UNION (SELECT id_chave_tipo_token FROM tipos_tokens WHERE nome_tipo_token = 'indeterminado') LIMIT 1), @id_arquivo_var);
  INSERT IGNORE INTO classificacoes_tokens (nome_token, id_tipo_token, id_arquivo_fonte) VALUES ("126", (SELECT id_chave_tipo_token FROM tipos_tokens WHERE nome_tipo_token = "numeral"), @id_arquivo_var);
INSERT IGNORE INTO tokens (nome_token, acentuada, id_tipo_token, id_tipo_token_spaCy, id_arquivo_fonte) VALUES ("126", "126", (SELECT id_tipo_token FROM classificacoes_tokens WHERE BINARY nome_token = "126" UNION (SELECT id_chave_tipo_token FROM tipos_tokens WHERE nome_tipo_token = 'indeterminado') LIMIT 1), (SELECT id_chave_tipo_token FROM tipos_tokens WHERE nome_tipo_token = "numeral" UNION (SELECT id_chave_tipo_token FROM tipos_tokens WHERE nome_tipo_token = 'indeterminado') LIMIT 1), @id_arquivo_var);
  INSERT IGNORE INTO tokens (nome_token, acentuada, id_tipo_token, id_tipo_token_spaCy, id_arquivo_fonte) VALUES ("estrategico", "estratégico", (SELECT id_tipo_token FROM classificacoes_tokens WHERE BINARY nome_token = "estratégico" UNION (SELECT id_chave_tipo_token FROM tipos_tokens WHERE nome_tipo_token = 'indeterminado') LIMIT 1), (SELECT id_chave_tipo_token FROM tipos_tokens WHERE nome_tipo_token = "adjetivo" UNION (SELECT id_chave_tipo_token FROM tipos_tokens WHERE nome_tipo_token = 'indeterminado') LIMIT 1), @id_arquivo_var);
  INSERT IGNORE INTO tokens (nome_token, acentuada, id_tipo_token, id_tipo_token_spaCy, id_arquivo_fonte) VALUES ("planejamento", "planejamento", (SELECT id_tipo_token FROM classificacoes_tokens WHERE BINARY nome_token = "planejamento" UNION (SELECT id_chave_tipo_token FROM tipos_tokens WHERE nome_tipo_token = 'indeterminado') LIMIT 1), (SELECT id_chave_tipo_token FROM tipos_tokens WHERE nome_tipo_token = "substantivo" UNION (SELECT id_chave_tipo_token FROM tipos_tokens WHERE nome_tipo_token = 'indeterminado') LIMIT 1), @id_arquivo_var);
  INSERT IGNORE INTO classificacoes_tokens (nome_token, id_tipo_token, id_arquivo_fonte) VALUES ("124", (SELECT id_chave_tipo_token FROM tipos_tokens WHERE nome_tipo_token = "numeral"), @id_arquivo_var);
INSERT IGNORE INTO tokens (nome_token, acentuada, id_tipo_token, id_tipo_token_spaCy, id_arquivo_fonte) VALUES ("124", "124", (SELECT id_tipo_token FROM classificacoes_tokens WHERE BINARY nome_token = "124" UNION (SELECT id_chave_tipo_token FROM tipos_tokens WHERE nome_tipo_token = 'indeterminado') LIMIT 1), (SELECT id_chave_tipo_token FROM tipos_tokens WHERE nome_tipo_token = "numeral" UNION (SELECT id_chave_tipo_token FROM tipos_tokens WHERE nome_tipo_token = 'indeterminado') LIMIT 1), @id_arquivo_var);
  INSERT IGNORE INTO classificacoes_tokens (nome_token, id_tipo_token, id_arquivo_fonte) VALUES ("123", (SELECT id_chave_tipo_token FROM tipos_tokens WHERE nome_tipo_token = "numeral"), @id_arquivo_var);
INSERT IGNORE INTO tokens (nome_token, acentuada, id_tipo_token, id_tipo_token_spaCy, id_arquivo_fonte) VALUES ("123", "123", (SELECT id_tipo_token FROM classificacoes_tokens WHERE BINARY nome_token = "123" UNION (SELECT id_chave_tipo_token FROM tipos_tokens WHERE nome_tipo_token = 'indeterminado') LIMIT 1), (SELECT id_chave_tipo_token FROM tipos_tokens WHERE nome_tipo_token = "numeral" UNION (SELECT id_chave_tipo_token FROM tipos_tokens WHERE nome_tipo_token = 'indeterminado') LIMIT 1), @id_arquivo_var);
  INSERT IGNORE INTO tokens (nome_token, acentuada, id_tipo_token, id_tipo_token_spaCy, id_arquivo_fonte) VALUES ("ovinocultura", "ovinocultura", (SELECT id_tipo_token FROM classificacoes_tokens WHERE BINARY nome_token = "ovinocultura" UNION (SELECT id_chave_tipo_token FROM tipos_tokens WHERE nome_tipo_token = 'indeterminado') LIMIT 1), (SELECT id_chave_tipo_token FROM tipos_tokens WHERE nome_tipo_token = "substantivo" UNION (SELECT id_chave_tipo_token FROM tipos_tokens WHERE nome_tipo_token = 'indeterminado') LIMIT 1), @id_arquivo_var);
  INSERT IGNORE INTO classificacoes_tokens (nome_token, id_tipo_token, id_arquivo_fonte) VALUES ("122", (SELECT id_chave_tipo_token FROM tipos_tokens WHERE nome_tipo_token = "numeral"), @id_arquivo_var);
INSERT IGNORE INTO tokens (nome_token, acentuada, id_tipo_token, id_tipo_token_spaCy, id_arquivo_fonte) VALUES ("122", "122", (SELECT id_tipo_token FROM classificacoes_tokens WHERE BINARY nome_token = "122" UNION (SELECT id_chave_tipo_token FROM tipos_tokens WHERE nome_tipo_token = 'indeterminado') LIMIT 1), (SELECT id_chave_tipo_token FROM tipos_tokens WHERE nome_tipo_token = "numeral" UNION (SELECT id_chave_tipo_token FROM tipos_tokens WHERE nome_tipo_token = 'indeterminado') LIMIT 1), @id_arquivo_var);
  INSERT IGNORE INTO tokens (nome_token, acentuada, id_tipo_token, id_tipo_token_spaCy, id_arquivo_fonte) VALUES ("eventos", "eventos", (SELECT id_tipo_token FROM classificacoes_tokens WHERE BINARY nome_token = "eventos" UNION (SELECT id_chave_tipo_token FROM tipos_tokens WHERE nome_tipo_token = 'indeterminado') LIMIT 1), (SELECT id_chave_tipo_token FROM tipos_tokens WHERE nome_tipo_token = "substantivo" UNION (SELECT id_chave_tipo_token FROM tipos_tokens WHERE nome_tipo_token = 'indeterminado') LIMIT 1), @id_arquivo_var);
  INSERT IGNORE INTO tokens (nome_token, acentuada, id_tipo_token, id_tipo_token_spaCy, id_arquivo_fonte) VALUES ("exposicao", "exposição", (SELECT id_tipo_token FROM classificacoes_tokens WHERE BINARY nome_token = "exposição" UNION (SELECT id_chave_tipo_token FROM tipos_tokens WHERE nome_tipo_token = 'indeterminado') LIMIT 1), (SELECT id_chave_tipo_token FROM tipos_tokens WHERE nome_tipo_token = "substantivo" UNION (SELECT id_chave_tipo_token FROM tipos_tokens WHERE nome_tipo_token = 'indeterminado') LIMIT 1), @id_arquivo_var);
  INSERT IGNORE INTO tokens (nome_token, acentuada, id_tipo_token, id_tipo_token_spaCy, id_arquivo_fonte) VALUES ("organizacao", "organização", (SELECT id_tipo_token FROM classificacoes_tokens WHERE BINARY nome_token = "organização" UNION (SELECT id_chave_tipo_token FROM tipos_tokens WHERE nome_tipo_token = 'indeterminado') LIMIT 1), (SELECT id_chave_tipo_token FROM tipos_tokens WHERE nome_tipo_token = "substantivo" UNION (SELECT id_chave_tipo_token FROM tipos_tokens WHERE nome_tipo_token = 'indeterminado') LIMIT 1), @id_arquivo_var);
  INSERT IGNORE INTO classificacoes_tokens (nome_token, id_tipo_token, id_arquivo_fonte) VALUES ("120", (SELECT id_chave_tipo_token FROM tipos_tokens WHERE nome_tipo_token = "numeral"), @id_arquivo_var);
INSERT IGNORE INTO tokens (nome_token, acentuada, id_tipo_token, id_tipo_token_spaCy, id_arquivo_fonte) VALUES ("120", "120", (SELECT id_tipo_token FROM classificacoes_tokens WHERE BINARY nome_token = "120" UNION (SELECT id_chave_tipo_token FROM tipos_tokens WHERE nome_tipo_token = 'indeterminado') LIMIT 1), (SELECT id_chave_tipo_token FROM tipos_tokens WHERE nome_tipo_token = "numeral" UNION (SELECT id_chave_tipo_token FROM tipos_tokens WHERE nome_tipo_token = 'indeterminado') LIMIT 1), @id_arquivo_var);
  INSERT IGNORE INTO tokens (nome_token, acentuada, id_tipo_token, id_tipo_token_spaCy, id_arquivo_fonte) VALUES ("defensivos", "defensivos", (SELECT id_tipo_token FROM classificacoes_tokens WHERE BINARY nome_token = "defensivos" UNION (SELECT id_chave_tipo_token FROM tipos_tokens WHERE nome_tipo_token = 'indeterminado') LIMIT 1), (SELECT id_chave_tipo_token FROM tipos_tokens WHERE nome_tipo_token = "adjetivo" UNION (SELECT id_chave_tipo_token FROM tipos_tokens WHERE nome_tipo_token = 'indeterminado') LIMIT 1), @id_arquivo_var);
  INSERT IGNORE INTO tokens (nome_token, acentuada, id_tipo_token, id_tipo_token_spaCy, id_arquivo_fonte) VALUES ("sao", "são", (SELECT id_tipo_token FROM classificacoes_tokens WHERE BINARY nome_token = "são" UNION (SELECT id_chave_tipo_token FROM tipos_tokens WHERE nome_tipo_token = 'indeterminado') LIMIT 1), (SELECT id_chave_tipo_token FROM tipos_tokens WHERE nome_tipo_token = "verbo" UNION (SELECT id_chave_tipo_token FROM tipos_tokens WHERE nome_tipo_token = 'indeterminado') LIMIT 1), @id_arquivo_var);
  INSERT IGNORE INTO classificacoes_tokens (nome_token, id_tipo_token, id_arquivo_fonte) VALUES ("119", (SELECT id_chave_tipo_token FROM tipos_tokens WHERE nome_tipo_token = "numeral"), @id_arquivo_var);
INSERT IGNORE INTO tokens (nome_token, acentuada, id_tipo_token, id_tipo_token_spaCy, id_arquivo_fonte) VALUES ("119", "119", (SELECT id_tipo_token FROM classificacoes_tokens WHERE BINARY nome_token = "119" UNION (SELECT id_chave_tipo_token FROM tipos_tokens WHERE nome_tipo_token = 'indeterminado') LIMIT 1), (SELECT id_chave_tipo_token FROM tipos_tokens WHERE nome_tipo_token = "numeral" UNION (SELECT id_chave_tipo_token FROM tipos_tokens WHERE nome_tipo_token = 'indeterminado') LIMIT 1), @id_arquivo_var);
  INSERT IGNORE INTO tokens (nome_token, acentuada, id_tipo_token, id_tipo_token_spaCy, id_arquivo_fonte) VALUES ("brasileiro", "brasileiro", (SELECT id_tipo_token FROM classificacoes_tokens WHERE BINARY nome_token = "brasileiro" UNION (SELECT id_chave_tipo_token FROM tipos_tokens WHERE nome_tipo_token = 'indeterminado') LIMIT 1), (SELECT id_chave_tipo_token FROM tipos_tokens WHERE nome_tipo_token = "adjetivo" UNION (SELECT id_chave_tipo_token FROM tipos_tokens WHERE nome_tipo_token = 'indeterminado') LIMIT 1), @id_arquivo_var);
  INSERT IGNORE INTO tokens (nome_token, acentuada, id_tipo_token, id_tipo_token_spaCy, id_arquivo_fonte) VALUES ("crescimento", "crescimento", (SELECT id_tipo_token FROM classificacoes_tokens WHERE BINARY nome_token = "crescimento" UNION (SELECT id_chave_tipo_token FROM tipos_tokens WHERE nome_tipo_token = 'indeterminado') LIMIT 1), (SELECT id_chave_tipo_token FROM tipos_tokens WHERE nome_tipo_token = "substantivo" UNION (SELECT id_chave_tipo_token FROM tipos_tokens WHERE nome_tipo_token = 'indeterminado') LIMIT 1), @id_arquivo_var);
  INSERT IGNORE INTO classificacoes_tokens (nome_token, id_tipo_token, id_arquivo_fonte) VALUES ("118", (SELECT id_chave_tipo_token FROM tipos_tokens WHERE nome_tipo_token = "numeral"), @id_arquivo_var);
INSERT IGNORE INTO tokens (nome_token, acentuada, id_tipo_token, id_tipo_token_spaCy, id_arquivo_fonte) VALUES ("118", "118", (SELECT id_tipo_token FROM classificacoes_tokens WHERE BINARY nome_token = "118" UNION (SELECT id_chave_tipo_token FROM tipos_tokens WHERE nome_tipo_token = 'indeterminado') LIMIT 1), (SELECT id_chave_tipo_token FROM tipos_tokens WHERE nome_tipo_token = "numeral" UNION (SELECT id_chave_tipo_token FROM tipos_tokens WHERE nome_tipo_token = 'indeterminado') LIMIT 1), @id_arquivo_var);
  INSERT IGNORE INTO classificacoes_tokens (nome_token, id_tipo_token, id_arquivo_fonte) VALUES ("116", (SELECT id_chave_tipo_token FROM tipos_tokens WHERE nome_tipo_token = "numeral"), @id_arquivo_var);
INSERT IGNORE INTO tokens (nome_token, acentuada, id_tipo_token, id_tipo_token_spaCy, id_arquivo_fonte) VALUES ("116", "116", (SELECT id_tipo_token FROM classificacoes_tokens WHERE BINARY nome_token = "116" UNION (SELECT id_chave_tipo_token FROM tipos_tokens WHERE nome_tipo_token = 'indeterminado') LIMIT 1), (SELECT id_chave_tipo_token FROM tipos_tokens WHERE nome_tipo_token = "numeral" UNION (SELECT id_chave_tipo_token FROM tipos_tokens WHERE nome_tipo_token = 'indeterminado') LIMIT 1), @id_arquivo_var);
  INSERT IGNORE INTO classificacoes_tokens (nome_token, id_tipo_token, id_arquivo_fonte) VALUES ("115", (SELECT id_chave_tipo_token FROM tipos_tokens WHERE nome_tipo_token = "numeral"), @id_arquivo_var);
INSERT IGNORE INTO tokens (nome_token, acentuada, id_tipo_token, id_tipo_token_spaCy, id_arquivo_fonte) VALUES ("115", "115", (SELECT id_tipo_token FROM classificacoes_tokens WHERE BINARY nome_token = "115" UNION (SELECT id_chave_tipo_token FROM tipos_tokens WHERE nome_tipo_token = 'indeterminado') LIMIT 1), (SELECT id_chave_tipo_token FROM tipos_tokens WHERE nome_tipo_token = "numeral" UNION (SELECT id_chave_tipo_token FROM tipos_tokens WHERE nome_tipo_token = 'indeterminado') LIMIT 1), @id_arquivo_var);
  INSERT IGNORE INTO classificacoes_tokens (nome_token, id_tipo_token, id_arquivo_fonte) VALUES ("114", (SELECT id_chave_tipo_token FROM tipos_tokens WHERE nome_tipo_token = "numeral"), @id_arquivo_var);
INSERT IGNORE INTO tokens (nome_token, acentuada, id_tipo_token, id_tipo_token_spaCy, id_arquivo_fonte) VALUES ("114", "114", (SELECT id_tipo_token FROM classificacoes_tokens WHERE BINARY nome_token = "114" UNION (SELECT id_chave_tipo_token FROM tipos_tokens WHERE nome_tipo_token = 'indeterminado') LIMIT 1), (SELECT id_chave_tipo_token FROM tipos_tokens WHERE nome_tipo_token = "numeral" UNION (SELECT id_chave_tipo_token FROM tipos_tokens WHERE nome_tipo_token = 'indeterminado') LIMIT 1), @id_arquivo_var);
  INSERT IGNORE INTO tokens (nome_token, acentuada, id_tipo_token, id_tipo_token_spaCy, id_arquivo_fonte) VALUES ("empreendimento", "empreendimento", (SELECT id_tipo_token FROM classificacoes_tokens WHERE BINARY nome_token = "empreendimento" UNION (SELECT id_chave_tipo_token FROM tipos_tokens WHERE nome_tipo_token = 'indeterminado') LIMIT 1), (SELECT id_chave_tipo_token FROM tipos_tokens WHERE nome_tipo_token = "substantivo" UNION (SELECT id_chave_tipo_token FROM tipos_tokens WHERE nome_tipo_token = 'indeterminado') LIMIT 1), @id_arquivo_var);
  INSERT IGNORE INTO tokens (nome_token, acentuada, id_tipo_token, id_tipo_token_spaCy, id_arquivo_fonte) VALUES ("seu", "seu", (SELECT id_tipo_token FROM classificacoes_tokens WHERE BINARY nome_token = "seu" UNION (SELECT id_chave_tipo_token FROM tipos_tokens WHERE nome_tipo_token = 'indeterminado') LIMIT 1), (SELECT id_chave_tipo_token FROM tipos_tokens WHERE nome_tipo_token = "artigo" UNION (SELECT id_chave_tipo_token FROM tipos_tokens WHERE nome_tipo_token = 'indeterminado') LIMIT 1), @id_arquivo_var);
  INSERT IGNORE INTO tokens (nome_token, acentuada, id_tipo_token, id_tipo_token_spaCy, id_arquivo_fonte) VALUES ("planejando", "planejando", (SELECT id_tipo_token FROM classificacoes_tokens WHERE BINARY nome_token = "planejando" UNION (SELECT id_chave_tipo_token FROM tipos_tokens WHERE nome_tipo_token = 'indeterminado') LIMIT 1), (SELECT id_chave_tipo_token FROM tipos_tokens WHERE nome_tipo_token = "verbo" UNION (SELECT id_chave_tipo_token FROM tipos_tokens WHERE nome_tipo_token = 'indeterminado') LIMIT 1), @id_arquivo_var);
  INSERT IGNORE INTO tokens (nome_token, acentuada, id_tipo_token, id_tipo_token_spaCy, id_arquivo_fonte) VALUES ("certo", "certo", (SELECT id_tipo_token FROM classificacoes_tokens WHERE BINARY nome_token = "certo" UNION (SELECT id_chave_tipo_token FROM tipos_tokens WHERE nome_tipo_token = 'indeterminado') LIMIT 1), (SELECT id_chave_tipo_token FROM tipos_tokens WHERE nome_tipo_token = "adjetivo" UNION (SELECT id_chave_tipo_token FROM tipos_tokens WHERE nome_tipo_token = 'indeterminado') LIMIT 1), @id_arquivo_var);
  INSERT IGNORE INTO tokens (nome_token, acentuada, id_tipo_token, id_tipo_token_spaCy, id_arquivo_fonte) VALUES ("mercado", "mercado", (SELECT id_tipo_token FROM classificacoes_tokens WHERE BINARY nome_token = "mercado" UNION (SELECT id_chave_tipo_token FROM tipos_tokens WHERE nome_tipo_token = 'indeterminado') LIMIT 1), (SELECT id_chave_tipo_token FROM tipos_tokens WHERE nome_tipo_token = "substantivo" UNION (SELECT id_chave_tipo_token FROM tipos_tokens WHERE nome_tipo_token = 'indeterminado') LIMIT 1), @id_arquivo_var);
  INSERT IGNORE INTO classificacoes_tokens (nome_token, id_tipo_token, id_arquivo_fonte) VALUES ("112", (SELECT id_chave_tipo_token FROM tipos_tokens WHERE nome_tipo_token = "numeral"), @id_arquivo_var);
INSERT IGNORE INTO tokens (nome_token, acentuada, id_tipo_token, id_tipo_token_spaCy, id_arquivo_fonte) VALUES ("112", "112", (SELECT id_tipo_token FROM classificacoes_tokens WHERE BINARY nome_token = "112" UNION (SELECT id_chave_tipo_token FROM tipos_tokens WHERE nome_tipo_token = 'indeterminado') LIMIT 1), (SELECT id_chave_tipo_token FROM tipos_tokens WHERE nome_tipo_token = "numeral" UNION (SELECT id_chave_tipo_token FROM tipos_tokens WHERE nome_tipo_token = 'indeterminado') LIMIT 1), @id_arquivo_var);
  INSERT IGNORE INTO tokens (nome_token, acentuada, id_tipo_token, id_tipo_token_spaCy, id_arquivo_fonte) VALUES ("ferrao", "ferrão", (SELECT id_tipo_token FROM classificacoes_tokens WHERE BINARY nome_token = "ferrão" UNION (SELECT id_chave_tipo_token FROM tipos_tokens WHERE nome_tipo_token = 'indeterminado') LIMIT 1), (SELECT id_chave_tipo_token FROM tipos_tokens WHERE nome_tipo_token = "verbo" UNION (SELECT id_chave_tipo_token FROM tipos_tokens WHERE nome_tipo_token = 'indeterminado') LIMIT 1), @id_arquivo_var);
  INSERT IGNORE INTO tokens (nome_token, acentuada, id_tipo_token, id_tipo_token_spaCy, id_arquivo_fonte) VALUES ("sem", "sem", (SELECT id_tipo_token FROM classificacoes_tokens WHERE BINARY nome_token = "sem" UNION (SELECT id_chave_tipo_token FROM tipos_tokens WHERE nome_tipo_token = 'indeterminado') LIMIT 1), (SELECT id_chave_tipo_token FROM tipos_tokens WHERE nome_tipo_token = "substantivo" UNION (SELECT id_chave_tipo_token FROM tipos_tokens WHERE nome_tipo_token = 'indeterminado') LIMIT 1), @id_arquivo_var);
  INSERT IGNORE INTO tokens (nome_token, acentuada, id_tipo_token, id_tipo_token_spaCy, id_arquivo_fonte) VALUES ("abelhas", "abelhas", (SELECT id_tipo_token FROM classificacoes_tokens WHERE BINARY nome_token = "abelhas" UNION (SELECT id_chave_tipo_token FROM tipos_tokens WHERE nome_tipo_token = 'indeterminado') LIMIT 1), (SELECT id_chave_tipo_token FROM tipos_tokens WHERE nome_tipo_token = "substantivo" UNION (SELECT id_chave_tipo_token FROM tipos_tokens WHERE nome_tipo_token = 'indeterminado') LIMIT 1), @id_arquivo_var);
  INSERT IGNORE INTO tokens (nome_token, acentuada, id_tipo_token, id_tipo_token_spaCy, id_arquivo_fonte) VALUES ("criacao", "criação", (SELECT id_tipo_token FROM classificacoes_tokens WHERE BINARY nome_token = "criação" UNION (SELECT id_chave_tipo_token FROM tipos_tokens WHERE nome_tipo_token = 'indeterminado') LIMIT 1), (SELECT id_chave_tipo_token FROM tipos_tokens WHERE nome_tipo_token = "substantivo" UNION (SELECT id_chave_tipo_token FROM tipos_tokens WHERE nome_tipo_token = 'indeterminado') LIMIT 1), @id_arquivo_var);
  INSERT IGNORE INTO tokens (nome_token, acentuada, id_tipo_token, id_tipo_token_spaCy, id_arquivo_fonte) VALUES ("meliponicultura", "meliponicultura", (SELECT id_tipo_token FROM classificacoes_tokens WHERE BINARY nome_token = "meliponicultura" UNION (SELECT id_chave_tipo_token FROM tipos_tokens WHERE nome_tipo_token = 'indeterminado') LIMIT 1), (SELECT id_chave_tipo_token FROM tipos_tokens WHERE nome_tipo_token = "substantivo" UNION (SELECT id_chave_tipo_token FROM tipos_tokens WHERE nome_tipo_token = 'indeterminado') LIMIT 1), @id_arquivo_var);
  INSERT IGNORE INTO classificacoes_tokens (nome_token, id_tipo_token, id_arquivo_fonte) VALUES ("111", (SELECT id_chave_tipo_token FROM tipos_tokens WHERE nome_tipo_token = "numeral"), @id_arquivo_var);
INSERT IGNORE INTO tokens (nome_token, acentuada, id_tipo_token, id_tipo_token_spaCy, id_arquivo_fonte) VALUES ("111", "111", (SELECT id_tipo_token FROM classificacoes_tokens WHERE BINARY nome_token = "111" UNION (SELECT id_chave_tipo_token FROM tipos_tokens WHERE nome_tipo_token = 'indeterminado') LIMIT 1), (SELECT id_chave_tipo_token FROM tipos_tokens WHERE nome_tipo_token = "numeral" UNION (SELECT id_chave_tipo_token FROM tipos_tokens WHERE nome_tipo_token = 'indeterminado') LIMIT 1), @id_arquivo_var);
  INSERT IGNORE INTO tokens (nome_token, acentuada, id_tipo_token, id_tipo_token_spaCy, id_arquivo_fonte) VALUES ("genetico", "genético", (SELECT id_tipo_token FROM classificacoes_tokens WHERE BINARY nome_token = "genético" UNION (SELECT id_chave_tipo_token FROM tipos_tokens WHERE nome_tipo_token = 'indeterminado') LIMIT 1), (SELECT id_chave_tipo_token FROM tipos_tokens WHERE nome_tipo_token = "adjetivo" UNION (SELECT id_chave_tipo_token FROM tipos_tokens WHERE nome_tipo_token = 'indeterminado') LIMIT 1), @id_arquivo_var);
  INSERT IGNORE INTO tokens (nome_token, acentuada, id_tipo_token, id_tipo_token_spaCy, id_arquivo_fonte) VALUES ("melhoramento", "melhoramento", (SELECT id_tipo_token FROM classificacoes_tokens WHERE BINARY nome_token = "melhoramento" UNION (SELECT id_chave_tipo_token FROM tipos_tokens WHERE nome_tipo_token = 'indeterminado') LIMIT 1), (SELECT id_chave_tipo_token FROM tipos_tokens WHERE nome_tipo_token = "substantivo" UNION (SELECT id_chave_tipo_token FROM tipos_tokens WHERE nome_tipo_token = 'indeterminado') LIMIT 1), @id_arquivo_var);
  INSERT IGNORE INTO classificacoes_tokens (nome_token, id_tipo_token, id_arquivo_fonte) VALUES ("110", (SELECT id_chave_tipo_token FROM tipos_tokens WHERE nome_tipo_token = "numeral"), @id_arquivo_var);
INSERT IGNORE INTO tokens (nome_token, acentuada, id_tipo_token, id_tipo_token_spaCy, id_arquivo_fonte) VALUES ("110", "110", (SELECT id_tipo_token FROM classificacoes_tokens WHERE BINARY nome_token = "110" UNION (SELECT id_chave_tipo_token FROM tipos_tokens WHERE nome_tipo_token = 'indeterminado') LIMIT 1), (SELECT id_chave_tipo_token FROM tipos_tokens WHERE nome_tipo_token = "numeral" UNION (SELECT id_chave_tipo_token FROM tipos_tokens WHERE nome_tipo_token = 'indeterminado') LIMIT 1), @id_arquivo_var);
  INSERT IGNORE INTO classificacoes_tokens (nome_token, id_tipo_token, id_arquivo_fonte) VALUES ("108", (SELECT id_chave_tipo_token FROM tipos_tokens WHERE nome_tipo_token = "numeral"), @id_arquivo_var);
INSERT IGNORE INTO tokens (nome_token, acentuada, id_tipo_token, id_tipo_token_spaCy, id_arquivo_fonte) VALUES ("108", "108", (SELECT id_tipo_token FROM classificacoes_tokens WHERE BINARY nome_token = "108" UNION (SELECT id_chave_tipo_token FROM tipos_tokens WHERE nome_tipo_token = 'indeterminado') LIMIT 1), (SELECT id_chave_tipo_token FROM tipos_tokens WHERE nome_tipo_token = "numeral" UNION (SELECT id_chave_tipo_token FROM tipos_tokens WHERE nome_tipo_token = 'indeterminado') LIMIT 1), @id_arquivo_var);
  INSERT IGNORE INTO tokens (nome_token, acentuada, id_tipo_token, id_tipo_token_spaCy, id_arquivo_fonte) VALUES ("posicionamento", "posicionamento", (SELECT id_tipo_token FROM classificacoes_tokens WHERE BINARY nome_token = "posicionamento" UNION (SELECT id_chave_tipo_token FROM tipos_tokens WHERE nome_tipo_token = 'indeterminado') LIMIT 1), (SELECT id_chave_tipo_token FROM tipos_tokens WHERE nome_tipo_token = "substantivo" UNION (SELECT id_chave_tipo_token FROM tipos_tokens WHERE nome_tipo_token = 'indeterminado') LIMIT 1), @id_arquivo_var);
  INSERT IGNORE INTO tokens (nome_token, acentuada, id_tipo_token, id_tipo_token_spaCy, id_arquivo_fonte) VALUES ("marca", "marca", (SELECT id_tipo_token FROM classificacoes_tokens WHERE BINARY nome_token = "marca" UNION (SELECT id_chave_tipo_token FROM tipos_tokens WHERE nome_tipo_token = 'indeterminado') LIMIT 1), (SELECT id_chave_tipo_token FROM tipos_tokens WHERE nome_tipo_token = "substantivo" UNION (SELECT id_chave_tipo_token FROM tipos_tokens WHERE nome_tipo_token = 'indeterminado') LIMIT 1), @id_arquivo_var);
  INSERT IGNORE INTO classificacoes_tokens (nome_token, id_tipo_token, id_arquivo_fonte) VALUES ("107", (SELECT id_chave_tipo_token FROM tipos_tokens WHERE nome_tipo_token = "numeral"), @id_arquivo_var);
INSERT IGNORE INTO tokens (nome_token, acentuada, id_tipo_token, id_tipo_token_spaCy, id_arquivo_fonte) VALUES ("107", "107", (SELECT id_tipo_token FROM classificacoes_tokens WHERE BINARY nome_token = "107" UNION (SELECT id_chave_tipo_token FROM tipos_tokens WHERE nome_tipo_token = 'indeterminado') LIMIT 1), (SELECT id_chave_tipo_token FROM tipos_tokens WHERE nome_tipo_token = "numeral" UNION (SELECT id_chave_tipo_token FROM tipos_tokens WHERE nome_tipo_token = 'indeterminado') LIMIT 1), @id_arquivo_var);
  INSERT IGNORE INTO tokens (nome_token, acentuada, id_tipo_token, id_tipo_token_spaCy, id_arquivo_fonte) VALUES ("mapeamento", "mapeamento", (SELECT id_tipo_token FROM classificacoes_tokens WHERE BINARY nome_token = "mapeamento" UNION (SELECT id_chave_tipo_token FROM tipos_tokens WHERE nome_tipo_token = 'indeterminado') LIMIT 1), (SELECT id_chave_tipo_token FROM tipos_tokens WHERE nome_tipo_token = "substantivo" UNION (SELECT id_chave_tipo_token FROM tipos_tokens WHERE nome_tipo_token = 'indeterminado') LIMIT 1), @id_arquivo_var);
  INSERT IGNORE INTO classificacoes_tokens (nome_token, id_tipo_token, id_arquivo_fonte) VALUES ("106", (SELECT id_chave_tipo_token FROM tipos_tokens WHERE nome_tipo_token = "numeral"), @id_arquivo_var);
INSERT IGNORE INTO tokens (nome_token, acentuada, id_tipo_token, id_tipo_token_spaCy, id_arquivo_fonte) VALUES ("106", "106", (SELECT id_tipo_token FROM classificacoes_tokens WHERE BINARY nome_token = "106" UNION (SELECT id_chave_tipo_token FROM tipos_tokens WHERE nome_tipo_token = 'indeterminado') LIMIT 1), (SELECT id_chave_tipo_token FROM tipos_tokens WHERE nome_tipo_token = "numeral" UNION (SELECT id_chave_tipo_token FROM tipos_tokens WHERE nome_tipo_token = 'indeterminado') LIMIT 1), @id_arquivo_var);
  INSERT IGNORE INTO classificacoes_tokens (nome_token, id_tipo_token, id_arquivo_fonte) VALUES ("104", (SELECT id_chave_tipo_token FROM tipos_tokens WHERE nome_tipo_token = "numeral"), @id_arquivo_var);
INSERT IGNORE INTO tokens (nome_token, acentuada, id_tipo_token, id_tipo_token_spaCy, id_arquivo_fonte) VALUES ("104", "104", (SELECT id_tipo_token FROM classificacoes_tokens WHERE BINARY nome_token = "104" UNION (SELECT id_chave_tipo_token FROM tipos_tokens WHERE nome_tipo_token = 'indeterminado') LIMIT 1), (SELECT id_chave_tipo_token FROM tipos_tokens WHERE nome_tipo_token = "numeral" UNION (SELECT id_chave_tipo_token FROM tipos_tokens WHERE nome_tipo_token = 'indeterminado') LIMIT 1), @id_arquivo_var);
  INSERT IGNORE INTO tokens (nome_token, acentuada, id_tipo_token, id_tipo_token_spaCy, id_arquivo_fonte) VALUES ("sanitario", "sanitário", (SELECT id_tipo_token FROM classificacoes_tokens WHERE BINARY nome_token = "sanitário" UNION (SELECT id_chave_tipo_token FROM tipos_tokens WHERE nome_tipo_token = 'indeterminado') LIMIT 1), (SELECT id_chave_tipo_token FROM tipos_tokens WHERE nome_tipo_token = "adjetivo" UNION (SELECT id_chave_tipo_token FROM tipos_tokens WHERE nome_tipo_token = 'indeterminado') LIMIT 1), @id_arquivo_var);
  INSERT IGNORE INTO classificacoes_tokens (nome_token, id_tipo_token, id_arquivo_fonte) VALUES ("103", (SELECT id_chave_tipo_token FROM tipos_tokens WHERE nome_tipo_token = "numeral"), @id_arquivo_var);
INSERT IGNORE INTO tokens (nome_token, acentuada, id_tipo_token, id_tipo_token_spaCy, id_arquivo_fonte) VALUES ("103", "103", (SELECT id_tipo_token FROM classificacoes_tokens WHERE BINARY nome_token = "103" UNION (SELECT id_chave_tipo_token FROM tipos_tokens WHERE nome_tipo_token = 'indeterminado') LIMIT 1), (SELECT id_chave_tipo_token FROM tipos_tokens WHERE nome_tipo_token = "numeral" UNION (SELECT id_chave_tipo_token FROM tipos_tokens WHERE nome_tipo_token = 'indeterminado') LIMIT 1), @id_arquivo_var);
  INSERT IGNORE INTO tokens (nome_token, acentuada, id_tipo_token, id_tipo_token_spaCy, id_arquivo_fonte) VALUES ("racional", "racional", (SELECT id_tipo_token FROM classificacoes_tokens WHERE BINARY nome_token = "racional" UNION (SELECT id_chave_tipo_token FROM tipos_tokens WHERE nome_tipo_token = 'indeterminado') LIMIT 1), (SELECT id_chave_tipo_token FROM tipos_tokens WHERE nome_tipo_token = "adjetivo" UNION (SELECT id_chave_tipo_token FROM tipos_tokens WHERE nome_tipo_token = 'indeterminado') LIMIT 1), @id_arquivo_var);
  INSERT IGNORE INTO tokens (nome_token, acentuada, id_tipo_token, id_tipo_token_spaCy, id_arquivo_fonte) VALUES ("piscicultura", "piscicultura", (SELECT id_tipo_token FROM classificacoes_tokens WHERE BINARY nome_token = "piscicultura" UNION (SELECT id_chave_tipo_token FROM tipos_tokens WHERE nome_tipo_token = 'indeterminado') LIMIT 1), (SELECT id_chave_tipo_token FROM tipos_tokens WHERE nome_tipo_token = "substantivo" UNION (SELECT id_chave_tipo_token FROM tipos_tokens WHERE nome_tipo_token = 'indeterminado') LIMIT 1), @id_arquivo_var);
  INSERT IGNORE INTO tokens (nome_token, acentuada, id_tipo_token, id_tipo_token_spaCy, id_arquivo_fonte) VALUES ("produtivo", "produtivo", (SELECT id_tipo_token FROM classificacoes_tokens WHERE BINARY nome_token = "produtivo" UNION (SELECT id_chave_tipo_token FROM tipos_tokens WHERE nome_tipo_token = 'indeterminado') LIMIT 1), (SELECT id_chave_tipo_token FROM tipos_tokens WHERE nome_tipo_token = "adjetivo" UNION (SELECT id_chave_tipo_token FROM tipos_tokens WHERE nome_tipo_token = 'indeterminado') LIMIT 1), @id_arquivo_var);
  INSERT IGNORE INTO classificacoes_tokens (nome_token, id_tipo_token, id_arquivo_fonte) VALUES ("102", (SELECT id_chave_tipo_token FROM tipos_tokens WHERE nome_tipo_token = "numeral"), @id_arquivo_var);
INSERT IGNORE INTO tokens (nome_token, acentuada, id_tipo_token, id_tipo_token_spaCy, id_arquivo_fonte) VALUES ("102", "102", (SELECT id_tipo_token FROM classificacoes_tokens WHERE BINARY nome_token = "102" UNION (SELECT id_chave_tipo_token FROM tipos_tokens WHERE nome_tipo_token = 'indeterminado') LIMIT 1), (SELECT id_chave_tipo_token FROM tipos_tokens WHERE nome_tipo_token = "numeral" UNION (SELECT id_chave_tipo_token FROM tipos_tokens WHERE nome_tipo_token = 'indeterminado') LIMIT 1), @id_arquivo_var);
  INSERT IGNORE INTO classificacoes_tokens (nome_token, id_tipo_token, id_arquivo_fonte) VALUES ("100", (SELECT id_chave_tipo_token FROM tipos_tokens WHERE nome_tipo_token = "numeral"), @id_arquivo_var);
INSERT IGNORE INTO tokens (nome_token, acentuada, id_tipo_token, id_tipo_token_spaCy, id_arquivo_fonte) VALUES ("100", "100", (SELECT id_tipo_token FROM classificacoes_tokens WHERE BINARY nome_token = "100" UNION (SELECT id_chave_tipo_token FROM tipos_tokens WHERE nome_tipo_token = 'indeterminado') LIMIT 1), (SELECT id_chave_tipo_token FROM tipos_tokens WHERE nome_tipo_token = "numeral" UNION (SELECT id_chave_tipo_token FROM tipos_tokens WHERE nome_tipo_token = 'indeterminado') LIMIT 1), @id_arquivo_var);
  INSERT IGNORE INTO classificacoes_tokens (nome_token, id_tipo_token, id_arquivo_fonte) VALUES ("99", (SELECT id_chave_tipo_token FROM tipos_tokens WHERE nome_tipo_token = "numeral"), @id_arquivo_var);
INSERT IGNORE INTO tokens (nome_token, acentuada, id_tipo_token, id_tipo_token_spaCy, id_arquivo_fonte) VALUES ("99", "99", (SELECT id_tipo_token FROM classificacoes_tokens WHERE BINARY nome_token = "99" UNION (SELECT id_chave_tipo_token FROM tipos_tokens WHERE nome_tipo_token = 'indeterminado') LIMIT 1), (SELECT id_chave_tipo_token FROM tipos_tokens WHERE nome_tipo_token = "numeral" UNION (SELECT id_chave_tipo_token FROM tipos_tokens WHERE nome_tipo_token = 'indeterminado') LIMIT 1), @id_arquivo_var);
  INSERT IGNORE INTO tokens (nome_token, acentuada, id_tipo_token, id_tipo_token_spaCy, id_arquivo_fonte) VALUES ("conservacao", "conservação", (SELECT id_tipo_token FROM classificacoes_tokens WHERE BINARY nome_token = "conservação" UNION (SELECT id_chave_tipo_token FROM tipos_tokens WHERE nome_tipo_token = 'indeterminado') LIMIT 1), (SELECT id_chave_tipo_token FROM tipos_tokens WHERE nome_tipo_token = "substantivo" UNION (SELECT id_chave_tipo_token FROM tipos_tokens WHERE nome_tipo_token = 'indeterminado') LIMIT 1), @id_arquivo_var);
  INSERT IGNORE INTO classificacoes_tokens (nome_token, id_tipo_token, id_arquivo_fonte) VALUES ("98", (SELECT id_chave_tipo_token FROM tipos_tokens WHERE nome_tipo_token = "numeral"), @id_arquivo_var);
INSERT IGNORE INTO tokens (nome_token, acentuada, id_tipo_token, id_tipo_token_spaCy, id_arquivo_fonte) VALUES ("98", "98", (SELECT id_tipo_token FROM classificacoes_tokens WHERE BINARY nome_token = "98" UNION (SELECT id_chave_tipo_token FROM tipos_tokens WHERE nome_tipo_token = 'indeterminado') LIMIT 1), (SELECT id_chave_tipo_token FROM tipos_tokens WHERE nome_tipo_token = "numeral" UNION (SELECT id_chave_tipo_token FROM tipos_tokens WHERE nome_tipo_token = 'indeterminado') LIMIT 1), @id_arquivo_var);
  INSERT IGNORE INTO classificacoes_tokens (nome_token, id_tipo_token, id_arquivo_fonte) VALUES ("96", (SELECT id_chave_tipo_token FROM tipos_tokens WHERE nome_tipo_token = "numeral"), @id_arquivo_var);
INSERT IGNORE INTO tokens (nome_token, acentuada, id_tipo_token, id_tipo_token_spaCy, id_arquivo_fonte) VALUES ("96", "96", (SELECT id_tipo_token FROM classificacoes_tokens WHERE BINARY nome_token = "96" UNION (SELECT id_chave_tipo_token FROM tipos_tokens WHERE nome_tipo_token = 'indeterminado') LIMIT 1), (SELECT id_chave_tipo_token FROM tipos_tokens WHERE nome_tipo_token = "numeral" UNION (SELECT id_chave_tipo_token FROM tipos_tokens WHERE nome_tipo_token = 'indeterminado') LIMIT 1), @id_arquivo_var);
  INSERT IGNORE INTO classificacoes_tokens (nome_token, id_tipo_token, id_arquivo_fonte) VALUES ("95", (SELECT id_chave_tipo_token FROM tipos_tokens WHERE nome_tipo_token = "numeral"), @id_arquivo_var);
INSERT IGNORE INTO tokens (nome_token, acentuada, id_tipo_token, id_tipo_token_spaCy, id_arquivo_fonte) VALUES ("95", "95", (SELECT id_tipo_token FROM classificacoes_tokens WHERE BINARY nome_token = "95" UNION (SELECT id_chave_tipo_token FROM tipos_tokens WHERE nome_tipo_token = 'indeterminado') LIMIT 1), (SELECT id_chave_tipo_token FROM tipos_tokens WHERE nome_tipo_token = "numeral" UNION (SELECT id_chave_tipo_token FROM tipos_tokens WHERE nome_tipo_token = 'indeterminado') LIMIT 1), @id_arquivo_var);
  INSERT IGNORE INTO tokens (nome_token, acentuada, id_tipo_token, id_tipo_token_spaCy, id_arquivo_fonte) VALUES ("agroecologia", "agroecologia", (SELECT id_tipo_token FROM classificacoes_tokens WHERE BINARY nome_token = "agroecologia" UNION (SELECT id_chave_tipo_token FROM tipos_tokens WHERE nome_tipo_token = 'indeterminado') LIMIT 1), (SELECT id_chave_tipo_token FROM tipos_tokens WHERE nome_tipo_token = "substantivo" UNION (SELECT id_chave_tipo_token FROM tipos_tokens WHERE nome_tipo_token = 'indeterminado') LIMIT 1), @id_arquivo_var);
  INSERT IGNORE INTO tokens (nome_token, acentuada, id_tipo_token, id_tipo_token_spaCy, id_arquivo_fonte) VALUES ("a", "à", (SELECT id_tipo_token FROM classificacoes_tokens WHERE BINARY nome_token = "à" UNION (SELECT id_chave_tipo_token FROM tipos_tokens WHERE nome_tipo_token = 'indeterminado') LIMIT 1), (SELECT id_chave_tipo_token FROM tipos_tokens WHERE nome_tipo_token = "preposicao" UNION (SELECT id_chave_tipo_token FROM tipos_tokens WHERE nome_tipo_token = 'indeterminado') LIMIT 1), @id_arquivo_var);
  INSERT IGNORE INTO tokens (nome_token, acentuada, id_tipo_token, id_tipo_token_spaCy, id_arquivo_fonte) VALUES ("introducao", "introdução", (SELECT id_tipo_token FROM classificacoes_tokens WHERE BINARY nome_token = "introdução" UNION (SELECT id_chave_tipo_token FROM tipos_tokens WHERE nome_tipo_token = 'indeterminado') LIMIT 1), (SELECT id_chave_tipo_token FROM tipos_tokens WHERE nome_tipo_token = "substantivo" UNION (SELECT id_chave_tipo_token FROM tipos_tokens WHERE nome_tipo_token = 'indeterminado') LIMIT 1), @id_arquivo_var);
  INSERT IGNORE INTO classificacoes_tokens (nome_token, id_tipo_token, id_arquivo_fonte) VALUES ("94", (SELECT id_chave_tipo_token FROM tipos_tokens WHERE nome_tipo_token = "numeral"), @id_arquivo_var);
INSERT IGNORE INTO tokens (nome_token, acentuada, id_tipo_token, id_tipo_token_spaCy, id_arquivo_fonte) VALUES ("94", "94", (SELECT id_tipo_token FROM classificacoes_tokens WHERE BINARY nome_token = "94" UNION (SELECT id_chave_tipo_token FROM tipos_tokens WHERE nome_tipo_token = 'indeterminado') LIMIT 1), (SELECT id_chave_tipo_token FROM tipos_tokens WHERE nome_tipo_token = "numeral" UNION (SELECT id_chave_tipo_token FROM tipos_tokens WHERE nome_tipo_token = 'indeterminado') LIMIT 1), @id_arquivo_var);
  INSERT IGNORE INTO classificacoes_tokens (nome_token, id_tipo_token, id_arquivo_fonte) VALUES ("92", (SELECT id_chave_tipo_token FROM tipos_tokens WHERE nome_tipo_token = "numeral"), @id_arquivo_var);
INSERT IGNORE INTO tokens (nome_token, acentuada, id_tipo_token, id_tipo_token_spaCy, id_arquivo_fonte) VALUES ("92", "92", (SELECT id_tipo_token FROM classificacoes_tokens WHERE BINARY nome_token = "92" UNION (SELECT id_chave_tipo_token FROM tipos_tokens WHERE nome_tipo_token = 'indeterminado') LIMIT 1), (SELECT id_chave_tipo_token FROM tipos_tokens WHERE nome_tipo_token = "numeral" UNION (SELECT id_chave_tipo_token FROM tipos_tokens WHERE nome_tipo_token = 'indeterminado') LIMIT 1), @id_arquivo_var);
  INSERT IGNORE INTO classificacoes_tokens (nome_token, id_tipo_token, id_arquivo_fonte) VALUES ("91", (SELECT id_chave_tipo_token FROM tipos_tokens WHERE nome_tipo_token = "numeral"), @id_arquivo_var);
INSERT IGNORE INTO tokens (nome_token, acentuada, id_tipo_token, id_tipo_token_spaCy, id_arquivo_fonte) VALUES ("91", "91", (SELECT id_tipo_token FROM classificacoes_tokens WHERE BINARY nome_token = "91" UNION (SELECT id_chave_tipo_token FROM tipos_tokens WHERE nome_tipo_token = 'indeterminado') LIMIT 1), (SELECT id_chave_tipo_token FROM tipos_tokens WHERE nome_tipo_token = "numeral" UNION (SELECT id_chave_tipo_token FROM tipos_tokens WHERE nome_tipo_token = 'indeterminado') LIMIT 1), @id_arquivo_var);
  INSERT IGNORE INTO tokens (nome_token, acentuada, id_tipo_token, id_tipo_token_spaCy, id_arquivo_fonte) VALUES ("atlantica", "atlântica", (SELECT id_tipo_token FROM classificacoes_tokens WHERE BINARY nome_token = "atlântica" UNION (SELECT id_chave_tipo_token FROM tipos_tokens WHERE nome_tipo_token = 'indeterminado') LIMIT 1), (SELECT id_chave_tipo_token FROM tipos_tokens WHERE nome_tipo_token = "sigla" UNION (SELECT id_chave_tipo_token FROM tipos_tokens WHERE nome_tipo_token = 'indeterminado') LIMIT 1), @id_arquivo_var);
  INSERT IGNORE INTO tokens (nome_token, acentuada, id_tipo_token, id_tipo_token_spaCy, id_arquivo_fonte) VALUES ("mata", "mata", (SELECT id_tipo_token FROM classificacoes_tokens WHERE BINARY nome_token = "mata" UNION (SELECT id_chave_tipo_token FROM tipos_tokens WHERE nome_tipo_token = 'indeterminado') LIMIT 1), (SELECT id_chave_tipo_token FROM tipos_tokens WHERE nome_tipo_token = "verbo" UNION (SELECT id_chave_tipo_token FROM tipos_tokens WHERE nome_tipo_token = 'indeterminado') LIMIT 1), @id_arquivo_var);
  INSERT IGNORE INTO classificacoes_tokens (nome_token, id_tipo_token, id_arquivo_fonte) VALUES ("25", (SELECT id_chave_tipo_token FROM tipos_tokens WHERE nome_tipo_token = "numeral"), @id_arquivo_var);
INSERT IGNORE INTO tokens (nome_token, acentuada, id_tipo_token, id_tipo_token_spaCy, id_arquivo_fonte) VALUES ("25", "25", (SELECT id_tipo_token FROM classificacoes_tokens WHERE BINARY nome_token = "25" UNION (SELECT id_chave_tipo_token FROM tipos_tokens WHERE nome_tipo_token = 'indeterminado') LIMIT 1), (SELECT id_chave_tipo_token FROM tipos_tokens WHERE nome_tipo_token = "numeral" UNION (SELECT id_chave_tipo_token FROM tipos_tokens WHERE nome_tipo_token = 'indeterminado') LIMIT 1), @id_arquivo_var);
  INSERT IGNORE INTO tokens (nome_token, acentuada, id_tipo_token, id_tipo_token_spaCy, id_arquivo_fonte) VALUES ("arvore", "árvore", (SELECT id_tipo_token FROM classificacoes_tokens WHERE BINARY nome_token = "árvore" UNION (SELECT id_chave_tipo_token FROM tipos_tokens WHERE nome_tipo_token = 'indeterminado') LIMIT 1), (SELECT id_chave_tipo_token FROM tipos_tokens WHERE nome_tipo_token = "substantivo" UNION (SELECT id_chave_tipo_token FROM tipos_tokens WHERE nome_tipo_token = 'indeterminado') LIMIT 1), @id_arquivo_var);
  INSERT IGNORE INTO tokens (nome_token, acentuada, id_tipo_token, id_tipo_token_spaCy, id_arquivo_fonte) VALUES ("insercao", "inserção", (SELECT id_tipo_token FROM classificacoes_tokens WHERE BINARY nome_token = "inserção" UNION (SELECT id_chave_tipo_token FROM tipos_tokens WHERE nome_tipo_token = 'indeterminado') LIMIT 1), (SELECT id_chave_tipo_token FROM tipos_tokens WHERE nome_tipo_token = "substantivo" UNION (SELECT id_chave_tipo_token FROM tipos_tokens WHERE nome_tipo_token = 'indeterminado') LIMIT 1), @id_arquivo_var);
  INSERT IGNORE INTO classificacoes_tokens (nome_token, id_tipo_token, id_arquivo_fonte) VALUES ("90", (SELECT id_chave_tipo_token FROM tipos_tokens WHERE nome_tipo_token = "numeral"), @id_arquivo_var);
INSERT IGNORE INTO tokens (nome_token, acentuada, id_tipo_token, id_tipo_token_spaCy, id_arquivo_fonte) VALUES ("90", "90", (SELECT id_tipo_token FROM classificacoes_tokens WHERE BINARY nome_token = "90" UNION (SELECT id_chave_tipo_token FROM tipos_tokens WHERE nome_tipo_token = 'indeterminado') LIMIT 1), (SELECT id_chave_tipo_token FROM tipos_tokens WHERE nome_tipo_token = "numeral" UNION (SELECT id_chave_tipo_token FROM tipos_tokens WHERE nome_tipo_token = 'indeterminado') LIMIT 1), @id_arquivo_var);
  INSERT IGNORE INTO classificacoes_tokens (nome_token, id_tipo_token, id_arquivo_fonte) VALUES ("88", (SELECT id_chave_tipo_token FROM tipos_tokens WHERE nome_tipo_token = "numeral"), @id_arquivo_var);
INSERT IGNORE INTO tokens (nome_token, acentuada, id_tipo_token, id_tipo_token_spaCy, id_arquivo_fonte) VALUES ("88", "88", (SELECT id_tipo_token FROM classificacoes_tokens WHERE BINARY nome_token = "88" UNION (SELECT id_chave_tipo_token FROM tipos_tokens WHERE nome_tipo_token = 'indeterminado') LIMIT 1), (SELECT id_chave_tipo_token FROM tipos_tokens WHERE nome_tipo_token = "numeral" UNION (SELECT id_chave_tipo_token FROM tipos_tokens WHERE nome_tipo_token = 'indeterminado') LIMIT 1), @id_arquivo_var);
  INSERT IGNORE INTO tokens (nome_token, acentuada, id_tipo_token, id_tipo_token_spaCy, id_arquivo_fonte) VALUES ("basico", "básico", (SELECT id_tipo_token FROM classificacoes_tokens WHERE BINARY nome_token = "básico" UNION (SELECT id_chave_tipo_token FROM tipos_tokens WHERE nome_tipo_token = 'indeterminado') LIMIT 1), (SELECT id_chave_tipo_token FROM tipos_tokens WHERE nome_tipo_token = "adjetivo" UNION (SELECT id_chave_tipo_token FROM tipos_tokens WHERE nome_tipo_token = 'indeterminado') LIMIT 1), @id_arquivo_var);
  INSERT IGNORE INTO tokens (nome_token, acentuada, id_tipo_token, id_tipo_token_spaCy, id_arquivo_fonte) VALUES ("internet", "internet", (SELECT id_tipo_token FROM classificacoes_tokens WHERE BINARY nome_token = "internet" UNION (SELECT id_chave_tipo_token FROM tipos_tokens WHERE nome_tipo_token = 'indeterminado') LIMIT 1), (SELECT id_chave_tipo_token FROM tipos_tokens WHERE nome_tipo_token = "substantivo" UNION (SELECT id_chave_tipo_token FROM tipos_tokens WHERE nome_tipo_token = 'indeterminado') LIMIT 1), @id_arquivo_var);
  INSERT IGNORE INTO tokens (nome_token, acentuada, id_tipo_token, id_tipo_token_spaCy, id_arquivo_fonte) VALUES ("informatica", "informática", (SELECT id_tipo_token FROM classificacoes_tokens WHERE BINARY nome_token = "informática" UNION (SELECT id_chave_tipo_token FROM tipos_tokens WHERE nome_tipo_token = 'indeterminado') LIMIT 1), (SELECT id_chave_tipo_token FROM tipos_tokens WHERE nome_tipo_token = "adjetivo" UNION (SELECT id_chave_tipo_token FROM tipos_tokens WHERE nome_tipo_token = 'indeterminado') LIMIT 1), @id_arquivo_var);
  INSERT IGNORE INTO classificacoes_tokens (nome_token, id_tipo_token, id_arquivo_fonte) VALUES ("87", (SELECT id_chave_tipo_token FROM tipos_tokens WHERE nome_tipo_token = "numeral"), @id_arquivo_var);
INSERT IGNORE INTO tokens (nome_token, acentuada, id_tipo_token, id_tipo_token_spaCy, id_arquivo_fonte) VALUES ("87", "87", (SELECT id_tipo_token FROM classificacoes_tokens WHERE BINARY nome_token = "87" UNION (SELECT id_chave_tipo_token FROM tipos_tokens WHERE nome_tipo_token = 'indeterminado') LIMIT 1), (SELECT id_chave_tipo_token FROM tipos_tokens WHERE nome_tipo_token = "numeral" UNION (SELECT id_chave_tipo_token FROM tipos_tokens WHERE nome_tipo_token = 'indeterminado') LIMIT 1), @id_arquivo_var);
  INSERT IGNORE INTO tokens (nome_token, acentuada, id_tipo_token, id_tipo_token_spaCy, id_arquivo_fonte) VALUES ("governamentais", "governamentais", (SELECT id_tipo_token FROM classificacoes_tokens WHERE BINARY nome_token = "governamentais" UNION (SELECT id_chave_tipo_token FROM tipos_tokens WHERE nome_tipo_token = 'indeterminado') LIMIT 1), (SELECT id_chave_tipo_token FROM tipos_tokens WHERE nome_tipo_token = "adjetivo" UNION (SELECT id_chave_tipo_token FROM tipos_tokens WHERE nome_tipo_token = 'indeterminado') LIMIT 1), @id_arquivo_var);
  INSERT IGNORE INTO tokens (nome_token, acentuada, id_tipo_token, id_tipo_token_spaCy, id_arquivo_fonte) VALUES ("politicas", "políticas", (SELECT id_tipo_token FROM classificacoes_tokens WHERE BINARY nome_token = "políticas" UNION (SELECT id_chave_tipo_token FROM tipos_tokens WHERE nome_tipo_token = 'indeterminado') LIMIT 1), (SELECT id_chave_tipo_token FROM tipos_tokens WHERE nome_tipo_token = "substantivo" UNION (SELECT id_chave_tipo_token FROM tipos_tokens WHERE nome_tipo_token = 'indeterminado') LIMIT 1), @id_arquivo_var);
  INSERT IGNORE INTO tokens (nome_token, acentuada, id_tipo_token, id_tipo_token_spaCy, id_arquivo_fonte) VALUES ("influencia", "influência", (SELECT id_tipo_token FROM classificacoes_tokens WHERE BINARY nome_token = "influência" UNION (SELECT id_chave_tipo_token FROM tipos_tokens WHERE nome_tipo_token = 'indeterminado') LIMIT 1), (SELECT id_chave_tipo_token FROM tipos_tokens WHERE nome_tipo_token = "substantivo" UNION (SELECT id_chave_tipo_token FROM tipos_tokens WHERE nome_tipo_token = 'indeterminado') LIMIT 1), @id_arquivo_var);
  INSERT IGNORE INTO classificacoes_tokens (nome_token, id_tipo_token, id_arquivo_fonte) VALUES ("13", (SELECT id_chave_tipo_token FROM tipos_tokens WHERE nome_tipo_token = "numeral"), @id_arquivo_var);
INSERT IGNORE INTO tokens (nome_token, acentuada, id_tipo_token, id_tipo_token_spaCy, id_arquivo_fonte) VALUES ("13", "13", (SELECT id_tipo_token FROM classificacoes_tokens WHERE BINARY nome_token = "13" UNION (SELECT id_chave_tipo_token FROM tipos_tokens WHERE nome_tipo_token = 'indeterminado') LIMIT 1), (SELECT id_chave_tipo_token FROM tipos_tokens WHERE nome_tipo_token = "numeral" UNION (SELECT id_chave_tipo_token FROM tipos_tokens WHERE nome_tipo_token = 'indeterminado') LIMIT 1), @id_arquivo_var);
  INSERT IGNORE INTO classificacoes_tokens (nome_token, id_tipo_token, id_arquivo_fonte) VALUES ("86", (SELECT id_chave_tipo_token FROM tipos_tokens WHERE nome_tipo_token = "numeral"), @id_arquivo_var);
INSERT IGNORE INTO tokens (nome_token, acentuada, id_tipo_token, id_tipo_token_spaCy, id_arquivo_fonte) VALUES ("86", "86", (SELECT id_tipo_token FROM classificacoes_tokens WHERE BINARY nome_token = "86" UNION (SELECT id_chave_tipo_token FROM tipos_tokens WHERE nome_tipo_token = 'indeterminado') LIMIT 1), (SELECT id_chave_tipo_token FROM tipos_tokens WHERE nome_tipo_token = "numeral" UNION (SELECT id_chave_tipo_token FROM tipos_tokens WHERE nome_tipo_token = 'indeterminado') LIMIT 1), @id_arquivo_var);
  INSERT IGNORE INTO tokens (nome_token, acentuada, id_tipo_token, id_tipo_token_spaCy, id_arquivo_fonte) VALUES ("forrageira", "forrageira", (SELECT id_tipo_token FROM classificacoes_tokens WHERE BINARY nome_token = "forrageira" UNION (SELECT id_chave_tipo_token FROM tipos_tokens WHERE nome_tipo_token = 'indeterminado') LIMIT 1), (SELECT id_chave_tipo_token FROM tipos_tokens WHERE nome_tipo_token = "verbo" UNION (SELECT id_chave_tipo_token FROM tipos_tokens WHERE nome_tipo_token = 'indeterminado') LIMIT 1), @id_arquivo_var);
  INSERT IGNORE INTO tokens (nome_token, acentuada, id_tipo_token, id_tipo_token_spaCy, id_arquivo_fonte) VALUES ("palma", "palma", (SELECT id_tipo_token FROM classificacoes_tokens WHERE BINARY nome_token = "palma" UNION (SELECT id_chave_tipo_token FROM tipos_tokens WHERE nome_tipo_token = 'indeterminado') LIMIT 1), (SELECT id_chave_tipo_token FROM tipos_tokens WHERE nome_tipo_token = "substantivo" UNION (SELECT id_chave_tipo_token FROM tipos_tokens WHERE nome_tipo_token = 'indeterminado') LIMIT 1), @id_arquivo_var);
  INSERT IGNORE INTO tokens (nome_token, acentuada, id_tipo_token, id_tipo_token_spaCy, id_arquivo_fonte) VALUES ("utilizacao", "utilização", (SELECT id_tipo_token FROM classificacoes_tokens WHERE BINARY nome_token = "utilização" UNION (SELECT id_chave_tipo_token FROM tipos_tokens WHERE nome_tipo_token = 'indeterminado') LIMIT 1), (SELECT id_chave_tipo_token FROM tipos_tokens WHERE nome_tipo_token = "substantivo" UNION (SELECT id_chave_tipo_token FROM tipos_tokens WHERE nome_tipo_token = 'indeterminado') LIMIT 1), @id_arquivo_var);
  INSERT IGNORE INTO classificacoes_tokens (nome_token, id_tipo_token, id_arquivo_fonte) VALUES ("84", (SELECT id_chave_tipo_token FROM tipos_tokens WHERE nome_tipo_token = "numeral"), @id_arquivo_var);
INSERT IGNORE INTO tokens (nome_token, acentuada, id_tipo_token, id_tipo_token_spaCy, id_arquivo_fonte) VALUES ("84", "84", (SELECT id_tipo_token FROM classificacoes_tokens WHERE BINARY nome_token = "84" UNION (SELECT id_chave_tipo_token FROM tipos_tokens WHERE nome_tipo_token = 'indeterminado') LIMIT 1), (SELECT id_chave_tipo_token FROM tipos_tokens WHERE nome_tipo_token = "numeral" UNION (SELECT id_chave_tipo_token FROM tipos_tokens WHERE nome_tipo_token = 'indeterminado') LIMIT 1), @id_arquivo_var);
  INSERT IGNORE INTO tokens (nome_token, acentuada, id_tipo_token, id_tipo_token_spaCy, id_arquivo_fonte) VALUES ("bovino", "bovino", (SELECT id_tipo_token FROM classificacoes_tokens WHERE BINARY nome_token = "bovino" UNION (SELECT id_chave_tipo_token FROM tipos_tokens WHERE nome_tipo_token = 'indeterminado') LIMIT 1), (SELECT id_chave_tipo_token FROM tipos_tokens WHERE nome_tipo_token = "substantivo" UNION (SELECT id_chave_tipo_token FROM tipos_tokens WHERE nome_tipo_token = 'indeterminado') LIMIT 1), @id_arquivo_var);
  INSERT IGNORE INTO tokens (nome_token, acentuada, id_tipo_token, id_tipo_token_spaCy, id_arquivo_fonte) VALUES ("feeding", "feeding", (SELECT id_tipo_token FROM classificacoes_tokens WHERE BINARY nome_token = "feeding" UNION (SELECT id_chave_tipo_token FROM tipos_tokens WHERE nome_tipo_token = 'indeterminado') LIMIT 1), (SELECT id_chave_tipo_token FROM tipos_tokens WHERE nome_tipo_token = "sigla" UNION (SELECT id_chave_tipo_token FROM tipos_tokens WHERE nome_tipo_token = 'indeterminado') LIMIT 1), @id_arquivo_var);
  INSERT IGNORE INTO tokens (nome_token, acentuada, id_tipo_token, id_tipo_token_spaCy, id_arquivo_fonte) VALUES ("creep", "creep", (SELECT id_tipo_token FROM classificacoes_tokens WHERE BINARY nome_token = "creep" UNION (SELECT id_chave_tipo_token FROM tipos_tokens WHERE nome_tipo_token = 'indeterminado') LIMIT 1), (SELECT id_chave_tipo_token FROM tipos_tokens WHERE nome_tipo_token = "sigla" UNION (SELECT id_chave_tipo_token FROM tipos_tokens WHERE nome_tipo_token = 'indeterminado') LIMIT 1), @id_arquivo_var);
  INSERT IGNORE INTO tokens (nome_token, acentuada, id_tipo_token, id_tipo_token_spaCy, id_arquivo_fonte) VALUES ("implantacao", "implantação", (SELECT id_tipo_token FROM classificacoes_tokens WHERE BINARY nome_token = "implantação" UNION (SELECT id_chave_tipo_token FROM tipos_tokens WHERE nome_tipo_token = 'indeterminado') LIMIT 1), (SELECT id_chave_tipo_token FROM tipos_tokens WHERE nome_tipo_token = "sigla" UNION (SELECT id_chave_tipo_token FROM tipos_tokens WHERE nome_tipo_token = 'indeterminado') LIMIT 1), @id_arquivo_var);
  INSERT IGNORE INTO classificacoes_tokens (nome_token, id_tipo_token, id_arquivo_fonte) VALUES ("83", (SELECT id_chave_tipo_token FROM tipos_tokens WHERE nome_tipo_token = "numeral"), @id_arquivo_var);
INSERT IGNORE INTO tokens (nome_token, acentuada, id_tipo_token, id_tipo_token_spaCy, id_arquivo_fonte) VALUES ("83", "83", (SELECT id_tipo_token FROM classificacoes_tokens WHERE BINARY nome_token = "83" UNION (SELECT id_chave_tipo_token FROM tipos_tokens WHERE nome_tipo_token = 'indeterminado') LIMIT 1), (SELECT id_chave_tipo_token FROM tipos_tokens WHERE nome_tipo_token = "numeral" UNION (SELECT id_chave_tipo_token FROM tipos_tokens WHERE nome_tipo_token = 'indeterminado') LIMIT 1), @id_arquivo_var);
  INSERT IGNORE INTO tokens (nome_token, acentuada, id_tipo_token, id_tipo_token_spaCy, id_arquivo_fonte) VALUES ("cacau", "cacau", (SELECT id_tipo_token FROM classificacoes_tokens WHERE BINARY nome_token = "cacau" UNION (SELECT id_chave_tipo_token FROM tipos_tokens WHERE nome_tipo_token = 'indeterminado') LIMIT 1), (SELECT id_chave_tipo_token FROM tipos_tokens WHERE nome_tipo_token = "substantivo" UNION (SELECT id_chave_tipo_token FROM tipos_tokens WHERE nome_tipo_token = 'indeterminado') LIMIT 1), @id_arquivo_var);
  INSERT IGNORE INTO tokens (nome_token, acentuada, id_tipo_token, id_tipo_token_spaCy, id_arquivo_fonte) VALUES ("moniliase", "monilíase", (SELECT id_tipo_token FROM classificacoes_tokens WHERE BINARY nome_token = "monilíase" UNION (SELECT id_chave_tipo_token FROM tipos_tokens WHERE nome_tipo_token = 'indeterminado') LIMIT 1), (SELECT id_chave_tipo_token FROM tipos_tokens WHERE nome_tipo_token = "substantivo" UNION (SELECT id_chave_tipo_token FROM tipos_tokens WHERE nome_tipo_token = 'indeterminado') LIMIT 1), @id_arquivo_var);
  INSERT IGNORE INTO tokens (nome_token, acentuada, id_tipo_token, id_tipo_token_spaCy, id_arquivo_fonte) VALUES ("identificacao", "identificação", (SELECT id_tipo_token FROM classificacoes_tokens WHERE BINARY nome_token = "identificação" UNION (SELECT id_chave_tipo_token FROM tipos_tokens WHERE nome_tipo_token = 'indeterminado') LIMIT 1), (SELECT id_chave_tipo_token FROM tipos_tokens WHERE nome_tipo_token = "substantivo" UNION (SELECT id_chave_tipo_token FROM tipos_tokens WHERE nome_tipo_token = 'indeterminado') LIMIT 1), @id_arquivo_var);
  INSERT IGNORE INTO classificacoes_tokens (nome_token, id_tipo_token, id_arquivo_fonte) VALUES ("82", (SELECT id_chave_tipo_token FROM tipos_tokens WHERE nome_tipo_token = "numeral"), @id_arquivo_var);
INSERT IGNORE INTO tokens (nome_token, acentuada, id_tipo_token, id_tipo_token_spaCy, id_arquivo_fonte) VALUES ("82", "82", (SELECT id_tipo_token FROM classificacoes_tokens WHERE BINARY nome_token = "82" UNION (SELECT id_chave_tipo_token FROM tipos_tokens WHERE nome_tipo_token = 'indeterminado') LIMIT 1), (SELECT id_chave_tipo_token FROM tipos_tokens WHERE nome_tipo_token = "numeral" UNION (SELECT id_chave_tipo_token FROM tipos_tokens WHERE nome_tipo_token = 'indeterminado') LIMIT 1), @id_arquivo_var);
  INSERT IGNORE INTO tokens (nome_token, acentuada, id_tipo_token, id_tipo_token_spaCy, id_arquivo_fonte) VALUES ("aplicadores", "aplicadores", (SELECT id_tipo_token FROM classificacoes_tokens WHERE BINARY nome_token = "aplicadores" UNION (SELECT id_chave_tipo_token FROM tipos_tokens WHERE nome_tipo_token = 'indeterminado') LIMIT 1), (SELECT id_chave_tipo_token FROM tipos_tokens WHERE nome_tipo_token = "substantivo" UNION (SELECT id_chave_tipo_token FROM tipos_tokens WHERE nome_tipo_token = 'indeterminado') LIMIT 1), @id_arquivo_var);
  INSERT IGNORE INTO tokens (nome_token, acentuada, id_tipo_token, id_tipo_token_spaCy, id_arquivo_fonte) VALUES ("habilitacao", "habilitação", (SELECT id_tipo_token FROM classificacoes_tokens WHERE BINARY nome_token = "habilitação" UNION (SELECT id_chave_tipo_token FROM tipos_tokens WHERE nome_tipo_token = 'indeterminado') LIMIT 1), (SELECT id_chave_tipo_token FROM tipos_tokens WHERE nome_tipo_token = "substantivo" UNION (SELECT id_chave_tipo_token FROM tipos_tokens WHERE nome_tipo_token = 'indeterminado') LIMIT 1), @id_arquivo_var);
  INSERT IGNORE INTO classificacoes_tokens (nome_token, id_tipo_token, id_arquivo_fonte) VALUES ("80", (SELECT id_chave_tipo_token FROM tipos_tokens WHERE nome_tipo_token = "numeral"), @id_arquivo_var);
INSERT IGNORE INTO tokens (nome_token, acentuada, id_tipo_token, id_tipo_token_spaCy, id_arquivo_fonte) VALUES ("80", "80", (SELECT id_tipo_token FROM classificacoes_tokens WHERE BINARY nome_token = "80" UNION (SELECT id_chave_tipo_token FROM tipos_tokens WHERE nome_tipo_token = 'indeterminado') LIMIT 1), (SELECT id_chave_tipo_token FROM tipos_tokens WHERE nome_tipo_token = "numeral" UNION (SELECT id_chave_tipo_token FROM tipos_tokens WHERE nome_tipo_token = 'indeterminado') LIMIT 1), @id_arquivo_var);
  INSERT IGNORE INTO classificacoes_tokens (nome_token, id_tipo_token, id_arquivo_fonte) VALUES ("79", (SELECT id_chave_tipo_token FROM tipos_tokens WHERE nome_tipo_token = "numeral"), @id_arquivo_var);
INSERT IGNORE INTO tokens (nome_token, acentuada, id_tipo_token, id_tipo_token_spaCy, id_arquivo_fonte) VALUES ("79", "79", (SELECT id_tipo_token FROM classificacoes_tokens WHERE BINARY nome_token = "79" UNION (SELECT id_chave_tipo_token FROM tipos_tokens WHERE nome_tipo_token = 'indeterminado') LIMIT 1), (SELECT id_chave_tipo_token FROM tipos_tokens WHERE nome_tipo_token = "numeral" UNION (SELECT id_chave_tipo_token FROM tipos_tokens WHERE nome_tipo_token = 'indeterminado') LIMIT 1), @id_arquivo_var);
  INSERT IGNORE INTO tokens (nome_token, acentuada, id_tipo_token, id_tipo_token_spaCy, id_arquivo_fonte) VALUES ("leite", "leite", (SELECT id_tipo_token FROM classificacoes_tokens WHERE BINARY nome_token = "leite" UNION (SELECT id_chave_tipo_token FROM tipos_tokens WHERE nome_tipo_token = 'indeterminado') LIMIT 1), (SELECT id_chave_tipo_token FROM tipos_tokens WHERE nome_tipo_token = "substantivo" UNION (SELECT id_chave_tipo_token FROM tipos_tokens WHERE nome_tipo_token = 'indeterminado') LIMIT 1), @id_arquivo_var);
  INSERT IGNORE INTO tokens (nome_token, acentuada, id_tipo_token, id_tipo_token_spaCy, id_arquivo_fonte) VALUES ("bovinocultura", "bovinocultura", (SELECT id_tipo_token FROM classificacoes_tokens WHERE BINARY nome_token = "bovinocultura" UNION (SELECT id_chave_tipo_token FROM tipos_tokens WHERE nome_tipo_token = 'indeterminado') LIMIT 1), (SELECT id_chave_tipo_token FROM tipos_tokens WHERE nome_tipo_token = "substantivo" UNION (SELECT id_chave_tipo_token FROM tipos_tokens WHERE nome_tipo_token = 'indeterminado') LIMIT 1), @id_arquivo_var);
  INSERT IGNORE INTO tokens (nome_token, acentuada, id_tipo_token, id_tipo_token_spaCy, id_arquivo_fonte) VALUES ("produtiva", "produtiva", (SELECT id_tipo_token FROM classificacoes_tokens WHERE BINARY nome_token = "produtiva" UNION (SELECT id_chave_tipo_token FROM tipos_tokens WHERE nome_tipo_token = 'indeterminado') LIMIT 1), (SELECT id_chave_tipo_token FROM tipos_tokens WHERE nome_tipo_token = "adjetivo" UNION (SELECT id_chave_tipo_token FROM tipos_tokens WHERE nome_tipo_token = 'indeterminado') LIMIT 1), @id_arquivo_var);
  INSERT IGNORE INTO classificacoes_tokens (nome_token, id_tipo_token, id_arquivo_fonte) VALUES ("78", (SELECT id_chave_tipo_token FROM tipos_tokens WHERE nome_tipo_token = "numeral"), @id_arquivo_var);
INSERT IGNORE INTO tokens (nome_token, acentuada, id_tipo_token, id_tipo_token_spaCy, id_arquivo_fonte) VALUES ("78", "78", (SELECT id_tipo_token FROM classificacoes_tokens WHERE BINARY nome_token = "78" UNION (SELECT id_chave_tipo_token FROM tipos_tokens WHERE nome_tipo_token = 'indeterminado') LIMIT 1), (SELECT id_chave_tipo_token FROM tipos_tokens WHERE nome_tipo_token = "numeral" UNION (SELECT id_chave_tipo_token FROM tipos_tokens WHERE nome_tipo_token = 'indeterminado') LIMIT 1), @id_arquivo_var);
  INSERT IGNORE INTO tokens (nome_token, acentuada, id_tipo_token, id_tipo_token_spaCy, id_arquivo_fonte) VALUES ("trabalho", "trabalho", (SELECT id_tipo_token FROM classificacoes_tokens WHERE BINARY nome_token = "trabalho" UNION (SELECT id_chave_tipo_token FROM tipos_tokens WHERE nome_tipo_token = 'indeterminado') LIMIT 1), (SELECT id_chave_tipo_token FROM tipos_tokens WHERE nome_tipo_token = "substantivo" UNION (SELECT id_chave_tipo_token FROM tipos_tokens WHERE nome_tipo_token = 'indeterminado') LIMIT 1), @id_arquivo_var);
  INSERT IGNORE INTO tokens (nome_token, acentuada, id_tipo_token, id_tipo_token_spaCy, id_arquivo_fonte) VALUES ("ambiente", "ambiente", (SELECT id_tipo_token FROM classificacoes_tokens WHERE BINARY nome_token = "ambiente" UNION (SELECT id_chave_tipo_token FROM tipos_tokens WHERE nome_tipo_token = 'indeterminado') LIMIT 1), (SELECT id_chave_tipo_token FROM tipos_tokens WHERE nome_tipo_token = "substantivo" UNION (SELECT id_chave_tipo_token FROM tipos_tokens WHERE nome_tipo_token = 'indeterminado') LIMIT 1), @id_arquivo_var);
  INSERT IGNORE INTO tokens (nome_token, acentuada, id_tipo_token, id_tipo_token_spaCy, id_arquivo_fonte) VALUES ("meio", "meio", (SELECT id_tipo_token FROM classificacoes_tokens WHERE BINARY nome_token = "meio" UNION (SELECT id_chave_tipo_token FROM tipos_tokens WHERE nome_tipo_token = 'indeterminado') LIMIT 1), (SELECT id_chave_tipo_token FROM tipos_tokens WHERE nome_tipo_token = "adverbio" UNION (SELECT id_chave_tipo_token FROM tipos_tokens WHERE nome_tipo_token = 'indeterminado') LIMIT 1), @id_arquivo_var);
  INSERT IGNORE INTO classificacoes_tokens (nome_token, id_tipo_token, id_arquivo_fonte) VALUES ("76", (SELECT id_chave_tipo_token FROM tipos_tokens WHERE nome_tipo_token = "numeral"), @id_arquivo_var);
INSERT IGNORE INTO tokens (nome_token, acentuada, id_tipo_token, id_tipo_token_spaCy, id_arquivo_fonte) VALUES ("76", "76", (SELECT id_tipo_token FROM classificacoes_tokens WHERE BINARY nome_token = "76" UNION (SELECT id_chave_tipo_token FROM tipos_tokens WHERE nome_tipo_token = 'indeterminado') LIMIT 1), (SELECT id_chave_tipo_token FROM tipos_tokens WHERE nome_tipo_token = "numeral" UNION (SELECT id_chave_tipo_token FROM tipos_tokens WHERE nome_tipo_token = 'indeterminado') LIMIT 1), @id_arquivo_var);
  INSERT IGNORE INTO tokens (nome_token, acentuada, id_tipo_token, id_tipo_token_spaCy, id_arquivo_fonte) VALUES ("nas", "nas", (SELECT id_tipo_token FROM classificacoes_tokens WHERE BINARY nome_token = "nas" UNION (SELECT id_chave_tipo_token FROM tipos_tokens WHERE nome_tipo_token = 'indeterminado') LIMIT 1), (SELECT id_chave_tipo_token FROM tipos_tokens WHERE nome_tipo_token = "preposicao" UNION (SELECT id_chave_tipo_token FROM tipos_tokens WHERE nome_tipo_token = 'indeterminado') LIMIT 1), @id_arquivo_var);
  INSERT IGNORE INTO tokens (nome_token, acentuada, id_tipo_token, id_tipo_token_spaCy, id_arquivo_fonte) VALUES ("intervencao", "intervenção", (SELECT id_tipo_token FROM classificacoes_tokens WHERE BINARY nome_token = "intervenção" UNION (SELECT id_chave_tipo_token FROM tipos_tokens WHERE nome_tipo_token = 'indeterminado') LIMIT 1), (SELECT id_chave_tipo_token FROM tipos_tokens WHERE nome_tipo_token = "substantivo" UNION (SELECT id_chave_tipo_token FROM tipos_tokens WHERE nome_tipo_token = 'indeterminado') LIMIT 1), @id_arquivo_var);
  INSERT IGNORE INTO tokens (nome_token, acentuada, id_tipo_token, id_tipo_token_spaCy, id_arquivo_fonte) VALUES ("formas", "formas", (SELECT id_tipo_token FROM classificacoes_tokens WHERE BINARY nome_token = "formas" UNION (SELECT id_chave_tipo_token FROM tipos_tokens WHERE nome_tipo_token = 'indeterminado') LIMIT 1), (SELECT id_chave_tipo_token FROM tipos_tokens WHERE nome_tipo_token = "substantivo" UNION (SELECT id_chave_tipo_token FROM tipos_tokens WHERE nome_tipo_token = 'indeterminado') LIMIT 1), @id_arquivo_var);
  INSERT IGNORE INTO classificacoes_tokens (nome_token, id_tipo_token, id_arquivo_fonte) VALUES ("75", (SELECT id_chave_tipo_token FROM tipos_tokens WHERE nome_tipo_token = "numeral"), @id_arquivo_var);
INSERT IGNORE INTO tokens (nome_token, acentuada, id_tipo_token, id_tipo_token_spaCy, id_arquivo_fonte) VALUES ("75", "75", (SELECT id_tipo_token FROM classificacoes_tokens WHERE BINARY nome_token = "75" UNION (SELECT id_chave_tipo_token FROM tipos_tokens WHERE nome_tipo_token = 'indeterminado') LIMIT 1), (SELECT id_chave_tipo_token FROM tipos_tokens WHERE nome_tipo_token = "numeral" UNION (SELECT id_chave_tipo_token FROM tipos_tokens WHERE nome_tipo_token = 'indeterminado') LIMIT 1), @id_arquivo_var);
  INSERT IGNORE INTO tokens (nome_token, acentuada, id_tipo_token, id_tipo_token_spaCy, id_arquivo_fonte) VALUES ("plantadas", "plantadas", (SELECT id_tipo_token FROM classificacoes_tokens WHERE BINARY nome_token = "plantadas" UNION (SELECT id_chave_tipo_token FROM tipos_tokens WHERE nome_tipo_token = 'indeterminado') LIMIT 1), (SELECT id_chave_tipo_token FROM tipos_tokens WHERE nome_tipo_token = "verbo" UNION (SELECT id_chave_tipo_token FROM tipos_tokens WHERE nome_tipo_token = 'indeterminado') LIMIT 1), @id_arquivo_var);
  INSERT IGNORE INTO tokens (nome_token, acentuada, id_tipo_token, id_tipo_token_spaCy, id_arquivo_fonte) VALUES ("florestas", "florestas", (SELECT id_tipo_token FROM classificacoes_tokens WHERE BINARY nome_token = "florestas" UNION (SELECT id_chave_tipo_token FROM tipos_tokens WHERE nome_tipo_token = 'indeterminado') LIMIT 1), (SELECT id_chave_tipo_token FROM tipos_tokens WHERE nome_tipo_token = "substantivo" UNION (SELECT id_chave_tipo_token FROM tipos_tokens WHERE nome_tipo_token = 'indeterminado') LIMIT 1), @id_arquivo_var);
  INSERT IGNORE INTO classificacoes_tokens (nome_token, id_tipo_token, id_arquivo_fonte) VALUES ("74", (SELECT id_chave_tipo_token FROM tipos_tokens WHERE nome_tipo_token = "numeral"), @id_arquivo_var);
INSERT IGNORE INTO tokens (nome_token, acentuada, id_tipo_token, id_tipo_token_spaCy, id_arquivo_fonte) VALUES ("74", "74", (SELECT id_tipo_token FROM classificacoes_tokens WHERE BINARY nome_token = "74" UNION (SELECT id_chave_tipo_token FROM tipos_tokens WHERE nome_tipo_token = 'indeterminado') LIMIT 1), (SELECT id_chave_tipo_token FROM tipos_tokens WHERE nome_tipo_token = "numeral" UNION (SELECT id_chave_tipo_token FROM tipos_tokens WHERE nome_tipo_token = 'indeterminado') LIMIT 1), @id_arquivo_var);
  INSERT IGNORE INTO classificacoes_tokens (nome_token, id_tipo_token, id_arquivo_fonte) VALUES ("72", (SELECT id_chave_tipo_token FROM tipos_tokens WHERE nome_tipo_token = "numeral"), @id_arquivo_var);
INSERT IGNORE INTO tokens (nome_token, acentuada, id_tipo_token, id_tipo_token_spaCy, id_arquivo_fonte) VALUES ("72", "72", (SELECT id_tipo_token FROM classificacoes_tokens WHERE BINARY nome_token = "72" UNION (SELECT id_chave_tipo_token FROM tipos_tokens WHERE nome_tipo_token = 'indeterminado') LIMIT 1), (SELECT id_chave_tipo_token FROM tipos_tokens WHERE nome_tipo_token = "numeral" UNION (SELECT id_chave_tipo_token FROM tipos_tokens WHERE nome_tipo_token = 'indeterminado') LIMIT 1), @id_arquivo_var);
  INSERT IGNORE INTO tokens (nome_token, acentuada, id_tipo_token, id_tipo_token_spaCy, id_arquivo_fonte) VALUES ("facebook", "facebook", (SELECT id_tipo_token FROM classificacoes_tokens WHERE BINARY nome_token = "facebook" UNION (SELECT id_chave_tipo_token FROM tipos_tokens WHERE nome_tipo_token = 'indeterminado') LIMIT 1), (SELECT id_chave_tipo_token FROM tipos_tokens WHERE nome_tipo_token = "sigla" UNION (SELECT id_chave_tipo_token FROM tipos_tokens WHERE nome_tipo_token = 'indeterminado') LIMIT 1), @id_arquivo_var);
  INSERT IGNORE INTO classificacoes_tokens (nome_token, id_tipo_token, id_arquivo_fonte) VALUES ("70", (SELECT id_chave_tipo_token FROM tipos_tokens WHERE nome_tipo_token = "numeral"), @id_arquivo_var);
INSERT IGNORE INTO tokens (nome_token, acentuada, id_tipo_token, id_tipo_token_spaCy, id_arquivo_fonte) VALUES ("70", "70", (SELECT id_tipo_token FROM classificacoes_tokens WHERE BINARY nome_token = "70" UNION (SELECT id_chave_tipo_token FROM tipos_tokens WHERE nome_tipo_token = 'indeterminado') LIMIT 1), (SELECT id_chave_tipo_token FROM tipos_tokens WHERE nome_tipo_token = "numeral" UNION (SELECT id_chave_tipo_token FROM tipos_tokens WHERE nome_tipo_token = 'indeterminado') LIMIT 1), @id_arquivo_var);
  INSERT IGNORE INTO classificacoes_tokens (nome_token, id_tipo_token, id_arquivo_fonte) VALUES ("71", (SELECT id_chave_tipo_token FROM tipos_tokens WHERE nome_tipo_token = "numeral"), @id_arquivo_var);
INSERT IGNORE INTO tokens (nome_token, acentuada, id_tipo_token, id_tipo_token_spaCy, id_arquivo_fonte) VALUES ("71", "71", (SELECT id_tipo_token FROM classificacoes_tokens WHERE BINARY nome_token = "71" UNION (SELECT id_chave_tipo_token FROM tipos_tokens WHERE nome_tipo_token = 'indeterminado') LIMIT 1), (SELECT id_chave_tipo_token FROM tipos_tokens WHERE nome_tipo_token = "numeral" UNION (SELECT id_chave_tipo_token FROM tipos_tokens WHERE nome_tipo_token = 'indeterminado') LIMIT 1), @id_arquivo_var);
  INSERT IGNORE INTO tokens (nome_token, acentuada, id_tipo_token, id_tipo_token_spaCy, id_arquivo_fonte) VALUES ("intermediario", "intermediário", (SELECT id_tipo_token FROM classificacoes_tokens WHERE BINARY nome_token = "intermediário" UNION (SELECT id_chave_tipo_token FROM tipos_tokens WHERE nome_tipo_token = 'indeterminado') LIMIT 1), (SELECT id_chave_tipo_token FROM tipos_tokens WHERE nome_tipo_token = "adjetivo" UNION (SELECT id_chave_tipo_token FROM tipos_tokens WHERE nome_tipo_token = 'indeterminado') LIMIT 1), @id_arquivo_var);
  INSERT IGNORE INTO tokens (nome_token, acentuada, id_tipo_token, id_tipo_token_spaCy, id_arquivo_fonte) VALUES ("excel", "excel", (SELECT id_tipo_token FROM classificacoes_tokens WHERE BINARY nome_token = "excel" UNION (SELECT id_chave_tipo_token FROM tipos_tokens WHERE nome_tipo_token = 'indeterminado') LIMIT 1), (SELECT id_chave_tipo_token FROM tipos_tokens WHERE nome_tipo_token = "sigla" UNION (SELECT id_chave_tipo_token FROM tipos_tokens WHERE nome_tipo_token = 'indeterminado') LIMIT 1), @id_arquivo_var);
  INSERT IGNORE INTO tokens (nome_token, acentuada, id_tipo_token, id_tipo_token_spaCy, id_arquivo_fonte) VALUES (")", ")", (SELECT id_tipo_token FROM classificacoes_tokens WHERE BINARY nome_token = ")" UNION (SELECT id_chave_tipo_token FROM tipos_tokens WHERE nome_tipo_token = 'indeterminado') LIMIT 1), (SELECT id_chave_tipo_token FROM tipos_tokens WHERE nome_tipo_token = "pontuacao" UNION (SELECT id_chave_tipo_token FROM tipos_tokens WHERE nome_tipo_token = 'indeterminado') LIMIT 1), @id_arquivo_var);
  INSERT IGNORE INTO tokens (nome_token, acentuada, id_tipo_token, id_tipo_token_spaCy, id_arquivo_fonte) VALUES ("epi", "epi", (SELECT id_tipo_token FROM classificacoes_tokens WHERE BINARY nome_token = "epi" UNION (SELECT id_chave_tipo_token FROM tipos_tokens WHERE nome_tipo_token = 'indeterminado') LIMIT 1), (SELECT id_chave_tipo_token FROM tipos_tokens WHERE nome_tipo_token = "interjeicao" UNION (SELECT id_chave_tipo_token FROM tipos_tokens WHERE nome_tipo_token = 'indeterminado') LIMIT 1), @id_arquivo_var);
  INSERT IGNORE INTO tokens (nome_token, acentuada, id_tipo_token, id_tipo_token_spaCy, id_arquivo_fonte) VALUES ("(", "(", (SELECT id_tipo_token FROM classificacoes_tokens WHERE BINARY nome_token = "(" UNION (SELECT id_chave_tipo_token FROM tipos_tokens WHERE nome_tipo_token = 'indeterminado') LIMIT 1), (SELECT id_chave_tipo_token FROM tipos_tokens WHERE nome_tipo_token = "pontuacao" UNION (SELECT id_chave_tipo_token FROM tipos_tokens WHERE nome_tipo_token = 'indeterminado') LIMIT 1), @id_arquivo_var);
  INSERT IGNORE INTO tokens (nome_token, acentuada, id_tipo_token, id_tipo_token_spaCy, id_arquivo_fonte) VALUES ("individual", "individual", (SELECT id_tipo_token FROM classificacoes_tokens WHERE BINARY nome_token = "individual" UNION (SELECT id_chave_tipo_token FROM tipos_tokens WHERE nome_tipo_token = 'indeterminado') LIMIT 1), (SELECT id_chave_tipo_token FROM tipos_tokens WHERE nome_tipo_token = "adjetivo" UNION (SELECT id_chave_tipo_token FROM tipos_tokens WHERE nome_tipo_token = 'indeterminado') LIMIT 1), @id_arquivo_var);
  INSERT IGNORE INTO tokens (nome_token, acentuada, id_tipo_token, id_tipo_token_spaCy, id_arquivo_fonte) VALUES ("protecao", "proteção", (SELECT id_tipo_token FROM classificacoes_tokens WHERE BINARY nome_token = "proteção" UNION (SELECT id_chave_tipo_token FROM tipos_tokens WHERE nome_tipo_token = 'indeterminado') LIMIT 1), (SELECT id_chave_tipo_token FROM tipos_tokens WHERE nome_tipo_token = "substantivo" UNION (SELECT id_chave_tipo_token FROM tipos_tokens WHERE nome_tipo_token = 'indeterminado') LIMIT 1), @id_arquivo_var);
  INSERT IGNORE INTO tokens (nome_token, acentuada, id_tipo_token, id_tipo_token_spaCy, id_arquivo_fonte) VALUES ("equipamento", "equipamento", (SELECT id_tipo_token FROM classificacoes_tokens WHERE BINARY nome_token = "equipamento" UNION (SELECT id_chave_tipo_token FROM tipos_tokens WHERE nome_tipo_token = 'indeterminado') LIMIT 1), (SELECT id_chave_tipo_token FROM tipos_tokens WHERE nome_tipo_token = "substantivo" UNION (SELECT id_chave_tipo_token FROM tipos_tokens WHERE nome_tipo_token = 'indeterminado') LIMIT 1), @id_arquivo_var);
  INSERT IGNORE INTO classificacoes_tokens (nome_token, id_tipo_token, id_arquivo_fonte) VALUES ("68", (SELECT id_chave_tipo_token FROM tipos_tokens WHERE nome_tipo_token = "numeral"), @id_arquivo_var);
INSERT IGNORE INTO tokens (nome_token, acentuada, id_tipo_token, id_tipo_token_spaCy, id_arquivo_fonte) VALUES ("68", "68", (SELECT id_tipo_token FROM classificacoes_tokens WHERE BINARY nome_token = "68" UNION (SELECT id_chave_tipo_token FROM tipos_tokens WHERE nome_tipo_token = 'indeterminado') LIMIT 1), (SELECT id_chave_tipo_token FROM tipos_tokens WHERE nome_tipo_token = "numeral" UNION (SELECT id_chave_tipo_token FROM tipos_tokens WHERE nome_tipo_token = 'indeterminado') LIMIT 1), @id_arquivo_var);
  INSERT IGNORE INTO classificacoes_tokens (nome_token, id_tipo_token, id_arquivo_fonte) VALUES ("67", (SELECT id_chave_tipo_token FROM tipos_tokens WHERE nome_tipo_token = "numeral"), @id_arquivo_var);
INSERT IGNORE INTO tokens (nome_token, acentuada, id_tipo_token, id_tipo_token_spaCy, id_arquivo_fonte) VALUES ("67", "67", (SELECT id_tipo_token FROM classificacoes_tokens WHERE BINARY nome_token = "67" UNION (SELECT id_chave_tipo_token FROM tipos_tokens WHERE nome_tipo_token = 'indeterminado') LIMIT 1), (SELECT id_chave_tipo_token FROM tipos_tokens WHERE nome_tipo_token = "numeral" UNION (SELECT id_chave_tipo_token FROM tipos_tokens WHERE nome_tipo_token = 'indeterminado') LIMIT 1), @id_arquivo_var);
  INSERT IGNORE INTO tokens (nome_token, acentuada, id_tipo_token, id_tipo_token_spaCy, id_arquivo_fonte) VALUES ("degradacao", "degradação", (SELECT id_tipo_token FROM classificacoes_tokens WHERE BINARY nome_token = "degradação" UNION (SELECT id_chave_tipo_token FROM tipos_tokens WHERE nome_tipo_token = 'indeterminado') LIMIT 1), (SELECT id_chave_tipo_token FROM tipos_tokens WHERE nome_tipo_token = "substantivo" UNION (SELECT id_chave_tipo_token FROM tipos_tokens WHERE nome_tipo_token = 'indeterminado') LIMIT 1), @id_arquivo_var);
  INSERT IGNORE INTO tokens (nome_token, acentuada, id_tipo_token, id_tipo_token_spaCy, id_arquivo_fonte) VALUES ("entendendo", "entendendo", (SELECT id_tipo_token FROM classificacoes_tokens WHERE BINARY nome_token = "entendendo" UNION (SELECT id_chave_tipo_token FROM tipos_tokens WHERE nome_tipo_token = 'indeterminado') LIMIT 1), (SELECT id_chave_tipo_token FROM tipos_tokens WHERE nome_tipo_token = "verbo" UNION (SELECT id_chave_tipo_token FROM tipos_tokens WHERE nome_tipo_token = 'indeterminado') LIMIT 1), @id_arquivo_var);
  INSERT IGNORE INTO tokens (nome_token, acentuada, id_tipo_token, id_tipo_token_spaCy, id_arquivo_fonte) VALUES ("fotovoltaica", "fotovoltaica", (SELECT id_tipo_token FROM classificacoes_tokens WHERE BINARY nome_token = "fotovoltaica" UNION (SELECT id_chave_tipo_token FROM tipos_tokens WHERE nome_tipo_token = 'indeterminado') LIMIT 1), (SELECT id_chave_tipo_token FROM tipos_tokens WHERE nome_tipo_token = "adjetivo" UNION (SELECT id_chave_tipo_token FROM tipos_tokens WHERE nome_tipo_token = 'indeterminado') LIMIT 1), @id_arquivo_var);
  INSERT IGNORE INTO tokens (nome_token, acentuada, id_tipo_token, id_tipo_token_spaCy, id_arquivo_fonte) VALUES ("energia", "energia", (SELECT id_tipo_token FROM classificacoes_tokens WHERE BINARY nome_token = "energia" UNION (SELECT id_chave_tipo_token FROM tipos_tokens WHERE nome_tipo_token = 'indeterminado') LIMIT 1), (SELECT id_chave_tipo_token FROM tipos_tokens WHERE nome_tipo_token = "substantivo" UNION (SELECT id_chave_tipo_token FROM tipos_tokens WHERE nome_tipo_token = 'indeterminado') LIMIT 1), @id_arquivo_var);
  INSERT IGNORE INTO classificacoes_tokens (nome_token, id_tipo_token, id_arquivo_fonte) VALUES ("66", (SELECT id_chave_tipo_token FROM tipos_tokens WHERE nome_tipo_token = "numeral"), @id_arquivo_var);
INSERT IGNORE INTO tokens (nome_token, acentuada, id_tipo_token, id_tipo_token_spaCy, id_arquivo_fonte) VALUES ("66", "66", (SELECT id_tipo_token FROM classificacoes_tokens WHERE BINARY nome_token = "66" UNION (SELECT id_chave_tipo_token FROM tipos_tokens WHERE nome_tipo_token = 'indeterminado') LIMIT 1), (SELECT id_chave_tipo_token FROM tipos_tokens WHERE nome_tipo_token = "numeral" UNION (SELECT id_chave_tipo_token FROM tipos_tokens WHERE nome_tipo_token = 'indeterminado') LIMIT 1), @id_arquivo_var);
  INSERT IGNORE INTO tokens (nome_token, acentuada, id_tipo_token, id_tipo_token_spaCy, id_arquivo_fonte) VALUES ("cerrado", "cerrado", (SELECT id_tipo_token FROM classificacoes_tokens WHERE BINARY nome_token = "cerrado" UNION (SELECT id_chave_tipo_token FROM tipos_tokens WHERE nome_tipo_token = 'indeterminado') LIMIT 1), (SELECT id_chave_tipo_token FROM tipos_tokens WHERE nome_tipo_token = "verbo" UNION (SELECT id_chave_tipo_token FROM tipos_tokens WHERE nome_tipo_token = 'indeterminado') LIMIT 1), @id_arquivo_var);
  INSERT IGNORE INTO tokens (nome_token, acentuada, id_tipo_token, id_tipo_token_spaCy, id_arquivo_fonte) VALUES ("bioma", "bioma", (SELECT id_tipo_token FROM classificacoes_tokens WHERE BINARY nome_token = "bioma" UNION (SELECT id_chave_tipo_token FROM tipos_tokens WHERE nome_tipo_token = 'indeterminado') LIMIT 1), (SELECT id_chave_tipo_token FROM tipos_tokens WHERE nome_tipo_token = "substantivo" UNION (SELECT id_chave_tipo_token FROM tipos_tokens WHERE nome_tipo_token = 'indeterminado') LIMIT 1), @id_arquivo_var);
  INSERT IGNORE INTO tokens (nome_token, acentuada, id_tipo_token, id_tipo_token_spaCy, id_arquivo_fonte) VALUES ("ecologicos", "ecológicos", (SELECT id_tipo_token FROM classificacoes_tokens WHERE BINARY nome_token = "ecológicos" UNION (SELECT id_chave_tipo_token FROM tipos_tokens WHERE nome_tipo_token = 'indeterminado') LIMIT 1), (SELECT id_chave_tipo_token FROM tipos_tokens WHERE nome_tipo_token = "adjetivo" UNION (SELECT id_chave_tipo_token FROM tipos_tokens WHERE nome_tipo_token = 'indeterminado') LIMIT 1), @id_arquivo_var);
  INSERT IGNORE INTO tokens (nome_token, acentuada, id_tipo_token, id_tipo_token_spaCy, id_arquivo_fonte) VALUES ("processos", "processos", (SELECT id_tipo_token FROM classificacoes_tokens WHERE BINARY nome_token = "processos" UNION (SELECT id_chave_tipo_token FROM tipos_tokens WHERE nome_tipo_token = 'indeterminado') LIMIT 1), (SELECT id_chave_tipo_token FROM tipos_tokens WHERE nome_tipo_token = "substantivo" UNION (SELECT id_chave_tipo_token FROM tipos_tokens WHERE nome_tipo_token = 'indeterminado') LIMIT 1), @id_arquivo_var);
  INSERT IGNORE INTO tokens (nome_token, acentuada, id_tipo_token, id_tipo_token_spaCy, id_arquivo_fonte) VALUES ("paisagem", "paisagem", (SELECT id_tipo_token FROM classificacoes_tokens WHERE BINARY nome_token = "paisagem" UNION (SELECT id_chave_tipo_token FROM tipos_tokens WHERE nome_tipo_token = 'indeterminado') LIMIT 1), (SELECT id_chave_tipo_token FROM tipos_tokens WHERE nome_tipo_token = "substantivo" UNION (SELECT id_chave_tipo_token FROM tipos_tokens WHERE nome_tipo_token = 'indeterminado') LIMIT 1), @id_arquivo_var);
  INSERT IGNORE INTO tokens (nome_token, acentuada, id_tipo_token, id_tipo_token_spaCy, id_arquivo_fonte) VALUES ("elementos", "elementos", (SELECT id_tipo_token FROM classificacoes_tokens WHERE BINARY nome_token = "elementos" UNION (SELECT id_chave_tipo_token FROM tipos_tokens WHERE nome_tipo_token = 'indeterminado') LIMIT 1), (SELECT id_chave_tipo_token FROM tipos_tokens WHERE nome_tipo_token = "substantivo" UNION (SELECT id_chave_tipo_token FROM tipos_tokens WHERE nome_tipo_token = 'indeterminado') LIMIT 1), @id_arquivo_var);
  INSERT IGNORE INTO classificacoes_tokens (nome_token, id_tipo_token, id_arquivo_fonte) VALUES ("64", (SELECT id_chave_tipo_token FROM tipos_tokens WHERE nome_tipo_token = "numeral"), @id_arquivo_var);
INSERT IGNORE INTO tokens (nome_token, acentuada, id_tipo_token, id_tipo_token_spaCy, id_arquivo_fonte) VALUES ("64", "64", (SELECT id_tipo_token FROM classificacoes_tokens WHERE BINARY nome_token = "64" UNION (SELECT id_chave_tipo_token FROM tipos_tokens WHERE nome_tipo_token = 'indeterminado') LIMIT 1), (SELECT id_chave_tipo_token FROM tipos_tokens WHERE nome_tipo_token = "numeral" UNION (SELECT id_chave_tipo_token FROM tipos_tokens WHERE nome_tipo_token = 'indeterminado') LIMIT 1), @id_arquivo_var);
  INSERT IGNORE INTO tokens (nome_token, acentuada, id_tipo_token, id_tipo_token_spaCy, id_arquivo_fonte) VALUES ("corte", "corte", (SELECT id_tipo_token FROM classificacoes_tokens WHERE BINARY nome_token = "corte" UNION (SELECT id_chave_tipo_token FROM tipos_tokens WHERE nome_tipo_token = 'indeterminado') LIMIT 1), (SELECT id_chave_tipo_token FROM tipos_tokens WHERE nome_tipo_token = "substantivo" UNION (SELECT id_chave_tipo_token FROM tipos_tokens WHERE nome_tipo_token = 'indeterminado') LIMIT 1), @id_arquivo_var);
  INSERT IGNORE INTO tokens (nome_token, acentuada, id_tipo_token, id_tipo_token_spaCy, id_arquivo_fonte) VALUES ("rebanho", "rebanho", (SELECT id_tipo_token FROM classificacoes_tokens WHERE BINARY nome_token = "rebanho" UNION (SELECT id_chave_tipo_token FROM tipos_tokens WHERE nome_tipo_token = 'indeterminado') LIMIT 1), (SELECT id_chave_tipo_token FROM tipos_tokens WHERE nome_tipo_token = "substantivo" UNION (SELECT id_chave_tipo_token FROM tipos_tokens WHERE nome_tipo_token = 'indeterminado') LIMIT 1), @id_arquivo_var);
  INSERT IGNORE INTO tokens (nome_token, acentuada, id_tipo_token, id_tipo_token_spaCy, id_arquivo_fonte) VALUES ("eficiencia", "eficiência", (SELECT id_tipo_token FROM classificacoes_tokens WHERE BINARY nome_token = "eficiência" UNION (SELECT id_chave_tipo_token FROM tipos_tokens WHERE nome_tipo_token = 'indeterminado') LIMIT 1), (SELECT id_chave_tipo_token FROM tipos_tokens WHERE nome_tipo_token = "substantivo" UNION (SELECT id_chave_tipo_token FROM tipos_tokens WHERE nome_tipo_token = 'indeterminado') LIMIT 1), @id_arquivo_var);
  INSERT IGNORE INTO classificacoes_tokens (nome_token, id_tipo_token, id_arquivo_fonte) VALUES ("63", (SELECT id_chave_tipo_token FROM tipos_tokens WHERE nome_tipo_token = "numeral"), @id_arquivo_var);
INSERT IGNORE INTO tokens (nome_token, acentuada, id_tipo_token, id_tipo_token_spaCy, id_arquivo_fonte) VALUES ("63", "63", (SELECT id_tipo_token FROM classificacoes_tokens WHERE BINARY nome_token = "63" UNION (SELECT id_chave_tipo_token FROM tipos_tokens WHERE nome_tipo_token = 'indeterminado') LIMIT 1), (SELECT id_chave_tipo_token FROM tipos_tokens WHERE nome_tipo_token = "numeral" UNION (SELECT id_chave_tipo_token FROM tipos_tokens WHERE nome_tipo_token = 'indeterminado') LIMIT 1), @id_arquivo_var);
  INSERT IGNORE INTO classificacoes_tokens (nome_token, id_tipo_token, id_arquivo_fonte) VALUES ("62", (SELECT id_chave_tipo_token FROM tipos_tokens WHERE nome_tipo_token = "numeral"), @id_arquivo_var);
INSERT IGNORE INTO tokens (nome_token, acentuada, id_tipo_token, id_tipo_token_spaCy, id_arquivo_fonte) VALUES ("62", "62", (SELECT id_tipo_token FROM classificacoes_tokens WHERE BINARY nome_token = "62" UNION (SELECT id_chave_tipo_token FROM tipos_tokens WHERE nome_tipo_token = 'indeterminado') LIMIT 1), (SELECT id_chave_tipo_token FROM tipos_tokens WHERE nome_tipo_token = "numeral" UNION (SELECT id_chave_tipo_token FROM tipos_tokens WHERE nome_tipo_token = 'indeterminado') LIMIT 1), @id_arquivo_var);
  INSERT IGNORE INTO tokens (nome_token, acentuada, id_tipo_token, id_tipo_token_spaCy, id_arquivo_fonte) VALUES ("campo", "campo", (SELECT id_tipo_token FROM classificacoes_tokens WHERE BINARY nome_token = "campo" UNION (SELECT id_chave_tipo_token FROM tipos_tokens WHERE nome_tipo_token = 'indeterminado') LIMIT 1), (SELECT id_chave_tipo_token FROM tipos_tokens WHERE nome_tipo_token = "substantivo" UNION (SELECT id_chave_tipo_token FROM tipos_tokens WHERE nome_tipo_token = 'indeterminado') LIMIT 1), @id_arquivo_var);
  INSERT IGNORE INTO tokens (nome_token, acentuada, id_tipo_token, id_tipo_token_spaCy, id_arquivo_fonte) VALUES ("postural", "postural", (SELECT id_tipo_token FROM classificacoes_tokens WHERE BINARY nome_token = "postural" UNION (SELECT id_chave_tipo_token FROM tipos_tokens WHERE nome_tipo_token = 'indeterminado') LIMIT 1), (SELECT id_chave_tipo_token FROM tipos_tokens WHERE nome_tipo_token = "adjetivo" UNION (SELECT id_chave_tipo_token FROM tipos_tokens WHERE nome_tipo_token = 'indeterminado') LIMIT 1), @id_arquivo_var);
  INSERT IGNORE INTO tokens (nome_token, acentuada, id_tipo_token, id_tipo_token_spaCy, id_arquivo_fonte) VALUES ("ambiental", "ambiental", (SELECT id_tipo_token FROM classificacoes_tokens WHERE BINARY nome_token = "ambiental" UNION (SELECT id_chave_tipo_token FROM tipos_tokens WHERE nome_tipo_token = 'indeterminado') LIMIT 1), (SELECT id_chave_tipo_token FROM tipos_tokens WHERE nome_tipo_token = "adjetivo" UNION (SELECT id_chave_tipo_token FROM tipos_tokens WHERE nome_tipo_token = 'indeterminado') LIMIT 1), @id_arquivo_var);
  INSERT IGNORE INTO classificacoes_tokens (nome_token, id_tipo_token, id_arquivo_fonte) VALUES ("60", (SELECT id_chave_tipo_token FROM tipos_tokens WHERE nome_tipo_token = "numeral"), @id_arquivo_var);
INSERT IGNORE INTO tokens (nome_token, acentuada, id_tipo_token, id_tipo_token_spaCy, id_arquivo_fonte) VALUES ("60", "60", (SELECT id_tipo_token FROM classificacoes_tokens WHERE BINARY nome_token = "60" UNION (SELECT id_chave_tipo_token FROM tipos_tokens WHERE nome_tipo_token = 'indeterminado') LIMIT 1), (SELECT id_chave_tipo_token FROM tipos_tokens WHERE nome_tipo_token = "numeral" UNION (SELECT id_chave_tipo_token FROM tipos_tokens WHERE nome_tipo_token = 'indeterminado') LIMIT 1), @id_arquivo_var);
  INSERT IGNORE INTO tokens (nome_token, acentuada, id_tipo_token, id_tipo_token_spaCy, id_arquivo_fonte) VALUES ("operacao", "operação", (SELECT id_tipo_token FROM classificacoes_tokens WHERE BINARY nome_token = "operação" UNION (SELECT id_chave_tipo_token FROM tipos_tokens WHERE nome_tipo_token = 'indeterminado') LIMIT 1), (SELECT id_chave_tipo_token FROM tipos_tokens WHERE nome_tipo_token = "substantivo" UNION (SELECT id_chave_tipo_token FROM tipos_tokens WHERE nome_tipo_token = 'indeterminado') LIMIT 1), @id_arquivo_var);
  INSERT IGNORE INTO tokens (nome_token, acentuada, id_tipo_token, id_tipo_token_spaCy, id_arquivo_fonte) VALUES ("legislacao", "legislação", (SELECT id_tipo_token FROM classificacoes_tokens WHERE BINARY nome_token = "legislação" UNION (SELECT id_chave_tipo_token FROM tipos_tokens WHERE nome_tipo_token = 'indeterminado') LIMIT 1), (SELECT id_chave_tipo_token FROM tipos_tokens WHERE nome_tipo_token = "sigla" UNION (SELECT id_chave_tipo_token FROM tipos_tokens WHERE nome_tipo_token = 'indeterminado') LIMIT 1), @id_arquivo_var);
  INSERT IGNORE INTO tokens (nome_token, acentuada, id_tipo_token, id_tipo_token_spaCy, id_arquivo_fonte) VALUES ("conceitos", "conceitos", (SELECT id_tipo_token FROM classificacoes_tokens WHERE BINARY nome_token = "conceitos" UNION (SELECT id_chave_tipo_token FROM tipos_tokens WHERE nome_tipo_token = 'indeterminado') LIMIT 1), (SELECT id_chave_tipo_token FROM tipos_tokens WHERE nome_tipo_token = "substantivo" UNION (SELECT id_chave_tipo_token FROM tipos_tokens WHERE nome_tipo_token = 'indeterminado') LIMIT 1), @id_arquivo_var);
  INSERT IGNORE INTO classificacoes_tokens (nome_token, id_tipo_token, id_arquivo_fonte) VALUES ("59", (SELECT id_chave_tipo_token FROM tipos_tokens WHERE nome_tipo_token = "numeral"), @id_arquivo_var);
INSERT IGNORE INTO tokens (nome_token, acentuada, id_tipo_token, id_tipo_token_spaCy, id_arquivo_fonte) VALUES ("59", "59", (SELECT id_tipo_token FROM classificacoes_tokens WHERE BINARY nome_token = "59" UNION (SELECT id_chave_tipo_token FROM tipos_tokens WHERE nome_tipo_token = 'indeterminado') LIMIT 1), (SELECT id_chave_tipo_token FROM tipos_tokens WHERE nome_tipo_token = "numeral" UNION (SELECT id_chave_tipo_token FROM tipos_tokens WHERE nome_tipo_token = 'indeterminado') LIMIT 1), @id_arquivo_var);
  INSERT IGNORE INTO classificacoes_tokens (nome_token, id_tipo_token, id_arquivo_fonte) VALUES ("21", (SELECT id_chave_tipo_token FROM tipos_tokens WHERE nome_tipo_token = "numeral"), @id_arquivo_var);
INSERT IGNORE INTO tokens (nome_token, acentuada, id_tipo_token, id_tipo_token_spaCy, id_arquivo_fonte) VALUES ("21", "21", (SELECT id_tipo_token FROM classificacoes_tokens WHERE BINARY nome_token = "21" UNION (SELECT id_chave_tipo_token FROM tipos_tokens WHERE nome_tipo_token = 'indeterminado') LIMIT 1), (SELECT id_chave_tipo_token FROM tipos_tokens WHERE nome_tipo_token = "numeral" UNION (SELECT id_chave_tipo_token FROM tipos_tokens WHERE nome_tipo_token = 'indeterminado') LIMIT 1), @id_arquivo_var);
  INSERT IGNORE INTO tokens (nome_token, acentuada, id_tipo_token, id_tipo_token_spaCy, id_arquivo_fonte) VALUES ("sintomas", "sintomas", (SELECT id_tipo_token FROM classificacoes_tokens WHERE BINARY nome_token = "sintomas" UNION (SELECT id_chave_tipo_token FROM tipos_tokens WHERE nome_tipo_token = 'indeterminado') LIMIT 1), (SELECT id_chave_tipo_token FROM tipos_tokens WHERE nome_tipo_token = "substantivo" UNION (SELECT id_chave_tipo_token FROM tipos_tokens WHERE nome_tipo_token = 'indeterminado') LIMIT 1), @id_arquivo_var);
  INSERT IGNORE INTO tokens (nome_token, acentuada, id_tipo_token, id_tipo_token_spaCy, id_arquivo_fonte) VALUES ("principais", "principais", (SELECT id_tipo_token FROM classificacoes_tokens WHERE BINARY nome_token = "principais" UNION (SELECT id_chave_tipo_token FROM tipos_tokens WHERE nome_tipo_token = 'indeterminado') LIMIT 1), (SELECT id_chave_tipo_token FROM tipos_tokens WHERE nome_tipo_token = "adjetivo" UNION (SELECT id_chave_tipo_token FROM tipos_tokens WHERE nome_tipo_token = 'indeterminado') LIMIT 1), @id_arquivo_var);
  INSERT IGNORE INTO tokens (nome_token, acentuada, id_tipo_token, id_tipo_token_spaCy, id_arquivo_fonte) VALUES ("contagio", "contágio", (SELECT id_tipo_token FROM classificacoes_tokens WHERE BINARY nome_token = "contágio" UNION (SELECT id_chave_tipo_token FROM tipos_tokens WHERE nome_tipo_token = 'indeterminado') LIMIT 1), (SELECT id_chave_tipo_token FROM tipos_tokens WHERE nome_tipo_token = "substantivo" UNION (SELECT id_chave_tipo_token FROM tipos_tokens WHERE nome_tipo_token = 'indeterminado') LIMIT 1), @id_arquivo_var);
  INSERT IGNORE INTO tokens (nome_token, acentuada, id_tipo_token, id_tipo_token_spaCy, id_arquivo_fonte) VALUES ("transmissiveis", "transmissíveis", (SELECT id_tipo_token FROM classificacoes_tokens WHERE BINARY nome_token = "transmissíveis" UNION (SELECT id_chave_tipo_token FROM tipos_tokens WHERE nome_tipo_token = 'indeterminado') LIMIT 1), (SELECT id_chave_tipo_token FROM tipos_tokens WHERE nome_tipo_token = "adjetivo" UNION (SELECT id_chave_tipo_token FROM tipos_tokens WHERE nome_tipo_token = 'indeterminado') LIMIT 1), @id_arquivo_var);
  INSERT IGNORE INTO classificacoes_tokens (nome_token, id_tipo_token, id_arquivo_fonte) VALUES ("58", (SELECT id_chave_tipo_token FROM tipos_tokens WHERE nome_tipo_token = "numeral"), @id_arquivo_var);
INSERT IGNORE INTO tokens (nome_token, acentuada, id_tipo_token, id_tipo_token_spaCy, id_arquivo_fonte) VALUES ("58", "58", (SELECT id_tipo_token FROM classificacoes_tokens WHERE BINARY nome_token = "58" UNION (SELECT id_chave_tipo_token FROM tipos_tokens WHERE nome_tipo_token = 'indeterminado') LIMIT 1), (SELECT id_chave_tipo_token FROM tipos_tokens WHERE nome_tipo_token = "numeral" UNION (SELECT id_chave_tipo_token FROM tipos_tokens WHERE nome_tipo_token = 'indeterminado') LIMIT 1), @id_arquivo_var);
  INSERT IGNORE INTO tokens (nome_token, acentuada, id_tipo_token, id_tipo_token_spaCy, id_arquivo_fonte) VALUES ("empresa", "empresa", (SELECT id_tipo_token FROM classificacoes_tokens WHERE BINARY nome_token = "empresa" UNION (SELECT id_chave_tipo_token FROM tipos_tokens WHERE nome_tipo_token = 'indeterminado') LIMIT 1), (SELECT id_chave_tipo_token FROM tipos_tokens WHERE nome_tipo_token = "substantivo" UNION (SELECT id_chave_tipo_token FROM tipos_tokens WHERE nome_tipo_token = 'indeterminado') LIMIT 1), @id_arquivo_var);
  INSERT IGNORE INTO tokens (nome_token, acentuada, id_tipo_token, id_tipo_token_spaCy, id_arquivo_fonte) VALUES ("motivacao", "motivação", (SELECT id_tipo_token FROM classificacoes_tokens WHERE BINARY nome_token = "motivação" UNION (SELECT id_chave_tipo_token FROM tipos_tokens WHERE nome_tipo_token = 'indeterminado') LIMIT 1), (SELECT id_chave_tipo_token FROM tipos_tokens WHERE nome_tipo_token = "substantivo" UNION (SELECT id_chave_tipo_token FROM tipos_tokens WHERE nome_tipo_token = 'indeterminado') LIMIT 1), @id_arquivo_var);
  INSERT IGNORE INTO tokens (nome_token, acentuada, id_tipo_token, id_tipo_token_spaCy, id_arquivo_fonte) VALUES ("lideranca", "liderança", (SELECT id_tipo_token FROM classificacoes_tokens WHERE BINARY nome_token = "liderança" UNION (SELECT id_chave_tipo_token FROM tipos_tokens WHERE nome_tipo_token = 'indeterminado') LIMIT 1), (SELECT id_chave_tipo_token FROM tipos_tokens WHERE nome_tipo_token = "substantivo" UNION (SELECT id_chave_tipo_token FROM tipos_tokens WHERE nome_tipo_token = 'indeterminado') LIMIT 1), @id_arquivo_var);
  INSERT IGNORE INTO tokens (nome_token, acentuada, id_tipo_token, id_tipo_token_spaCy, id_arquivo_fonte) VALUES ("direcao", "direção", (SELECT id_tipo_token FROM classificacoes_tokens WHERE BINARY nome_token = "direção" UNION (SELECT id_chave_tipo_token FROM tipos_tokens WHERE nome_tipo_token = 'indeterminado') LIMIT 1), (SELECT id_chave_tipo_token FROM tipos_tokens WHERE nome_tipo_token = "substantivo" UNION (SELECT id_chave_tipo_token FROM tipos_tokens WHERE nome_tipo_token = 'indeterminado') LIMIT 1), @id_arquivo_var);
  INSERT IGNORE INTO classificacoes_tokens (nome_token, id_tipo_token, id_arquivo_fonte) VALUES ("56", (SELECT id_chave_tipo_token FROM tipos_tokens WHERE nome_tipo_token = "numeral"), @id_arquivo_var);
INSERT IGNORE INTO tokens (nome_token, acentuada, id_tipo_token, id_tipo_token_spaCy, id_arquivo_fonte) VALUES ("56", "56", (SELECT id_tipo_token FROM classificacoes_tokens WHERE BINARY nome_token = "56" UNION (SELECT id_chave_tipo_token FROM tipos_tokens WHERE nome_tipo_token = 'indeterminado') LIMIT 1), (SELECT id_chave_tipo_token FROM tipos_tokens WHERE nome_tipo_token = "numeral" UNION (SELECT id_chave_tipo_token FROM tipos_tokens WHERE nome_tipo_token = 'indeterminado') LIMIT 1), @id_arquivo_var);
  INSERT IGNORE INTO tokens (nome_token, acentuada, id_tipo_token, id_tipo_token_spaCy, id_arquivo_fonte) VALUES ("digitacao", "digitação", (SELECT id_tipo_token FROM classificacoes_tokens WHERE BINARY nome_token = "digitação" UNION (SELECT id_chave_tipo_token FROM tipos_tokens WHERE nome_tipo_token = 'indeterminado') LIMIT 1), (SELECT id_chave_tipo_token FROM tipos_tokens WHERE nome_tipo_token = "substantivo" UNION (SELECT id_chave_tipo_token FROM tipos_tokens WHERE nome_tipo_token = 'indeterminado') LIMIT 1), @id_arquivo_var);
  INSERT IGNORE INTO classificacoes_tokens (nome_token, id_tipo_token, id_arquivo_fonte) VALUES ("55", (SELECT id_chave_tipo_token FROM tipos_tokens WHERE nome_tipo_token = "numeral"), @id_arquivo_var);
INSERT IGNORE INTO tokens (nome_token, acentuada, id_tipo_token, id_tipo_token_spaCy, id_arquivo_fonte) VALUES ("55", "55", (SELECT id_tipo_token FROM classificacoes_tokens WHERE BINARY nome_token = "55" UNION (SELECT id_chave_tipo_token FROM tipos_tokens WHERE nome_tipo_token = 'indeterminado') LIMIT 1), (SELECT id_chave_tipo_token FROM tipos_tokens WHERE nome_tipo_token = "numeral" UNION (SELECT id_chave_tipo_token FROM tipos_tokens WHERE nome_tipo_token = 'indeterminado') LIMIT 1), @id_arquivo_var);
  INSERT IGNORE INTO tokens (nome_token, acentuada, id_tipo_token, id_tipo_token_spaCy, id_arquivo_fonte) VALUES ("pastagem", "pastagem", (SELECT id_tipo_token FROM classificacoes_tokens WHERE BINARY nome_token = "pastagem" UNION (SELECT id_chave_tipo_token FROM tipos_tokens WHERE nome_tipo_token = 'indeterminado') LIMIT 1), (SELECT id_chave_tipo_token FROM tipos_tokens WHERE nome_tipo_token = "substantivo" UNION (SELECT id_chave_tipo_token FROM tipos_tokens WHERE nome_tipo_token = 'indeterminado') LIMIT 1), @id_arquivo_var);
  INSERT IGNORE INTO tokens (nome_token, acentuada, id_tipo_token, id_tipo_token_spaCy, id_arquivo_fonte) VALUES ("diferimento", "diferimento", (SELECT id_tipo_token FROM classificacoes_tokens WHERE BINARY nome_token = "diferimento" UNION (SELECT id_chave_tipo_token FROM tipos_tokens WHERE nome_tipo_token = 'indeterminado') LIMIT 1), (SELECT id_chave_tipo_token FROM tipos_tokens WHERE nome_tipo_token = "substantivo" UNION (SELECT id_chave_tipo_token FROM tipos_tokens WHERE nome_tipo_token = 'indeterminado') LIMIT 1), @id_arquivo_var);
  INSERT IGNORE INTO classificacoes_tokens (nome_token, id_tipo_token, id_arquivo_fonte) VALUES ("54", (SELECT id_chave_tipo_token FROM tipos_tokens WHERE nome_tipo_token = "numeral"), @id_arquivo_var);
INSERT IGNORE INTO tokens (nome_token, acentuada, id_tipo_token, id_tipo_token_spaCy, id_arquivo_fonte) VALUES ("54", "54", (SELECT id_tipo_token FROM classificacoes_tokens WHERE BINARY nome_token = "54" UNION (SELECT id_chave_tipo_token FROM tipos_tokens WHERE nome_tipo_token = 'indeterminado') LIMIT 1), (SELECT id_chave_tipo_token FROM tipos_tokens WHERE nome_tipo_token = "numeral" UNION (SELECT id_chave_tipo_token FROM tipos_tokens WHERE nome_tipo_token = 'indeterminado') LIMIT 1), @id_arquivo_var);
  INSERT IGNORE INTO tokens (nome_token, acentuada, id_tipo_token, id_tipo_token_spaCy, id_arquivo_fonte) VALUES ("hortas", "hortas", (SELECT id_tipo_token FROM classificacoes_tokens WHERE BINARY nome_token = "hortas" UNION (SELECT id_chave_tipo_token FROM tipos_tokens WHERE nome_tipo_token = 'indeterminado') LIMIT 1), (SELECT id_chave_tipo_token FROM tipos_tokens WHERE nome_tipo_token = "substantivo" UNION (SELECT id_chave_tipo_token FROM tipos_tokens WHERE nome_tipo_token = 'indeterminado') LIMIT 1), @id_arquivo_var);
  INSERT IGNORE INTO classificacoes_tokens (nome_token, id_tipo_token, id_arquivo_fonte) VALUES ("52", (SELECT id_chave_tipo_token FROM tipos_tokens WHERE nome_tipo_token = "numeral"), @id_arquivo_var);
INSERT IGNORE INTO tokens (nome_token, acentuada, id_tipo_token, id_tipo_token_spaCy, id_arquivo_fonte) VALUES ("52", "52", (SELECT id_tipo_token FROM classificacoes_tokens WHERE BINARY nome_token = "52" UNION (SELECT id_chave_tipo_token FROM tipos_tokens WHERE nome_tipo_token = 'indeterminado') LIMIT 1), (SELECT id_chave_tipo_token FROM tipos_tokens WHERE nome_tipo_token = "numeral" UNION (SELECT id_chave_tipo_token FROM tipos_tokens WHERE nome_tipo_token = 'indeterminado') LIMIT 1), @id_arquivo_var);
  INSERT IGNORE INTO classificacoes_tokens (nome_token, id_tipo_token, id_arquivo_fonte) VALUES ("51", (SELECT id_chave_tipo_token FROM tipos_tokens WHERE nome_tipo_token = "numeral"), @id_arquivo_var);
INSERT IGNORE INTO tokens (nome_token, acentuada, id_tipo_token, id_tipo_token_spaCy, id_arquivo_fonte) VALUES ("51", "51", (SELECT id_tipo_token FROM classificacoes_tokens WHERE BINARY nome_token = "51" UNION (SELECT id_chave_tipo_token FROM tipos_tokens WHERE nome_tipo_token = 'indeterminado') LIMIT 1), (SELECT id_chave_tipo_token FROM tipos_tokens WHERE nome_tipo_token = "numeral" UNION (SELECT id_chave_tipo_token FROM tipos_tokens WHERE nome_tipo_token = 'indeterminado') LIMIT 1), @id_arquivo_var);
  INSERT IGNORE INTO tokens (nome_token, acentuada, id_tipo_token, id_tipo_token_spaCy, id_arquivo_fonte) VALUES ("acucar", "açúcar", (SELECT id_tipo_token FROM classificacoes_tokens WHERE BINARY nome_token = "açúcar" UNION (SELECT id_chave_tipo_token FROM tipos_tokens WHERE nome_tipo_token = 'indeterminado') LIMIT 1), (SELECT id_chave_tipo_token FROM tipos_tokens WHERE nome_tipo_token = "substantivo" UNION (SELECT id_chave_tipo_token FROM tipos_tokens WHERE nome_tipo_token = 'indeterminado') LIMIT 1), @id_arquivo_var);
  INSERT IGNORE INTO tokens (nome_token, acentuada, id_tipo_token, id_tipo_token_spaCy, id_arquivo_fonte) VALUES ("cana", "cana", (SELECT id_tipo_token FROM classificacoes_tokens WHERE BINARY nome_token = "cana" UNION (SELECT id_chave_tipo_token FROM tipos_tokens WHERE nome_tipo_token = 'indeterminado') LIMIT 1), (SELECT id_chave_tipo_token FROM tipos_tokens WHERE nome_tipo_token = "substantivo" UNION (SELECT id_chave_tipo_token FROM tipos_tokens WHERE nome_tipo_token = 'indeterminado') LIMIT 1), @id_arquivo_var);
  INSERT IGNORE INTO tokens (nome_token, acentuada, id_tipo_token, id_tipo_token_spaCy, id_arquivo_fonte) VALUES ("cultivo", "cultivo", (SELECT id_tipo_token FROM classificacoes_tokens WHERE BINARY nome_token = "cultivo" UNION (SELECT id_chave_tipo_token FROM tipos_tokens WHERE nome_tipo_token = 'indeterminado') LIMIT 1), (SELECT id_chave_tipo_token FROM tipos_tokens WHERE nome_tipo_token = "adjetivo" UNION (SELECT id_chave_tipo_token FROM tipos_tokens WHERE nome_tipo_token = 'indeterminado') LIMIT 1), @id_arquivo_var);
  INSERT IGNORE INTO classificacoes_tokens (nome_token, id_tipo_token, id_arquivo_fonte) VALUES ("50", (SELECT id_chave_tipo_token FROM tipos_tokens WHERE nome_tipo_token = "numeral"), @id_arquivo_var);
INSERT IGNORE INTO tokens (nome_token, acentuada, id_tipo_token, id_tipo_token_spaCy, id_arquivo_fonte) VALUES ("50", "50", (SELECT id_tipo_token FROM classificacoes_tokens WHERE BINARY nome_token = "50" UNION (SELECT id_chave_tipo_token FROM tipos_tokens WHERE nome_tipo_token = 'indeterminado') LIMIT 1), (SELECT id_chave_tipo_token FROM tipos_tokens WHERE nome_tipo_token = "numeral" UNION (SELECT id_chave_tipo_token FROM tipos_tokens WHERE nome_tipo_token = 'indeterminado') LIMIT 1), @id_arquivo_var);
  INSERT IGNORE INTO tokens (nome_token, acentuada, id_tipo_token, id_tipo_token_spaCy, id_arquivo_fonte) VALUES ("drones", "drones", (SELECT id_tipo_token FROM classificacoes_tokens WHERE BINARY nome_token = "drones" UNION (SELECT id_chave_tipo_token FROM tipos_tokens WHERE nome_tipo_token = 'indeterminado') LIMIT 1), (SELECT id_chave_tipo_token FROM tipos_tokens WHERE nome_tipo_token = "sigla" UNION (SELECT id_chave_tipo_token FROM tipos_tokens WHERE nome_tipo_token = 'indeterminado') LIMIT 1), @id_arquivo_var);
  INSERT IGNORE INTO tokens (nome_token, acentuada, id_tipo_token, id_tipo_token_spaCy, id_arquivo_fonte) VALUES ("tecnicos", "técnicos", (SELECT id_tipo_token FROM classificacoes_tokens WHERE BINARY nome_token = "técnicos" UNION (SELECT id_chave_tipo_token FROM tipos_tokens WHERE nome_tipo_token = 'indeterminado') LIMIT 1), (SELECT id_chave_tipo_token FROM tipos_tokens WHERE nome_tipo_token = "adjetivo" UNION (SELECT id_chave_tipo_token FROM tipos_tokens WHERE nome_tipo_token = 'indeterminado') LIMIT 1), @id_arquivo_var);
  INSERT IGNORE INTO classificacoes_tokens (nome_token, id_tipo_token, id_arquivo_fonte) VALUES ("48", (SELECT id_chave_tipo_token FROM tipos_tokens WHERE nome_tipo_token = "numeral"), @id_arquivo_var);
INSERT IGNORE INTO tokens (nome_token, acentuada, id_tipo_token, id_tipo_token_spaCy, id_arquivo_fonte) VALUES ("48", "48", (SELECT id_tipo_token FROM classificacoes_tokens WHERE BINARY nome_token = "48" UNION (SELECT id_chave_tipo_token FROM tipos_tokens WHERE nome_tipo_token = 'indeterminado') LIMIT 1), (SELECT id_chave_tipo_token FROM tipos_tokens WHERE nome_tipo_token = "numeral" UNION (SELECT id_chave_tipo_token FROM tipos_tokens WHERE nome_tipo_token = 'indeterminado') LIMIT 1), @id_arquivo_var);
  INSERT IGNORE INTO tokens (nome_token, acentuada, id_tipo_token, id_tipo_token_spaCy, id_arquivo_fonte) VALUES ("barn", "barn", (SELECT id_tipo_token FROM classificacoes_tokens WHERE BINARY nome_token = "barn" UNION (SELECT id_chave_tipo_token FROM tipos_tokens WHERE nome_tipo_token = 'indeterminado') LIMIT 1), (SELECT id_chave_tipo_token FROM tipos_tokens WHERE nome_tipo_token = "sigla" UNION (SELECT id_chave_tipo_token FROM tipos_tokens WHERE nome_tipo_token = 'indeterminado') LIMIT 1), @id_arquivo_var);
  INSERT IGNORE INTO tokens (nome_token, acentuada, id_tipo_token, id_tipo_token_spaCy, id_arquivo_fonte) VALUES ("compost", "compost", (SELECT id_tipo_token FROM classificacoes_tokens WHERE BINARY nome_token = "compost" UNION (SELECT id_chave_tipo_token FROM tipos_tokens WHERE nome_tipo_token = 'indeterminado') LIMIT 1), (SELECT id_chave_tipo_token FROM tipos_tokens WHERE nome_tipo_token = "sigla" UNION (SELECT id_chave_tipo_token FROM tipos_tokens WHERE nome_tipo_token = 'indeterminado') LIMIT 1), @id_arquivo_var);
  INSERT IGNORE INTO tokens (nome_token, acentuada, id_tipo_token, id_tipo_token_spaCy, id_arquivo_fonte) VALUES ("camas", "camas", (SELECT id_tipo_token FROM classificacoes_tokens WHERE BINARY nome_token = "camas" UNION (SELECT id_chave_tipo_token FROM tipos_tokens WHERE nome_tipo_token = 'indeterminado') LIMIT 1), (SELECT id_chave_tipo_token FROM tipos_tokens WHERE nome_tipo_token = "substantivo" UNION (SELECT id_chave_tipo_token FROM tipos_tokens WHERE nome_tipo_token = 'indeterminado') LIMIT 1), @id_arquivo_var);
  INSERT IGNORE INTO tokens (nome_token, acentuada, id_tipo_token, id_tipo_token_spaCy, id_arquivo_fonte) VALUES ("as", "as", (SELECT id_tipo_token FROM classificacoes_tokens WHERE BINARY nome_token = "as" UNION (SELECT id_chave_tipo_token FROM tipos_tokens WHERE nome_tipo_token = 'indeterminado') LIMIT 1), (SELECT id_chave_tipo_token FROM tipos_tokens WHERE nome_tipo_token = "artigo" UNION (SELECT id_chave_tipo_token FROM tipos_tokens WHERE nome_tipo_token = 'indeterminado') LIMIT 1), @id_arquivo_var);
  INSERT IGNORE INTO tokens (nome_token, acentuada, id_tipo_token, id_tipo_token_spaCy, id_arquivo_fonte) VALUES ("manejos", "manejos", (SELECT id_tipo_token FROM classificacoes_tokens WHERE BINARY nome_token = "manejos" UNION (SELECT id_chave_tipo_token FROM tipos_tokens WHERE nome_tipo_token = 'indeterminado') LIMIT 1), (SELECT id_chave_tipo_token FROM tipos_tokens WHERE nome_tipo_token = "substantivo" UNION (SELECT id_chave_tipo_token FROM tipos_tokens WHERE nome_tipo_token = 'indeterminado') LIMIT 1), @id_arquivo_var);
  INSERT IGNORE INTO classificacoes_tokens (nome_token, id_tipo_token, id_arquivo_fonte) VALUES ("47", (SELECT id_chave_tipo_token FROM tipos_tokens WHERE nome_tipo_token = "numeral"), @id_arquivo_var);
INSERT IGNORE INTO tokens (nome_token, acentuada, id_tipo_token, id_tipo_token_spaCy, id_arquivo_fonte) VALUES ("47", "47", (SELECT id_tipo_token FROM classificacoes_tokens WHERE BINARY nome_token = "47" UNION (SELECT id_chave_tipo_token FROM tipos_tokens WHERE nome_tipo_token = 'indeterminado') LIMIT 1), (SELECT id_chave_tipo_token FROM tipos_tokens WHERE nome_tipo_token = "numeral" UNION (SELECT id_chave_tipo_token FROM tipos_tokens WHERE nome_tipo_token = 'indeterminado') LIMIT 1), @id_arquivo_var);
  INSERT IGNORE INTO tokens (nome_token, acentuada, id_tipo_token, id_tipo_token_spaCy, id_arquivo_fonte) VALUES ("tripanossomose", "tripanossomose", (SELECT id_tipo_token FROM classificacoes_tokens WHERE BINARY nome_token = "tripanossomose" UNION (SELECT id_chave_tipo_token FROM tipos_tokens WHERE nome_tipo_token = 'indeterminado') LIMIT 1), (SELECT id_chave_tipo_token FROM tipos_tokens WHERE nome_tipo_token = "substantivo" UNION (SELECT id_chave_tipo_token FROM tipos_tokens WHERE nome_tipo_token = 'indeterminado') LIMIT 1), @id_arquivo_var);
  INSERT IGNORE INTO tokens (nome_token, acentuada, id_tipo_token, id_tipo_token_spaCy, id_arquivo_fonte) VALUES ("brucelose", "brucelose", (SELECT id_tipo_token FROM classificacoes_tokens WHERE BINARY nome_token = "brucelose" UNION (SELECT id_chave_tipo_token FROM tipos_tokens WHERE nome_tipo_token = 'indeterminado') LIMIT 1), (SELECT id_chave_tipo_token FROM tipos_tokens WHERE nome_tipo_token = "substantivo" UNION (SELECT id_chave_tipo_token FROM tipos_tokens WHERE nome_tipo_token = 'indeterminado') LIMIT 1), @id_arquivo_var);
  INSERT IGNORE INTO tokens (nome_token, acentuada, id_tipo_token, id_tipo_token_spaCy, id_arquivo_fonte) VALUES ("tuberculose", "tuberculose", (SELECT id_tipo_token FROM classificacoes_tokens WHERE BINARY nome_token = "tuberculose" UNION (SELECT id_chave_tipo_token FROM tipos_tokens WHERE nome_tipo_token = 'indeterminado') LIMIT 1), (SELECT id_chave_tipo_token FROM tipos_tokens WHERE nome_tipo_token = "substantivo" UNION (SELECT id_chave_tipo_token FROM tipos_tokens WHERE nome_tipo_token = 'indeterminado') LIMIT 1), @id_arquivo_var);
  INSERT IGNORE INTO tokens (nome_token, acentuada, id_tipo_token, id_tipo_token_spaCy, id_arquivo_fonte) VALUES ("cuidados", "cuidados", (SELECT id_tipo_token FROM classificacoes_tokens WHERE BINARY nome_token = "cuidados" UNION (SELECT id_chave_tipo_token FROM tipos_tokens WHERE nome_tipo_token = 'indeterminado') LIMIT 1), (SELECT id_chave_tipo_token FROM tipos_tokens WHERE nome_tipo_token = "substantivo" UNION (SELECT id_chave_tipo_token FROM tipos_tokens WHERE nome_tipo_token = 'indeterminado') LIMIT 1), @id_arquivo_var);
  INSERT IGNORE INTO classificacoes_tokens (nome_token, id_tipo_token, id_arquivo_fonte) VALUES ("46", (SELECT id_chave_tipo_token FROM tipos_tokens WHERE nome_tipo_token = "numeral"), @id_arquivo_var);
INSERT IGNORE INTO tokens (nome_token, acentuada, id_tipo_token, id_tipo_token_spaCy, id_arquivo_fonte) VALUES ("46", "46", (SELECT id_tipo_token FROM classificacoes_tokens WHERE BINARY nome_token = "46" UNION (SELECT id_chave_tipo_token FROM tipos_tokens WHERE nome_tipo_token = 'indeterminado') LIMIT 1), (SELECT id_chave_tipo_token FROM tipos_tokens WHERE nome_tipo_token = "numeral" UNION (SELECT id_chave_tipo_token FROM tipos_tokens WHERE nome_tipo_token = 'indeterminado') LIMIT 1), @id_arquivo_var);
  INSERT IGNORE INTO tokens (nome_token, acentuada, id_tipo_token, id_tipo_token_spaCy, id_arquivo_fonte) VALUES ("credito", "crédito", (SELECT id_tipo_token FROM classificacoes_tokens WHERE BINARY nome_token = "crédito" UNION (SELECT id_chave_tipo_token FROM tipos_tokens WHERE nome_tipo_token = 'indeterminado') LIMIT 1), (SELECT id_chave_tipo_token FROM tipos_tokens WHERE nome_tipo_token = "substantivo" UNION (SELECT id_chave_tipo_token FROM tipos_tokens WHERE nome_tipo_token = 'indeterminado') LIMIT 1), @id_arquivo_var);
  INSERT IGNORE INTO classificacoes_tokens (nome_token, id_tipo_token, id_arquivo_fonte) VALUES ("44", (SELECT id_chave_tipo_token FROM tipos_tokens WHERE nome_tipo_token = "numeral"), @id_arquivo_var);
INSERT IGNORE INTO tokens (nome_token, acentuada, id_tipo_token, id_tipo_token_spaCy, id_arquivo_fonte) VALUES ("44", "44", (SELECT id_tipo_token FROM classificacoes_tokens WHERE BINARY nome_token = "44" UNION (SELECT id_chave_tipo_token FROM tipos_tokens WHERE nome_tipo_token = 'indeterminado') LIMIT 1), (SELECT id_chave_tipo_token FROM tipos_tokens WHERE nome_tipo_token = "numeral" UNION (SELECT id_chave_tipo_token FROM tipos_tokens WHERE nome_tipo_token = 'indeterminado') LIMIT 1), @id_arquivo_var);
  INSERT IGNORE INTO tokens (nome_token, acentuada, id_tipo_token, id_tipo_token_spaCy, id_arquivo_fonte) VALUES ("acidez", "acidez", (SELECT id_tipo_token FROM classificacoes_tokens WHERE BINARY nome_token = "acidez" UNION (SELECT id_chave_tipo_token FROM tipos_tokens WHERE nome_tipo_token = 'indeterminado') LIMIT 1), (SELECT id_chave_tipo_token FROM tipos_tokens WHERE nome_tipo_token = "substantivo" UNION (SELECT id_chave_tipo_token FROM tipos_tokens WHERE nome_tipo_token = 'indeterminado') LIMIT 1), @id_arquivo_var);
  INSERT IGNORE INTO tokens (nome_token, acentuada, id_tipo_token, id_tipo_token_spaCy, id_arquivo_fonte) VALUES ("correcao", "correção", (SELECT id_tipo_token FROM classificacoes_tokens WHERE BINARY nome_token = "correção" UNION (SELECT id_chave_tipo_token FROM tipos_tokens WHERE nome_tipo_token = 'indeterminado') LIMIT 1), (SELECT id_chave_tipo_token FROM tipos_tokens WHERE nome_tipo_token = "substantivo" UNION (SELECT id_chave_tipo_token FROM tipos_tokens WHERE nome_tipo_token = 'indeterminado') LIMIT 1), @id_arquivo_var);
  INSERT IGNORE INTO classificacoes_tokens (nome_token, id_tipo_token, id_arquivo_fonte) VALUES ("43", (SELECT id_chave_tipo_token FROM tipos_tokens WHERE nome_tipo_token = "numeral"), @id_arquivo_var);
INSERT IGNORE INTO tokens (nome_token, acentuada, id_tipo_token, id_tipo_token_spaCy, id_arquivo_fonte) VALUES ("43", "43", (SELECT id_tipo_token FROM classificacoes_tokens WHERE BINARY nome_token = "43" UNION (SELECT id_chave_tipo_token FROM tipos_tokens WHERE nome_tipo_token = 'indeterminado') LIMIT 1), (SELECT id_chave_tipo_token FROM tipos_tokens WHERE nome_tipo_token = "numeral" UNION (SELECT id_chave_tipo_token FROM tipos_tokens WHERE nome_tipo_token = 'indeterminado') LIMIT 1), @id_arquivo_var);
  INSERT IGNORE INTO tokens (nome_token, acentuada, id_tipo_token, id_tipo_token_spaCy, id_arquivo_fonte) VALUES ("caprinos", "caprinos", (SELECT id_tipo_token FROM classificacoes_tokens WHERE BINARY nome_token = "caprinos" UNION (SELECT id_chave_tipo_token FROM tipos_tokens WHERE nome_tipo_token = 'indeterminado') LIMIT 1), (SELECT id_chave_tipo_token FROM tipos_tokens WHERE nome_tipo_token = "substantivo" UNION (SELECT id_chave_tipo_token FROM tipos_tokens WHERE nome_tipo_token = 'indeterminado') LIMIT 1), @id_arquivo_var);
  INSERT IGNORE INTO tokens (nome_token, acentuada, id_tipo_token, id_tipo_token_spaCy, id_arquivo_fonte) VALUES ("ovinos", "ovinos", (SELECT id_tipo_token FROM classificacoes_tokens WHERE BINARY nome_token = "ovinos" UNION (SELECT id_chave_tipo_token FROM tipos_tokens WHERE nome_tipo_token = 'indeterminado') LIMIT 1), (SELECT id_chave_tipo_token FROM tipos_tokens WHERE nome_tipo_token = "substantivo" UNION (SELECT id_chave_tipo_token FROM tipos_tokens WHERE nome_tipo_token = 'indeterminado') LIMIT 1), @id_arquivo_var);
  INSERT IGNORE INTO tokens (nome_token, acentuada, id_tipo_token, id_tipo_token_spaCy, id_arquivo_fonte) VALUES ("verminoses", "verminoses", (SELECT id_tipo_token FROM classificacoes_tokens WHERE BINARY nome_token = "verminoses" UNION (SELECT id_chave_tipo_token FROM tipos_tokens WHERE nome_tipo_token = 'indeterminado') LIMIT 1), (SELECT id_chave_tipo_token FROM tipos_tokens WHERE nome_tipo_token = "substantivo" UNION (SELECT id_chave_tipo_token FROM tipos_tokens WHERE nome_tipo_token = 'indeterminado') LIMIT 1), @id_arquivo_var);
  INSERT IGNORE INTO classificacoes_tokens (nome_token, id_tipo_token, id_arquivo_fonte) VALUES ("42", (SELECT id_chave_tipo_token FROM tipos_tokens WHERE nome_tipo_token = "numeral"), @id_arquivo_var);
INSERT IGNORE INTO tokens (nome_token, acentuada, id_tipo_token, id_tipo_token_spaCy, id_arquivo_fonte) VALUES ("42", "42", (SELECT id_tipo_token FROM classificacoes_tokens WHERE BINARY nome_token = "42" UNION (SELECT id_chave_tipo_token FROM tipos_tokens WHERE nome_tipo_token = 'indeterminado') LIMIT 1), (SELECT id_chave_tipo_token FROM tipos_tokens WHERE nome_tipo_token = "numeral" UNION (SELECT id_chave_tipo_token FROM tipos_tokens WHERE nome_tipo_token = 'indeterminado') LIMIT 1), @id_arquivo_var);
  INSERT IGNORE INTO tokens (nome_token, acentuada, id_tipo_token, id_tipo_token_spaCy, id_arquivo_fonte) VALUES ("fogo", "fogo", (SELECT id_tipo_token FROM classificacoes_tokens WHERE BINARY nome_token = "fogo" UNION (SELECT id_chave_tipo_token FROM tipos_tokens WHERE nome_tipo_token = 'indeterminado') LIMIT 1), (SELECT id_chave_tipo_token FROM tipos_tokens WHERE nome_tipo_token = "substantivo" UNION (SELECT id_chave_tipo_token FROM tipos_tokens WHERE nome_tipo_token = 'indeterminado') LIMIT 1), @id_arquivo_var);
  INSERT IGNORE INTO tokens (nome_token, acentuada, id_tipo_token, id_tipo_token_spaCy, id_arquivo_fonte) VALUES ("comportamento", "comportamento", (SELECT id_tipo_token FROM classificacoes_tokens WHERE BINARY nome_token = "comportamento" UNION (SELECT id_chave_tipo_token FROM tipos_tokens WHERE nome_tipo_token = 'indeterminado') LIMIT 1), (SELECT id_chave_tipo_token FROM tipos_tokens WHERE nome_tipo_token = "substantivo" UNION (SELECT id_chave_tipo_token FROM tipos_tokens WHERE nome_tipo_token = 'indeterminado') LIMIT 1), @id_arquivo_var);
  INSERT IGNORE INTO tokens (nome_token, acentuada, id_tipo_token, id_tipo_token_spaCy, id_arquivo_fonte) VALUES ("vegetal", "vegetal", (SELECT id_tipo_token FROM classificacoes_tokens WHERE BINARY nome_token = "vegetal" UNION (SELECT id_chave_tipo_token FROM tipos_tokens WHERE nome_tipo_token = 'indeterminado') LIMIT 1), (SELECT id_chave_tipo_token FROM tipos_tokens WHERE nome_tipo_token = "verbo" UNION (SELECT id_chave_tipo_token FROM tipos_tokens WHERE nome_tipo_token = 'indeterminado') LIMIT 1), @id_arquivo_var);
  INSERT IGNORE INTO tokens (nome_token, acentuada, id_tipo_token, id_tipo_token_spaCy, id_arquivo_fonte) VALUES ("componente", "componente", (SELECT id_tipo_token FROM classificacoes_tokens WHERE BINARY nome_token = "componente" UNION (SELECT id_chave_tipo_token FROM tipos_tokens WHERE nome_tipo_token = 'indeterminado') LIMIT 1), (SELECT id_chave_tipo_token FROM tipos_tokens WHERE nome_tipo_token = "adjetivo" UNION (SELECT id_chave_tipo_token FROM tipos_tokens WHERE nome_tipo_token = 'indeterminado') LIMIT 1), @id_arquivo_var);
  INSERT IGNORE INTO tokens (nome_token, acentuada, id_tipo_token, id_tipo_token_spaCy, id_arquivo_fonte) VALUES ("ilpf", "ilpf", (SELECT id_tipo_token FROM classificacoes_tokens WHERE BINARY nome_token = "ilpf" UNION (SELECT id_chave_tipo_token FROM tipos_tokens WHERE nome_tipo_token = 'indeterminado') LIMIT 1), (SELECT id_chave_tipo_token FROM tipos_tokens WHERE nome_tipo_token = "sigla" UNION (SELECT id_chave_tipo_token FROM tipos_tokens WHERE nome_tipo_token = 'indeterminado') LIMIT 1), @id_arquivo_var);
  INSERT IGNORE INTO tokens (nome_token, acentuada, id_tipo_token, id_tipo_token_spaCy, id_arquivo_fonte) VALUES ("sistemas", "sistemas", (SELECT id_tipo_token FROM classificacoes_tokens WHERE BINARY nome_token = "sistemas" UNION (SELECT id_chave_tipo_token FROM tipos_tokens WHERE nome_tipo_token = 'indeterminado') LIMIT 1), (SELECT id_chave_tipo_token FROM tipos_tokens WHERE nome_tipo_token = "substantivo" UNION (SELECT id_chave_tipo_token FROM tipos_tokens WHERE nome_tipo_token = 'indeterminado') LIMIT 1), @id_arquivo_var);
  INSERT IGNORE INTO tokens (nome_token, acentuada, id_tipo_token, id_tipo_token_spaCy, id_arquivo_fonte) VALUES ("nos", "nos", (SELECT id_tipo_token FROM classificacoes_tokens WHERE BINARY nome_token = "nos" UNION (SELECT id_chave_tipo_token FROM tipos_tokens WHERE nome_tipo_token = 'indeterminado') LIMIT 1), (SELECT id_chave_tipo_token FROM tipos_tokens WHERE nome_tipo_token = "preposicao" UNION (SELECT id_chave_tipo_token FROM tipos_tokens WHERE nome_tipo_token = 'indeterminado') LIMIT 1), @id_arquivo_var);
  INSERT IGNORE INTO tokens (nome_token, acentuada, id_tipo_token, id_tipo_token_spaCy, id_arquivo_fonte) VALUES ("componente", "componente", (SELECT id_tipo_token FROM classificacoes_tokens WHERE BINARY nome_token = "componente" UNION (SELECT id_chave_tipo_token FROM tipos_tokens WHERE nome_tipo_token = 'indeterminado') LIMIT 1), (SELECT id_chave_tipo_token FROM tipos_tokens WHERE nome_tipo_token = "substantivo" UNION (SELECT id_chave_tipo_token FROM tipos_tokens WHERE nome_tipo_token = 'indeterminado') LIMIT 1), @id_arquivo_var);
  INSERT IGNORE INTO tokens (nome_token, acentuada, id_tipo_token, id_tipo_token_spaCy, id_arquivo_fonte) VALUES ("agregado", "agregado", (SELECT id_tipo_token FROM classificacoes_tokens WHERE BINARY nome_token = "agregado" UNION (SELECT id_chave_tipo_token FROM tipos_tokens WHERE nome_tipo_token = 'indeterminado') LIMIT 1), (SELECT id_chave_tipo_token FROM tipos_tokens WHERE nome_tipo_token = "verbo" UNION (SELECT id_chave_tipo_token FROM tipos_tokens WHERE nome_tipo_token = 'indeterminado') LIMIT 1), @id_arquivo_var);
  INSERT IGNORE INTO tokens (nome_token, acentuada, id_tipo_token, id_tipo_token_spaCy, id_arquivo_fonte) VALUES ("com", "com", (SELECT id_tipo_token FROM classificacoes_tokens WHERE BINARY nome_token = "com" UNION (SELECT id_chave_tipo_token FROM tipos_tokens WHERE nome_tipo_token = 'indeterminado') LIMIT 1), (SELECT id_chave_tipo_token FROM tipos_tokens WHERE nome_tipo_token = "preposicao" UNION (SELECT id_chave_tipo_token FROM tipos_tokens WHERE nome_tipo_token = 'indeterminado') LIMIT 1), @id_arquivo_var);
  INSERT IGNORE INTO tokens (nome_token, acentuada, id_tipo_token, id_tipo_token_spaCy, id_arquivo_fonte) VALUES ("comercializacao", "comercialização", (SELECT id_tipo_token FROM classificacoes_tokens WHERE BINARY nome_token = "comercialização" UNION (SELECT id_chave_tipo_token FROM tipos_tokens WHERE nome_tipo_token = 'indeterminado') LIMIT 1), (SELECT id_chave_tipo_token FROM tipos_tokens WHERE nome_tipo_token = "substantivo" UNION (SELECT id_chave_tipo_token FROM tipos_tokens WHERE nome_tipo_token = 'indeterminado') LIMIT 1), @id_arquivo_var);
  INSERT IGNORE INTO tokens (nome_token, acentuada, id_tipo_token, id_tipo_token_spaCy, id_arquivo_fonte) VALUES ("cadec", "cadec", (SELECT id_tipo_token FROM classificacoes_tokens WHERE BINARY nome_token = "cadec" UNION (SELECT id_chave_tipo_token FROM tipos_tokens WHERE nome_tipo_token = 'indeterminado') LIMIT 1), (SELECT id_chave_tipo_token FROM tipos_tokens WHERE nome_tipo_token = "sigla" UNION (SELECT id_chave_tipo_token FROM tipos_tokens WHERE nome_tipo_token = 'indeterminado') LIMIT 1), @id_arquivo_var);
  INSERT IGNORE INTO tokens (nome_token, acentuada, id_tipo_token, id_tipo_token_spaCy, id_arquivo_fonte) VALUES ("vegetal", "vegetal", (SELECT id_tipo_token FROM classificacoes_tokens WHERE BINARY nome_token = "vegetal" UNION (SELECT id_chave_tipo_token FROM tipos_tokens WHERE nome_tipo_token = 'indeterminado') LIMIT 1), (SELECT id_chave_tipo_token FROM tipos_tokens WHERE nome_tipo_token = "adjetivo" UNION (SELECT id_chave_tipo_token FROM tipos_tokens WHERE nome_tipo_token = 'indeterminado') LIMIT 1), @id_arquivo_var);
  INSERT IGNORE INTO tokens (nome_token, acentuada, id_tipo_token, id_tipo_token_spaCy, id_arquivo_fonte) VALUES ("embutidas", "embutidas", (SELECT id_tipo_token FROM classificacoes_tokens WHERE BINARY nome_token = "embutidas" UNION (SELECT id_chave_tipo_token FROM tipos_tokens WHERE nome_tipo_token = 'indeterminado') LIMIT 1), (SELECT id_chave_tipo_token FROM tipos_tokens WHERE nome_tipo_token = "verbo" UNION (SELECT id_chave_tipo_token FROM tipos_tokens WHERE nome_tipo_token = 'indeterminado') LIMIT 1), @id_arquivo_var);
  INSERT IGNORE INTO tokens (nome_token, acentuada, id_tipo_token, id_tipo_token_spaCy, id_arquivo_fonte) VALUES ("carnes", "carnes", (SELECT id_tipo_token FROM classificacoes_tokens WHERE BINARY nome_token = "carnes" UNION (SELECT id_chave_tipo_token FROM tipos_tokens WHERE nome_tipo_token = 'indeterminado') LIMIT 1), (SELECT id_chave_tipo_token FROM tipos_tokens WHERE nome_tipo_token = "substantivo" UNION (SELECT id_chave_tipo_token FROM tipos_tokens WHERE nome_tipo_token = 'indeterminado') LIMIT 1), @id_arquivo_var);
  INSERT IGNORE INTO tokens (nome_token, acentuada, id_tipo_token, id_tipo_token_spaCy, id_arquivo_fonte) VALUES ("fabricacao", "fabricação", (SELECT id_tipo_token FROM classificacoes_tokens WHERE BINARY nome_token = "fabricação" UNION (SELECT id_chave_tipo_token FROM tipos_tokens WHERE nome_tipo_token = 'indeterminado') LIMIT 1), (SELECT id_chave_tipo_token FROM tipos_tokens WHERE nome_tipo_token = "substantivo" UNION (SELECT id_chave_tipo_token FROM tipos_tokens WHERE nome_tipo_token = 'indeterminado') LIMIT 1), @id_arquivo_var);
  INSERT IGNORE INTO tokens (nome_token, acentuada, id_tipo_token, id_tipo_token_spaCy, id_arquivo_fonte) VALUES ("praticas", "práticas", (SELECT id_tipo_token FROM classificacoes_tokens WHERE BINARY nome_token = "práticas" UNION (SELECT id_chave_tipo_token FROM tipos_tokens WHERE nome_tipo_token = 'indeterminado') LIMIT 1), (SELECT id_chave_tipo_token FROM tipos_tokens WHERE nome_tipo_token = "substantivo" UNION (SELECT id_chave_tipo_token FROM tipos_tokens WHERE nome_tipo_token = 'indeterminado') LIMIT 1), @id_arquivo_var);
  INSERT IGNORE INTO tokens (nome_token, acentuada, id_tipo_token, id_tipo_token_spaCy, id_arquivo_fonte) VALUES ("boas", "boas", (SELECT id_tipo_token FROM classificacoes_tokens WHERE BINARY nome_token = "boas" UNION (SELECT id_chave_tipo_token FROM tipos_tokens WHERE nome_tipo_token = 'indeterminado') LIMIT 1), (SELECT id_chave_tipo_token FROM tipos_tokens WHERE nome_tipo_token = "adjetivo" UNION (SELECT id_chave_tipo_token FROM tipos_tokens WHERE nome_tipo_token = 'indeterminado') LIMIT 1), @id_arquivo_var);
  INSERT IGNORE INTO tokens (nome_token, acentuada, id_tipo_token, id_tipo_token_spaCy, id_arquivo_fonte) VALUES ("saude", "saúde", (SELECT id_tipo_token FROM classificacoes_tokens WHERE BINARY nome_token = "saúde" UNION (SELECT id_chave_tipo_token FROM tipos_tokens WHERE nome_tipo_token = 'indeterminado') LIMIT 1), (SELECT id_chave_tipo_token FROM tipos_tokens WHERE nome_tipo_token = "substantivo" UNION (SELECT id_chave_tipo_token FROM tipos_tokens WHERE nome_tipo_token = 'indeterminado') LIMIT 1), @id_arquivo_var);
  INSERT IGNORE INTO tokens (nome_token, acentuada, id_tipo_token, id_tipo_token_spaCy, id_arquivo_fonte) VALUES ("auxiliar", "auxiliar", (SELECT id_tipo_token FROM classificacoes_tokens WHERE BINARY nome_token = "auxiliar" UNION (SELECT id_chave_tipo_token FROM tipos_tokens WHERE nome_tipo_token = 'indeterminado') LIMIT 1), (SELECT id_chave_tipo_token FROM tipos_tokens WHERE nome_tipo_token = "verbo" UNION (SELECT id_chave_tipo_token FROM tipos_tokens WHERE nome_tipo_token = 'indeterminado') LIMIT 1), @id_arquivo_var);
  INSERT IGNORE INTO tokens (nome_token, acentuada, id_tipo_token, id_tipo_token_spaCy, id_arquivo_fonte) VALUES ("suinocultura", "suinocultura", (SELECT id_tipo_token FROM classificacoes_tokens WHERE BINARY nome_token = "suinocultura" UNION (SELECT id_chave_tipo_token FROM tipos_tokens WHERE nome_tipo_token = 'indeterminado') LIMIT 1), (SELECT id_chave_tipo_token FROM tipos_tokens WHERE nome_tipo_token = "substantivo" UNION (SELECT id_chave_tipo_token FROM tipos_tokens WHERE nome_tipo_token = 'indeterminado') LIMIT 1), @id_arquivo_var);
  INSERT IGNORE INTO tokens (nome_token, acentuada, id_tipo_token, id_tipo_token_spaCy, id_arquivo_fonte) VALUES ("gerais", "gerais", (SELECT id_tipo_token FROM classificacoes_tokens WHERE BINARY nome_token = "gerais" UNION (SELECT id_chave_tipo_token FROM tipos_tokens WHERE nome_tipo_token = 'indeterminado') LIMIT 1), (SELECT id_chave_tipo_token FROM tipos_tokens WHERE nome_tipo_token = "adjetivo" UNION (SELECT id_chave_tipo_token FROM tipos_tokens WHERE nome_tipo_token = 'indeterminado') LIMIT 1), @id_arquivo_var);
  INSERT IGNORE INTO tokens (nome_token, acentuada, id_tipo_token, id_tipo_token_spaCy, id_arquivo_fonte) VALUES ("assuntos", "assuntos", (SELECT id_tipo_token FROM classificacoes_tokens WHERE BINARY nome_token = "assuntos" UNION (SELECT id_chave_tipo_token FROM tipos_tokens WHERE nome_tipo_token = 'indeterminado') LIMIT 1), (SELECT id_chave_tipo_token FROM tipos_tokens WHERE nome_tipo_token = "substantivo" UNION (SELECT id_chave_tipo_token FROM tipos_tokens WHERE nome_tipo_token = 'indeterminado') LIMIT 1), @id_arquivo_var);
  INSERT IGNORE INTO classificacoes_tokens (nome_token, id_tipo_token, id_arquivo_fonte) VALUES ("45", (SELECT id_chave_tipo_token FROM tipos_tokens WHERE nome_tipo_token = "numeral"), @id_arquivo_var);
INSERT IGNORE INTO tokens (nome_token, acentuada, id_tipo_token, id_tipo_token_spaCy, id_arquivo_fonte) VALUES ("45", "45", (SELECT id_tipo_token FROM classificacoes_tokens WHERE BINARY nome_token = "45" UNION (SELECT id_chave_tipo_token FROM tipos_tokens WHERE nome_tipo_token = 'indeterminado') LIMIT 1), (SELECT id_chave_tipo_token FROM tipos_tokens WHERE nome_tipo_token = "numeral" UNION (SELECT id_chave_tipo_token FROM tipos_tokens WHERE nome_tipo_token = 'indeterminado') LIMIT 1), @id_arquivo_var);
  INSERT IGNORE INTO tokens (nome_token, acentuada, id_tipo_token, id_tipo_token_spaCy, id_arquivo_fonte) VALUES ("agronegocio", "agronegócio", (SELECT id_tipo_token FROM classificacoes_tokens WHERE BINARY nome_token = "agronegócio" UNION (SELECT id_chave_tipo_token FROM tipos_tokens WHERE nome_tipo_token = 'indeterminado') LIMIT 1), (SELECT id_chave_tipo_token FROM tipos_tokens WHERE nome_tipo_token = "substantivo" UNION (SELECT id_chave_tipo_token FROM tipos_tokens WHERE nome_tipo_token = 'indeterminado') LIMIT 1), @id_arquivo_var);
  INSERT IGNORE INTO tokens (nome_token, acentuada, id_tipo_token, id_tipo_token_spaCy, id_arquivo_fonte) VALUES ("sindicalismo", "sindicalismo", (SELECT id_tipo_token FROM classificacoes_tokens WHERE BINARY nome_token = "sindicalismo" UNION (SELECT id_chave_tipo_token FROM tipos_tokens WHERE nome_tipo_token = 'indeterminado') LIMIT 1), (SELECT id_chave_tipo_token FROM tipos_tokens WHERE nome_tipo_token = "substantivo" UNION (SELECT id_chave_tipo_token FROM tipos_tokens WHERE nome_tipo_token = 'indeterminado') LIMIT 1), @id_arquivo_var);
  INSERT IGNORE INTO tokens (nome_token, acentuada, id_tipo_token, id_tipo_token_spaCy, id_arquivo_fonte) VALUES ("cooperativismo", "cooperativismo", (SELECT id_tipo_token FROM classificacoes_tokens WHERE BINARY nome_token = "cooperativismo" UNION (SELECT id_chave_tipo_token FROM tipos_tokens WHERE nome_tipo_token = 'indeterminado') LIMIT 1), (SELECT id_chave_tipo_token FROM tipos_tokens WHERE nome_tipo_token = "substantivo" UNION (SELECT id_chave_tipo_token FROM tipos_tokens WHERE nome_tipo_token = 'indeterminado') LIMIT 1), @id_arquivo_var);
  INSERT IGNORE INTO tokens (nome_token, acentuada, id_tipo_token, id_tipo_token_spaCy, id_arquivo_fonte) VALUES ("associativismo", "associativismo", (SELECT id_tipo_token FROM classificacoes_tokens WHERE BINARY nome_token = "associativismo" UNION (SELECT id_chave_tipo_token FROM tipos_tokens WHERE nome_tipo_token = 'indeterminado') LIMIT 1), (SELECT id_chave_tipo_token FROM tipos_tokens WHERE nome_tipo_token = "substantivo" UNION (SELECT id_chave_tipo_token FROM tipos_tokens WHERE nome_tipo_token = 'indeterminado') LIMIT 1), @id_arquivo_var);
  INSERT IGNORE INTO tokens (nome_token, acentuada, id_tipo_token, id_tipo_token_spaCy, id_arquivo_fonte) VALUES ("bolsa", "bolsa", (SELECT id_tipo_token FROM classificacoes_tokens WHERE BINARY nome_token = "bolsa" UNION (SELECT id_chave_tipo_token FROM tipos_tokens WHERE nome_tipo_token = 'indeterminado') LIMIT 1), (SELECT id_chave_tipo_token FROM tipos_tokens WHERE nome_tipo_token = "substantivo" UNION (SELECT id_chave_tipo_token FROM tipos_tokens WHERE nome_tipo_token = 'indeterminado') LIMIT 1), @id_arquivo_var);
  INSERT IGNORE INTO tokens (nome_token, acentuada, id_tipo_token, id_tipo_token_spaCy, id_arquivo_fonte) VALUES ("vertical", "vertical", (SELECT id_tipo_token FROM classificacoes_tokens WHERE BINARY nome_token = "vertical" UNION (SELECT id_chave_tipo_token FROM tipos_tokens WHERE nome_tipo_token = 'indeterminado') LIMIT 1), (SELECT id_chave_tipo_token FROM tipos_tokens WHERE nome_tipo_token = "adjetivo" UNION (SELECT id_chave_tipo_token FROM tipos_tokens WHERE nome_tipo_token = 'indeterminado') LIMIT 1), @id_arquivo_var);
  INSERT IGNORE INTO tokens (nome_token, acentuada, id_tipo_token, id_tipo_token_spaCy, id_arquivo_fonte) VALUES ("silo", "silo", (SELECT id_tipo_token FROM classificacoes_tokens WHERE BINARY nome_token = "silo" UNION (SELECT id_chave_tipo_token FROM tipos_tokens WHERE nome_tipo_token = 'indeterminado') LIMIT 1), (SELECT id_chave_tipo_token FROM tipos_tokens WHERE nome_tipo_token = "substantivo" UNION (SELECT id_chave_tipo_token FROM tipos_tokens WHERE nome_tipo_token = 'indeterminado') LIMIT 1), @id_arquivo_var);
  INSERT IGNORE INTO tokens (nome_token, acentuada, id_tipo_token, id_tipo_token_spaCy, id_arquivo_fonte) VALUES ("propriedades", "propriedades", (SELECT id_tipo_token FROM classificacoes_tokens WHERE BINARY nome_token = "propriedades" UNION (SELECT id_chave_tipo_token FROM tipos_tokens WHERE nome_tipo_token = 'indeterminado') LIMIT 1), (SELECT id_chave_tipo_token FROM tipos_tokens WHERE nome_tipo_token = "substantivo" UNION (SELECT id_chave_tipo_token FROM tipos_tokens WHERE nome_tipo_token = 'indeterminado') LIMIT 1), @id_arquivo_var);
  INSERT IGNORE INTO tokens (nome_token, acentuada, id_tipo_token, id_tipo_token_spaCy, id_arquivo_fonte) VALUES ("armazenamento", "armazenamento", (SELECT id_tipo_token FROM classificacoes_tokens WHERE BINARY nome_token = "armazenamento" UNION (SELECT id_chave_tipo_token FROM tipos_tokens WHERE nome_tipo_token = 'indeterminado') LIMIT 1), (SELECT id_chave_tipo_token FROM tipos_tokens WHERE nome_tipo_token = "substantivo" UNION (SELECT id_chave_tipo_token FROM tipos_tokens WHERE nome_tipo_token = 'indeterminado') LIMIT 1), @id_arquivo_var);
  INSERT IGNORE INTO tokens (nome_token, acentuada, id_tipo_token, id_tipo_token_spaCy, id_arquivo_fonte) VALUES ("transporte", "transporte", (SELECT id_tipo_token FROM classificacoes_tokens WHERE BINARY nome_token = "transporte" UNION (SELECT id_chave_tipo_token FROM tipos_tokens WHERE nome_tipo_token = 'indeterminado') LIMIT 1), (SELECT id_chave_tipo_token FROM tipos_tokens WHERE nome_tipo_token = "substantivo" UNION (SELECT id_chave_tipo_token FROM tipos_tokens WHERE nome_tipo_token = 'indeterminado') LIMIT 1), @id_arquivo_var);
  INSERT IGNORE INTO tokens (nome_token, acentuada, id_tipo_token, id_tipo_token_spaCy, id_arquivo_fonte) VALUES ("aquisicao", "aquisição", (SELECT id_tipo_token FROM classificacoes_tokens WHERE BINARY nome_token = "aquisição" UNION (SELECT id_chave_tipo_token FROM tipos_tokens WHERE nome_tipo_token = 'indeterminado') LIMIT 1), (SELECT id_chave_tipo_token FROM tipos_tokens WHERE nome_tipo_token = "substantivo" UNION (SELECT id_chave_tipo_token FROM tipos_tokens WHERE nome_tipo_token = 'indeterminado') LIMIT 1), @id_arquivo_var);
  INSERT IGNORE INTO tokens (nome_token, acentuada, id_tipo_token, id_tipo_token_spaCy, id_arquivo_fonte) VALUES ("negocio", "negócio", (SELECT id_tipo_token FROM classificacoes_tokens WHERE BINARY nome_token = "negócio" UNION (SELECT id_chave_tipo_token FROM tipos_tokens WHERE nome_tipo_token = 'indeterminado') LIMIT 1), (SELECT id_chave_tipo_token FROM tipos_tokens WHERE nome_tipo_token = "substantivo" UNION (SELECT id_chave_tipo_token FROM tipos_tokens WHERE nome_tipo_token = 'indeterminado') LIMIT 1), @id_arquivo_var);
  INSERT IGNORE INTO tokens (nome_token, acentuada, id_tipo_token, id_tipo_token_spaCy, id_arquivo_fonte) VALUES ("vida", "vida", (SELECT id_tipo_token FROM classificacoes_tokens WHERE BINARY nome_token = "vida" UNION (SELECT id_chave_tipo_token FROM tipos_tokens WHERE nome_tipo_token = 'indeterminado') LIMIT 1), (SELECT id_chave_tipo_token FROM tipos_tokens WHERE nome_tipo_token = "substantivo" UNION (SELECT id_chave_tipo_token FROM tipos_tokens WHERE nome_tipo_token = 'indeterminado') LIMIT 1), @id_arquivo_var);
  INSERT IGNORE INTO tokens (nome_token, acentuada, id_tipo_token, id_tipo_token_spaCy, id_arquivo_fonte) VALUES ("empreendendo", "empreendendo", (SELECT id_tipo_token FROM classificacoes_tokens WHERE BINARY nome_token = "empreendendo" UNION (SELECT id_chave_tipo_token FROM tipos_tokens WHERE nome_tipo_token = 'indeterminado') LIMIT 1), (SELECT id_chave_tipo_token FROM tipos_tokens WHERE nome_tipo_token = "verbo" UNION (SELECT id_chave_tipo_token FROM tipos_tokens WHERE nome_tipo_token = 'indeterminado') LIMIT 1), @id_arquivo_var);
  INSERT IGNORE INTO tokens (nome_token, acentuada, id_tipo_token, id_tipo_token_spaCy, id_arquivo_fonte) VALUES ("aprendendo", "aprendendo", (SELECT id_tipo_token FROM classificacoes_tokens WHERE BINARY nome_token = "aprendendo" UNION (SELECT id_chave_tipo_token FROM tipos_tokens WHERE nome_tipo_token = 'indeterminado') LIMIT 1), (SELECT id_chave_tipo_token FROM tipos_tokens WHERE nome_tipo_token = "verbo" UNION (SELECT id_chave_tipo_token FROM tipos_tokens WHERE nome_tipo_token = 'indeterminado') LIMIT 1), @id_arquivo_var);
  INSERT IGNORE INTO tokens (nome_token, acentuada, id_tipo_token, id_tipo_token_spaCy, id_arquivo_fonte) VALUES ("alimentares", "alimentares", (SELECT id_tipo_token FROM classificacoes_tokens WHERE BINARY nome_token = "alimentares" UNION (SELECT id_chave_tipo_token FROM tipos_tokens WHERE nome_tipo_token = 'indeterminado') LIMIT 1), (SELECT id_chave_tipo_token FROM tipos_tokens WHERE nome_tipo_token = "adjetivo" UNION (SELECT id_chave_tipo_token FROM tipos_tokens WHERE nome_tipo_token = 'indeterminado') LIMIT 1), @id_arquivo_var);
  INSERT IGNORE INTO tokens (nome_token, acentuada, id_tipo_token, id_tipo_token_spaCy, id_arquivo_fonte) VALUES ("alternativas", "alternativas", (SELECT id_tipo_token FROM classificacoes_tokens WHERE BINARY nome_token = "alternativas" UNION (SELECT id_chave_tipo_token FROM tipos_tokens WHERE nome_tipo_token = 'indeterminado') LIMIT 1), (SELECT id_chave_tipo_token FROM tipos_tokens WHERE nome_tipo_token = "substantivo" UNION (SELECT id_chave_tipo_token FROM tipos_tokens WHERE nome_tipo_token = 'indeterminado') LIMIT 1), @id_arquivo_var);
  INSERT IGNORE INTO tokens (nome_token, acentuada, id_tipo_token, id_tipo_token_spaCy, id_arquivo_fonte) VALUES ("sustentavel", "sustentável", (SELECT id_tipo_token FROM classificacoes_tokens WHERE BINARY nome_token = "sustentável" UNION (SELECT id_chave_tipo_token FROM tipos_tokens WHERE nome_tipo_token = 'indeterminado') LIMIT 1), (SELECT id_chave_tipo_token FROM tipos_tokens WHERE nome_tipo_token = "adjetivo" UNION (SELECT id_chave_tipo_token FROM tipos_tokens WHERE nome_tipo_token = 'indeterminado') LIMIT 1), @id_arquivo_var);
  INSERT IGNORE INTO tokens (nome_token, acentuada, id_tipo_token, id_tipo_token_spaCy, id_arquivo_fonte) VALUES ("digital", "digital", (SELECT id_tipo_token FROM classificacoes_tokens WHERE BINARY nome_token = "digital" UNION (SELECT id_chave_tipo_token FROM tipos_tokens WHERE nome_tipo_token = 'indeterminado') LIMIT 1), (SELECT id_chave_tipo_token FROM tipos_tokens WHERE nome_tipo_token = "adjetivo" UNION (SELECT id_chave_tipo_token FROM tipos_tokens WHERE nome_tipo_token = 'indeterminado') LIMIT 1), @id_arquivo_var);
  INSERT IGNORE INTO tokens (nome_token, acentuada, id_tipo_token, id_tipo_token_spaCy, id_arquivo_fonte) VALUES ("fertilizantes", "fertilizantes", (SELECT id_tipo_token FROM classificacoes_tokens WHERE BINARY nome_token = "fertilizantes" UNION (SELECT id_chave_tipo_token FROM tipos_tokens WHERE nome_tipo_token = 'indeterminado') LIMIT 1), (SELECT id_chave_tipo_token FROM tipos_tokens WHERE nome_tipo_token = "substantivo" UNION (SELECT id_chave_tipo_token FROM tipos_tokens WHERE nome_tipo_token = 'indeterminado') LIMIT 1), @id_arquivo_var);
  INSERT IGNORE INTO tokens (nome_token, acentuada, id_tipo_token, id_tipo_token_spaCy, id_arquivo_fonte) VALUES ("corretivos", "corretivos", (SELECT id_tipo_token FROM classificacoes_tokens WHERE BINARY nome_token = "corretivos" UNION (SELECT id_chave_tipo_token FROM tipos_tokens WHERE nome_tipo_token = 'indeterminado') LIMIT 1), (SELECT id_chave_tipo_token FROM tipos_tokens WHERE nome_tipo_token = "substantivo" UNION (SELECT id_chave_tipo_token FROM tipos_tokens WHERE nome_tipo_token = 'indeterminado') LIMIT 1), @id_arquivo_var);
  INSERT IGNORE INTO tokens (nome_token, acentuada, id_tipo_token, id_tipo_token_spaCy, id_arquivo_fonte) VALUES ("distribuicao", "distribuição", (SELECT id_tipo_token FROM classificacoes_tokens WHERE BINARY nome_token = "distribuição" UNION (SELECT id_chave_tipo_token FROM tipos_tokens WHERE nome_tipo_token = 'indeterminado') LIMIT 1), (SELECT id_chave_tipo_token FROM tipos_tokens WHERE nome_tipo_token = "substantivo" UNION (SELECT id_chave_tipo_token FROM tipos_tokens WHERE nome_tipo_token = 'indeterminado') LIMIT 1), @id_arquivo_var);
  INSERT IGNORE INTO tokens (nome_token, acentuada, id_tipo_token, id_tipo_token_spaCy, id_arquivo_fonte) VALUES ("graos", "grãos", (SELECT id_tipo_token FROM classificacoes_tokens WHERE BINARY nome_token = "grãos" UNION (SELECT id_chave_tipo_token FROM tipos_tokens WHERE nome_tipo_token = 'indeterminado') LIMIT 1), (SELECT id_chave_tipo_token FROM tipos_tokens WHERE nome_tipo_token = "substantivo" UNION (SELECT id_chave_tipo_token FROM tipos_tokens WHERE nome_tipo_token = 'indeterminado') LIMIT 1), @id_arquivo_var);
  INSERT IGNORE INTO tokens (nome_token, acentuada, id_tipo_token, id_tipo_token_spaCy, id_arquivo_fonte) VALUES ("colheita", "colheita", (SELECT id_tipo_token FROM classificacoes_tokens WHERE BINARY nome_token = "colheita" UNION (SELECT id_chave_tipo_token FROM tipos_tokens WHERE nome_tipo_token = 'indeterminado') LIMIT 1), (SELECT id_chave_tipo_token FROM tipos_tokens WHERE nome_tipo_token = "substantivo" UNION (SELECT id_chave_tipo_token FROM tipos_tokens WHERE nome_tipo_token = 'indeterminado') LIMIT 1), @id_arquivo_var);
  INSERT IGNORE INTO classificacoes_tokens (nome_token, id_tipo_token, id_arquivo_fonte) VALUES ("17", (SELECT id_chave_tipo_token FROM tipos_tokens WHERE nome_tipo_token = "numeral"), @id_arquivo_var);
INSERT IGNORE INTO tokens (nome_token, acentuada, id_tipo_token, id_tipo_token_spaCy, id_arquivo_fonte) VALUES ("17", "17", (SELECT id_tipo_token FROM classificacoes_tokens WHERE BINARY nome_token = "17" UNION (SELECT id_chave_tipo_token FROM tipos_tokens WHERE nome_tipo_token = 'indeterminado') LIMIT 1), (SELECT id_chave_tipo_token FROM tipos_tokens WHERE nome_tipo_token = "numeral" UNION (SELECT id_chave_tipo_token FROM tipos_tokens WHERE nome_tipo_token = 'indeterminado') LIMIT 1), @id_arquivo_var);
  INSERT IGNORE INTO tokens (nome_token, acentuada, id_tipo_token, id_tipo_token_spaCy, id_arquivo_fonte) VALUES ("precisao", "precisão", (SELECT id_tipo_token FROM classificacoes_tokens WHERE BINARY nome_token = "precisão" UNION (SELECT id_chave_tipo_token FROM tipos_tokens WHERE nome_tipo_token = 'indeterminado') LIMIT 1), (SELECT id_chave_tipo_token FROM tipos_tokens WHERE nome_tipo_token = "substantivo" UNION (SELECT id_chave_tipo_token FROM tipos_tokens WHERE nome_tipo_token = 'indeterminado') LIMIT 1), @id_arquivo_var);
  INSERT IGNORE INTO tokens (nome_token, acentuada, id_tipo_token, id_tipo_token_spaCy, id_arquivo_fonte) VALUES ("agricultura", "agricultura", (SELECT id_tipo_token FROM classificacoes_tokens WHERE BINARY nome_token = "agricultura" UNION (SELECT id_chave_tipo_token FROM tipos_tokens WHERE nome_tipo_token = 'indeterminado') LIMIT 1), (SELECT id_chave_tipo_token FROM tipos_tokens WHERE nome_tipo_token = "substantivo" UNION (SELECT id_chave_tipo_token FROM tipos_tokens WHERE nome_tipo_token = 'indeterminado') LIMIT 1), @id_arquivo_var);
  INSERT IGNORE INTO classificacoes_tokens (nome_token, id_tipo_token, id_arquivo_fonte) VALUES ("03", (SELECT id_chave_tipo_token FROM tipos_tokens WHERE nome_tipo_token = "numeral"), @id_arquivo_var);
INSERT IGNORE INTO tokens (nome_token, acentuada, id_tipo_token, id_tipo_token_spaCy, id_arquivo_fonte) VALUES ("03", "03", (SELECT id_tipo_token FROM classificacoes_tokens WHERE BINARY nome_token = "03" UNION (SELECT id_chave_tipo_token FROM tipos_tokens WHERE nome_tipo_token = 'indeterminado') LIMIT 1), (SELECT id_chave_tipo_token FROM tipos_tokens WHERE nome_tipo_token = "numeral" UNION (SELECT id_chave_tipo_token FROM tipos_tokens WHERE nome_tipo_token = 'indeterminado') LIMIT 1), @id_arquivo_var);
  INSERT IGNORE INTO tokens (nome_token, acentuada, id_tipo_token, id_tipo_token_spaCy, id_arquivo_fonte) VALUES ("aos", "aos", (SELECT id_tipo_token FROM classificacoes_tokens WHERE BINARY nome_token = "aos" UNION (SELECT id_chave_tipo_token FROM tipos_tokens WHERE nome_tipo_token = 'indeterminado') LIMIT 1), (SELECT id_chave_tipo_token FROM tipos_tokens WHERE nome_tipo_token = "preposicao" UNION (SELECT id_chave_tipo_token FROM tipos_tokens WHERE nome_tipo_token = 'indeterminado') LIMIT 1), @id_arquivo_var);
  INSERT IGNORE INTO tokens (nome_token, acentuada, id_tipo_token, id_tipo_token_spaCy, id_arquivo_fonte) VALUES ("valores", "valores", (SELECT id_tipo_token FROM classificacoes_tokens WHERE BINARY nome_token = "valores" UNION (SELECT id_chave_tipo_token FROM tipos_tokens WHERE nome_tipo_token = 'indeterminado') LIMIT 1), (SELECT id_chave_tipo_token FROM tipos_tokens WHERE nome_tipo_token = "substantivo" UNION (SELECT id_chave_tipo_token FROM tipos_tokens WHERE nome_tipo_token = 'indeterminado') LIMIT 1), @id_arquivo_var);
  INSERT IGNORE INTO tokens (nome_token, acentuada, id_tipo_token, id_tipo_token_spaCy, id_arquivo_fonte) VALUES ("resultados", "resultados", (SELECT id_tipo_token FROM classificacoes_tokens WHERE BINARY nome_token = "resultados" UNION (SELECT id_chave_tipo_token FROM tipos_tokens WHERE nome_tipo_token = 'indeterminado') LIMIT 1), (SELECT id_chave_tipo_token FROM tipos_tokens WHERE nome_tipo_token = "substantivo" UNION (SELECT id_chave_tipo_token FROM tipos_tokens WHERE nome_tipo_token = 'indeterminado') LIMIT 1), @id_arquivo_var);
  INSERT IGNORE INTO tokens (nome_token, acentuada, id_tipo_token, id_tipo_token_spaCy, id_arquivo_fonte) VALUES ("busca", "busca", (SELECT id_tipo_token FROM classificacoes_tokens WHERE BINARY nome_token = "busca" UNION (SELECT id_chave_tipo_token FROM tipos_tokens WHERE nome_tipo_token = 'indeterminado') LIMIT 1), (SELECT id_chave_tipo_token FROM tipos_tokens WHERE nome_tipo_token = "substantivo" UNION (SELECT id_chave_tipo_token FROM tipos_tokens WHERE nome_tipo_token = 'indeterminado') LIMIT 1), @id_arquivo_var);
  INSERT IGNORE INTO tokens (nome_token, acentuada, id_tipo_token, id_tipo_token_spaCy, id_arquivo_fonte) VALUES ("estoques", "estoques", (SELECT id_tipo_token FROM classificacoes_tokens WHERE BINARY nome_token = "estoques" UNION (SELECT id_chave_tipo_token FROM tipos_tokens WHERE nome_tipo_token = 'indeterminado') LIMIT 1), (SELECT id_chave_tipo_token FROM tipos_tokens WHERE nome_tipo_token = "substantivo" UNION (SELECT id_chave_tipo_token FROM tipos_tokens WHERE nome_tipo_token = 'indeterminado') LIMIT 1), @id_arquivo_var);
  INSERT IGNORE INTO tokens (nome_token, acentuada, id_tipo_token, id_tipo_token_spaCy, id_arquivo_fonte) VALUES ("materiais", "materiais", (SELECT id_tipo_token FROM classificacoes_tokens WHERE BINARY nome_token = "materiais" UNION (SELECT id_chave_tipo_token FROM tipos_tokens WHERE nome_tipo_token = 'indeterminado') LIMIT 1), (SELECT id_chave_tipo_token FROM tipos_tokens WHERE nome_tipo_token = "substantivo" UNION (SELECT id_chave_tipo_token FROM tipos_tokens WHERE nome_tipo_token = 'indeterminado') LIMIT 1), @id_arquivo_var);
  INSERT IGNORE INTO tokens (nome_token, acentuada, id_tipo_token, id_tipo_token_spaCy, id_arquivo_fonte) VALUES (",", ",", (SELECT id_tipo_token FROM classificacoes_tokens WHERE BINARY nome_token = "," UNION (SELECT id_chave_tipo_token FROM tipos_tokens WHERE nome_tipo_token = 'indeterminado') LIMIT 1), (SELECT id_chave_tipo_token FROM tipos_tokens WHERE nome_tipo_token = "pontuacao" UNION (SELECT id_chave_tipo_token FROM tipos_tokens WHERE nome_tipo_token = 'indeterminado') LIMIT 1), @id_arquivo_var);
  INSERT IGNORE INTO tokens (nome_token, acentuada, id_tipo_token, id_tipo_token_spaCy, id_arquivo_fonte) VALUES ("orcamentaria", "orçamentária", (SELECT id_tipo_token FROM classificacoes_tokens WHERE BINARY nome_token = "orçamentária" UNION (SELECT id_chave_tipo_token FROM tipos_tokens WHERE nome_tipo_token = 'indeterminado') LIMIT 1), (SELECT id_chave_tipo_token FROM tipos_tokens WHERE nome_tipo_token = "adjetivo" UNION (SELECT id_chave_tipo_token FROM tipos_tokens WHERE nome_tipo_token = 'indeterminado') LIMIT 1), @id_arquivo_var);
  INSERT IGNORE INTO tokens (nome_token, acentuada, id_tipo_token, id_tipo_token_spaCy, id_arquivo_fonte) VALUES ("administracao", "administração", (SELECT id_tipo_token FROM classificacoes_tokens WHERE BINARY nome_token = "administração" UNION (SELECT id_chave_tipo_token FROM tipos_tokens WHERE nome_tipo_token = 'indeterminado') LIMIT 1), (SELECT id_chave_tipo_token FROM tipos_tokens WHERE nome_tipo_token = "substantivo" UNION (SELECT id_chave_tipo_token FROM tipos_tokens WHERE nome_tipo_token = 'indeterminado') LIMIT 1), @id_arquivo_var);
  INSERT IGNORE INTO tokens (nome_token, acentuada, id_tipo_token, id_tipo_token_spaCy, id_arquivo_fonte) VALUES ("business", "business", (SELECT id_tipo_token FROM classificacoes_tokens WHERE BINARY nome_token = "business" UNION (SELECT id_chave_tipo_token FROM tipos_tokens WHERE nome_tipo_token = 'indeterminado') LIMIT 1), (SELECT id_chave_tipo_token FROM tipos_tokens WHERE nome_tipo_token = "sigla" UNION (SELECT id_chave_tipo_token FROM tipos_tokens WHERE nome_tipo_token = 'indeterminado') LIMIT 1), @id_arquivo_var);
  INSERT IGNORE INTO tokens (nome_token, acentuada, id_tipo_token, id_tipo_token_spaCy, id_arquivo_fonte) VALUES ("whatsapp", "whatsapp", (SELECT id_tipo_token FROM classificacoes_tokens WHERE BINARY nome_token = "whatsapp" UNION (SELECT id_chave_tipo_token FROM tipos_tokens WHERE nome_tipo_token = 'indeterminado') LIMIT 1), (SELECT id_chave_tipo_token FROM tipos_tokens WHERE nome_tipo_token = "sigla" UNION (SELECT id_chave_tipo_token FROM tipos_tokens WHERE nome_tipo_token = 'indeterminado') LIMIT 1), @id_arquivo_var);
  INSERT IGNORE INTO classificacoes_tokens (nome_token, id_tipo_token, id_arquivo_fonte) VALUES ("40", (SELECT id_chave_tipo_token FROM tipos_tokens WHERE nome_tipo_token = "numeral"), @id_arquivo_var);
INSERT IGNORE INTO tokens (nome_token, acentuada, id_tipo_token, id_tipo_token_spaCy, id_arquivo_fonte) VALUES ("40", "40", (SELECT id_tipo_token FROM classificacoes_tokens WHERE BINARY nome_token = "40" UNION (SELECT id_chave_tipo_token FROM tipos_tokens WHERE nome_tipo_token = 'indeterminado') LIMIT 1), (SELECT id_chave_tipo_token FROM tipos_tokens WHERE nome_tipo_token = "numeral" UNION (SELECT id_chave_tipo_token FROM tipos_tokens WHERE nome_tipo_token = 'indeterminado') LIMIT 1), @id_arquivo_var);
  INSERT IGNORE INTO classificacoes_tokens (nome_token, id_tipo_token, id_arquivo_fonte) VALUES ("39", (SELECT id_chave_tipo_token FROM tipos_tokens WHERE nome_tipo_token = "numeral"), @id_arquivo_var);
INSERT IGNORE INTO tokens (nome_token, acentuada, id_tipo_token, id_tipo_token_spaCy, id_arquivo_fonte) VALUES ("39", "39", (SELECT id_tipo_token FROM classificacoes_tokens WHERE BINARY nome_token = "39" UNION (SELECT id_chave_tipo_token FROM tipos_tokens WHERE nome_tipo_token = 'indeterminado') LIMIT 1), (SELECT id_chave_tipo_token FROM tipos_tokens WHERE nome_tipo_token = "numeral" UNION (SELECT id_chave_tipo_token FROM tipos_tokens WHERE nome_tipo_token = 'indeterminado') LIMIT 1), @id_arquivo_var);
  INSERT IGNORE INTO tokens (nome_token, acentuada, id_tipo_token, id_tipo_token_spaCy, id_arquivo_fonte) VALUES ("bioestimulantes", "bioestimulantes", (SELECT id_tipo_token FROM classificacoes_tokens WHERE BINARY nome_token = "bioestimulantes" UNION (SELECT id_chave_tipo_token FROM tipos_tokens WHERE nome_tipo_token = 'indeterminado') LIMIT 1), (SELECT id_chave_tipo_token FROM tipos_tokens WHERE nome_tipo_token = "substantivo" UNION (SELECT id_chave_tipo_token FROM tipos_tokens WHERE nome_tipo_token = 'indeterminado') LIMIT 1), @id_arquivo_var);
  INSERT IGNORE INTO tokens (nome_token, acentuada, id_tipo_token, id_tipo_token_spaCy, id_arquivo_fonte) VALUES ("?", "?", (SELECT id_tipo_token FROM classificacoes_tokens WHERE BINARY nome_token = "?" UNION (SELECT id_chave_tipo_token FROM tipos_tokens WHERE nome_tipo_token = 'indeterminado') LIMIT 1), (SELECT id_chave_tipo_token FROM tipos_tokens WHERE nome_tipo_token = "pontuacao" UNION (SELECT id_chave_tipo_token FROM tipos_tokens WHERE nome_tipo_token = 'indeterminado') LIMIT 1), @id_arquivo_var);
  INSERT IGNORE INTO tokens (nome_token, acentuada, id_tipo_token, id_tipo_token_spaCy, id_arquivo_fonte) VALUES ("comecar", "começar", (SELECT id_tipo_token FROM classificacoes_tokens WHERE BINARY nome_token = "começar" UNION (SELECT id_chave_tipo_token FROM tipos_tokens WHERE nome_tipo_token = 'indeterminado') LIMIT 1), (SELECT id_chave_tipo_token FROM tipos_tokens WHERE nome_tipo_token = "verbo" UNION (SELECT id_chave_tipo_token FROM tipos_tokens WHERE nome_tipo_token = 'indeterminado') LIMIT 1), @id_arquivo_var);
  INSERT IGNORE INTO tokens (nome_token, acentuada, id_tipo_token, id_tipo_token_spaCy, id_arquivo_fonte) VALUES ("onde", "onde", (SELECT id_tipo_token FROM classificacoes_tokens WHERE BINARY nome_token = "onde" UNION (SELECT id_chave_tipo_token FROM tipos_tokens WHERE nome_tipo_token = 'indeterminado') LIMIT 1), (SELECT id_chave_tipo_token FROM tipos_tokens WHERE nome_tipo_token = "pronome" UNION (SELECT id_chave_tipo_token FROM tipos_tokens WHERE nome_tipo_token = 'indeterminado') LIMIT 1), @id_arquivo_var);
  INSERT IGNORE INTO tokens (nome_token, acentuada, id_tipo_token, id_tipo_token_spaCy, id_arquivo_fonte) VALUES ("por", "por", (SELECT id_tipo_token FROM classificacoes_tokens WHERE BINARY nome_token = "por" UNION (SELECT id_chave_tipo_token FROM tipos_tokens WHERE nome_tipo_token = 'indeterminado') LIMIT 1), (SELECT id_chave_tipo_token FROM tipos_tokens WHERE nome_tipo_token = "preposicao" UNION (SELECT id_chave_tipo_token FROM tipos_tokens WHERE nome_tipo_token = 'indeterminado') LIMIT 1), @id_arquivo_var);
  INSERT IGNORE INTO tokens (nome_token, acentuada, id_tipo_token, id_tipo_token_spaCy, id_arquivo_fonte) VALUES ("e", "é", (SELECT id_tipo_token FROM classificacoes_tokens WHERE BINARY nome_token = "é" UNION (SELECT id_chave_tipo_token FROM tipos_tokens WHERE nome_tipo_token = 'indeterminado') LIMIT 1), (SELECT id_chave_tipo_token FROM tipos_tokens WHERE nome_tipo_token = "verbo" UNION (SELECT id_chave_tipo_token FROM tipos_tokens WHERE nome_tipo_token = 'indeterminado') LIMIT 1), @id_arquivo_var);
  INSERT IGNORE INTO tokens (nome_token, acentuada, id_tipo_token, id_tipo_token_spaCy, id_arquivo_fonte) VALUES ("que", "que", (SELECT id_tipo_token FROM classificacoes_tokens WHERE BINARY nome_token = "que" UNION (SELECT id_chave_tipo_token FROM tipos_tokens WHERE nome_tipo_token = 'indeterminado') LIMIT 1), (SELECT id_chave_tipo_token FROM tipos_tokens WHERE nome_tipo_token = "pronome" UNION (SELECT id_chave_tipo_token FROM tipos_tokens WHERE nome_tipo_token = 'indeterminado') LIMIT 1), @id_arquivo_var);
  INSERT IGNORE INTO tokens (nome_token, acentuada, id_tipo_token, id_tipo_token_spaCy, id_arquivo_fonte) VALUES ("o", "o", (SELECT id_tipo_token FROM classificacoes_tokens WHERE BINARY nome_token = "o" UNION (SELECT id_chave_tipo_token FROM tipos_tokens WHERE nome_tipo_token = 'indeterminado') LIMIT 1), (SELECT id_chave_tipo_token FROM tipos_tokens WHERE nome_tipo_token = "pronome" UNION (SELECT id_chave_tipo_token FROM tipos_tokens WHERE nome_tipo_token = 'indeterminado') LIMIT 1), @id_arquivo_var);
  INSERT IGNORE INTO tokens (nome_token, acentuada, id_tipo_token, id_tipo_token_spaCy, id_arquivo_fonte) VALUES ("–", "–", (SELECT id_tipo_token FROM classificacoes_tokens WHERE BINARY nome_token = "–" UNION (SELECT id_chave_tipo_token FROM tipos_tokens WHERE nome_tipo_token = 'indeterminado') LIMIT 1), (SELECT id_chave_tipo_token FROM tipos_tokens WHERE nome_tipo_token = "pontuacao" UNION (SELECT id_chave_tipo_token FROM tipos_tokens WHERE nome_tipo_token = 'indeterminado') LIMIT 1), @id_arquivo_var);
  INSERT IGNORE INTO tokens (nome_token, acentuada, id_tipo_token, id_tipo_token_spaCy, id_arquivo_fonte) VALUES ("turismo", "turismo", (SELECT id_tipo_token FROM classificacoes_tokens WHERE BINARY nome_token = "turismo" UNION (SELECT id_chave_tipo_token FROM tipos_tokens WHERE nome_tipo_token = 'indeterminado') LIMIT 1), (SELECT id_chave_tipo_token FROM tipos_tokens WHERE nome_tipo_token = "substantivo" UNION (SELECT id_chave_tipo_token FROM tipos_tokens WHERE nome_tipo_token = 'indeterminado') LIMIT 1), @id_arquivo_var);
  INSERT IGNORE INTO classificacoes_tokens (nome_token, id_tipo_token, id_arquivo_fonte) VALUES ("38", (SELECT id_chave_tipo_token FROM tipos_tokens WHERE nome_tipo_token = "numeral"), @id_arquivo_var);
INSERT IGNORE INTO tokens (nome_token, acentuada, id_tipo_token, id_tipo_token_spaCy, id_arquivo_fonte) VALUES ("38", "38", (SELECT id_tipo_token FROM classificacoes_tokens WHERE BINARY nome_token = "38" UNION (SELECT id_chave_tipo_token FROM tipos_tokens WHERE nome_tipo_token = 'indeterminado') LIMIT 1), (SELECT id_chave_tipo_token FROM tipos_tokens WHERE nome_tipo_token = "numeral" UNION (SELECT id_chave_tipo_token FROM tipos_tokens WHERE nome_tipo_token = 'indeterminado') LIMIT 1), @id_arquivo_var);
  INSERT IGNORE INTO tokens (nome_token, acentuada, id_tipo_token, id_tipo_token_spaCy, id_arquivo_fonte) VALUES ("agropecuario", "agropecuário", (SELECT id_tipo_token FROM classificacoes_tokens WHERE BINARY nome_token = "agropecuário" UNION (SELECT id_chave_tipo_token FROM tipos_tokens WHERE nome_tipo_token = 'indeterminado') LIMIT 1), (SELECT id_chave_tipo_token FROM tipos_tokens WHERE nome_tipo_token = "adjetivo" UNION (SELECT id_chave_tipo_token FROM tipos_tokens WHERE nome_tipo_token = 'indeterminado') LIMIT 1), @id_arquivo_var);
  INSERT IGNORE INTO tokens (nome_token, acentuada, id_tipo_token, id_tipo_token_spaCy, id_arquivo_fonte) VALUES ("bovinos", "bovinos", (SELECT id_tipo_token FROM classificacoes_tokens WHERE BINARY nome_token = "bovinos" UNION (SELECT id_chave_tipo_token FROM tipos_tokens WHERE nome_tipo_token = 'indeterminado') LIMIT 1), (SELECT id_chave_tipo_token FROM tipos_tokens WHERE nome_tipo_token = "adjetivo" UNION (SELECT id_chave_tipo_token FROM tipos_tokens WHERE nome_tipo_token = 'indeterminado') LIMIT 1), @id_arquivo_var);
  INSERT IGNORE INTO tokens (nome_token, acentuada, id_tipo_token, id_tipo_token_spaCy, id_arquivo_fonte) VALUES ("dejetos", "dejetos", (SELECT id_tipo_token FROM classificacoes_tokens WHERE BINARY nome_token = "dejetos" UNION (SELECT id_chave_tipo_token FROM tipos_tokens WHERE nome_tipo_token = 'indeterminado') LIMIT 1), (SELECT id_chave_tipo_token FROM tipos_tokens WHERE nome_tipo_token = "substantivo" UNION (SELECT id_chave_tipo_token FROM tipos_tokens WHERE nome_tipo_token = 'indeterminado') LIMIT 1), @id_arquivo_var);
  INSERT IGNORE INTO tokens (nome_token, acentuada, id_tipo_token, id_tipo_token_spaCy, id_arquivo_fonte) VALUES ("enriquecimento", "enriquecimento", (SELECT id_tipo_token FROM classificacoes_tokens WHERE BINARY nome_token = "enriquecimento" UNION (SELECT id_chave_tipo_token FROM tipos_tokens WHERE nome_tipo_token = 'indeterminado') LIMIT 1), (SELECT id_chave_tipo_token FROM tipos_tokens WHERE nome_tipo_token = "sigla" UNION (SELECT id_chave_tipo_token FROM tipos_tokens WHERE nome_tipo_token = 'indeterminado') LIMIT 1), @id_arquivo_var);
  INSERT IGNORE INTO tokens (nome_token, acentuada, id_tipo_token, id_tipo_token_spaCy, id_arquivo_fonte) VALUES ("sistema", "sistema", (SELECT id_tipo_token FROM classificacoes_tokens WHERE BINARY nome_token = "sistema" UNION (SELECT id_chave_tipo_token FROM tipos_tokens WHERE nome_tipo_token = 'indeterminado') LIMIT 1), (SELECT id_chave_tipo_token FROM tipos_tokens WHERE nome_tipo_token = "substantivo" UNION (SELECT id_chave_tipo_token FROM tipos_tokens WHERE nome_tipo_token = 'indeterminado') LIMIT 1), @id_arquivo_var);
  INSERT IGNORE INTO classificacoes_tokens (nome_token, id_tipo_token, id_arquivo_fonte) VALUES ("36", (SELECT id_chave_tipo_token FROM tipos_tokens WHERE nome_tipo_token = "numeral"), @id_arquivo_var);
INSERT IGNORE INTO tokens (nome_token, acentuada, id_tipo_token, id_tipo_token_spaCy, id_arquivo_fonte) VALUES ("36", "36", (SELECT id_tipo_token FROM classificacoes_tokens WHERE BINARY nome_token = "36" UNION (SELECT id_chave_tipo_token FROM tipos_tokens WHERE nome_tipo_token = 'indeterminado') LIMIT 1), (SELECT id_chave_tipo_token FROM tipos_tokens WHERE nome_tipo_token = "numeral" UNION (SELECT id_chave_tipo_token FROM tipos_tokens WHERE nome_tipo_token = 'indeterminado') LIMIT 1), @id_arquivo_var);
  INSERT IGNORE INTO classificacoes_tokens (nome_token, id_tipo_token, id_arquivo_fonte) VALUES ("35", (SELECT id_chave_tipo_token FROM tipos_tokens WHERE nome_tipo_token = "numeral"), @id_arquivo_var);
INSERT IGNORE INTO tokens (nome_token, acentuada, id_tipo_token, id_tipo_token_spaCy, id_arquivo_fonte) VALUES ("35", "35", (SELECT id_tipo_token FROM classificacoes_tokens WHERE BINARY nome_token = "35" UNION (SELECT id_chave_tipo_token FROM tipos_tokens WHERE nome_tipo_token = 'indeterminado') LIMIT 1), (SELECT id_chave_tipo_token FROM tipos_tokens WHERE nome_tipo_token = "numeral" UNION (SELECT id_chave_tipo_token FROM tipos_tokens WHERE nome_tipo_token = 'indeterminado') LIMIT 1), @id_arquivo_var);
  INSERT IGNORE INTO tokens (nome_token, acentuada, id_tipo_token, id_tipo_token_spaCy, id_arquivo_fonte) VALUES ("aplicacao", "aplicação", (SELECT id_tipo_token FROM classificacoes_tokens WHERE BINARY nome_token = "aplicação" UNION (SELECT id_chave_tipo_token FROM tipos_tokens WHERE nome_tipo_token = 'indeterminado') LIMIT 1), (SELECT id_chave_tipo_token FROM tipos_tokens WHERE nome_tipo_token = "substantivo" UNION (SELECT id_chave_tipo_token FROM tipos_tokens WHERE nome_tipo_token = 'indeterminado') LIMIT 1), @id_arquivo_var);
  INSERT IGNORE INTO tokens (nome_token, acentuada, id_tipo_token, id_tipo_token_spaCy, id_arquivo_fonte) VALUES ("epis", "epis", (SELECT id_tipo_token FROM classificacoes_tokens WHERE BINARY nome_token = "epis" UNION (SELECT id_chave_tipo_token FROM tipos_tokens WHERE nome_tipo_token = 'indeterminado') LIMIT 1), (SELECT id_chave_tipo_token FROM tipos_tokens WHERE nome_tipo_token = "substantivo" UNION (SELECT id_chave_tipo_token FROM tipos_tokens WHERE nome_tipo_token = 'indeterminado') LIMIT 1), @id_arquivo_var);
  INSERT IGNORE INTO tokens (nome_token, acentuada, id_tipo_token, id_tipo_token_spaCy, id_arquivo_fonte) VALUES ("uso", "uso", (SELECT id_tipo_token FROM classificacoes_tokens WHERE BINARY nome_token = "uso" UNION (SELECT id_chave_tipo_token FROM tipos_tokens WHERE nome_tipo_token = 'indeterminado') LIMIT 1), (SELECT id_chave_tipo_token FROM tipos_tokens WHERE nome_tipo_token = "substantivo" UNION (SELECT id_chave_tipo_token FROM tipos_tokens WHERE nome_tipo_token = 'indeterminado') LIMIT 1), @id_arquivo_var);
  INSERT IGNORE INTO tokens (nome_token, acentuada, id_tipo_token, id_tipo_token_spaCy, id_arquivo_fonte) VALUES ("seguranca", "segurança", (SELECT id_tipo_token FROM classificacoes_tokens WHERE BINARY nome_token = "segurança" UNION (SELECT id_chave_tipo_token FROM tipos_tokens WHERE nome_tipo_token = 'indeterminado') LIMIT 1), (SELECT id_chave_tipo_token FROM tipos_tokens WHERE nome_tipo_token = "substantivo" UNION (SELECT id_chave_tipo_token FROM tipos_tokens WHERE nome_tipo_token = 'indeterminado') LIMIT 1), @id_arquivo_var);
  INSERT IGNORE INTO classificacoes_tokens (nome_token, id_tipo_token, id_arquivo_fonte) VALUES ("34", (SELECT id_chave_tipo_token FROM tipos_tokens WHERE nome_tipo_token = "numeral"), @id_arquivo_var);
INSERT IGNORE INTO tokens (nome_token, acentuada, id_tipo_token, id_tipo_token_spaCy, id_arquivo_fonte) VALUES ("34", "34", (SELECT id_tipo_token FROM classificacoes_tokens WHERE BINARY nome_token = "34" UNION (SELECT id_chave_tipo_token FROM tipos_tokens WHERE nome_tipo_token = 'indeterminado') LIMIT 1), (SELECT id_chave_tipo_token FROM tipos_tokens WHERE nome_tipo_token = "numeral" UNION (SELECT id_chave_tipo_token FROM tipos_tokens WHERE nome_tipo_token = 'indeterminado') LIMIT 1), @id_arquivo_var);
  INSERT IGNORE INTO tokens (nome_token, acentuada, id_tipo_token, id_tipo_token_spaCy, id_arquivo_fonte) VALUES ("hortalicas", "hortaliças", (SELECT id_tipo_token FROM classificacoes_tokens WHERE BINARY nome_token = "hortaliças" UNION (SELECT id_chave_tipo_token FROM tipos_tokens WHERE nome_tipo_token = 'indeterminado') LIMIT 1), (SELECT id_chave_tipo_token FROM tipos_tokens WHERE nome_tipo_token = "substantivo" UNION (SELECT id_chave_tipo_token FROM tipos_tokens WHERE nome_tipo_token = 'indeterminado') LIMIT 1), @id_arquivo_var);
  INSERT IGNORE INTO tokens (nome_token, acentuada, id_tipo_token, id_tipo_token_spaCy, id_arquivo_fonte) VALUES ("mudas", "mudas", (SELECT id_tipo_token FROM classificacoes_tokens WHERE BINARY nome_token = "mudas" UNION (SELECT id_chave_tipo_token FROM tipos_tokens WHERE nome_tipo_token = 'indeterminado') LIMIT 1), (SELECT id_chave_tipo_token FROM tipos_tokens WHERE nome_tipo_token = "substantivo" UNION (SELECT id_chave_tipo_token FROM tipos_tokens WHERE nome_tipo_token = 'indeterminado') LIMIT 1), @id_arquivo_var);
  INSERT IGNORE INTO classificacoes_tokens (nome_token, id_tipo_token, id_arquivo_fonte) VALUES ("32", (SELECT id_chave_tipo_token FROM tipos_tokens WHERE nome_tipo_token = "numeral"), @id_arquivo_var);
INSERT IGNORE INTO tokens (nome_token, acentuada, id_tipo_token, id_tipo_token_spaCy, id_arquivo_fonte) VALUES ("32", "32", (SELECT id_tipo_token FROM classificacoes_tokens WHERE BINARY nome_token = "32" UNION (SELECT id_chave_tipo_token FROM tipos_tokens WHERE nome_tipo_token = 'indeterminado') LIMIT 1), (SELECT id_chave_tipo_token FROM tipos_tokens WHERE nome_tipo_token = "numeral" UNION (SELECT id_chave_tipo_token FROM tipos_tokens WHERE nome_tipo_token = 'indeterminado') LIMIT 1), @id_arquivo_var);
  INSERT IGNORE INTO tokens (nome_token, acentuada, id_tipo_token, id_tipo_token_spaCy, id_arquivo_fonte) VALUES ("animal", "animal", (SELECT id_tipo_token FROM classificacoes_tokens WHERE BINARY nome_token = "animal" UNION (SELECT id_chave_tipo_token FROM tipos_tokens WHERE nome_tipo_token = 'indeterminado') LIMIT 1), (SELECT id_chave_tipo_token FROM tipos_tokens WHERE nome_tipo_token = "adjetivo" UNION (SELECT id_chave_tipo_token FROM tipos_tokens WHERE nome_tipo_token = 'indeterminado') LIMIT 1), @id_arquivo_var);
  INSERT IGNORE INTO tokens (nome_token, acentuada, id_tipo_token, id_tipo_token_spaCy, id_arquivo_fonte) VALUES ("alimentacao", "alimentação", (SELECT id_tipo_token FROM classificacoes_tokens WHERE BINARY nome_token = "alimentação" UNION (SELECT id_chave_tipo_token FROM tipos_tokens WHERE nome_tipo_token = 'indeterminado') LIMIT 1), (SELECT id_chave_tipo_token FROM tipos_tokens WHERE nome_tipo_token = "substantivo" UNION (SELECT id_chave_tipo_token FROM tipos_tokens WHERE nome_tipo_token = 'indeterminado') LIMIT 1), @id_arquivo_var);
  INSERT IGNORE INTO tokens (nome_token, acentuada, id_tipo_token, id_tipo_token_spaCy, id_arquivo_fonte) VALUES ("hidroponica", "hidropônica", (SELECT id_tipo_token FROM classificacoes_tokens WHERE BINARY nome_token = "hidropônica" UNION (SELECT id_chave_tipo_token FROM tipos_tokens WHERE nome_tipo_token = 'indeterminado') LIMIT 1), (SELECT id_chave_tipo_token FROM tipos_tokens WHERE nome_tipo_token = "adjetivo" UNION (SELECT id_chave_tipo_token FROM tipos_tokens WHERE nome_tipo_token = 'indeterminado') LIMIT 1), @id_arquivo_var);
  INSERT IGNORE INTO tokens (nome_token, acentuada, id_tipo_token, id_tipo_token_spaCy, id_arquivo_fonte) VALUES ("verde", "verde", (SELECT id_tipo_token FROM classificacoes_tokens WHERE BINARY nome_token = "verde" UNION (SELECT id_chave_tipo_token FROM tipos_tokens WHERE nome_tipo_token = 'indeterminado') LIMIT 1), (SELECT id_chave_tipo_token FROM tipos_tokens WHERE nome_tipo_token = "adjetivo" UNION (SELECT id_chave_tipo_token FROM tipos_tokens WHERE nome_tipo_token = 'indeterminado') LIMIT 1), @id_arquivo_var);
  INSERT IGNORE INTO tokens (nome_token, acentuada, id_tipo_token, id_tipo_token_spaCy, id_arquivo_fonte) VALUES ("forragem", "forragem", (SELECT id_tipo_token FROM classificacoes_tokens WHERE BINARY nome_token = "forragem" UNION (SELECT id_chave_tipo_token FROM tipos_tokens WHERE nome_tipo_token = 'indeterminado') LIMIT 1), (SELECT id_chave_tipo_token FROM tipos_tokens WHERE nome_tipo_token = "substantivo" UNION (SELECT id_chave_tipo_token FROM tipos_tokens WHERE nome_tipo_token = 'indeterminado') LIMIT 1), @id_arquivo_var);
  INSERT IGNORE INTO classificacoes_tokens (nome_token, id_tipo_token, id_arquivo_fonte) VALUES ("31", (SELECT id_chave_tipo_token FROM tipos_tokens WHERE nome_tipo_token = "numeral"), @id_arquivo_var);
INSERT IGNORE INTO tokens (nome_token, acentuada, id_tipo_token, id_tipo_token_spaCy, id_arquivo_fonte) VALUES ("31", "31", (SELECT id_tipo_token FROM classificacoes_tokens WHERE BINARY nome_token = "31" UNION (SELECT id_chave_tipo_token FROM tipos_tokens WHERE nome_tipo_token = 'indeterminado') LIMIT 1), (SELECT id_chave_tipo_token FROM tipos_tokens WHERE nome_tipo_token = "numeral" UNION (SELECT id_chave_tipo_token FROM tipos_tokens WHERE nome_tipo_token = 'indeterminado') LIMIT 1), @id_arquivo_var);
  INSERT IGNORE INTO tokens (nome_token, acentuada, id_tipo_token, id_tipo_token_spaCy, id_arquivo_fonte) VALUES ("hipertensao", "hipertensão", (SELECT id_tipo_token FROM classificacoes_tokens WHERE BINARY nome_token = "hipertensão" UNION (SELECT id_chave_tipo_token FROM tipos_tokens WHERE nome_tipo_token = 'indeterminado') LIMIT 1), (SELECT id_chave_tipo_token FROM tipos_tokens WHERE nome_tipo_token = "substantivo" UNION (SELECT id_chave_tipo_token FROM tipos_tokens WHERE nome_tipo_token = 'indeterminado') LIMIT 1), @id_arquivo_var);
  INSERT IGNORE INTO tokens (nome_token, acentuada, id_tipo_token, id_tipo_token_spaCy, id_arquivo_fonte) VALUES ("diabetes", "diabetes", (SELECT id_tipo_token FROM classificacoes_tokens WHERE BINARY nome_token = "diabetes" UNION (SELECT id_chave_tipo_token FROM tipos_tokens WHERE nome_tipo_token = 'indeterminado') LIMIT 1), (SELECT id_chave_tipo_token FROM tipos_tokens WHERE nome_tipo_token = "substantivo" UNION (SELECT id_chave_tipo_token FROM tipos_tokens WHERE nome_tipo_token = 'indeterminado') LIMIT 1), @id_arquivo_var);
  INSERT IGNORE INTO tokens (nome_token, acentuada, id_tipo_token, id_tipo_token_spaCy, id_arquivo_fonte) VALUES ("prevencao", "prevenção", (SELECT id_tipo_token FROM classificacoes_tokens WHERE BINARY nome_token = "prevenção" UNION (SELECT id_chave_tipo_token FROM tipos_tokens WHERE nome_tipo_token = 'indeterminado') LIMIT 1), (SELECT id_chave_tipo_token FROM tipos_tokens WHERE nome_tipo_token = "substantivo" UNION (SELECT id_chave_tipo_token FROM tipos_tokens WHERE nome_tipo_token = 'indeterminado') LIMIT 1), @id_arquivo_var);
  INSERT IGNORE INTO classificacoes_tokens (nome_token, id_tipo_token, id_arquivo_fonte) VALUES ("30", (SELECT id_chave_tipo_token FROM tipos_tokens WHERE nome_tipo_token = "numeral"), @id_arquivo_var);
INSERT IGNORE INTO tokens (nome_token, acentuada, id_tipo_token, id_tipo_token_spaCy, id_arquivo_fonte) VALUES ("30", "30", (SELECT id_tipo_token FROM classificacoes_tokens WHERE BINARY nome_token = "30" UNION (SELECT id_chave_tipo_token FROM tipos_tokens WHERE nome_tipo_token = 'indeterminado') LIMIT 1), (SELECT id_chave_tipo_token FROM tipos_tokens WHERE nome_tipo_token = "numeral" UNION (SELECT id_chave_tipo_token FROM tipos_tokens WHERE nome_tipo_token = 'indeterminado') LIMIT 1), @id_arquivo_var);
  INSERT IGNORE INTO classificacoes_tokens (nome_token, id_tipo_token, id_arquivo_fonte) VALUES ("28", (SELECT id_chave_tipo_token FROM tipos_tokens WHERE nome_tipo_token = "numeral"), @id_arquivo_var);
INSERT IGNORE INTO tokens (nome_token, acentuada, id_tipo_token, id_tipo_token_spaCy, id_arquivo_fonte) VALUES ("28", "28", (SELECT id_tipo_token FROM classificacoes_tokens WHERE BINARY nome_token = "28" UNION (SELECT id_chave_tipo_token FROM tipos_tokens WHERE nome_tipo_token = 'indeterminado') LIMIT 1), (SELECT id_chave_tipo_token FROM tipos_tokens WHERE nome_tipo_token = "numeral" UNION (SELECT id_chave_tipo_token FROM tipos_tokens WHERE nome_tipo_token = 'indeterminado') LIMIT 1), @id_arquivo_var);
  INSERT IGNORE INTO tokens (nome_token, acentuada, id_tipo_token, id_tipo_token_spaCy, id_arquivo_fonte) VALUES ("meio", "meio", (SELECT id_tipo_token FROM classificacoes_tokens WHERE BINARY nome_token = "meio" UNION (SELECT id_chave_tipo_token FROM tipos_tokens WHERE nome_tipo_token = 'indeterminado') LIMIT 1), (SELECT id_chave_tipo_token FROM tipos_tokens WHERE nome_tipo_token = "substantivo" UNION (SELECT id_chave_tipo_token FROM tipos_tokens WHERE nome_tipo_token = 'indeterminado') LIMIT 1), @id_arquivo_var);
  INSERT IGNORE INTO tokens (nome_token, acentuada, id_tipo_token, id_tipo_token_spaCy, id_arquivo_fonte) VALUES ("no", "no", (SELECT id_tipo_token FROM classificacoes_tokens WHERE BINARY nome_token = "no" UNION (SELECT id_chave_tipo_token FROM tipos_tokens WHERE nome_tipo_token = 'indeterminado') LIMIT 1), (SELECT id_chave_tipo_token FROM tipos_tokens WHERE nome_tipo_token = "preposicao" UNION (SELECT id_chave_tipo_token FROM tipos_tokens WHERE nome_tipo_token = 'indeterminado') LIMIT 1), @id_arquivo_var);
  INSERT IGNORE INTO tokens (nome_token, acentuada, id_tipo_token, id_tipo_token_spaCy, id_arquivo_fonte) VALUES ("estar", "estar", (SELECT id_tipo_token FROM classificacoes_tokens WHERE BINARY nome_token = "estar" UNION (SELECT id_chave_tipo_token FROM tipos_tokens WHERE nome_tipo_token = 'indeterminado') LIMIT 1), (SELECT id_chave_tipo_token FROM tipos_tokens WHERE nome_tipo_token = "verbo" UNION (SELECT id_chave_tipo_token FROM tipos_tokens WHERE nome_tipo_token = 'indeterminado') LIMIT 1), @id_arquivo_var);
  INSERT IGNORE INTO tokens (nome_token, acentuada, id_tipo_token, id_tipo_token_spaCy, id_arquivo_fonte) VALUES ("bem", "bem", (SELECT id_tipo_token FROM classificacoes_tokens WHERE BINARY nome_token = "bem" UNION (SELECT id_chave_tipo_token FROM tipos_tokens WHERE nome_tipo_token = 'indeterminado') LIMIT 1), (SELECT id_chave_tipo_token FROM tipos_tokens WHERE nome_tipo_token = "adverbio" UNION (SELECT id_chave_tipo_token FROM tipos_tokens WHERE nome_tipo_token = 'indeterminado') LIMIT 1), @id_arquivo_var);
  INSERT IGNORE INTO tokens (nome_token, acentuada, id_tipo_token, id_tipo_token_spaCy, id_arquivo_fonte) VALUES ("e", "e", (SELECT id_tipo_token FROM classificacoes_tokens WHERE BINARY nome_token = "e" UNION (SELECT id_chave_tipo_token FROM tipos_tokens WHERE nome_tipo_token = 'indeterminado') LIMIT 1), (SELECT id_chave_tipo_token FROM tipos_tokens WHERE nome_tipo_token = "substantivo" UNION (SELECT id_chave_tipo_token FROM tipos_tokens WHERE nome_tipo_token = 'indeterminado') LIMIT 1), @id_arquivo_var);
  INSERT IGNORE INTO tokens (nome_token, acentuada, id_tipo_token, id_tipo_token_spaCy, id_arquivo_fonte) VALUES ("nutricao", "nutrição", (SELECT id_tipo_token FROM classificacoes_tokens WHERE BINARY nome_token = "nutrição" UNION (SELECT id_chave_tipo_token FROM tipos_tokens WHERE nome_tipo_token = 'indeterminado') LIMIT 1), (SELECT id_chave_tipo_token FROM tipos_tokens WHERE nome_tipo_token = "substantivo" UNION (SELECT id_chave_tipo_token FROM tipos_tokens WHERE nome_tipo_token = 'indeterminado') LIMIT 1), @id_arquivo_var);
  INSERT IGNORE INTO tokens (nome_token, acentuada, id_tipo_token, id_tipo_token_spaCy, id_arquivo_fonte) VALUES ("marketplace", "marketplace", (SELECT id_tipo_token FROM classificacoes_tokens WHERE BINARY nome_token = "marketplace" UNION (SELECT id_chave_tipo_token FROM tipos_tokens WHERE nome_tipo_token = 'indeterminado') LIMIT 1), (SELECT id_chave_tipo_token FROM tipos_tokens WHERE nome_tipo_token = "sigla" UNION (SELECT id_chave_tipo_token FROM tipos_tokens WHERE nome_tipo_token = 'indeterminado') LIMIT 1), @id_arquivo_var);
  INSERT IGNORE INTO classificacoes_tokens (nome_token, id_tipo_token, id_arquivo_fonte) VALUES ("27", (SELECT id_chave_tipo_token FROM tipos_tokens WHERE nome_tipo_token = "numeral"), @id_arquivo_var);
INSERT IGNORE INTO tokens (nome_token, acentuada, id_tipo_token, id_tipo_token_spaCy, id_arquivo_fonte) VALUES ("27", "27", (SELECT id_tipo_token FROM classificacoes_tokens WHERE BINARY nome_token = "27" UNION (SELECT id_chave_tipo_token FROM tipos_tokens WHERE nome_tipo_token = 'indeterminado') LIMIT 1), (SELECT id_chave_tipo_token FROM tipos_tokens WHERE nome_tipo_token = "numeral" UNION (SELECT id_chave_tipo_token FROM tipos_tokens WHERE nome_tipo_token = 'indeterminado') LIMIT 1), @id_arquivo_var);
  INSERT IGNORE INTO tokens (nome_token, acentuada, id_tipo_token, id_tipo_token_spaCy, id_arquivo_fonte) VALUES ("marketing", "marketing", (SELECT id_tipo_token FROM classificacoes_tokens WHERE BINARY nome_token = "marketing" UNION (SELECT id_chave_tipo_token FROM tipos_tokens WHERE nome_tipo_token = 'indeterminado') LIMIT 1), (SELECT id_chave_tipo_token FROM tipos_tokens WHERE nome_tipo_token = "substantivo" UNION (SELECT id_chave_tipo_token FROM tipos_tokens WHERE nome_tipo_token = 'indeterminado') LIMIT 1), @id_arquivo_var);
  INSERT IGNORE INTO tokens (nome_token, acentuada, id_tipo_token, id_tipo_token_spaCy, id_arquivo_fonte) VALUES ("cavalos", "cavalos", (SELECT id_tipo_token FROM classificacoes_tokens WHERE BINARY nome_token = "cavalos" UNION (SELECT id_chave_tipo_token FROM tipos_tokens WHERE nome_tipo_token = 'indeterminado') LIMIT 1), (SELECT id_chave_tipo_token FROM tipos_tokens WHERE nome_tipo_token = "substantivo" UNION (SELECT id_chave_tipo_token FROM tipos_tokens WHERE nome_tipo_token = 'indeterminado') LIMIT 1), @id_arquivo_var);
  INSERT IGNORE INTO tokens (nome_token, acentuada, id_tipo_token, id_tipo_token_spaCy, id_arquivo_fonte) VALUES ("manejo", "manejo", (SELECT id_tipo_token FROM classificacoes_tokens WHERE BINARY nome_token = "manejo" UNION (SELECT id_chave_tipo_token FROM tipos_tokens WHERE nome_tipo_token = 'indeterminado') LIMIT 1), (SELECT id_chave_tipo_token FROM tipos_tokens WHERE nome_tipo_token = "substantivo" UNION (SELECT id_chave_tipo_token FROM tipos_tokens WHERE nome_tipo_token = 'indeterminado') LIMIT 1), @id_arquivo_var);
  INSERT IGNORE INTO classificacoes_tokens (nome_token, id_tipo_token, id_arquivo_fonte) VALUES ("24", (SELECT id_chave_tipo_token FROM tipos_tokens WHERE nome_tipo_token = "numeral"), @id_arquivo_var);
INSERT IGNORE INTO tokens (nome_token, acentuada, id_tipo_token, id_tipo_token_spaCy, id_arquivo_fonte) VALUES ("24", "24", (SELECT id_tipo_token FROM classificacoes_tokens WHERE BINARY nome_token = "24" UNION (SELECT id_chave_tipo_token FROM tipos_tokens WHERE nome_tipo_token = 'indeterminado') LIMIT 1), (SELECT id_chave_tipo_token FROM tipos_tokens WHERE nome_tipo_token = "numeral" UNION (SELECT id_chave_tipo_token FROM tipos_tokens WHERE nome_tipo_token = 'indeterminado') LIMIT 1), @id_arquivo_var);
  INSERT IGNORE INTO tokens (nome_token, acentuada, id_tipo_token, id_tipo_token_spaCy, id_arquivo_fonte) VALUES ("instagram", "instagram", (SELECT id_tipo_token FROM classificacoes_tokens WHERE BINARY nome_token = "instagram" UNION (SELECT id_chave_tipo_token FROM tipos_tokens WHERE nome_tipo_token = 'indeterminado') LIMIT 1), (SELECT id_chave_tipo_token FROM tipos_tokens WHERE nome_tipo_token = "verbo" UNION (SELECT id_chave_tipo_token FROM tipos_tokens WHERE nome_tipo_token = 'indeterminado') LIMIT 1), @id_arquivo_var);
  INSERT IGNORE INTO classificacoes_tokens (nome_token, id_tipo_token, id_arquivo_fonte) VALUES ("23", (SELECT id_chave_tipo_token FROM tipos_tokens WHERE nome_tipo_token = "numeral"), @id_arquivo_var);
INSERT IGNORE INTO tokens (nome_token, acentuada, id_tipo_token, id_tipo_token_spaCy, id_arquivo_fonte) VALUES ("23", "23", (SELECT id_tipo_token FROM classificacoes_tokens WHERE BINARY nome_token = "23" UNION (SELECT id_chave_tipo_token FROM tipos_tokens WHERE nome_tipo_token = 'indeterminado') LIMIT 1), (SELECT id_chave_tipo_token FROM tipos_tokens WHERE nome_tipo_token = "numeral" UNION (SELECT id_chave_tipo_token FROM tipos_tokens WHERE nome_tipo_token = 'indeterminado') LIMIT 1), @id_arquivo_var);
  INSERT IGNORE INTO tokens (nome_token, acentuada, id_tipo_token, id_tipo_token_spaCy, id_arquivo_fonte) VALUES ("declarado", "declarado", (SELECT id_tipo_token FROM classificacoes_tokens WHERE BINARY nome_token = "declarado" UNION (SELECT id_chave_tipo_token FROM tipos_tokens WHERE nome_tipo_token = 'indeterminado') LIMIT 1), (SELECT id_chave_tipo_token FROM tipos_tokens WHERE nome_tipo_token = "verbo" UNION (SELECT id_chave_tipo_token FROM tipos_tokens WHERE nome_tipo_token = 'indeterminado') LIMIT 1), @id_arquivo_var);
  INSERT IGNORE INTO tokens (nome_token, acentuada, id_tipo_token, id_tipo_token_spaCy, id_arquivo_fonte) VALUES ("nao", "não", (SELECT id_tipo_token FROM classificacoes_tokens WHERE BINARY nome_token = "não" UNION (SELECT id_chave_tipo_token FROM tipos_tokens WHERE nome_tipo_token = 'indeterminado') LIMIT 1), (SELECT id_chave_tipo_token FROM tipos_tokens WHERE nome_tipo_token = "adverbio" UNION (SELECT id_chave_tipo_token FROM tipos_tokens WHERE nome_tipo_token = 'indeterminado') LIMIT 1), @id_arquivo_var);
  INSERT IGNORE INTO tokens (nome_token, acentuada, id_tipo_token, id_tipo_token_spaCy, id_arquivo_fonte) VALUES ("geografica", "geográfica", (SELECT id_tipo_token FROM classificacoes_tokens WHERE BINARY nome_token = "geográfica" UNION (SELECT id_chave_tipo_token FROM tipos_tokens WHERE nome_tipo_token = 'indeterminado') LIMIT 1), (SELECT id_chave_tipo_token FROM tipos_tokens WHERE nome_tipo_token = "adjetivo" UNION (SELECT id_chave_tipo_token FROM tipos_tokens WHERE nome_tipo_token = 'indeterminado') LIMIT 1), @id_arquivo_var);
  INSERT IGNORE INTO tokens (nome_token, acentuada, id_tipo_token, id_tipo_token_spaCy, id_arquivo_fonte) VALUES ("indicacao", "indicação", (SELECT id_tipo_token FROM classificacoes_tokens WHERE BINARY nome_token = "indicação" UNION (SELECT id_chave_tipo_token FROM tipos_tokens WHERE nome_tipo_token = 'indeterminado') LIMIT 1), (SELECT id_chave_tipo_token FROM tipos_tokens WHERE nome_tipo_token = "substantivo" UNION (SELECT id_chave_tipo_token FROM tipos_tokens WHERE nome_tipo_token = 'indeterminado') LIMIT 1), @id_arquivo_var);
  INSERT IGNORE INTO classificacoes_tokens (nome_token, id_tipo_token, id_arquivo_fonte) VALUES ("22", (SELECT id_chave_tipo_token FROM tipos_tokens WHERE nome_tipo_token = "numeral"), @id_arquivo_var);
INSERT IGNORE INTO tokens (nome_token, acentuada, id_tipo_token, id_tipo_token_spaCy, id_arquivo_fonte) VALUES ("22", "22", (SELECT id_tipo_token FROM classificacoes_tokens WHERE BINARY nome_token = "22" UNION (SELECT id_chave_tipo_token FROM tipos_tokens WHERE nome_tipo_token = 'indeterminado') LIMIT 1), (SELECT id_chave_tipo_token FROM tipos_tokens WHERE nome_tipo_token = "numeral" UNION (SELECT id_chave_tipo_token FROM tipos_tokens WHERE nome_tipo_token = 'indeterminado') LIMIT 1), @id_arquivo_var);
  INSERT IGNORE INTO tokens (nome_token, acentuada, id_tipo_token, id_tipo_token_spaCy, id_arquivo_fonte) VALUES ("forrageiras", "forrageiras", (SELECT id_tipo_token FROM classificacoes_tokens WHERE BINARY nome_token = "forrageiras" UNION (SELECT id_chave_tipo_token FROM tipos_tokens WHERE nome_tipo_token = 'indeterminado') LIMIT 1), (SELECT id_chave_tipo_token FROM tipos_tokens WHERE nome_tipo_token = "adjetivo" UNION (SELECT id_chave_tipo_token FROM tipos_tokens WHERE nome_tipo_token = 'indeterminado') LIMIT 1), @id_arquivo_var);
  INSERT IGNORE INTO tokens (nome_token, acentuada, id_tipo_token, id_tipo_token_spaCy, id_arquivo_fonte) VALUES ("gramineas", "gramíneas", (SELECT id_tipo_token FROM classificacoes_tokens WHERE BINARY nome_token = "gramíneas" UNION (SELECT id_chave_tipo_token FROM tipos_tokens WHERE nome_tipo_token = 'indeterminado') LIMIT 1), (SELECT id_chave_tipo_token FROM tipos_tokens WHERE nome_tipo_token = "substantivo" UNION (SELECT id_chave_tipo_token FROM tipos_tokens WHERE nome_tipo_token = 'indeterminado') LIMIT 1), @id_arquivo_var);
  INSERT IGNORE INTO classificacoes_tokens (nome_token, id_tipo_token, id_arquivo_fonte) VALUES ("20", (SELECT id_chave_tipo_token FROM tipos_tokens WHERE nome_tipo_token = "numeral"), @id_arquivo_var);
INSERT IGNORE INTO tokens (nome_token, acentuada, id_tipo_token, id_tipo_token_spaCy, id_arquivo_fonte) VALUES ("20", "20", (SELECT id_tipo_token FROM classificacoes_tokens WHERE BINARY nome_token = "20" UNION (SELECT id_chave_tipo_token FROM tipos_tokens WHERE nome_tipo_token = 'indeterminado') LIMIT 1), (SELECT id_chave_tipo_token FROM tipos_tokens WHERE nome_tipo_token = "numeral" UNION (SELECT id_chave_tipo_token FROM tipos_tokens WHERE nome_tipo_token = 'indeterminado') LIMIT 1), @id_arquivo_var);
  INSERT IGNORE INTO tokens (nome_token, acentuada, id_tipo_token, id_tipo_token_spaCy, id_arquivo_fonte) VALUES ("producao", "produção", (SELECT id_tipo_token FROM classificacoes_tokens WHERE BINARY nome_token = "produção" UNION (SELECT id_chave_tipo_token FROM tipos_tokens WHERE nome_tipo_token = 'indeterminado') LIMIT 1), (SELECT id_chave_tipo_token FROM tipos_tokens WHERE nome_tipo_token = "substantivo" UNION (SELECT id_chave_tipo_token FROM tipos_tokens WHERE nome_tipo_token = 'indeterminado') LIMIT 1), @id_arquivo_var);
  INSERT IGNORE INTO tokens (nome_token, acentuada, id_tipo_token, id_tipo_token_spaCy, id_arquivo_fonte) VALUES ("custos", "custos", (SELECT id_tipo_token FROM classificacoes_tokens WHERE BINARY nome_token = "custos" UNION (SELECT id_chave_tipo_token FROM tipos_tokens WHERE nome_tipo_token = 'indeterminado') LIMIT 1), (SELECT id_chave_tipo_token FROM tipos_tokens WHERE nome_tipo_token = "substantivo" UNION (SELECT id_chave_tipo_token FROM tipos_tokens WHERE nome_tipo_token = 'indeterminado') LIMIT 1), @id_arquivo_var);
  INSERT IGNORE INTO tokens (nome_token, acentuada, id_tipo_token, id_tipo_token_spaCy, id_arquivo_fonte) VALUES (":", ":", (SELECT id_tipo_token FROM classificacoes_tokens WHERE BINARY nome_token = ":" UNION (SELECT id_chave_tipo_token FROM tipos_tokens WHERE nome_tipo_token = 'indeterminado') LIMIT 1), (SELECT id_chave_tipo_token FROM tipos_tokens WHERE nome_tipo_token = "pontuacao" UNION (SELECT id_chave_tipo_token FROM tipos_tokens WHERE nome_tipo_token = 'indeterminado') LIMIT 1), @id_arquivo_var);
  INSERT IGNORE INTO tokens (nome_token, acentuada, id_tipo_token, id_tipo_token_spaCy, id_arquivo_fonte) VALUES ("agropecuaria", "agropecuária", (SELECT id_tipo_token FROM classificacoes_tokens WHERE BINARY nome_token = "agropecuária" UNION (SELECT id_chave_tipo_token FROM tipos_tokens WHERE nome_tipo_token = 'indeterminado') LIMIT 1), (SELECT id_chave_tipo_token FROM tipos_tokens WHERE nome_tipo_token = "substantivo" UNION (SELECT id_chave_tipo_token FROM tipos_tokens WHERE nome_tipo_token = 'indeterminado') LIMIT 1), @id_arquivo_var);
  INSERT IGNORE INTO tokens (nome_token, acentuada, id_tipo_token, id_tipo_token_spaCy, id_arquivo_fonte) VALUES ("atividade", "atividade", (SELECT id_tipo_token FROM classificacoes_tokens WHERE BINARY nome_token = "atividade" UNION (SELECT id_chave_tipo_token FROM tipos_tokens WHERE nome_tipo_token = 'indeterminado') LIMIT 1), (SELECT id_chave_tipo_token FROM tipos_tokens WHERE nome_tipo_token = "substantivo" UNION (SELECT id_chave_tipo_token FROM tipos_tokens WHERE nome_tipo_token = 'indeterminado') LIMIT 1), @id_arquivo_var);
  INSERT IGNORE INTO tokens (nome_token, acentuada, id_tipo_token, id_tipo_token_spaCy, id_arquivo_fonte) VALUES ("gestao", "gestão", (SELECT id_tipo_token FROM classificacoes_tokens WHERE BINARY nome_token = "gestão" UNION (SELECT id_chave_tipo_token FROM tipos_tokens WHERE nome_tipo_token = 'indeterminado') LIMIT 1), (SELECT id_chave_tipo_token FROM tipos_tokens WHERE nome_tipo_token = "substantivo" UNION (SELECT id_chave_tipo_token FROM tipos_tokens WHERE nome_tipo_token = 'indeterminado') LIMIT 1), @id_arquivo_var);
  INSERT IGNORE INTO classificacoes_tokens (nome_token, id_tipo_token, id_arquivo_fonte) VALUES ("19", (SELECT id_chave_tipo_token FROM tipos_tokens WHERE nome_tipo_token = "numeral"), @id_arquivo_var);
INSERT IGNORE INTO tokens (nome_token, acentuada, id_tipo_token, id_tipo_token_spaCy, id_arquivo_fonte) VALUES ("19", "19", (SELECT id_tipo_token FROM classificacoes_tokens WHERE BINARY nome_token = "19" UNION (SELECT id_chave_tipo_token FROM tipos_tokens WHERE nome_tipo_token = 'indeterminado') LIMIT 1), (SELECT id_chave_tipo_token FROM tipos_tokens WHERE nome_tipo_token = "numeral" UNION (SELECT id_chave_tipo_token FROM tipos_tokens WHERE nome_tipo_token = 'indeterminado') LIMIT 1), @id_arquivo_var);
  INSERT IGNORE INTO tokens (nome_token, acentuada, id_tipo_token, id_tipo_token_spaCy, id_arquivo_fonte) VALUES ("veterinaria", "veterinária", (SELECT id_tipo_token FROM classificacoes_tokens WHERE BINARY nome_token = "veterinária" UNION (SELECT id_chave_tipo_token FROM tipos_tokens WHERE nome_tipo_token = 'indeterminado') LIMIT 1), (SELECT id_chave_tipo_token FROM tipos_tokens WHERE nome_tipo_token = "adjetivo" UNION (SELECT id_chave_tipo_token FROM tipos_tokens WHERE nome_tipo_token = 'indeterminado') LIMIT 1), @id_arquivo_var);
  INSERT IGNORE INTO tokens (nome_token, acentuada, id_tipo_token, id_tipo_token_spaCy, id_arquivo_fonte) VALUES ("farmacia", "farmácia", (SELECT id_tipo_token FROM classificacoes_tokens WHERE BINARY nome_token = "farmácia" UNION (SELECT id_chave_tipo_token FROM tipos_tokens WHERE nome_tipo_token = 'indeterminado') LIMIT 1), (SELECT id_chave_tipo_token FROM tipos_tokens WHERE nome_tipo_token = "verbo" UNION (SELECT id_chave_tipo_token FROM tipos_tokens WHERE nome_tipo_token = 'indeterminado') LIMIT 1), @id_arquivo_var);
  INSERT IGNORE INTO classificacoes_tokens (nome_token, id_tipo_token, id_arquivo_fonte) VALUES ("18", (SELECT id_chave_tipo_token FROM tipos_tokens WHERE nome_tipo_token = "numeral"), @id_arquivo_var);
INSERT IGNORE INTO tokens (nome_token, acentuada, id_tipo_token, id_tipo_token_spaCy, id_arquivo_fonte) VALUES ("18", "18", (SELECT id_tipo_token FROM classificacoes_tokens WHERE BINARY nome_token = "18" UNION (SELECT id_chave_tipo_token FROM tipos_tokens WHERE nome_tipo_token = 'indeterminado') LIMIT 1), (SELECT id_chave_tipo_token FROM tipos_tokens WHERE nome_tipo_token = "numeral" UNION (SELECT id_chave_tipo_token FROM tipos_tokens WHERE nome_tipo_token = 'indeterminado') LIMIT 1), @id_arquivo_var);
  INSERT IGNORE INTO tokens (nome_token, acentuada, id_tipo_token, id_tipo_token_spaCy, id_arquivo_fonte) VALUES ("rural", "rural", (SELECT id_tipo_token FROM classificacoes_tokens WHERE BINARY nome_token = "rural" UNION (SELECT id_chave_tipo_token FROM tipos_tokens WHERE nome_tipo_token = 'indeterminado') LIMIT 1), (SELECT id_chave_tipo_token FROM tipos_tokens WHERE nome_tipo_token = "adjetivo" UNION (SELECT id_chave_tipo_token FROM tipos_tokens WHERE nome_tipo_token = 'indeterminado') LIMIT 1), @id_arquivo_var);
  INSERT IGNORE INTO tokens (nome_token, acentuada, id_tipo_token, id_tipo_token_spaCy, id_arquivo_fonte) VALUES ("produtor", "produtor", (SELECT id_tipo_token FROM classificacoes_tokens WHERE BINARY nome_token = "produtor" UNION (SELECT id_chave_tipo_token FROM tipos_tokens WHERE nome_tipo_token = 'indeterminado') LIMIT 1), (SELECT id_chave_tipo_token FROM tipos_tokens WHERE nome_tipo_token = "substantivo" UNION (SELECT id_chave_tipo_token FROM tipos_tokens WHERE nome_tipo_token = 'indeterminado') LIMIT 1), @id_arquivo_var);
  INSERT IGNORE INTO tokens (nome_token, acentuada, id_tipo_token, id_tipo_token_spaCy, id_arquivo_fonte) VALUES ("o", "o", (SELECT id_tipo_token FROM classificacoes_tokens WHERE BINARY nome_token = "o" UNION (SELECT id_chave_tipo_token FROM tipos_tokens WHERE nome_tipo_token = 'indeterminado') LIMIT 1), (SELECT id_chave_tipo_token FROM tipos_tokens WHERE nome_tipo_token = "artigo" UNION (SELECT id_chave_tipo_token FROM tipos_tokens WHERE nome_tipo_token = 'indeterminado') LIMIT 1), @id_arquivo_var);
  INSERT IGNORE INTO tokens (nome_token, acentuada, id_tipo_token, id_tipo_token_spaCy, id_arquivo_fonte) VALUES ("financeira", "financeira", (SELECT id_tipo_token FROM classificacoes_tokens WHERE BINARY nome_token = "financeira" UNION (SELECT id_chave_tipo_token FROM tipos_tokens WHERE nome_tipo_token = 'indeterminado') LIMIT 1), (SELECT id_chave_tipo_token FROM tipos_tokens WHERE nome_tipo_token = "adjetivo" UNION (SELECT id_chave_tipo_token FROM tipos_tokens WHERE nome_tipo_token = 'indeterminado') LIMIT 1), @id_arquivo_var);
  INSERT IGNORE INTO tokens (nome_token, acentuada, id_tipo_token, id_tipo_token_spaCy, id_arquivo_fonte) VALUES ("educacao", "educação", (SELECT id_tipo_token FROM classificacoes_tokens WHERE BINARY nome_token = "educação" UNION (SELECT id_chave_tipo_token FROM tipos_tokens WHERE nome_tipo_token = 'indeterminado') LIMIT 1), (SELECT id_chave_tipo_token FROM tipos_tokens WHERE nome_tipo_token = "substantivo" UNION (SELECT id_chave_tipo_token FROM tipos_tokens WHERE nome_tipo_token = 'indeterminado') LIMIT 1), @id_arquivo_var);
  INSERT IGNORE INTO classificacoes_tokens (nome_token, id_tipo_token, id_arquivo_fonte) VALUES ("16", (SELECT id_chave_tipo_token FROM tipos_tokens WHERE nome_tipo_token = "numeral"), @id_arquivo_var);
INSERT IGNORE INTO tokens (nome_token, acentuada, id_tipo_token, id_tipo_token_spaCy, id_arquivo_fonte) VALUES ("16", "16", (SELECT id_tipo_token FROM classificacoes_tokens WHERE BINARY nome_token = "16" UNION (SELECT id_chave_tipo_token FROM tipos_tokens WHERE nome_tipo_token = 'indeterminado') LIMIT 1), (SELECT id_chave_tipo_token FROM tipos_tokens WHERE nome_tipo_token = "numeral" UNION (SELECT id_chave_tipo_token FROM tipos_tokens WHERE nome_tipo_token = 'indeterminado') LIMIT 1), @id_arquivo_var);
  INSERT IGNORE INTO tokens (nome_token, acentuada, id_tipo_token, id_tipo_token_spaCy, id_arquivo_fonte) VALUES ("bovinos", "bovinos", (SELECT id_tipo_token FROM classificacoes_tokens WHERE BINARY nome_token = "bovinos" UNION (SELECT id_chave_tipo_token FROM tipos_tokens WHERE nome_tipo_token = 'indeterminado') LIMIT 1), (SELECT id_chave_tipo_token FROM tipos_tokens WHERE nome_tipo_token = "substantivo" UNION (SELECT id_chave_tipo_token FROM tipos_tokens WHERE nome_tipo_token = 'indeterminado') LIMIT 1), @id_arquivo_var);
  INSERT IGNORE INTO tokens (nome_token, acentuada, id_tipo_token, id_tipo_token_spaCy, id_arquivo_fonte) VALUES ("em", "em", (SELECT id_tipo_token FROM classificacoes_tokens WHERE BINARY nome_token = "em" UNION (SELECT id_chave_tipo_token FROM tipos_tokens WHERE nome_tipo_token = 'indeterminado') LIMIT 1), (SELECT id_chave_tipo_token FROM tipos_tokens WHERE nome_tipo_token = "preposicao" UNION (SELECT id_chave_tipo_token FROM tipos_tokens WHERE nome_tipo_token = 'indeterminado') LIMIT 1), @id_arquivo_var);
  INSERT IGNORE INTO tokens (nome_token, acentuada, id_tipo_token, id_tipo_token_spaCy, id_arquivo_fonte) VALUES ("reprodutivas", "reprodutivas", (SELECT id_tipo_token FROM classificacoes_tokens WHERE BINARY nome_token = "reprodutivas" UNION (SELECT id_chave_tipo_token FROM tipos_tokens WHERE nome_tipo_token = 'indeterminado') LIMIT 1), (SELECT id_chave_tipo_token FROM tipos_tokens WHERE nome_tipo_token = "adjetivo" UNION (SELECT id_chave_tipo_token FROM tipos_tokens WHERE nome_tipo_token = 'indeterminado') LIMIT 1), @id_arquivo_var);
  INSERT IGNORE INTO tokens (nome_token, acentuada, id_tipo_token, id_tipo_token_spaCy, id_arquivo_fonte) VALUES ("doencas", "doenças", (SELECT id_tipo_token FROM classificacoes_tokens WHERE BINARY nome_token = "doenças" UNION (SELECT id_chave_tipo_token FROM tipos_tokens WHERE nome_tipo_token = 'indeterminado') LIMIT 1), (SELECT id_chave_tipo_token FROM tipos_tokens WHERE nome_tipo_token = "substantivo" UNION (SELECT id_chave_tipo_token FROM tipos_tokens WHERE nome_tipo_token = 'indeterminado') LIMIT 1), @id_arquivo_var);
  INSERT IGNORE INTO tokens (nome_token, acentuada, id_tipo_token, id_tipo_token_spaCy, id_arquivo_fonte) VALUES ("agricolas", "agrícolas", (SELECT id_tipo_token FROM classificacoes_tokens WHERE BINARY nome_token = "agrícolas" UNION (SELECT id_chave_tipo_token FROM tipos_tokens WHERE nome_tipo_token = 'indeterminado') LIMIT 1), (SELECT id_chave_tipo_token FROM tipos_tokens WHERE nome_tipo_token = "adjetivo" UNION (SELECT id_chave_tipo_token FROM tipos_tokens WHERE nome_tipo_token = 'indeterminado') LIMIT 1), @id_arquivo_var);
  INSERT IGNORE INTO tokens (nome_token, acentuada, id_tipo_token, id_tipo_token_spaCy, id_arquivo_fonte) VALUES ("defensivos", "defensivos", (SELECT id_tipo_token FROM classificacoes_tokens WHERE BINARY nome_token = "defensivos" UNION (SELECT id_chave_tipo_token FROM tipos_tokens WHERE nome_tipo_token = 'indeterminado') LIMIT 1), (SELECT id_chave_tipo_token FROM tipos_tokens WHERE nome_tipo_token = "substantivo" UNION (SELECT id_chave_tipo_token FROM tipos_tokens WHERE nome_tipo_token = 'indeterminado') LIMIT 1), @id_arquivo_var);
  INSERT IGNORE INTO tokens (nome_token, acentuada, id_tipo_token, id_tipo_token_spaCy, id_arquivo_fonte) VALUES ("embalagens", "embalagens", (SELECT id_tipo_token FROM classificacoes_tokens WHERE BINARY nome_token = "embalagens" UNION (SELECT id_chave_tipo_token FROM tipos_tokens WHERE nome_tipo_token = 'indeterminado') LIMIT 1), (SELECT id_chave_tipo_token FROM tipos_tokens WHERE nome_tipo_token = "substantivo" UNION (SELECT id_chave_tipo_token FROM tipos_tokens WHERE nome_tipo_token = 'indeterminado') LIMIT 1), @id_arquivo_var);
  INSERT IGNORE INTO tokens (nome_token, acentuada, id_tipo_token, id_tipo_token_spaCy, id_arquivo_fonte) VALUES ("legal", "legal", (SELECT id_tipo_token FROM classificacoes_tokens WHERE BINARY nome_token = "legal" UNION (SELECT id_chave_tipo_token FROM tipos_tokens WHERE nome_tipo_token = 'indeterminado') LIMIT 1), (SELECT id_chave_tipo_token FROM tipos_tokens WHERE nome_tipo_token = "adjetivo" UNION (SELECT id_chave_tipo_token FROM tipos_tokens WHERE nome_tipo_token = 'indeterminado') LIMIT 1), @id_arquivo_var);
  INSERT IGNORE INTO tokens (nome_token, acentuada, id_tipo_token, id_tipo_token_spaCy, id_arquivo_fonte) VALUES ("devolucao", "devolução", (SELECT id_tipo_token FROM classificacoes_tokens WHERE BINARY nome_token = "devolução" UNION (SELECT id_chave_tipo_token FROM tipos_tokens WHERE nome_tipo_token = 'indeterminado') LIMIT 1), (SELECT id_chave_tipo_token FROM tipos_tokens WHERE nome_tipo_token = "substantivo" UNION (SELECT id_chave_tipo_token FROM tipos_tokens WHERE nome_tipo_token = 'indeterminado') LIMIT 1), @id_arquivo_var);
  INSERT IGNORE INTO classificacoes_tokens (nome_token, id_tipo_token, id_arquivo_fonte) VALUES ("15", (SELECT id_chave_tipo_token FROM tipos_tokens WHERE nome_tipo_token = "numeral"), @id_arquivo_var);
INSERT IGNORE INTO tokens (nome_token, acentuada, id_tipo_token, id_tipo_token_spaCy, id_arquivo_fonte) VALUES ("15", "15", (SELECT id_tipo_token FROM classificacoes_tokens WHERE BINARY nome_token = "15" UNION (SELECT id_chave_tipo_token FROM tipos_tokens WHERE nome_tipo_token = 'indeterminado') LIMIT 1), (SELECT id_chave_tipo_token FROM tipos_tokens WHERE nome_tipo_token = "numeral" UNION (SELECT id_chave_tipo_token FROM tipos_tokens WHERE nome_tipo_token = 'indeterminado') LIMIT 1), @id_arquivo_var);
  INSERT IGNORE INTO classificacoes_tokens (nome_token, id_tipo_token, id_arquivo_fonte) VALUES ("14", (SELECT id_chave_tipo_token FROM tipos_tokens WHERE nome_tipo_token = "numeral"), @id_arquivo_var);
INSERT IGNORE INTO tokens (nome_token, acentuada, id_tipo_token, id_tipo_token_spaCy, id_arquivo_fonte) VALUES ("14", "14", (SELECT id_tipo_token FROM classificacoes_tokens WHERE BINARY nome_token = "14" UNION (SELECT id_chave_tipo_token FROM tipos_tokens WHERE nome_tipo_token = 'indeterminado') LIMIT 1), (SELECT id_chave_tipo_token FROM tipos_tokens WHERE nome_tipo_token = "numeral" UNION (SELECT id_chave_tipo_token FROM tipos_tokens WHERE nome_tipo_token = 'indeterminado') LIMIT 1), @id_arquivo_var);
  INSERT IGNORE INTO tokens (nome_token, acentuada, id_tipo_token, id_tipo_token_spaCy, id_arquivo_fonte) VALUES ("banana", "banana", (SELECT id_tipo_token FROM classificacoes_tokens WHERE BINARY nome_token = "banana" UNION (SELECT id_chave_tipo_token FROM tipos_tokens WHERE nome_tipo_token = 'indeterminado') LIMIT 1), (SELECT id_chave_tipo_token FROM tipos_tokens WHERE nome_tipo_token = "substantivo" UNION (SELECT id_chave_tipo_token FROM tipos_tokens WHERE nome_tipo_token = 'indeterminado') LIMIT 1), @id_arquivo_var);
  INSERT IGNORE INTO tokens (nome_token, acentuada, id_tipo_token, id_tipo_token_spaCy, id_arquivo_fonte) VALUES ("cultura", "cultura", (SELECT id_tipo_token FROM classificacoes_tokens WHERE BINARY nome_token = "cultura" UNION (SELECT id_chave_tipo_token FROM tipos_tokens WHERE nome_tipo_token = 'indeterminado') LIMIT 1), (SELECT id_chave_tipo_token FROM tipos_tokens WHERE nome_tipo_token = "substantivo" UNION (SELECT id_chave_tipo_token FROM tipos_tokens WHERE nome_tipo_token = 'indeterminado') LIMIT 1), @id_arquivo_var);
  INSERT IGNORE INTO tokens (nome_token, acentuada, id_tipo_token, id_tipo_token_spaCy, id_arquivo_fonte) VALUES ("pragas", "pragas", (SELECT id_tipo_token FROM classificacoes_tokens WHERE BINARY nome_token = "pragas" UNION (SELECT id_chave_tipo_token FROM tipos_tokens WHERE nome_tipo_token = 'indeterminado') LIMIT 1), (SELECT id_chave_tipo_token FROM tipos_tokens WHERE nome_tipo_token = "substantivo" UNION (SELECT id_chave_tipo_token FROM tipos_tokens WHERE nome_tipo_token = 'indeterminado') LIMIT 1), @id_arquivo_var);
  INSERT IGNORE INTO classificacoes_tokens (nome_token, id_tipo_token, id_arquivo_fonte) VALUES ("12", (SELECT id_chave_tipo_token FROM tipos_tokens WHERE nome_tipo_token = "numeral"), @id_arquivo_var);
INSERT IGNORE INTO tokens (nome_token, acentuada, id_tipo_token, id_tipo_token_spaCy, id_arquivo_fonte) VALUES ("12", "12", (SELECT id_tipo_token FROM classificacoes_tokens WHERE BINARY nome_token = "12" UNION (SELECT id_chave_tipo_token FROM tipos_tokens WHERE nome_tipo_token = 'indeterminado') LIMIT 1), (SELECT id_chave_tipo_token FROM tipos_tokens WHERE nome_tipo_token = "numeral" UNION (SELECT id_chave_tipo_token FROM tipos_tokens WHERE nome_tipo_token = 'indeterminado') LIMIT 1), @id_arquivo_var);
  INSERT IGNORE INTO tokens (nome_token, acentuada, id_tipo_token, id_tipo_token_spaCy, id_arquivo_fonte) VALUES ("lagarta", "lagarta", (SELECT id_tipo_token FROM classificacoes_tokens WHERE BINARY nome_token = "lagarta" UNION (SELECT id_chave_tipo_token FROM tipos_tokens WHERE nome_tipo_token = 'indeterminado') LIMIT 1), (SELECT id_chave_tipo_token FROM tipos_tokens WHERE nome_tipo_token = "substantivo" UNION (SELECT id_chave_tipo_token FROM tipos_tokens WHERE nome_tipo_token = 'indeterminado') LIMIT 1), @id_arquivo_var);
  INSERT IGNORE INTO classificacoes_tokens (nome_token, id_tipo_token, id_arquivo_fonte) VALUES ("10", (SELECT id_chave_tipo_token FROM tipos_tokens WHERE nome_tipo_token = "numeral"), @id_arquivo_var);
INSERT IGNORE INTO tokens (nome_token, acentuada, id_tipo_token, id_tipo_token_spaCy, id_arquivo_fonte) VALUES ("10", "10", (SELECT id_tipo_token FROM classificacoes_tokens WHERE BINARY nome_token = "10" UNION (SELECT id_chave_tipo_token FROM tipos_tokens WHERE nome_tipo_token = 'indeterminado') LIMIT 1), (SELECT id_chave_tipo_token FROM tipos_tokens WHERE nome_tipo_token = "numeral" UNION (SELECT id_chave_tipo_token FROM tipos_tokens WHERE nome_tipo_token = 'indeterminado') LIMIT 1), @id_arquivo_var);
  INSERT IGNORE INTO tokens (nome_token, acentuada, id_tipo_token, id_tipo_token_spaCy, id_arquivo_fonte) VALUES ("pastagens", "pastagens", (SELECT id_tipo_token FROM classificacoes_tokens WHERE BINARY nome_token = "pastagens" UNION (SELECT id_chave_tipo_token FROM tipos_tokens WHERE nome_tipo_token = 'indeterminado') LIMIT 1), (SELECT id_chave_tipo_token FROM tipos_tokens WHERE nome_tipo_token = "sigla" UNION (SELECT id_chave_tipo_token FROM tipos_tokens WHERE nome_tipo_token = 'indeterminado') LIMIT 1), @id_arquivo_var);
  INSERT IGNORE INTO tokens (nome_token, acentuada, id_tipo_token, id_tipo_token_spaCy, id_arquivo_fonte) VALUES ("das", "das", (SELECT id_tipo_token FROM classificacoes_tokens WHERE BINARY nome_token = "das" UNION (SELECT id_chave_tipo_token FROM tipos_tokens WHERE nome_tipo_token = 'indeterminado') LIMIT 1), (SELECT id_chave_tipo_token FROM tipos_tokens WHERE nome_tipo_token = "preposicao" UNION (SELECT id_chave_tipo_token FROM tipos_tokens WHERE nome_tipo_token = 'indeterminado') LIMIT 1), @id_arquivo_var);
  INSERT IGNORE INTO tokens (nome_token, acentuada, id_tipo_token, id_tipo_token_spaCy, id_arquivo_fonte) VALUES ("-", "-", (SELECT id_tipo_token FROM classificacoes_tokens WHERE BINARY nome_token = "-" UNION (SELECT id_chave_tipo_token FROM tipos_tokens WHERE nome_tipo_token = 'indeterminado') LIMIT 1), (SELECT id_chave_tipo_token FROM tipos_tokens WHERE nome_tipo_token = "pontuacao" UNION (SELECT id_chave_tipo_token FROM tipos_tokens WHERE nome_tipo_token = 'indeterminado') LIMIT 1), @id_arquivo_var);
  INSERT IGNORE INTO tokens (nome_token, acentuada, id_tipo_token, id_tipo_token_spaCy, id_arquivo_fonte) VALUES ("cigarrinha", "cigarrinha", (SELECT id_tipo_token FROM classificacoes_tokens WHERE BINARY nome_token = "cigarrinha" UNION (SELECT id_chave_tipo_token FROM tipos_tokens WHERE nome_tipo_token = 'indeterminado') LIMIT 1), (SELECT id_chave_tipo_token FROM tipos_tokens WHERE nome_tipo_token = "substantivo" UNION (SELECT id_chave_tipo_token FROM tipos_tokens WHERE nome_tipo_token = 'indeterminado') LIMIT 1), @id_arquivo_var);
  INSERT IGNORE INTO tokens (nome_token, acentuada, id_tipo_token, id_tipo_token_spaCy, id_arquivo_fonte) VALUES ("controle", "controle", (SELECT id_tipo_token FROM classificacoes_tokens WHERE BINARY nome_token = "controle" UNION (SELECT id_chave_tipo_token FROM tipos_tokens WHERE nome_tipo_token = 'indeterminado') LIMIT 1), (SELECT id_chave_tipo_token FROM tipos_tokens WHERE nome_tipo_token = "substantivo" UNION (SELECT id_chave_tipo_token FROM tipos_tokens WHERE nome_tipo_token = 'indeterminado') LIMIT 1), @id_arquivo_var);
  INSERT IGNORE INTO tokens (nome_token, acentuada, id_tipo_token, id_tipo_token_spaCy, id_arquivo_fonte) VALUES ("negocios", "negócios", (SELECT id_tipo_token FROM classificacoes_tokens WHERE BINARY nome_token = "negócios" UNION (SELECT id_chave_tipo_token FROM tipos_tokens WHERE nome_tipo_token = 'indeterminado') LIMIT 1), (SELECT id_chave_tipo_token FROM tipos_tokens WHERE nome_tipo_token = "substantivo" UNION (SELECT id_chave_tipo_token FROM tipos_tokens WHERE nome_tipo_token = 'indeterminado') LIMIT 1), @id_arquivo_var);
  INSERT IGNORE INTO tokens (nome_token, acentuada, id_tipo_token, id_tipo_token_spaCy, id_arquivo_fonte) VALUES ("eficaz", "eficaz", (SELECT id_tipo_token FROM classificacoes_tokens WHERE BINARY nome_token = "eficaz" UNION (SELECT id_chave_tipo_token FROM tipos_tokens WHERE nome_tipo_token = 'indeterminado') LIMIT 1), (SELECT id_chave_tipo_token FROM tipos_tokens WHERE nome_tipo_token = "adjetivo" UNION (SELECT id_chave_tipo_token FROM tipos_tokens WHERE nome_tipo_token = 'indeterminado') LIMIT 1), @id_arquivo_var);
  INSERT IGNORE INTO tokens (nome_token, acentuada, id_tipo_token, id_tipo_token_spaCy, id_arquivo_fonte) VALUES ("comunicacao", "comunicação", (SELECT id_tipo_token FROM classificacoes_tokens WHERE BINARY nome_token = "comunicação" UNION (SELECT id_chave_tipo_token FROM tipos_tokens WHERE nome_tipo_token = 'indeterminado') LIMIT 1), (SELECT id_chave_tipo_token FROM tipos_tokens WHERE nome_tipo_token = "substantivo" UNION (SELECT id_chave_tipo_token FROM tipos_tokens WHERE nome_tipo_token = 'indeterminado') LIMIT 1), @id_arquivo_var);
  INSERT IGNORE INTO classificacoes_tokens (nome_token, id_tipo_token, id_arquivo_fonte) VALUES ("8", (SELECT id_chave_tipo_token FROM tipos_tokens WHERE nome_tipo_token = "numeral"), @id_arquivo_var);
INSERT IGNORE INTO tokens (nome_token, acentuada, id_tipo_token, id_tipo_token_spaCy, id_arquivo_fonte) VALUES ("8", "8", (SELECT id_tipo_token FROM classificacoes_tokens WHERE BINARY nome_token = "8" UNION (SELECT id_chave_tipo_token FROM tipos_tokens WHERE nome_tipo_token = 'indeterminado') LIMIT 1), (SELECT id_chave_tipo_token FROM tipos_tokens WHERE nome_tipo_token = "numeral" UNION (SELECT id_chave_tipo_token FROM tipos_tokens WHERE nome_tipo_token = 'indeterminado') LIMIT 1), @id_arquivo_var);
  INSERT IGNORE INTO tokens (nome_token, acentuada, id_tipo_token, id_tipo_token_spaCy, id_arquivo_fonte) VALUES ("organica", "orgânica", (SELECT id_tipo_token FROM classificacoes_tokens WHERE BINARY nome_token = "orgânica" UNION (SELECT id_chave_tipo_token FROM tipos_tokens WHERE nome_tipo_token = 'indeterminado') LIMIT 1), (SELECT id_chave_tipo_token FROM tipos_tokens WHERE nome_tipo_token = "adjetivo" UNION (SELECT id_chave_tipo_token FROM tipos_tokens WHERE nome_tipo_token = 'indeterminado') LIMIT 1), @id_arquivo_var);
  INSERT IGNORE INTO tokens (nome_token, acentuada, id_tipo_token, id_tipo_token_spaCy, id_arquivo_fonte) VALUES ("fertilizacao", "fertilização", (SELECT id_tipo_token FROM classificacoes_tokens WHERE BINARY nome_token = "fertilização" UNION (SELECT id_chave_tipo_token FROM tipos_tokens WHERE nome_tipo_token = 'indeterminado') LIMIT 1), (SELECT id_chave_tipo_token FROM tipos_tokens WHERE nome_tipo_token = "substantivo" UNION (SELECT id_chave_tipo_token FROM tipos_tokens WHERE nome_tipo_token = 'indeterminado') LIMIT 1), @id_arquivo_var);
  INSERT IGNORE INTO tokens (nome_token, acentuada, id_tipo_token, id_tipo_token_spaCy, id_arquivo_fonte) VALUES ("compostagem", "compostagem", (SELECT id_tipo_token FROM classificacoes_tokens WHERE BINARY nome_token = "compostagem" UNION (SELECT id_chave_tipo_token FROM tipos_tokens WHERE nome_tipo_token = 'indeterminado') LIMIT 1), (SELECT id_chave_tipo_token FROM tipos_tokens WHERE nome_tipo_token = "substantivo" UNION (SELECT id_chave_tipo_token FROM tipos_tokens WHERE nome_tipo_token = 'indeterminado') LIMIT 1), @id_arquivo_var);
  INSERT IGNORE INTO tokens (nome_token, acentuada, id_tipo_token, id_tipo_token_spaCy, id_arquivo_fonte) VALUES ("turistas", "turistas", (SELECT id_tipo_token FROM classificacoes_tokens WHERE BINARY nome_token = "turistas" UNION (SELECT id_chave_tipo_token FROM tipos_tokens WHERE nome_tipo_token = 'indeterminado') LIMIT 1), (SELECT id_chave_tipo_token FROM tipos_tokens WHERE nome_tipo_token = "substantivo" UNION (SELECT id_chave_tipo_token FROM tipos_tokens WHERE nome_tipo_token = 'indeterminado') LIMIT 1), @id_arquivo_var);
  INSERT IGNORE INTO tokens (nome_token, acentuada, id_tipo_token, id_tipo_token_spaCy, id_arquivo_fonte) VALUES ("receber", "receber", (SELECT id_tipo_token FROM classificacoes_tokens WHERE BINARY nome_token = "receber" UNION (SELECT id_chave_tipo_token FROM tipos_tokens WHERE nome_tipo_token = 'indeterminado') LIMIT 1), (SELECT id_chave_tipo_token FROM tipos_tokens WHERE nome_tipo_token = "verbo" UNION (SELECT id_chave_tipo_token FROM tipos_tokens WHERE nome_tipo_token = 'indeterminado') LIMIT 1), @id_arquivo_var);
  INSERT IGNORE INTO tokens (nome_token, acentuada, id_tipo_token, id_tipo_token_spaCy, id_arquivo_fonte) VALUES ("para", "para", (SELECT id_tipo_token FROM classificacoes_tokens WHERE BINARY nome_token = "para" UNION (SELECT id_chave_tipo_token FROM tipos_tokens WHERE nome_tipo_token = 'indeterminado') LIMIT 1), (SELECT id_chave_tipo_token FROM tipos_tokens WHERE nome_tipo_token = "substantivo" UNION (SELECT id_chave_tipo_token FROM tipos_tokens WHERE nome_tipo_token = 'indeterminado') LIMIT 1), @id_arquivo_var);
  INSERT IGNORE INTO tokens (nome_token, acentuada, id_tipo_token, id_tipo_token_spaCy, id_arquivo_fonte) VALUES ("propriedade", "propriedade", (SELECT id_tipo_token FROM classificacoes_tokens WHERE BINARY nome_token = "propriedade" UNION (SELECT id_chave_tipo_token FROM tipos_tokens WHERE nome_tipo_token = 'indeterminado') LIMIT 1), (SELECT id_chave_tipo_token FROM tipos_tokens WHERE nome_tipo_token = "substantivo" UNION (SELECT id_chave_tipo_token FROM tipos_tokens WHERE nome_tipo_token = 'indeterminado') LIMIT 1), @id_arquivo_var);
  INSERT IGNORE INTO tokens (nome_token, acentuada, id_tipo_token, id_tipo_token_spaCy, id_arquivo_fonte) VALUES ("sua", "sua", (SELECT id_tipo_token FROM classificacoes_tokens WHERE BINARY nome_token = "sua" UNION (SELECT id_chave_tipo_token FROM tipos_tokens WHERE nome_tipo_token = 'indeterminado') LIMIT 1), (SELECT id_chave_tipo_token FROM tipos_tokens WHERE nome_tipo_token = "artigo" UNION (SELECT id_chave_tipo_token FROM tipos_tokens WHERE nome_tipo_token = 'indeterminado') LIMIT 1), @id_arquivo_var);
  INSERT IGNORE INTO tokens (nome_token, acentuada, id_tipo_token, id_tipo_token_spaCy, id_arquivo_fonte) VALUES ("a", "a", (SELECT id_tipo_token FROM classificacoes_tokens WHERE BINARY nome_token = "a" UNION (SELECT id_chave_tipo_token FROM tipos_tokens WHERE nome_tipo_token = 'indeterminado') LIMIT 1), (SELECT id_chave_tipo_token FROM tipos_tokens WHERE nome_tipo_token = "artigo" UNION (SELECT id_chave_tipo_token FROM tipos_tokens WHERE nome_tipo_token = 'indeterminado') LIMIT 1), @id_arquivo_var);
  INSERT IGNORE INTO tokens (nome_token, acentuada, id_tipo_token, id_tipo_token_spaCy, id_arquivo_fonte) VALUES ("preparar", "preparar", (SELECT id_tipo_token FROM classificacoes_tokens WHERE BINARY nome_token = "preparar" UNION (SELECT id_chave_tipo_token FROM tipos_tokens WHERE nome_tipo_token = 'indeterminado') LIMIT 1), (SELECT id_chave_tipo_token FROM tipos_tokens WHERE nome_tipo_token = "verbo" UNION (SELECT id_chave_tipo_token FROM tipos_tokens WHERE nome_tipo_token = 'indeterminado') LIMIT 1), @id_arquivo_var);
  INSERT IGNORE INTO tokens (nome_token, acentuada, id_tipo_token, id_tipo_token_spaCy, id_arquivo_fonte) VALUES ("como", "como", (SELECT id_tipo_token FROM classificacoes_tokens WHERE BINARY nome_token = "como" UNION (SELECT id_chave_tipo_token FROM tipos_tokens WHERE nome_tipo_token = 'indeterminado') LIMIT 1), (SELECT id_chave_tipo_token FROM tipos_tokens WHERE nome_tipo_token = "adverbio" UNION (SELECT id_chave_tipo_token FROM tipos_tokens WHERE nome_tipo_token = 'indeterminado') LIMIT 1), @id_arquivo_var);
  INSERT IGNORE INTO classificacoes_tokens (nome_token, id_tipo_token, id_arquivo_fonte) VALUES ("6", (SELECT id_chave_tipo_token FROM tipos_tokens WHERE nome_tipo_token = "numeral"), @id_arquivo_var);
INSERT IGNORE INTO tokens (nome_token, acentuada, id_tipo_token, id_tipo_token_spaCy, id_arquivo_fonte) VALUES ("6", "6", (SELECT id_tipo_token FROM classificacoes_tokens WHERE BINARY nome_token = "6" UNION (SELECT id_chave_tipo_token FROM tipos_tokens WHERE nome_tipo_token = 'indeterminado') LIMIT 1), (SELECT id_chave_tipo_token FROM tipos_tokens WHERE nome_tipo_token = "numeral" UNION (SELECT id_chave_tipo_token FROM tipos_tokens WHERE nome_tipo_token = 'indeterminado') LIMIT 1), @id_arquivo_var);
  INSERT IGNORE INTO tokens (nome_token, acentuada, id_tipo_token, id_tipo_token_spaCy, id_arquivo_fonte) VALUES ("solo", "solo", (SELECT id_tipo_token FROM classificacoes_tokens WHERE BINARY nome_token = "solo" UNION (SELECT id_chave_tipo_token FROM tipos_tokens WHERE nome_tipo_token = 'indeterminado') LIMIT 1), (SELECT id_chave_tipo_token FROM tipos_tokens WHERE nome_tipo_token = "substantivo" UNION (SELECT id_chave_tipo_token FROM tipos_tokens WHERE nome_tipo_token = 'indeterminado') LIMIT 1), @id_arquivo_var);
  INSERT IGNORE INTO tokens (nome_token, acentuada, id_tipo_token, id_tipo_token_spaCy, id_arquivo_fonte) VALUES ("do", "do", (SELECT id_tipo_token FROM classificacoes_tokens WHERE BINARY nome_token = "do" UNION (SELECT id_chave_tipo_token FROM tipos_tokens WHERE nome_tipo_token = 'indeterminado') LIMIT 1), (SELECT id_chave_tipo_token FROM tipos_tokens WHERE nome_tipo_token = "preposicao" UNION (SELECT id_chave_tipo_token FROM tipos_tokens WHERE nome_tipo_token = 'indeterminado') LIMIT 1), @id_arquivo_var);
  INSERT IGNORE INTO tokens (nome_token, acentuada, id_tipo_token, id_tipo_token_spaCy, id_arquivo_fonte) VALUES ("qualidade", "qualidade", (SELECT id_tipo_token FROM classificacoes_tokens WHERE BINARY nome_token = "qualidade" UNION (SELECT id_chave_tipo_token FROM tipos_tokens WHERE nome_tipo_token = 'indeterminado') LIMIT 1), (SELECT id_chave_tipo_token FROM tipos_tokens WHERE nome_tipo_token = "substantivo" UNION (SELECT id_chave_tipo_token FROM tipos_tokens WHERE nome_tipo_token = 'indeterminado') LIMIT 1), @id_arquivo_var);
  INSERT IGNORE INTO tokens (nome_token, acentuada, id_tipo_token, id_tipo_token_spaCy, id_arquivo_fonte) VALUES ("da", "da", (SELECT id_tipo_token FROM classificacoes_tokens WHERE BINARY nome_token = "da" UNION (SELECT id_chave_tipo_token FROM tipos_tokens WHERE nome_tipo_token = 'indeterminado') LIMIT 1), (SELECT id_chave_tipo_token FROM tipos_tokens WHERE nome_tipo_token = "preposicao" UNION (SELECT id_chave_tipo_token FROM tipos_tokens WHERE nome_tipo_token = 'indeterminado') LIMIT 1), @id_arquivo_var);
  INSERT IGNORE INTO tokens (nome_token, acentuada, id_tipo_token, id_tipo_token_spaCy, id_arquivo_fonte) VALUES ("visual", "visual", (SELECT id_tipo_token FROM classificacoes_tokens WHERE BINARY nome_token = "visual" UNION (SELECT id_chave_tipo_token FROM tipos_tokens WHERE nome_tipo_token = 'indeterminado') LIMIT 1), (SELECT id_chave_tipo_token FROM tipos_tokens WHERE nome_tipo_token = "adjetivo" UNION (SELECT id_chave_tipo_token FROM tipos_tokens WHERE nome_tipo_token = 'indeterminado') LIMIT 1), @id_arquivo_var);
  INSERT IGNORE INTO tokens (nome_token, acentuada, id_tipo_token, id_tipo_token_spaCy, id_arquivo_fonte) VALUES ("avaliacao", "avaliação", (SELECT id_tipo_token FROM classificacoes_tokens WHERE BINARY nome_token = "avaliação" UNION (SELECT id_chave_tipo_token FROM tipos_tokens WHERE nome_tipo_token = 'indeterminado') LIMIT 1), (SELECT id_chave_tipo_token FROM tipos_tokens WHERE nome_tipo_token = "substantivo" UNION (SELECT id_chave_tipo_token FROM tipos_tokens WHERE nome_tipo_token = 'indeterminado') LIMIT 1), @id_arquivo_var);
  INSERT IGNORE INTO classificacoes_tokens (nome_token, id_tipo_token, id_arquivo_fonte) VALUES ("4", (SELECT id_chave_tipo_token FROM tipos_tokens WHERE nome_tipo_token = "numeral"), @id_arquivo_var);
INSERT IGNORE INTO tokens (nome_token, acentuada, id_tipo_token, id_tipo_token_spaCy, id_arquivo_fonte) VALUES ("4", "4", (SELECT id_tipo_token FROM classificacoes_tokens WHERE BINARY nome_token = "4" UNION (SELECT id_chave_tipo_token FROM tipos_tokens WHERE nome_tipo_token = 'indeterminado') LIMIT 1), (SELECT id_chave_tipo_token FROM tipos_tokens WHERE nome_tipo_token = "numeral" UNION (SELECT id_chave_tipo_token FROM tipos_tokens WHERE nome_tipo_token = 'indeterminado') LIMIT 1), @id_arquivo_var);
  INSERT IGNORE INTO tokens (nome_token, acentuada, id_tipo_token, id_tipo_token_spaCy, id_arquivo_fonte) VALUES ("produtores", "produtores", (SELECT id_tipo_token FROM classificacoes_tokens WHERE BINARY nome_token = "produtores" UNION (SELECT id_chave_tipo_token FROM tipos_tokens WHERE nome_tipo_token = 'indeterminado') LIMIT 1), (SELECT id_chave_tipo_token FROM tipos_tokens WHERE nome_tipo_token = "substantivo" UNION (SELECT id_chave_tipo_token FROM tipos_tokens WHERE nome_tipo_token = 'indeterminado') LIMIT 1), @id_arquivo_var);
  INSERT IGNORE INTO tokens (nome_token, acentuada, id_tipo_token, id_tipo_token_spaCy, id_arquivo_fonte) VALUES ("para", "para", (SELECT id_tipo_token FROM classificacoes_tokens WHERE BINARY nome_token = "para" UNION (SELECT id_chave_tipo_token FROM tipos_tokens WHERE nome_tipo_token = 'indeterminado') LIMIT 1), (SELECT id_chave_tipo_token FROM tipos_tokens WHERE nome_tipo_token = "preposicao" UNION (SELECT id_chave_tipo_token FROM tipos_tokens WHERE nome_tipo_token = 'indeterminado') LIMIT 1), @id_arquivo_var);
  INSERT IGNORE INTO tokens (nome_token, acentuada, id_tipo_token, id_tipo_token_spaCy, id_arquivo_fonte) VALUES ("cliente", "cliente", (SELECT id_tipo_token FROM classificacoes_tokens WHERE BINARY nome_token = "cliente" UNION (SELECT id_chave_tipo_token FROM tipos_tokens WHERE nome_tipo_token = 'indeterminado') LIMIT 1), (SELECT id_chave_tipo_token FROM tipos_tokens WHERE nome_tipo_token = "substantivo" UNION (SELECT id_chave_tipo_token FROM tipos_tokens WHERE nome_tipo_token = 'indeterminado') LIMIT 1), @id_arquivo_var);
  INSERT IGNORE INTO tokens (nome_token, acentuada, id_tipo_token, id_tipo_token_spaCy, id_arquivo_fonte) VALUES ("ao", "ao", (SELECT id_tipo_token FROM classificacoes_tokens WHERE BINARY nome_token = "ao" UNION (SELECT id_chave_tipo_token FROM tipos_tokens WHERE nome_tipo_token = 'indeterminado') LIMIT 1), (SELECT id_chave_tipo_token FROM tipos_tokens WHERE nome_tipo_token = "preposicao" UNION (SELECT id_chave_tipo_token FROM tipos_tokens WHERE nome_tipo_token = 'indeterminado') LIMIT 1), @id_arquivo_var);
  INSERT IGNORE INTO tokens (nome_token, acentuada, id_tipo_token, id_tipo_token_spaCy, id_arquivo_fonte) VALUES ("atendimento", "atendimento", (SELECT id_tipo_token FROM classificacoes_tokens WHERE BINARY nome_token = "atendimento" UNION (SELECT id_chave_tipo_token FROM tipos_tokens WHERE nome_tipo_token = 'indeterminado') LIMIT 1), (SELECT id_chave_tipo_token FROM tipos_tokens WHERE nome_tipo_token = "substantivo" UNION (SELECT id_chave_tipo_token FROM tipos_tokens WHERE nome_tipo_token = 'indeterminado') LIMIT 1), @id_arquivo_var);
  INSERT IGNORE INTO tokens (nome_token, acentuada, id_tipo_token, id_tipo_token_spaCy, id_arquivo_fonte) VALUES ("rurais", "rurais", (SELECT id_tipo_token FROM classificacoes_tokens WHERE BINARY nome_token = "rurais" UNION (SELECT id_chave_tipo_token FROM tipos_tokens WHERE nome_tipo_token = 'indeterminado') LIMIT 1), (SELECT id_chave_tipo_token FROM tipos_tokens WHERE nome_tipo_token = "adjetivo" UNION (SELECT id_chave_tipo_token FROM tipos_tokens WHERE nome_tipo_token = 'indeterminado') LIMIT 1), @id_arquivo_var);
  INSERT IGNORE INTO tokens (nome_token, acentuada, id_tipo_token, id_tipo_token_spaCy, id_arquivo_fonte) VALUES ("produtos", "produtos", (SELECT id_tipo_token FROM classificacoes_tokens WHERE BINARY nome_token = "produtos" UNION (SELECT id_chave_tipo_token FROM tipos_tokens WHERE nome_tipo_token = 'indeterminado') LIMIT 1), (SELECT id_chave_tipo_token FROM tipos_tokens WHERE nome_tipo_token = "substantivo" UNION (SELECT id_chave_tipo_token FROM tipos_tokens WHERE nome_tipo_token = 'indeterminado') LIMIT 1), @id_arquivo_var);
  INSERT IGNORE INTO tokens (nome_token, acentuada, id_tipo_token, id_tipo_token_spaCy, id_arquivo_fonte) VALUES ("apresentacao", "apresentação", (SELECT id_tipo_token FROM classificacoes_tokens WHERE BINARY nome_token = "apresentação" UNION (SELECT id_chave_tipo_token FROM tipos_tokens WHERE nome_tipo_token = 'indeterminado') LIMIT 1), (SELECT id_chave_tipo_token FROM tipos_tokens WHERE nome_tipo_token = "substantivo" UNION (SELECT id_chave_tipo_token FROM tipos_tokens WHERE nome_tipo_token = 'indeterminado') LIMIT 1), @id_arquivo_var);
  INSERT IGNORE INTO classificacoes_tokens (nome_token, id_tipo_token, id_arquivo_fonte) VALUES ("2024", (SELECT id_chave_tipo_token FROM tipos_tokens WHERE nome_tipo_token = "numeral"), @id_arquivo_var);
INSERT IGNORE INTO tokens (nome_token, acentuada, id_tipo_token, id_tipo_token_spaCy, id_arquivo_fonte) VALUES ("2024", "2024", (SELECT id_tipo_token FROM classificacoes_tokens WHERE BINARY nome_token = "2024" UNION (SELECT id_chave_tipo_token FROM tipos_tokens WHERE nome_tipo_token = 'indeterminado') LIMIT 1), (SELECT id_chave_tipo_token FROM tipos_tokens WHERE nome_tipo_token = "numeral" UNION (SELECT id_chave_tipo_token FROM tipos_tokens WHERE nome_tipo_token = 'indeterminado') LIMIT 1), @id_arquivo_var);
  INSERT IGNORE INTO classificacoes_tokens (nome_token, id_tipo_token, id_arquivo_fonte) VALUES ("11", (SELECT id_chave_tipo_token FROM tipos_tokens WHERE nome_tipo_token = "numeral"), @id_arquivo_var);
INSERT IGNORE INTO tokens (nome_token, acentuada, id_tipo_token, id_tipo_token_spaCy, id_arquivo_fonte) VALUES ("11", "11", (SELECT id_tipo_token FROM classificacoes_tokens WHERE BINARY nome_token = "11" UNION (SELECT id_chave_tipo_token FROM tipos_tokens WHERE nome_tipo_token = 'indeterminado') LIMIT 1), (SELECT id_chave_tipo_token FROM tipos_tokens WHERE nome_tipo_token = "numeral" UNION (SELECT id_chave_tipo_token FROM tipos_tokens WHERE nome_tipo_token = 'indeterminado') LIMIT 1), @id_arquivo_var);
  INSERT IGNORE INTO tokens (nome_token, acentuada, id_tipo_token, id_tipo_token_spaCy, id_arquivo_fonte) VALUES ("/", "/", (SELECT id_tipo_token FROM classificacoes_tokens WHERE BINARY nome_token = "/" UNION (SELECT id_chave_tipo_token FROM tipos_tokens WHERE nome_tipo_token = 'indeterminado') LIMIT 1), (SELECT id_chave_tipo_token FROM tipos_tokens WHERE nome_tipo_token = "pontuacao" UNION (SELECT id_chave_tipo_token FROM tipos_tokens WHERE nome_tipo_token = 'indeterminado') LIMIT 1), @id_arquivo_var);
  INSERT IGNORE INTO classificacoes_tokens (nome_token, id_tipo_token, id_arquivo_fonte) VALUES ("26", (SELECT id_chave_tipo_token FROM tipos_tokens WHERE nome_tipo_token = "numeral"), @id_arquivo_var);
INSERT IGNORE INTO tokens (nome_token, acentuada, id_tipo_token, id_tipo_token_spaCy, id_arquivo_fonte) VALUES ("26", "26", (SELECT id_tipo_token FROM classificacoes_tokens WHERE BINARY nome_token = "26" UNION (SELECT id_chave_tipo_token FROM tipos_tokens WHERE nome_tipo_token = 'indeterminado') LIMIT 1), (SELECT id_chave_tipo_token FROM tipos_tokens WHERE nome_tipo_token = "numeral" UNION (SELECT id_chave_tipo_token FROM tipos_tokens WHERE nome_tipo_token = 'indeterminado') LIMIT 1), @id_arquivo_var);
  INSERT IGNORE INTO classificacoes_tokens (nome_token, id_tipo_token, id_arquivo_fonte) VALUES ("1", (SELECT id_chave_tipo_token FROM tipos_tokens WHERE nome_tipo_token = "numeral"), @id_arquivo_var);
INSERT IGNORE INTO tokens (nome_token, acentuada, id_tipo_token, id_tipo_token_spaCy, id_arquivo_fonte) VALUES ("1", "1", (SELECT id_tipo_token FROM classificacoes_tokens WHERE BINARY nome_token = "1" UNION (SELECT id_chave_tipo_token FROM tipos_tokens WHERE nome_tipo_token = 'indeterminado') LIMIT 1), (SELECT id_chave_tipo_token FROM tipos_tokens WHERE nome_tipo_token = "numeral" UNION (SELECT id_chave_tipo_token FROM tipos_tokens WHERE nome_tipo_token = 'indeterminado') LIMIT 1), @id_arquivo_var);
  INSERT IGNORE INTO tokens (nome_token, acentuada, id_tipo_token, id_tipo_token_spaCy, id_arquivo_fonte) VALUES ("duracao", "duração", (SELECT id_tipo_token FROM classificacoes_tokens WHERE BINARY nome_token = "duração" UNION (SELECT id_chave_tipo_token FROM tipos_tokens WHERE nome_tipo_token = 'indeterminado') LIMIT 1), (SELECT id_chave_tipo_token FROM tipos_tokens WHERE nome_tipo_token = "substantivo" UNION (SELECT id_chave_tipo_token FROM tipos_tokens WHERE nome_tipo_token = 'indeterminado') LIMIT 1), @id_arquivo_var);
  INSERT IGNORE INTO tokens (nome_token, acentuada, id_tipo_token, id_tipo_token_spaCy, id_arquivo_fonte) VALUES ("curta", "curta", (SELECT id_tipo_token FROM classificacoes_tokens WHERE BINARY nome_token = "curta" UNION (SELECT id_chave_tipo_token FROM tipos_tokens WHERE nome_tipo_token = 'indeterminado') LIMIT 1), (SELECT id_chave_tipo_token FROM tipos_tokens WHERE nome_tipo_token = "adjetivo" UNION (SELECT id_chave_tipo_token FROM tipos_tokens WHERE nome_tipo_token = 'indeterminado') LIMIT 1), @id_arquivo_var);
  INSERT IGNORE INTO classificacoes_tokens (nome_token, id_tipo_token, id_arquivo_fonte) VALUES ("3", (SELECT id_chave_tipo_token FROM tipos_tokens WHERE nome_tipo_token = "numeral"), @id_arquivo_var);
INSERT IGNORE INTO tokens (nome_token, acentuada, id_tipo_token, id_tipo_token_spaCy, id_arquivo_fonte) VALUES ("3", "3", (SELECT id_tipo_token FROM classificacoes_tokens WHERE BINARY nome_token = "3" UNION (SELECT id_chave_tipo_token FROM tipos_tokens WHERE nome_tipo_token = 'indeterminado') LIMIT 1), (SELECT id_chave_tipo_token FROM tipos_tokens WHERE nome_tipo_token = "numeral" UNION (SELECT id_chave_tipo_token FROM tipos_tokens WHERE nome_tipo_token = 'indeterminado') LIMIT 1), @id_arquivo_var);
  INSERT IGNORE INTO tokens (nome_token, acentuada, id_tipo_token, id_tipo_token_spaCy, id_arquivo_fonte) VALUES ("horas", "horas", (SELECT id_tipo_token FROM classificacoes_tokens WHERE BINARY nome_token = "horas" UNION (SELECT id_chave_tipo_token FROM tipos_tokens WHERE nome_tipo_token = 'indeterminado') LIMIT 1), (SELECT id_chave_tipo_token FROM tipos_tokens WHERE nome_tipo_token = "substantivo" UNION (SELECT id_chave_tipo_token FROM tipos_tokens WHERE nome_tipo_token = 'indeterminado') LIMIT 1), @id_arquivo_var);
  INSERT IGNORE INTO classificacoes_tokens (nome_token, id_tipo_token, id_arquivo_fonte) VALUES ("5", (SELECT id_chave_tipo_token FROM tipos_tokens WHERE nome_tipo_token = "numeral"), @id_arquivo_var);
INSERT IGNORE INTO tokens (nome_token, acentuada, id_tipo_token, id_tipo_token_spaCy, id_arquivo_fonte) VALUES ("5", "5", (SELECT id_tipo_token FROM classificacoes_tokens WHERE BINARY nome_token = "5" UNION (SELECT id_chave_tipo_token FROM tipos_tokens WHERE nome_tipo_token = 'indeterminado') LIMIT 1), (SELECT id_chave_tipo_token FROM tipos_tokens WHERE nome_tipo_token = "numeral" UNION (SELECT id_chave_tipo_token FROM tipos_tokens WHERE nome_tipo_token = 'indeterminado') LIMIT 1), @id_arquivo_var);
  INSERT IGNORE INTO classificacoes_tokens (nome_token, id_tipo_token, id_arquivo_fonte) VALUES ("2", (SELECT id_chave_tipo_token FROM tipos_tokens WHERE nome_tipo_token = "numeral"), @id_arquivo_var);
INSERT IGNORE INTO tokens (nome_token, acentuada, id_tipo_token, id_tipo_token_spaCy, id_arquivo_fonte) VALUES ("2", "2", (SELECT id_tipo_token FROM classificacoes_tokens WHERE BINARY nome_token = "2" UNION (SELECT id_chave_tipo_token FROM tipos_tokens WHERE nome_tipo_token = 'indeterminado') LIMIT 1), (SELECT id_chave_tipo_token FROM tipos_tokens WHERE nome_tipo_token = "numeral" UNION (SELECT id_chave_tipo_token FROM tipos_tokens WHERE nome_tipo_token = 'indeterminado') LIMIT 1), @id_arquivo_var);
  INSERT IGNORE INTO tokens (nome_token, acentuada, id_tipo_token, id_tipo_token_spaCy, id_arquivo_fonte) VALUES ("caipira", "caipira", (SELECT id_tipo_token FROM classificacoes_tokens WHERE BINARY nome_token = "caipira" UNION (SELECT id_chave_tipo_token FROM tipos_tokens WHERE nome_tipo_token = 'indeterminado') LIMIT 1), (SELECT id_chave_tipo_token FROM tipos_tokens WHERE nome_tipo_token = "adjetivo" UNION (SELECT id_chave_tipo_token FROM tipos_tokens WHERE nome_tipo_token = 'indeterminado') LIMIT 1), @id_arquivo_var);
  INSERT IGNORE INTO tokens (nome_token, acentuada, id_tipo_token, id_tipo_token_spaCy, id_arquivo_fonte) VALUES ("avicultura", "avicultura", (SELECT id_tipo_token FROM classificacoes_tokens WHERE BINARY nome_token = "avicultura" UNION (SELECT id_chave_tipo_token FROM tipos_tokens WHERE nome_tipo_token = 'indeterminado') LIMIT 1), (SELECT id_chave_tipo_token FROM tipos_tokens WHERE nome_tipo_token = "substantivo" UNION (SELECT id_chave_tipo_token FROM tipos_tokens WHERE nome_tipo_token = 'indeterminado') LIMIT 1), @id_arquivo_var);
  INSERT IGNORE INTO tokens (nome_token, acentuada, id_tipo_token, id_tipo_token_spaCy, id_arquivo_fonte) VALUES ("na", "na", (SELECT id_tipo_token FROM classificacoes_tokens WHERE BINARY nome_token = "na" UNION (SELECT id_chave_tipo_token FROM tipos_tokens WHERE nome_tipo_token = 'indeterminado') LIMIT 1), (SELECT id_chave_tipo_token FROM tipos_tokens WHERE nome_tipo_token = "preposicao" UNION (SELECT id_chave_tipo_token FROM tipos_tokens WHERE nome_tipo_token = 'indeterminado') LIMIT 1), @id_arquivo_var);
  INSERT IGNORE INTO tokens (nome_token, acentuada, id_tipo_token, id_tipo_token_spaCy, id_arquivo_fonte) VALUES ("valor", "valor", (SELECT id_tipo_token FROM classificacoes_tokens WHERE BINARY nome_token = "valor" UNION (SELECT id_chave_tipo_token FROM tipos_tokens WHERE nome_tipo_token = 'indeterminado') LIMIT 1), (SELECT id_chave_tipo_token FROM tipos_tokens WHERE nome_tipo_token = "substantivo" UNION (SELECT id_chave_tipo_token FROM tipos_tokens WHERE nome_tipo_token = 'indeterminado') LIMIT 1), @id_arquivo_var);
  INSERT IGNORE INTO tokens (nome_token, acentuada, id_tipo_token, id_tipo_token_spaCy, id_arquivo_fonte) VALUES ("de", "de", (SELECT id_tipo_token FROM classificacoes_tokens WHERE BINARY nome_token = "de" UNION (SELECT id_chave_tipo_token FROM tipos_tokens WHERE nome_tipo_token = 'indeterminado') LIMIT 1), (SELECT id_chave_tipo_token FROM tipos_tokens WHERE nome_tipo_token = "preposicao" UNION (SELECT id_chave_tipo_token FROM tipos_tokens WHERE nome_tipo_token = 'indeterminado') LIMIT 1), @id_arquivo_var);
  INSERT IGNORE INTO tokens (nome_token, acentuada, id_tipo_token, id_tipo_token_spaCy, id_arquivo_fonte) VALUES ("agregacao", "agregação", (SELECT id_tipo_token FROM classificacoes_tokens WHERE BINARY nome_token = "agregação" UNION (SELECT id_chave_tipo_token FROM tipos_tokens WHERE nome_tipo_token = 'indeterminado') LIMIT 1), (SELECT id_chave_tipo_token FROM tipos_tokens WHERE nome_tipo_token = "substantivo" UNION (SELECT id_chave_tipo_token FROM tipos_tokens WHERE nome_tipo_token = 'indeterminado') LIMIT 1), @id_arquivo_var);
  INSERT IGNORE INTO tokens (nome_token, acentuada, id_tipo_token, id_tipo_token_spaCy, id_arquivo_fonte) VALUES ("remoto", "remoto", (SELECT id_tipo_token FROM classificacoes_tokens WHERE BINARY nome_token = "remoto" UNION (SELECT id_chave_tipo_token FROM tipos_tokens WHERE nome_tipo_token = 'indeterminado') LIMIT 1), (SELECT id_chave_tipo_token FROM tipos_tokens WHERE nome_tipo_token = "substantivo" UNION (SELECT id_chave_tipo_token FROM tipos_tokens WHERE nome_tipo_token = 'indeterminado') LIMIT 1), @id_arquivo_var);
  INSERT IGNORE INTO tokens (nome_token, acentuada, id_tipo_token, id_tipo_token_spaCy, id_arquivo_fonte) VALUES ("dias", "dias", (SELECT id_tipo_token FROM classificacoes_tokens WHERE BINARY nome_token = "dias" UNION (SELECT id_chave_tipo_token FROM tipos_tokens WHERE nome_tipo_token = 'indeterminado') LIMIT 1), (SELECT id_chave_tipo_token FROM tipos_tokens WHERE nome_tipo_token = "substantivo" UNION (SELECT id_chave_tipo_token FROM tipos_tokens WHERE nome_tipo_token = 'indeterminado') LIMIT 1), @id_arquivo_var);
  INSERT IGNORE INTO classificacoes_tokens (nome_token, id_tipo_token, id_arquivo_fonte) VALUES ("7", (SELECT id_chave_tipo_token FROM tipos_tokens WHERE nome_tipo_token = "numeral"), @id_arquivo_var);
INSERT IGNORE INTO tokens (nome_token, acentuada, id_tipo_token, id_tipo_token_spaCy, id_arquivo_fonte) VALUES ("7", "7", (SELECT id_tipo_token FROM classificacoes_tokens WHERE BINARY nome_token = "7" UNION (SELECT id_chave_tipo_token FROM tipos_tokens WHERE nome_tipo_token = 'indeterminado') LIMIT 1), (SELECT id_chave_tipo_token FROM tipos_tokens WHERE nome_tipo_token = "numeral" UNION (SELECT id_chave_tipo_token FROM tipos_tokens WHERE nome_tipo_token = 'indeterminado') LIMIT 1), @id_arquivo_var);
  INSERT IGNORE INTO tipos_cursos (nome_tipo_curso, id_arquivo_fonte) VALUES ("curta_duração", @id_arquivo_var);
INSERT INTO cursos (nome_curso, id_tipo_curso, id_instituicao, id_arquivo_fonte) VALUES ("senar_1_2", (select id_chave_tipo_curso from tipos_cursos where nome_tipo_curso = "curta_duração"), (SELECT id_chave_instituicao FROM instituicoes WHERE identificador = "senar"), @id_arquivo_var);
INSERT INTO cursos (nome_curso, id_tipo_curso, id_instituicao, id_arquivo_fonte) VALUES ("senar_1_1", (select id_chave_tipo_curso from tipos_cursos where nome_tipo_curso = "curta_duração"), (SELECT id_chave_instituicao FROM instituicoes WHERE identificador = "senar"), @id_arquivo_var);
INSERT INTO cursos (nome_curso, id_tipo_curso, id_instituicao, id_arquivo_fonte) VALUES ("senar_1_3", (select id_chave_tipo_curso from tipos_cursos where nome_tipo_curso = "curta_duração"), (SELECT id_chave_instituicao FROM instituicoes WHERE identificador = "senar"), @id_arquivo_var);
INSERT INTO cursos (nome_curso, id_tipo_curso, id_instituicao, id_arquivo_fonte) VALUES ("senar_1_4", (select id_chave_tipo_curso from tipos_cursos where nome_tipo_curso = "curta_duração"), (SELECT id_chave_instituicao FROM instituicoes WHERE identificador = "senar"), @id_arquivo_var);
INSERT INTO cursos (nome_curso, id_tipo_curso, id_instituicao, id_arquivo_fonte) VALUES ("senar_1_5", (select id_chave_tipo_curso from tipos_cursos where nome_tipo_curso = "curta_duração"), (SELECT id_chave_instituicao FROM instituicoes WHERE identificador = "senar"), @id_arquivo_var);
INSERT INTO cursos (nome_curso, id_tipo_curso, id_instituicao, id_arquivo_fonte) VALUES ("senar_1_6", (select id_chave_tipo_curso from tipos_cursos where nome_tipo_curso = "curta_duração"), (SELECT id_chave_instituicao FROM instituicoes WHERE identificador = "senar"), @id_arquivo_var);
INSERT INTO cursos (nome_curso, id_tipo_curso, id_instituicao, id_arquivo_fonte) VALUES ("senar_1_7", (select id_chave_tipo_curso from tipos_cursos where nome_tipo_curso = "curta_duração"), (SELECT id_chave_instituicao FROM instituicoes WHERE identificador = "senar"), @id_arquivo_var);
INSERT INTO cursos (nome_curso, id_tipo_curso, id_instituicao, id_arquivo_fonte) VALUES ("senar_1_8", (select id_chave_tipo_curso from tipos_cursos where nome_tipo_curso = "curta_duração"), (SELECT id_chave_instituicao FROM instituicoes WHERE identificador = "senar"), @id_arquivo_var);
INSERT INTO cursos (nome_curso, id_tipo_curso, id_instituicao, id_arquivo_fonte) VALUES ("senar_1_9", (select id_chave_tipo_curso from tipos_cursos where nome_tipo_curso = "curta_duração"), (SELECT id_chave_instituicao FROM instituicoes WHERE identificador = "senar"), @id_arquivo_var);
INSERT INTO cursos (nome_curso, id_tipo_curso, id_instituicao, id_arquivo_fonte) VALUES ("senar_1_10", (select id_chave_tipo_curso from tipos_cursos where nome_tipo_curso = "curta_duração"), (SELECT id_chave_instituicao FROM instituicoes WHERE identificador = "senar"), @id_arquivo_var);
INSERT INTO cursos (nome_curso, id_tipo_curso, id_instituicao, id_arquivo_fonte) VALUES ("senar_1_11", (select id_chave_tipo_curso from tipos_cursos where nome_tipo_curso = "curta_duração"), (SELECT id_chave_instituicao FROM instituicoes WHERE identificador = "senar"), @id_arquivo_var);
INSERT INTO cursos (nome_curso, id_tipo_curso, id_instituicao, id_arquivo_fonte) VALUES ("senar_1_12", (select id_chave_tipo_curso from tipos_cursos where nome_tipo_curso = "curta_duração"), (SELECT id_chave_instituicao FROM instituicoes WHERE identificador = "senar"), @id_arquivo_var);
INSERT INTO cursos (nome_curso, id_tipo_curso, id_instituicao, id_arquivo_fonte) VALUES ("senar_1_13", (select id_chave_tipo_curso from tipos_cursos where nome_tipo_curso = "curta_duração"), (SELECT id_chave_instituicao FROM instituicoes WHERE identificador = "senar"), @id_arquivo_var);
INSERT INTO cursos (nome_curso, id_tipo_curso, id_instituicao, id_arquivo_fonte) VALUES ("senar_1_14", (select id_chave_tipo_curso from tipos_cursos where nome_tipo_curso = "curta_duração"), (SELECT id_chave_instituicao FROM instituicoes WHERE identificador = "senar"), @id_arquivo_var);
INSERT INTO cursos (nome_curso, id_tipo_curso, id_instituicao, id_arquivo_fonte) VALUES ("senar_1_15", (select id_chave_tipo_curso from tipos_cursos where nome_tipo_curso = "curta_duração"), (SELECT id_chave_instituicao FROM instituicoes WHERE identificador = "senar"), @id_arquivo_var);
INSERT INTO cursos (nome_curso, id_tipo_curso, id_instituicao, id_arquivo_fonte) VALUES ("senar_1_16", (select id_chave_tipo_curso from tipos_cursos where nome_tipo_curso = "curta_duração"), (SELECT id_chave_instituicao FROM instituicoes WHERE identificador = "senar"), @id_arquivo_var);
INSERT INTO cursos (nome_curso, id_tipo_curso, id_instituicao, id_arquivo_fonte) VALUES ("senar_1_17", (select id_chave_tipo_curso from tipos_cursos where nome_tipo_curso = "curta_duração"), (SELECT id_chave_instituicao FROM instituicoes WHERE identificador = "senar"), @id_arquivo_var);
INSERT INTO cursos (nome_curso, id_tipo_curso, id_instituicao, id_arquivo_fonte) VALUES ("senar_1_18", (select id_chave_tipo_curso from tipos_cursos where nome_tipo_curso = "curta_duração"), (SELECT id_chave_instituicao FROM instituicoes WHERE identificador = "senar"), @id_arquivo_var);
INSERT INTO cursos (nome_curso, id_tipo_curso, id_instituicao, id_arquivo_fonte) VALUES ("senar_1_19", (select id_chave_tipo_curso from tipos_cursos where nome_tipo_curso = "curta_duração"), (SELECT id_chave_instituicao FROM instituicoes WHERE identificador = "senar"), @id_arquivo_var);
INSERT INTO cursos (nome_curso, id_tipo_curso, id_instituicao, id_arquivo_fonte) VALUES ("senar_1_20", (select id_chave_tipo_curso from tipos_cursos where nome_tipo_curso = "curta_duração"), (SELECT id_chave_instituicao FROM instituicoes WHERE identificador = "senar"), @id_arquivo_var);
INSERT INTO cursos (nome_curso, id_tipo_curso, id_instituicao, id_arquivo_fonte) VALUES ("senar_1_21", (select id_chave_tipo_curso from tipos_cursos where nome_tipo_curso = "curta_duração"), (SELECT id_chave_instituicao FROM instituicoes WHERE identificador = "senar"), @id_arquivo_var);
INSERT INTO cursos (nome_curso, id_tipo_curso, id_instituicao, id_arquivo_fonte) VALUES ("senar_1_22", (select id_chave_tipo_curso from tipos_cursos where nome_tipo_curso = "curta_duração"), (SELECT id_chave_instituicao FROM instituicoes WHERE identificador = "senar"), @id_arquivo_var);
INSERT INTO cursos (nome_curso, id_tipo_curso, id_instituicao, id_arquivo_fonte) VALUES ("senar_1_23", (select id_chave_tipo_curso from tipos_cursos where nome_tipo_curso = "curta_duração"), (SELECT id_chave_instituicao FROM instituicoes WHERE identificador = "senar"), @id_arquivo_var);
INSERT INTO cursos (nome_curso, id_tipo_curso, id_instituicao, id_arquivo_fonte) VALUES ("senar_1_24", (select id_chave_tipo_curso from tipos_cursos where nome_tipo_curso = "curta_duração"), (SELECT id_chave_instituicao FROM instituicoes WHERE identificador = "senar"), @id_arquivo_var);
INSERT INTO cursos (nome_curso, id_tipo_curso, id_instituicao, id_arquivo_fonte) VALUES ("senar_1_25", (select id_chave_tipo_curso from tipos_cursos where nome_tipo_curso = "curta_duração"), (SELECT id_chave_instituicao FROM instituicoes WHERE identificador = "senar"), @id_arquivo_var);
INSERT INTO cursos (nome_curso, id_tipo_curso, id_instituicao, id_arquivo_fonte) VALUES ("senar_1_26", (select id_chave_tipo_curso from tipos_cursos where nome_tipo_curso = "curta_duração"), (SELECT id_chave_instituicao FROM instituicoes WHERE identificador = "senar"), @id_arquivo_var);
INSERT INTO cursos (nome_curso, id_tipo_curso, id_instituicao, id_arquivo_fonte) VALUES ("senar_1_27", (select id_chave_tipo_curso from tipos_cursos where nome_tipo_curso = "curta_duração"), (SELECT id_chave_instituicao FROM instituicoes WHERE identificador = "senar"), @id_arquivo_var);
INSERT INTO cursos (nome_curso, id_tipo_curso, id_instituicao, id_arquivo_fonte) VALUES ("senar_1_28", (select id_chave_tipo_curso from tipos_cursos where nome_tipo_curso = "curta_duração"), (SELECT id_chave_instituicao FROM instituicoes WHERE identificador = "senar"), @id_arquivo_var);
INSERT INTO cursos (nome_curso, id_tipo_curso, id_instituicao, id_arquivo_fonte) VALUES ("senar_1_29", (select id_chave_tipo_curso from tipos_cursos where nome_tipo_curso = "curta_duração"), (SELECT id_chave_instituicao FROM instituicoes WHERE identificador = "senar"), @id_arquivo_var);
INSERT INTO cursos (nome_curso, id_tipo_curso, id_instituicao, id_arquivo_fonte) VALUES ("senar_1_30", (select id_chave_tipo_curso from tipos_cursos where nome_tipo_curso = "curta_duração"), (SELECT id_chave_instituicao FROM instituicoes WHERE identificador = "senar"), @id_arquivo_var);
INSERT INTO cursos (nome_curso, id_tipo_curso, id_instituicao, id_arquivo_fonte) VALUES ("senar_1_31", (select id_chave_tipo_curso from tipos_cursos where nome_tipo_curso = "curta_duração"), (SELECT id_chave_instituicao FROM instituicoes WHERE identificador = "senar"), @id_arquivo_var);
INSERT INTO cursos (nome_curso, id_tipo_curso, id_instituicao, id_arquivo_fonte) VALUES ("senar_1_32", (select id_chave_tipo_curso from tipos_cursos where nome_tipo_curso = "curta_duração"), (SELECT id_chave_instituicao FROM instituicoes WHERE identificador = "senar"), @id_arquivo_var);
INSERT INTO cursos (nome_curso, id_tipo_curso, id_instituicao, id_arquivo_fonte) VALUES ("senar_1_33", (select id_chave_tipo_curso from tipos_cursos where nome_tipo_curso = "curta_duração"), (SELECT id_chave_instituicao FROM instituicoes WHERE identificador = "senar"), @id_arquivo_var);
INSERT INTO cursos (nome_curso, id_tipo_curso, id_instituicao, id_arquivo_fonte) VALUES ("senar_1_34", (select id_chave_tipo_curso from tipos_cursos where nome_tipo_curso = "curta_duração"), (SELECT id_chave_instituicao FROM instituicoes WHERE identificador = "senar"), @id_arquivo_var);
INSERT INTO cursos (nome_curso, id_tipo_curso, id_instituicao, id_arquivo_fonte) VALUES ("senar_1_35", (select id_chave_tipo_curso from tipos_cursos where nome_tipo_curso = "curta_duração"), (SELECT id_chave_instituicao FROM instituicoes WHERE identificador = "senar"), @id_arquivo_var);
INSERT INTO cursos (nome_curso, id_tipo_curso, id_instituicao, id_arquivo_fonte) VALUES ("senar_1_36", (select id_chave_tipo_curso from tipos_cursos where nome_tipo_curso = "curta_duração"), (SELECT id_chave_instituicao FROM instituicoes WHERE identificador = "senar"), @id_arquivo_var);
INSERT INTO cursos (nome_curso, id_tipo_curso, id_instituicao, id_arquivo_fonte) VALUES ("senar_1_37", (select id_chave_tipo_curso from tipos_cursos where nome_tipo_curso = "curta_duração"), (SELECT id_chave_instituicao FROM instituicoes WHERE identificador = "senar"), @id_arquivo_var);
INSERT INTO cursos (nome_curso, id_tipo_curso, id_instituicao, id_arquivo_fonte) VALUES ("senar_1_38", (select id_chave_tipo_curso from tipos_cursos where nome_tipo_curso = "curta_duração"), (SELECT id_chave_instituicao FROM instituicoes WHERE identificador = "senar"), @id_arquivo_var);
INSERT INTO cursos (nome_curso, id_tipo_curso, id_instituicao, id_arquivo_fonte) VALUES ("senar_1_39", (select id_chave_tipo_curso from tipos_cursos where nome_tipo_curso = "curta_duração"), (SELECT id_chave_instituicao FROM instituicoes WHERE identificador = "senar"), @id_arquivo_var);
INSERT INTO cursos (nome_curso, id_tipo_curso, id_instituicao, id_arquivo_fonte) VALUES ("senar_1_40", (select id_chave_tipo_curso from tipos_cursos where nome_tipo_curso = "curta_duração"), (SELECT id_chave_instituicao FROM instituicoes WHERE identificador = "senar"), @id_arquivo_var);
INSERT INTO cursos (nome_curso, id_tipo_curso, id_instituicao, id_arquivo_fonte) VALUES ("senar_1_41", (select id_chave_tipo_curso from tipos_cursos where nome_tipo_curso = "curta_duração"), (SELECT id_chave_instituicao FROM instituicoes WHERE identificador = "senar"), @id_arquivo_var);
INSERT INTO cursos (nome_curso, id_tipo_curso, id_instituicao, id_arquivo_fonte) VALUES ("senar_1_42", (select id_chave_tipo_curso from tipos_cursos where nome_tipo_curso = "curta_duração"), (SELECT id_chave_instituicao FROM instituicoes WHERE identificador = "senar"), @id_arquivo_var);
INSERT INTO cursos (nome_curso, id_tipo_curso, id_instituicao, id_arquivo_fonte) VALUES ("senar_1_43", (select id_chave_tipo_curso from tipos_cursos where nome_tipo_curso = "curta_duração"), (SELECT id_chave_instituicao FROM instituicoes WHERE identificador = "senar"), @id_arquivo_var);
INSERT INTO cursos (nome_curso, id_tipo_curso, id_instituicao, id_arquivo_fonte) VALUES ("senar_1_44", (select id_chave_tipo_curso from tipos_cursos where nome_tipo_curso = "curta_duração"), (SELECT id_chave_instituicao FROM instituicoes WHERE identificador = "senar"), @id_arquivo_var);
INSERT INTO cursos (nome_curso, id_tipo_curso, id_instituicao, id_arquivo_fonte) VALUES ("senar_1_45", (select id_chave_tipo_curso from tipos_cursos where nome_tipo_curso = "curta_duração"), (SELECT id_chave_instituicao FROM instituicoes WHERE identificador = "senar"), @id_arquivo_var);
INSERT INTO cursos (nome_curso, id_tipo_curso, id_instituicao, id_arquivo_fonte) VALUES ("senar_1_46", (select id_chave_tipo_curso from tipos_cursos where nome_tipo_curso = "curta_duração"), (SELECT id_chave_instituicao FROM instituicoes WHERE identificador = "senar"), @id_arquivo_var);
INSERT INTO cursos (nome_curso, id_tipo_curso, id_instituicao, id_arquivo_fonte) VALUES ("senar_1_47", (select id_chave_tipo_curso from tipos_cursos where nome_tipo_curso = "curta_duração"), (SELECT id_chave_instituicao FROM instituicoes WHERE identificador = "senar"), @id_arquivo_var);
INSERT INTO cursos (nome_curso, id_tipo_curso, id_instituicao, id_arquivo_fonte) VALUES ("senar_1_48", (select id_chave_tipo_curso from tipos_cursos where nome_tipo_curso = "curta_duração"), (SELECT id_chave_instituicao FROM instituicoes WHERE identificador = "senar"), @id_arquivo_var);
INSERT INTO cursos (nome_curso, id_tipo_curso, id_instituicao, id_arquivo_fonte) VALUES ("senar_1_49", (select id_chave_tipo_curso from tipos_cursos where nome_tipo_curso = "curta_duração"), (SELECT id_chave_instituicao FROM instituicoes WHERE identificador = "senar"), @id_arquivo_var);
INSERT INTO cursos (nome_curso, id_tipo_curso, id_instituicao, id_arquivo_fonte) VALUES ("senar_1_50", (select id_chave_tipo_curso from tipos_cursos where nome_tipo_curso = "curta_duração"), (SELECT id_chave_instituicao FROM instituicoes WHERE identificador = "senar"), @id_arquivo_var);
INSERT INTO cursos (nome_curso, id_tipo_curso, id_instituicao, id_arquivo_fonte) VALUES ("senar_1_51", (select id_chave_tipo_curso from tipos_cursos where nome_tipo_curso = "curta_duração"), (SELECT id_chave_instituicao FROM instituicoes WHERE identificador = "senar"), @id_arquivo_var);
INSERT INTO cursos (nome_curso, id_tipo_curso, id_instituicao, id_arquivo_fonte) VALUES ("senar_1_52", (select id_chave_tipo_curso from tipos_cursos where nome_tipo_curso = "curta_duração"), (SELECT id_chave_instituicao FROM instituicoes WHERE identificador = "senar"), @id_arquivo_var);
INSERT INTO cursos (nome_curso, id_tipo_curso, id_instituicao, id_arquivo_fonte) VALUES ("senar_1_53", (select id_chave_tipo_curso from tipos_cursos where nome_tipo_curso = "curta_duração"), (SELECT id_chave_instituicao FROM instituicoes WHERE identificador = "senar"), @id_arquivo_var);
INSERT INTO cursos (nome_curso, id_tipo_curso, id_instituicao, id_arquivo_fonte) VALUES ("senar_1_54", (select id_chave_tipo_curso from tipos_cursos where nome_tipo_curso = "curta_duração"), (SELECT id_chave_instituicao FROM instituicoes WHERE identificador = "senar"), @id_arquivo_var);
INSERT INTO cursos (nome_curso, id_tipo_curso, id_instituicao, id_arquivo_fonte) VALUES ("senar_1_55", (select id_chave_tipo_curso from tipos_cursos where nome_tipo_curso = "curta_duração"), (SELECT id_chave_instituicao FROM instituicoes WHERE identificador = "senar"), @id_arquivo_var);
INSERT INTO cursos (nome_curso, id_tipo_curso, id_instituicao, id_arquivo_fonte) VALUES ("senar_1_56", (select id_chave_tipo_curso from tipos_cursos where nome_tipo_curso = "curta_duração"), (SELECT id_chave_instituicao FROM instituicoes WHERE identificador = "senar"), @id_arquivo_var);
INSERT INTO cursos (nome_curso, id_tipo_curso, id_instituicao, id_arquivo_fonte) VALUES ("senar_1_57", (select id_chave_tipo_curso from tipos_cursos where nome_tipo_curso = "curta_duração"), (SELECT id_chave_instituicao FROM instituicoes WHERE identificador = "senar"), @id_arquivo_var);
INSERT INTO cursos (nome_curso, id_tipo_curso, id_instituicao, id_arquivo_fonte) VALUES ("senar_1_58", (select id_chave_tipo_curso from tipos_cursos where nome_tipo_curso = "curta_duração"), (SELECT id_chave_instituicao FROM instituicoes WHERE identificador = "senar"), @id_arquivo_var);
INSERT INTO cursos (nome_curso, id_tipo_curso, id_instituicao, id_arquivo_fonte) VALUES ("senar_1_59", (select id_chave_tipo_curso from tipos_cursos where nome_tipo_curso = "curta_duração"), (SELECT id_chave_instituicao FROM instituicoes WHERE identificador = "senar"), @id_arquivo_var);
INSERT INTO cursos (nome_curso, id_tipo_curso, id_instituicao, id_arquivo_fonte) VALUES ("senar_1_60", (select id_chave_tipo_curso from tipos_cursos where nome_tipo_curso = "curta_duração"), (SELECT id_chave_instituicao FROM instituicoes WHERE identificador = "senar"), @id_arquivo_var);
INSERT INTO cursos (nome_curso, id_tipo_curso, id_instituicao, id_arquivo_fonte) VALUES ("senar_1_61", (select id_chave_tipo_curso from tipos_cursos where nome_tipo_curso = "curta_duração"), (SELECT id_chave_instituicao FROM instituicoes WHERE identificador = "senar"), @id_arquivo_var);
INSERT INTO cursos (nome_curso, id_tipo_curso, id_instituicao, id_arquivo_fonte) VALUES ("senar_1_62", (select id_chave_tipo_curso from tipos_cursos where nome_tipo_curso = "curta_duração"), (SELECT id_chave_instituicao FROM instituicoes WHERE identificador = "senar"), @id_arquivo_var);
INSERT INTO cursos (nome_curso, id_tipo_curso, id_instituicao, id_arquivo_fonte) VALUES ("senar_1_63", (select id_chave_tipo_curso from tipos_cursos where nome_tipo_curso = "curta_duração"), (SELECT id_chave_instituicao FROM instituicoes WHERE identificador = "senar"), @id_arquivo_var);
INSERT INTO cursos (nome_curso, id_tipo_curso, id_instituicao, id_arquivo_fonte) VALUES ("senar_1_64", (select id_chave_tipo_curso from tipos_cursos where nome_tipo_curso = "curta_duração"), (SELECT id_chave_instituicao FROM instituicoes WHERE identificador = "senar"), @id_arquivo_var);
INSERT INTO cursos (nome_curso, id_tipo_curso, id_instituicao, id_arquivo_fonte) VALUES ("senar_1_65", (select id_chave_tipo_curso from tipos_cursos where nome_tipo_curso = "curta_duração"), (SELECT id_chave_instituicao FROM instituicoes WHERE identificador = "senar"), @id_arquivo_var);
INSERT INTO cursos (nome_curso, id_tipo_curso, id_instituicao, id_arquivo_fonte) VALUES ("senar_1_66", (select id_chave_tipo_curso from tipos_cursos where nome_tipo_curso = "curta_duração"), (SELECT id_chave_instituicao FROM instituicoes WHERE identificador = "senar"), @id_arquivo_var);
INSERT INTO cursos (nome_curso, id_tipo_curso, id_instituicao, id_arquivo_fonte) VALUES ("senar_1_67", (select id_chave_tipo_curso from tipos_cursos where nome_tipo_curso = "curta_duração"), (SELECT id_chave_instituicao FROM instituicoes WHERE identificador = "senar"), @id_arquivo_var);
INSERT INTO cursos (nome_curso, id_tipo_curso, id_instituicao, id_arquivo_fonte) VALUES ("senar_1_68", (select id_chave_tipo_curso from tipos_cursos where nome_tipo_curso = "curta_duração"), (SELECT id_chave_instituicao FROM instituicoes WHERE identificador = "senar"), @id_arquivo_var);
INSERT INTO cursos (nome_curso, id_tipo_curso, id_instituicao, id_arquivo_fonte) VALUES ("senar_1_69", (select id_chave_tipo_curso from tipos_cursos where nome_tipo_curso = "curta_duração"), (SELECT id_chave_instituicao FROM instituicoes WHERE identificador = "senar"), @id_arquivo_var);
INSERT INTO cursos (nome_curso, id_tipo_curso, id_instituicao, id_arquivo_fonte) VALUES ("senar_1_70", (select id_chave_tipo_curso from tipos_cursos where nome_tipo_curso = "curta_duração"), (SELECT id_chave_instituicao FROM instituicoes WHERE identificador = "senar"), @id_arquivo_var);
INSERT INTO cursos (nome_curso, id_tipo_curso, id_instituicao, id_arquivo_fonte) VALUES ("senar_1_71", (select id_chave_tipo_curso from tipos_cursos where nome_tipo_curso = "curta_duração"), (SELECT id_chave_instituicao FROM instituicoes WHERE identificador = "senar"), @id_arquivo_var);
INSERT INTO cursos (nome_curso, id_tipo_curso, id_instituicao, id_arquivo_fonte) VALUES ("senar_1_72", (select id_chave_tipo_curso from tipos_cursos where nome_tipo_curso = "curta_duração"), (SELECT id_chave_instituicao FROM instituicoes WHERE identificador = "senar"), @id_arquivo_var);
INSERT INTO cursos (nome_curso, id_tipo_curso, id_instituicao, id_arquivo_fonte) VALUES ("senar_1_73", (select id_chave_tipo_curso from tipos_cursos where nome_tipo_curso = "curta_duração"), (SELECT id_chave_instituicao FROM instituicoes WHERE identificador = "senar"), @id_arquivo_var);
INSERT INTO cursos (nome_curso, id_tipo_curso, id_instituicao, id_arquivo_fonte) VALUES ("senar_1_74", (select id_chave_tipo_curso from tipos_cursos where nome_tipo_curso = "curta_duração"), (SELECT id_chave_instituicao FROM instituicoes WHERE identificador = "senar"), @id_arquivo_var);
INSERT INTO cursos (nome_curso, id_tipo_curso, id_instituicao, id_arquivo_fonte) VALUES ("senar_1_75", (select id_chave_tipo_curso from tipos_cursos where nome_tipo_curso = "curta_duração"), (SELECT id_chave_instituicao FROM instituicoes WHERE identificador = "senar"), @id_arquivo_var);
INSERT INTO cursos (nome_curso, id_tipo_curso, id_instituicao, id_arquivo_fonte) VALUES ("senar_1_76", (select id_chave_tipo_curso from tipos_cursos where nome_tipo_curso = "curta_duração"), (SELECT id_chave_instituicao FROM instituicoes WHERE identificador = "senar"), @id_arquivo_var);
INSERT INTO cursos (nome_curso, id_tipo_curso, id_instituicao, id_arquivo_fonte) VALUES ("senar_1_77", (select id_chave_tipo_curso from tipos_cursos where nome_tipo_curso = "curta_duração"), (SELECT id_chave_instituicao FROM instituicoes WHERE identificador = "senar"), @id_arquivo_var);
INSERT INTO cursos (nome_curso, id_tipo_curso, id_instituicao, id_arquivo_fonte) VALUES ("senar_1_78", (select id_chave_tipo_curso from tipos_cursos where nome_tipo_curso = "curta_duração"), (SELECT id_chave_instituicao FROM instituicoes WHERE identificador = "senar"), @id_arquivo_var);
INSERT INTO cursos (nome_curso, id_tipo_curso, id_instituicao, id_arquivo_fonte) VALUES ("senar_1_79", (select id_chave_tipo_curso from tipos_cursos where nome_tipo_curso = "curta_duração"), (SELECT id_chave_instituicao FROM instituicoes WHERE identificador = "senar"), @id_arquivo_var);
INSERT INTO cursos (nome_curso, id_tipo_curso, id_instituicao, id_arquivo_fonte) VALUES ("senar_1_80", (select id_chave_tipo_curso from tipos_cursos where nome_tipo_curso = "curta_duração"), (SELECT id_chave_instituicao FROM instituicoes WHERE identificador = "senar"), @id_arquivo_var);
INSERT INTO cursos (nome_curso, id_tipo_curso, id_instituicao, id_arquivo_fonte) VALUES ("senar_1_81", (select id_chave_tipo_curso from tipos_cursos where nome_tipo_curso = "curta_duração"), (SELECT id_chave_instituicao FROM instituicoes WHERE identificador = "senar"), @id_arquivo_var);
INSERT INTO cursos (nome_curso, id_tipo_curso, id_instituicao, id_arquivo_fonte) VALUES ("senar_1_82", (select id_chave_tipo_curso from tipos_cursos where nome_tipo_curso = "curta_duração"), (SELECT id_chave_instituicao FROM instituicoes WHERE identificador = "senar"), @id_arquivo_var);
INSERT INTO cursos (nome_curso, id_tipo_curso, id_instituicao, id_arquivo_fonte) VALUES ("senar_1_83", (select id_chave_tipo_curso from tipos_cursos where nome_tipo_curso = "curta_duração"), (SELECT id_chave_instituicao FROM instituicoes WHERE identificador = "senar"), @id_arquivo_var);
INSERT INTO cursos (nome_curso, id_tipo_curso, id_instituicao, id_arquivo_fonte) VALUES ("senar_1_84", (select id_chave_tipo_curso from tipos_cursos where nome_tipo_curso = "curta_duração"), (SELECT id_chave_instituicao FROM instituicoes WHERE identificador = "senar"), @id_arquivo_var);
INSERT INTO cursos (nome_curso, id_tipo_curso, id_instituicao, id_arquivo_fonte) VALUES ("senar_1_85", (select id_chave_tipo_curso from tipos_cursos where nome_tipo_curso = "curta_duração"), (SELECT id_chave_instituicao FROM instituicoes WHERE identificador = "senar"), @id_arquivo_var);
INSERT INTO cursos (nome_curso, id_tipo_curso, id_instituicao, id_arquivo_fonte) VALUES ("senar_1_86", (select id_chave_tipo_curso from tipos_cursos where nome_tipo_curso = "curta_duração"), (SELECT id_chave_instituicao FROM instituicoes WHERE identificador = "senar"), @id_arquivo_var);
INSERT INTO cursos (nome_curso, id_tipo_curso, id_instituicao, id_arquivo_fonte) VALUES ("senar_1_87", (select id_chave_tipo_curso from tipos_cursos where nome_tipo_curso = "curta_duração"), (SELECT id_chave_instituicao FROM instituicoes WHERE identificador = "senar"), @id_arquivo_var);
INSERT INTO cursos (nome_curso, id_tipo_curso, id_instituicao, id_arquivo_fonte) VALUES ("senar_1_88", (select id_chave_tipo_curso from tipos_cursos where nome_tipo_curso = "curta_duração"), (SELECT id_chave_instituicao FROM instituicoes WHERE identificador = "senar"), @id_arquivo_var);
INSERT INTO cursos (nome_curso, id_tipo_curso, id_instituicao, id_arquivo_fonte) VALUES ("senar_1_89", (select id_chave_tipo_curso from tipos_cursos where nome_tipo_curso = "curta_duração"), (SELECT id_chave_instituicao FROM instituicoes WHERE identificador = "senar"), @id_arquivo_var);
INSERT INTO cursos (nome_curso, id_tipo_curso, id_instituicao, id_arquivo_fonte) VALUES ("senar_1_90", (select id_chave_tipo_curso from tipos_cursos where nome_tipo_curso = "curta_duração"), (SELECT id_chave_instituicao FROM instituicoes WHERE identificador = "senar"), @id_arquivo_var);
INSERT INTO cursos (nome_curso, id_tipo_curso, id_instituicao, id_arquivo_fonte) VALUES ("senar_1_91", (select id_chave_tipo_curso from tipos_cursos where nome_tipo_curso = "curta_duração"), (SELECT id_chave_instituicao FROM instituicoes WHERE identificador = "senar"), @id_arquivo_var);
INSERT INTO cursos (nome_curso, id_tipo_curso, id_instituicao, id_arquivo_fonte) VALUES ("senar_1_92", (select id_chave_tipo_curso from tipos_cursos where nome_tipo_curso = "curta_duração"), (SELECT id_chave_instituicao FROM instituicoes WHERE identificador = "senar"), @id_arquivo_var);
INSERT INTO cursos (nome_curso, id_tipo_curso, id_instituicao, id_arquivo_fonte) VALUES ("senar_1_93", (select id_chave_tipo_curso from tipos_cursos where nome_tipo_curso = "curta_duração"), (SELECT id_chave_instituicao FROM instituicoes WHERE identificador = "senar"), @id_arquivo_var);
INSERT INTO cursos (nome_curso, id_tipo_curso, id_instituicao, id_arquivo_fonte) VALUES ("senar_1_94", (select id_chave_tipo_curso from tipos_cursos where nome_tipo_curso = "curta_duração"), (SELECT id_chave_instituicao FROM instituicoes WHERE identificador = "senar"), @id_arquivo_var);
INSERT INTO cursos (nome_curso, id_tipo_curso, id_instituicao, id_arquivo_fonte) VALUES ("senar_1_95", (select id_chave_tipo_curso from tipos_cursos where nome_tipo_curso = "curta_duração"), (SELECT id_chave_instituicao FROM instituicoes WHERE identificador = "senar"), @id_arquivo_var);
INSERT INTO cursos (nome_curso, id_tipo_curso, id_instituicao, id_arquivo_fonte) VALUES ("senar_1_96", (select id_chave_tipo_curso from tipos_cursos where nome_tipo_curso = "curta_duração"), (SELECT id_chave_instituicao FROM instituicoes WHERE identificador = "senar"), @id_arquivo_var);
INSERT INTO cursos (nome_curso, id_tipo_curso, id_instituicao, id_arquivo_fonte) VALUES ("senar_1_97", (select id_chave_tipo_curso from tipos_cursos where nome_tipo_curso = "curta_duração"), (SELECT id_chave_instituicao FROM instituicoes WHERE identificador = "senar"), @id_arquivo_var);
INSERT INTO cursos (nome_curso, id_tipo_curso, id_instituicao, id_arquivo_fonte) VALUES ("senar_1_98", (select id_chave_tipo_curso from tipos_cursos where nome_tipo_curso = "curta_duração"), (SELECT id_chave_instituicao FROM instituicoes WHERE identificador = "senar"), @id_arquivo_var);
INSERT INTO cursos (nome_curso, id_tipo_curso, id_instituicao, id_arquivo_fonte) VALUES ("senar_1_99", (select id_chave_tipo_curso from tipos_cursos where nome_tipo_curso = "curta_duração"), (SELECT id_chave_instituicao FROM instituicoes WHERE identificador = "senar"), @id_arquivo_var);
INSERT INTO cursos (nome_curso, id_tipo_curso, id_instituicao, id_arquivo_fonte) VALUES ("senar_1_100", (select id_chave_tipo_curso from tipos_cursos where nome_tipo_curso = "curta_duração"), (SELECT id_chave_instituicao FROM instituicoes WHERE identificador = "senar"), @id_arquivo_var);
INSERT INTO cursos (nome_curso, id_tipo_curso, id_instituicao, id_arquivo_fonte) VALUES ("senar_1_101", (select id_chave_tipo_curso from tipos_cursos where nome_tipo_curso = "curta_duração"), (SELECT id_chave_instituicao FROM instituicoes WHERE identificador = "senar"), @id_arquivo_var);
INSERT INTO cursos (nome_curso, id_tipo_curso, id_instituicao, id_arquivo_fonte) VALUES ("senar_1_102", (select id_chave_tipo_curso from tipos_cursos where nome_tipo_curso = "curta_duração"), (SELECT id_chave_instituicao FROM instituicoes WHERE identificador = "senar"), @id_arquivo_var);
INSERT INTO cursos (nome_curso, id_tipo_curso, id_instituicao, id_arquivo_fonte) VALUES ("senar_1_103", (select id_chave_tipo_curso from tipos_cursos where nome_tipo_curso = "curta_duração"), (SELECT id_chave_instituicao FROM instituicoes WHERE identificador = "senar"), @id_arquivo_var);
INSERT INTO cursos (nome_curso, id_tipo_curso, id_instituicao, id_arquivo_fonte) VALUES ("senar_1_104", (select id_chave_tipo_curso from tipos_cursos where nome_tipo_curso = "curta_duração"), (SELECT id_chave_instituicao FROM instituicoes WHERE identificador = "senar"), @id_arquivo_var);
INSERT INTO cursos (nome_curso, id_tipo_curso, id_instituicao, id_arquivo_fonte) VALUES ("senar_1_105", (select id_chave_tipo_curso from tipos_cursos where nome_tipo_curso = "curta_duração"), (SELECT id_chave_instituicao FROM instituicoes WHERE identificador = "senar"), @id_arquivo_var);
INSERT INTO cursos (nome_curso, id_tipo_curso, id_instituicao, id_arquivo_fonte) VALUES ("senar_1_106", (select id_chave_tipo_curso from tipos_cursos where nome_tipo_curso = "curta_duração"), (SELECT id_chave_instituicao FROM instituicoes WHERE identificador = "senar"), @id_arquivo_var);
INSERT INTO cursos (nome_curso, id_tipo_curso, id_instituicao, id_arquivo_fonte) VALUES ("senar_1_107", (select id_chave_tipo_curso from tipos_cursos where nome_tipo_curso = "curta_duração"), (SELECT id_chave_instituicao FROM instituicoes WHERE identificador = "senar"), @id_arquivo_var);
INSERT INTO cursos (nome_curso, id_tipo_curso, id_instituicao, id_arquivo_fonte) VALUES ("senar_1_108", (select id_chave_tipo_curso from tipos_cursos where nome_tipo_curso = "curta_duração"), (SELECT id_chave_instituicao FROM instituicoes WHERE identificador = "senar"), @id_arquivo_var);
INSERT INTO cursos (nome_curso, id_tipo_curso, id_instituicao, id_arquivo_fonte) VALUES ("senar_1_109", (select id_chave_tipo_curso from tipos_cursos where nome_tipo_curso = "curta_duração"), (SELECT id_chave_instituicao FROM instituicoes WHERE identificador = "senar"), @id_arquivo_var);
INSERT INTO cursos (nome_curso, id_tipo_curso, id_instituicao, id_arquivo_fonte) VALUES ("senar_1_110", (select id_chave_tipo_curso from tipos_cursos where nome_tipo_curso = "curta_duração"), (SELECT id_chave_instituicao FROM instituicoes WHERE identificador = "senar"), @id_arquivo_var);
INSERT INTO cursos (nome_curso, id_tipo_curso, id_instituicao, id_arquivo_fonte) VALUES ("senar_1_111", (select id_chave_tipo_curso from tipos_cursos where nome_tipo_curso = "curta_duração"), (SELECT id_chave_instituicao FROM instituicoes WHERE identificador = "senar"), @id_arquivo_var);
INSERT INTO cursos (nome_curso, id_tipo_curso, id_instituicao, id_arquivo_fonte) VALUES ("senar_1_112", (select id_chave_tipo_curso from tipos_cursos where nome_tipo_curso = "curta_duração"), (SELECT id_chave_instituicao FROM instituicoes WHERE identificador = "senar"), @id_arquivo_var);
INSERT INTO cursos (nome_curso, id_tipo_curso, id_instituicao, id_arquivo_fonte) VALUES ("senar_1_113", (select id_chave_tipo_curso from tipos_cursos where nome_tipo_curso = "curta_duração"), (SELECT id_chave_instituicao FROM instituicoes WHERE identificador = "senar"), @id_arquivo_var);
INSERT INTO cursos (nome_curso, id_tipo_curso, id_instituicao, id_arquivo_fonte) VALUES ("senar_1_114", (select id_chave_tipo_curso from tipos_cursos where nome_tipo_curso = "curta_duração"), (SELECT id_chave_instituicao FROM instituicoes WHERE identificador = "senar"), @id_arquivo_var);
INSERT INTO cursos (nome_curso, id_tipo_curso, id_instituicao, id_arquivo_fonte) VALUES ("senar_1_115", (select id_chave_tipo_curso from tipos_cursos where nome_tipo_curso = "curta_duração"), (SELECT id_chave_instituicao FROM instituicoes WHERE identificador = "senar"), @id_arquivo_var);
INSERT INTO cursos (nome_curso, id_tipo_curso, id_instituicao, id_arquivo_fonte) VALUES ("senar_1_116", (select id_chave_tipo_curso from tipos_cursos where nome_tipo_curso = "curta_duração"), (SELECT id_chave_instituicao FROM instituicoes WHERE identificador = "senar"), @id_arquivo_var);
INSERT INTO cursos (nome_curso, id_tipo_curso, id_instituicao, id_arquivo_fonte) VALUES ("senar_1_117", (select id_chave_tipo_curso from tipos_cursos where nome_tipo_curso = "curta_duração"), (SELECT id_chave_instituicao FROM instituicoes WHERE identificador = "senar"), @id_arquivo_var);
INSERT INTO cursos (nome_curso, id_tipo_curso, id_instituicao, id_arquivo_fonte) VALUES ("senar_1_118", (select id_chave_tipo_curso from tipos_cursos where nome_tipo_curso = "curta_duração"), (SELECT id_chave_instituicao FROM instituicoes WHERE identificador = "senar"), @id_arquivo_var);
INSERT INTO cursos (nome_curso, id_tipo_curso, id_instituicao, id_arquivo_fonte) VALUES ("senar_1_119", (select id_chave_tipo_curso from tipos_cursos where nome_tipo_curso = "curta_duração"), (SELECT id_chave_instituicao FROM instituicoes WHERE identificador = "senar"), @id_arquivo_var);
INSERT INTO cursos (nome_curso, id_tipo_curso, id_instituicao, id_arquivo_fonte) VALUES ("senar_1_120", (select id_chave_tipo_curso from tipos_cursos where nome_tipo_curso = "curta_duração"), (SELECT id_chave_instituicao FROM instituicoes WHERE identificador = "senar"), @id_arquivo_var);
INSERT INTO cursos (nome_curso, id_tipo_curso, id_instituicao, id_arquivo_fonte) VALUES ("senar_1_121", (select id_chave_tipo_curso from tipos_cursos where nome_tipo_curso = "curta_duração"), (SELECT id_chave_instituicao FROM instituicoes WHERE identificador = "senar"), @id_arquivo_var);
INSERT INTO cursos (nome_curso, id_tipo_curso, id_instituicao, id_arquivo_fonte) VALUES ("senar_1_122", (select id_chave_tipo_curso from tipos_cursos where nome_tipo_curso = "curta_duração"), (SELECT id_chave_instituicao FROM instituicoes WHERE identificador = "senar"), @id_arquivo_var);
INSERT INTO cursos (nome_curso, id_tipo_curso, id_instituicao, id_arquivo_fonte) VALUES ("senar_1_123", (select id_chave_tipo_curso from tipos_cursos where nome_tipo_curso = "curta_duração"), (SELECT id_chave_instituicao FROM instituicoes WHERE identificador = "senar"), @id_arquivo_var);
INSERT INTO cursos (nome_curso, id_tipo_curso, id_instituicao, id_arquivo_fonte) VALUES ("senar_1_124", (select id_chave_tipo_curso from tipos_cursos where nome_tipo_curso = "curta_duração"), (SELECT id_chave_instituicao FROM instituicoes WHERE identificador = "senar"), @id_arquivo_var);
INSERT INTO cursos (nome_curso, id_tipo_curso, id_instituicao, id_arquivo_fonte) VALUES ("senar_1_125", (select id_chave_tipo_curso from tipos_cursos where nome_tipo_curso = "curta_duração"), (SELECT id_chave_instituicao FROM instituicoes WHERE identificador = "senar"), @id_arquivo_var);
INSERT INTO cursos (nome_curso, id_tipo_curso, id_instituicao, id_arquivo_fonte) VALUES ("senar_1_126", (select id_chave_tipo_curso from tipos_cursos where nome_tipo_curso = "curta_duração"), (SELECT id_chave_instituicao FROM instituicoes WHERE identificador = "senar"), @id_arquivo_var);
INSERT INTO cursos (nome_curso, id_tipo_curso, id_instituicao, id_arquivo_fonte) VALUES ("senar_1_127", (select id_chave_tipo_curso from tipos_cursos where nome_tipo_curso = "curta_duração"), (SELECT id_chave_instituicao FROM instituicoes WHERE identificador = "senar"), @id_arquivo_var);
INSERT INTO cursos (nome_curso, id_tipo_curso, id_instituicao, id_arquivo_fonte) VALUES ("senar_1_128", (select id_chave_tipo_curso from tipos_cursos where nome_tipo_curso = "curta_duração"), (SELECT id_chave_instituicao FROM instituicoes WHERE identificador = "senar"), @id_arquivo_var);
INSERT INTO cursos (nome_curso, id_tipo_curso, id_instituicao, id_arquivo_fonte) VALUES ("senar_1_129", (select id_chave_tipo_curso from tipos_cursos where nome_tipo_curso = "curta_duração"), (SELECT id_chave_instituicao FROM instituicoes WHERE identificador = "senar"), @id_arquivo_var);
INSERT INTO cursos (nome_curso, id_tipo_curso, id_instituicao, id_arquivo_fonte) VALUES ("senar_1_130", (select id_chave_tipo_curso from tipos_cursos where nome_tipo_curso = "curta_duração"), (SELECT id_chave_instituicao FROM instituicoes WHERE identificador = "senar"), @id_arquivo_var);
INSERT INTO cursos (nome_curso, id_tipo_curso, id_instituicao, id_arquivo_fonte) VALUES ("senar_1_131", (select id_chave_tipo_curso from tipos_cursos where nome_tipo_curso = "curta_duração"), (SELECT id_chave_instituicao FROM instituicoes WHERE identificador = "senar"), @id_arquivo_var);
INSERT INTO cursos (nome_curso, id_tipo_curso, id_instituicao, id_arquivo_fonte) VALUES ("senar_1_132", (select id_chave_tipo_curso from tipos_cursos where nome_tipo_curso = "curta_duração"), (SELECT id_chave_instituicao FROM instituicoes WHERE identificador = "senar"), @id_arquivo_var);
INSERT INTO cursos (nome_curso, id_tipo_curso, id_instituicao, id_arquivo_fonte) VALUES ("senar_1_133", (select id_chave_tipo_curso from tipos_cursos where nome_tipo_curso = "curta_duração"), (SELECT id_chave_instituicao FROM instituicoes WHERE identificador = "senar"), @id_arquivo_var);
INSERT INTO cursos (nome_curso, id_tipo_curso, id_instituicao, id_arquivo_fonte) VALUES ("senar_1_134", (select id_chave_tipo_curso from tipos_cursos where nome_tipo_curso = "curta_duração"), (SELECT id_chave_instituicao FROM instituicoes WHERE identificador = "senar"), @id_arquivo_var);
INSERT INTO cursos (nome_curso, id_tipo_curso, id_instituicao, id_arquivo_fonte) VALUES ("senar_1_135", (select id_chave_tipo_curso from tipos_cursos where nome_tipo_curso = "curta_duração"), (SELECT id_chave_instituicao FROM instituicoes WHERE identificador = "senar"), @id_arquivo_var);
INSERT INTO cursos (nome_curso, id_tipo_curso, id_instituicao, id_arquivo_fonte) VALUES ("senar_1_136", (select id_chave_tipo_curso from tipos_cursos where nome_tipo_curso = "curta_duração"), (SELECT id_chave_instituicao FROM instituicoes WHERE identificador = "senar"), @id_arquivo_var);
INSERT INTO cursos (nome_curso, id_tipo_curso, id_instituicao, id_arquivo_fonte) VALUES ("senar_1_137", (select id_chave_tipo_curso from tipos_cursos where nome_tipo_curso = "curta_duração"), (SELECT id_chave_instituicao FROM instituicoes WHERE identificador = "senar"), @id_arquivo_var);
INSERT INTO cursos (nome_curso, id_tipo_curso, id_instituicao, id_arquivo_fonte) VALUES ("senar_1_138", (select id_chave_tipo_curso from tipos_cursos where nome_tipo_curso = "curta_duração"), (SELECT id_chave_instituicao FROM instituicoes WHERE identificador = "senar"), @id_arquivo_var);
INSERT INTO cursos (nome_curso, id_tipo_curso, id_instituicao, id_arquivo_fonte) VALUES ("senar_1_139", (select id_chave_tipo_curso from tipos_cursos where nome_tipo_curso = "curta_duração"), (SELECT id_chave_instituicao FROM instituicoes WHERE identificador = "senar"), @id_arquivo_var);
INSERT INTO cursos (nome_curso, id_tipo_curso, id_instituicao, id_arquivo_fonte) VALUES ("senar_1_140", (select id_chave_tipo_curso from tipos_cursos where nome_tipo_curso = "curta_duração"), (SELECT id_chave_instituicao FROM instituicoes WHERE identificador = "senar"), @id_arquivo_var);
INSERT INTO cursos (nome_curso, id_tipo_curso, id_instituicao, id_arquivo_fonte) VALUES ("senar_1_141", (select id_chave_tipo_curso from tipos_cursos where nome_tipo_curso = "curta_duração"), (SELECT id_chave_instituicao FROM instituicoes WHERE identificador = "senar"), @id_arquivo_var);
INSERT INTO cursos (nome_curso, id_tipo_curso, id_instituicao, id_arquivo_fonte) VALUES ("senar_1_142", (select id_chave_tipo_curso from tipos_cursos where nome_tipo_curso = "curta_duração"), (SELECT id_chave_instituicao FROM instituicoes WHERE identificador = "senar"), @id_arquivo_var);
INSERT INTO cursos (nome_curso, id_tipo_curso, id_instituicao, id_arquivo_fonte) VALUES ("senar_1_143", (select id_chave_tipo_curso from tipos_cursos where nome_tipo_curso = "curta_duração"), (SELECT id_chave_instituicao FROM instituicoes WHERE identificador = "senar"), @id_arquivo_var);
INSERT INTO cursos (nome_curso, id_tipo_curso, id_instituicao, id_arquivo_fonte) VALUES ("senar_1_144", (select id_chave_tipo_curso from tipos_cursos where nome_tipo_curso = "curta_duração"), (SELECT id_chave_instituicao FROM instituicoes WHERE identificador = "senar"), @id_arquivo_var);
INSERT INTO cursos (nome_curso, id_tipo_curso, id_instituicao, id_arquivo_fonte) VALUES ("senar_1_145", (select id_chave_tipo_curso from tipos_cursos where nome_tipo_curso = "curta_duração"), (SELECT id_chave_instituicao FROM instituicoes WHERE identificador = "senar"), @id_arquivo_var);
INSERT INTO cursos (nome_curso, id_tipo_curso, id_instituicao, id_arquivo_fonte) VALUES ("senar_1_146", (select id_chave_tipo_curso from tipos_cursos where nome_tipo_curso = "curta_duração"), (SELECT id_chave_instituicao FROM instituicoes WHERE identificador = "senar"), @id_arquivo_var);
INSERT INTO cursos (nome_curso, id_tipo_curso, id_instituicao, id_arquivo_fonte) VALUES ("senar_1_147", (select id_chave_tipo_curso from tipos_cursos where nome_tipo_curso = "curta_duração"), (SELECT id_chave_instituicao FROM instituicoes WHERE identificador = "senar"), @id_arquivo_var);
INSERT INTO cursos (nome_curso, id_tipo_curso, id_instituicao, id_arquivo_fonte) VALUES ("senar_1_148", (select id_chave_tipo_curso from tipos_cursos where nome_tipo_curso = "curta_duração"), (SELECT id_chave_instituicao FROM instituicoes WHERE identificador = "senar"), @id_arquivo_var);
INSERT INTO cursos (nome_curso, id_tipo_curso, id_instituicao, id_arquivo_fonte) VALUES ("senar_1_149", (select id_chave_tipo_curso from tipos_cursos where nome_tipo_curso = "curta_duração"), (SELECT id_chave_instituicao FROM instituicoes WHERE identificador = "senar"), @id_arquivo_var);
INSERT INTO cursos (nome_curso, id_tipo_curso, id_instituicao, id_arquivo_fonte) VALUES ("senar_1_150", (select id_chave_tipo_curso from tipos_cursos where nome_tipo_curso = "curta_duração"), (SELECT id_chave_instituicao FROM instituicoes WHERE identificador = "senar"), @id_arquivo_var);
INSERT INTO cursos (nome_curso, id_tipo_curso, id_instituicao, id_arquivo_fonte) VALUES ("senar_1_151", (select id_chave_tipo_curso from tipos_cursos where nome_tipo_curso = "curta_duração"), (SELECT id_chave_instituicao FROM instituicoes WHERE identificador = "senar"), @id_arquivo_var);
INSERT INTO cursos (nome_curso, id_tipo_curso, id_instituicao, id_arquivo_fonte) VALUES ("senar_1_152", (select id_chave_tipo_curso from tipos_cursos where nome_tipo_curso = "curta_duração"), (SELECT id_chave_instituicao FROM instituicoes WHERE identificador = "senar"), @id_arquivo_var);
INSERT INTO cursos (nome_curso, id_tipo_curso, id_instituicao, id_arquivo_fonte) VALUES ("senar_1_153", (select id_chave_tipo_curso from tipos_cursos where nome_tipo_curso = "curta_duração"), (SELECT id_chave_instituicao FROM instituicoes WHERE identificador = "senar"), @id_arquivo_var);
INSERT INTO cursos (nome_curso, id_tipo_curso, id_instituicao, id_arquivo_fonte) VALUES ("senar_1_154", (select id_chave_tipo_curso from tipos_cursos where nome_tipo_curso = "curta_duração"), (SELECT id_chave_instituicao FROM instituicoes WHERE identificador = "senar"), @id_arquivo_var);
INSERT INTO cursos (nome_curso, id_tipo_curso, id_instituicao, id_arquivo_fonte) VALUES ("senar_1_155", (select id_chave_tipo_curso from tipos_cursos where nome_tipo_curso = "curta_duração"), (SELECT id_chave_instituicao FROM instituicoes WHERE identificador = "senar"), @id_arquivo_var);
INSERT INTO cursos (nome_curso, id_tipo_curso, id_instituicao, id_arquivo_fonte) VALUES ("senar_1_156", (select id_chave_tipo_curso from tipos_cursos where nome_tipo_curso = "curta_duração"), (SELECT id_chave_instituicao FROM instituicoes WHERE identificador = "senar"), @id_arquivo_var);
INSERT INTO cursos (nome_curso, id_tipo_curso, id_instituicao, id_arquivo_fonte) VALUES ("senar_1_157", (select id_chave_tipo_curso from tipos_cursos where nome_tipo_curso = "curta_duração"), (SELECT id_chave_instituicao FROM instituicoes WHERE identificador = "senar"), @id_arquivo_var);
INSERT INTO cursos (nome_curso, id_tipo_curso, id_instituicao, id_arquivo_fonte) VALUES ("senar_1_158", (select id_chave_tipo_curso from tipos_cursos where nome_tipo_curso = "curta_duração"), (SELECT id_chave_instituicao FROM instituicoes WHERE identificador = "senar"), @id_arquivo_var);
INSERT INTO cursos (nome_curso, id_tipo_curso, id_instituicao, id_arquivo_fonte) VALUES ("senar_1_159", (select id_chave_tipo_curso from tipos_cursos where nome_tipo_curso = "curta_duração"), (SELECT id_chave_instituicao FROM instituicoes WHERE identificador = "senar"), @id_arquivo_var);
INSERT INTO cursos (nome_curso, id_tipo_curso, id_instituicao, id_arquivo_fonte) VALUES ("senar_1_160", (select id_chave_tipo_curso from tipos_cursos where nome_tipo_curso = "curta_duração"), (SELECT id_chave_instituicao FROM instituicoes WHERE identificador = "senar"), @id_arquivo_var);
INSERT INTO cursos (nome_curso, id_tipo_curso, id_instituicao, id_arquivo_fonte) VALUES ("senar_1_161", (select id_chave_tipo_curso from tipos_cursos where nome_tipo_curso = "curta_duração"), (SELECT id_chave_instituicao FROM instituicoes WHERE identificador = "senar"), @id_arquivo_var);
INSERT INTO cursos (nome_curso, id_tipo_curso, id_instituicao, id_arquivo_fonte) VALUES ("senar_1_162", (select id_chave_tipo_curso from tipos_cursos where nome_tipo_curso = "curta_duração"), (SELECT id_chave_instituicao FROM instituicoes WHERE identificador = "senar"), @id_arquivo_var);
INSERT INTO cursos (nome_curso, id_tipo_curso, id_instituicao, id_arquivo_fonte) VALUES ("senar_1_163", (select id_chave_tipo_curso from tipos_cursos where nome_tipo_curso = "curta_duração"), (SELECT id_chave_instituicao FROM instituicoes WHERE identificador = "senar"), @id_arquivo_var);
INSERT INTO cursos (nome_curso, id_tipo_curso, id_instituicao, id_arquivo_fonte) VALUES ("senar_1_164", (select id_chave_tipo_curso from tipos_cursos where nome_tipo_curso = "curta_duração"), (SELECT id_chave_instituicao FROM instituicoes WHERE identificador = "senar"), @id_arquivo_var);
INSERT INTO cursos (nome_curso, id_tipo_curso, id_instituicao, id_arquivo_fonte) VALUES ("senar_1_165", (select id_chave_tipo_curso from tipos_cursos where nome_tipo_curso = "curta_duração"), (SELECT id_chave_instituicao FROM instituicoes WHERE identificador = "senar"), @id_arquivo_var);
INSERT INTO cursos (nome_curso, id_tipo_curso, id_instituicao, id_arquivo_fonte) VALUES ("senar_1_166", (select id_chave_tipo_curso from tipos_cursos where nome_tipo_curso = "curta_duração"), (SELECT id_chave_instituicao FROM instituicoes WHERE identificador = "senar"), @id_arquivo_var);
INSERT INTO cursos (nome_curso, id_tipo_curso, id_instituicao, id_arquivo_fonte) VALUES ("senar_1_167", (select id_chave_tipo_curso from tipos_cursos where nome_tipo_curso = "curta_duração"), (SELECT id_chave_instituicao FROM instituicoes WHERE identificador = "senar"), @id_arquivo_var);
INSERT INTO cursos (nome_curso, id_tipo_curso, id_instituicao, id_arquivo_fonte) VALUES ("senar_1_168", (select id_chave_tipo_curso from tipos_cursos where nome_tipo_curso = "curta_duração"), (SELECT id_chave_instituicao FROM instituicoes WHERE identificador = "senar"), @id_arquivo_var);
INSERT INTO cursos (nome_curso, id_tipo_curso, id_instituicao, id_arquivo_fonte) VALUES ("senar_1_169", (select id_chave_tipo_curso from tipos_cursos where nome_tipo_curso = "curta_duração"), (SELECT id_chave_instituicao FROM instituicoes WHERE identificador = "senar"), @id_arquivo_var);
INSERT INTO cursos (nome_curso, id_tipo_curso, id_instituicao, id_arquivo_fonte) VALUES ("senar_1_170", (select id_chave_tipo_curso from tipos_cursos where nome_tipo_curso = "curta_duração"), (SELECT id_chave_instituicao FROM instituicoes WHERE identificador = "senar"), @id_arquivo_var);
INSERT IGNORE INTO titulos (nome_titulo, id_tipo_elemento_sintatico, id_arquivo_fonte) VALUES ("7_dias", (SELECT id_chave_tipo_elemento_sintatico FROM tipos_elementos_sintaticos WHERE nome_tipo_elemento_sintatico = "locucao substantiva"), @id_arquivo_var);
 INSERT IGNORE INTO titulos (nome_titulo, id_tipo_elemento_sintatico, id_arquivo_fonte) VALUES ("remoto", (SELECT id_chave_tipo_elemento_sintatico FROM tipos_elementos_sintaticos WHERE nome_tipo_elemento_sintatico = "locucao substantiva"), @id_arquivo_var);
 INSERT IGNORE INTO titulos (nome_titulo, id_tipo_elemento_sintatico, id_arquivo_fonte) VALUES ("agregação_de_valor_na_avicultura_caipira", (SELECT id_chave_tipo_elemento_sintatico FROM tipos_elementos_sintaticos WHERE nome_tipo_elemento_sintatico = "locucao substantiva"), @id_arquivo_var);
 INSERT IGNORE INTO titulos (nome_titulo, id_tipo_elemento_sintatico, id_arquivo_fonte) VALUES ("2", (SELECT id_chave_tipo_elemento_sintatico FROM tipos_elementos_sintaticos WHERE nome_tipo_elemento_sintatico = "locucao substantiva"), @id_arquivo_var);
 INSERT IGNORE INTO titulos (nome_titulo, id_tipo_elemento_sintatico, id_arquivo_fonte) VALUES ("5_horas", (SELECT id_chave_tipo_elemento_sintatico FROM tipos_elementos_sintaticos WHERE nome_tipo_elemento_sintatico = "locucao substantiva"), @id_arquivo_var);
 INSERT IGNORE INTO titulos (nome_titulo, id_tipo_elemento_sintatico, id_arquivo_fonte) VALUES ("3_horas", (SELECT id_chave_tipo_elemento_sintatico FROM tipos_elementos_sintaticos WHERE nome_tipo_elemento_sintatico = "locucao substantiva"), @id_arquivo_var);
 INSERT IGNORE INTO titulos (nome_titulo, id_tipo_elemento_sintatico, id_arquivo_fonte) VALUES ("curta_duração", (SELECT id_chave_tipo_elemento_sintatico FROM tipos_elementos_sintaticos WHERE nome_tipo_elemento_sintatico = "locucao substantiva"), @id_arquivo_var);
 INSERT IGNORE INTO titulos (nome_titulo, id_tipo_elemento_sintatico, id_arquivo_fonte) VALUES ("1", (SELECT id_chave_tipo_elemento_sintatico FROM tipos_elementos_sintaticos WHERE nome_tipo_elemento_sintatico = "locucao substantiva"), @id_arquivo_var);
 INSERT IGNORE INTO titulos (nome_titulo, id_tipo_elemento_sintatico, id_arquivo_fonte) VALUES ("26_/_11_/_2024", (SELECT id_chave_tipo_elemento_sintatico FROM tipos_elementos_sintaticos WHERE nome_tipo_elemento_sintatico = "locucao substantiva"), @id_arquivo_var);
 INSERT IGNORE INTO titulos (nome_titulo, id_tipo_elemento_sintatico, id_arquivo_fonte) VALUES ("apresentação_de_produtos_rurais", (SELECT id_chave_tipo_elemento_sintatico FROM tipos_elementos_sintaticos WHERE nome_tipo_elemento_sintatico = "locucao substantiva"), @id_arquivo_var);
 INSERT IGNORE INTO titulos (nome_titulo, id_tipo_elemento_sintatico, id_arquivo_fonte) VALUES ("atendimento_ao_cliente_para_produtores_rurais", (SELECT id_chave_tipo_elemento_sintatico FROM tipos_elementos_sintaticos WHERE nome_tipo_elemento_sintatico = "locucao substantiva"), @id_arquivo_var);
 INSERT IGNORE INTO titulos (nome_titulo, id_tipo_elemento_sintatico, id_arquivo_fonte) VALUES ("3", (SELECT id_chave_tipo_elemento_sintatico FROM tipos_elementos_sintaticos WHERE nome_tipo_elemento_sintatico = "locucao substantiva"), @id_arquivo_var);
 INSERT IGNORE INTO titulos (nome_titulo, id_tipo_elemento_sintatico, id_arquivo_fonte) VALUES ("4", (SELECT id_chave_tipo_elemento_sintatico FROM tipos_elementos_sintaticos WHERE nome_tipo_elemento_sintatico = "locucao substantiva"), @id_arquivo_var);
 INSERT IGNORE INTO titulos (nome_titulo, id_tipo_elemento_sintatico, id_arquivo_fonte) VALUES ("avaliação_visual_da_qualidade_do_solo", (SELECT id_chave_tipo_elemento_sintatico FROM tipos_elementos_sintaticos WHERE nome_tipo_elemento_sintatico = "locucao substantiva"), @id_arquivo_var);
 INSERT IGNORE INTO titulos (nome_titulo, id_tipo_elemento_sintatico, id_arquivo_fonte) VALUES ("6", (SELECT id_chave_tipo_elemento_sintatico FROM tipos_elementos_sintaticos WHERE nome_tipo_elemento_sintatico = "locucao substantiva"), @id_arquivo_var);
 INSERT IGNORE INTO titulos (nome_titulo, id_tipo_elemento_sintatico, id_arquivo_fonte) VALUES ("como_preparar_a_sua_propriedade_para_receber_turistas", (SELECT id_chave_tipo_elemento_sintatico FROM tipos_elementos_sintaticos WHERE nome_tipo_elemento_sintatico = "locucao substantiva"), @id_arquivo_var);
 INSERT IGNORE INTO titulos (nome_titulo, id_tipo_elemento_sintatico, id_arquivo_fonte) VALUES ("7", (SELECT id_chave_tipo_elemento_sintatico FROM tipos_elementos_sintaticos WHERE nome_tipo_elemento_sintatico = "locucao substantiva"), @id_arquivo_var);
 INSERT IGNORE INTO titulos (nome_titulo, id_tipo_elemento_sintatico, id_arquivo_fonte) VALUES ("compostagem_para_fertilização_orgânica", (SELECT id_chave_tipo_elemento_sintatico FROM tipos_elementos_sintaticos WHERE nome_tipo_elemento_sintatico = "locucao substantiva"), @id_arquivo_var);
 INSERT IGNORE INTO titulos (nome_titulo, id_tipo_elemento_sintatico, id_arquivo_fonte) VALUES ("8", (SELECT id_chave_tipo_elemento_sintatico FROM tipos_elementos_sintaticos WHERE nome_tipo_elemento_sintatico = "locucao substantiva"), @id_arquivo_var);
 INSERT IGNORE INTO titulos (nome_titulo, id_tipo_elemento_sintatico, id_arquivo_fonte) VALUES ("comunicação_eficaz_para_negócios_rurais", (SELECT id_chave_tipo_elemento_sintatico FROM tipos_elementos_sintaticos WHERE nome_tipo_elemento_sintatico = "locucao substantiva"), @id_arquivo_var);
 INSERT IGNORE INTO titulos (nome_titulo, id_tipo_elemento_sintatico, id_arquivo_fonte) VALUES ("controle_de_cigarrinha_-_das_-_pastagens", (SELECT id_chave_tipo_elemento_sintatico FROM tipos_elementos_sintaticos WHERE nome_tipo_elemento_sintatico = "locucao substantiva"), @id_arquivo_var);
 INSERT IGNORE INTO titulos (nome_titulo, id_tipo_elemento_sintatico, id_arquivo_fonte) VALUES ("10", (SELECT id_chave_tipo_elemento_sintatico FROM tipos_elementos_sintaticos WHERE nome_tipo_elemento_sintatico = "locucao substantiva"), @id_arquivo_var);
 INSERT IGNORE INTO titulos (nome_titulo, id_tipo_elemento_sintatico, id_arquivo_fonte) VALUES ("11", (SELECT id_chave_tipo_elemento_sintatico FROM tipos_elementos_sintaticos WHERE nome_tipo_elemento_sintatico = "locucao substantiva"), @id_arquivo_var);
 INSERT IGNORE INTO titulos (nome_titulo, id_tipo_elemento_sintatico, id_arquivo_fonte) VALUES ("controle_de_lagarta_das_pastagens", (SELECT id_chave_tipo_elemento_sintatico FROM tipos_elementos_sintaticos WHERE nome_tipo_elemento_sintatico = "locucao substantiva"), @id_arquivo_var);
 INSERT IGNORE INTO titulos (nome_titulo, id_tipo_elemento_sintatico, id_arquivo_fonte) VALUES ("12", (SELECT id_chave_tipo_elemento_sintatico FROM tipos_elementos_sintaticos WHERE nome_tipo_elemento_sintatico = "locucao substantiva"), @id_arquivo_var);
 INSERT IGNORE INTO titulos (nome_titulo, id_tipo_elemento_sintatico, id_arquivo_fonte) VALUES ("controle_de_pragas_na_cultura_da_banana", (SELECT id_chave_tipo_elemento_sintatico FROM tipos_elementos_sintaticos WHERE nome_tipo_elemento_sintatico = "locucao substantiva"), @id_arquivo_var);
 INSERT IGNORE INTO titulos (nome_titulo, id_tipo_elemento_sintatico, id_arquivo_fonte) VALUES ("14", (SELECT id_chave_tipo_elemento_sintatico FROM tipos_elementos_sintaticos WHERE nome_tipo_elemento_sintatico = "locucao substantiva"), @id_arquivo_var);
 INSERT IGNORE INTO titulos (nome_titulo, id_tipo_elemento_sintatico, id_arquivo_fonte) VALUES ("15", (SELECT id_chave_tipo_elemento_sintatico FROM tipos_elementos_sintaticos WHERE nome_tipo_elemento_sintatico = "locucao substantiva"), @id_arquivo_var);
 INSERT IGNORE INTO titulos (nome_titulo, id_tipo_elemento_sintatico, id_arquivo_fonte) VALUES ("devolução_legal_de_embalagens_de_defensivos_agrícolas", (SELECT id_chave_tipo_elemento_sintatico FROM tipos_elementos_sintaticos WHERE nome_tipo_elemento_sintatico = "locucao substantiva"), @id_arquivo_var);
 INSERT IGNORE INTO titulos (nome_titulo, id_tipo_elemento_sintatico, id_arquivo_fonte) VALUES ("doenças_reprodutivas_em_bovinos", (SELECT id_chave_tipo_elemento_sintatico FROM tipos_elementos_sintaticos WHERE nome_tipo_elemento_sintatico = "locucao substantiva"), @id_arquivo_var);
 INSERT IGNORE INTO titulos (nome_titulo, id_tipo_elemento_sintatico, id_arquivo_fonte) VALUES ("16", (SELECT id_chave_tipo_elemento_sintatico FROM tipos_elementos_sintaticos WHERE nome_tipo_elemento_sintatico = "locucao substantiva"), @id_arquivo_var);
 INSERT IGNORE INTO titulos (nome_titulo, id_tipo_elemento_sintatico, id_arquivo_fonte) VALUES ("educação_financeira_para_o_produtor_rural", (SELECT id_chave_tipo_elemento_sintatico FROM tipos_elementos_sintaticos WHERE nome_tipo_elemento_sintatico = "locucao substantiva"), @id_arquivo_var);
 INSERT IGNORE INTO titulos (nome_titulo, id_tipo_elemento_sintatico, id_arquivo_fonte) VALUES ("18", (SELECT id_chave_tipo_elemento_sintatico FROM tipos_elementos_sintaticos WHERE nome_tipo_elemento_sintatico = "locucao substantiva"), @id_arquivo_var);
 INSERT IGNORE INTO titulos (nome_titulo, id_tipo_elemento_sintatico, id_arquivo_fonte) VALUES ("farmácia_veterinária_na_propriedade_rural", (SELECT id_chave_tipo_elemento_sintatico FROM tipos_elementos_sintaticos WHERE nome_tipo_elemento_sintatico = "locucao substantiva"), @id_arquivo_var);
 INSERT IGNORE INTO titulos (nome_titulo, id_tipo_elemento_sintatico, id_arquivo_fonte) VALUES ("19", (SELECT id_chave_tipo_elemento_sintatico FROM tipos_elementos_sintaticos WHERE nome_tipo_elemento_sintatico = "locucao substantiva"), @id_arquivo_var);
 INSERT IGNORE INTO titulos (nome_titulo, id_tipo_elemento_sintatico, id_arquivo_fonte) VALUES ("gestão_da_atividade_agropecuária_:_custos_de_produção", (SELECT id_chave_tipo_elemento_sintatico FROM tipos_elementos_sintaticos WHERE nome_tipo_elemento_sintatico = "locucao substantiva"), @id_arquivo_var);
 INSERT IGNORE INTO titulos (nome_titulo, id_tipo_elemento_sintatico, id_arquivo_fonte) VALUES ("20", (SELECT id_chave_tipo_elemento_sintatico FROM tipos_elementos_sintaticos WHERE nome_tipo_elemento_sintatico = "locucao substantiva"), @id_arquivo_var);
 INSERT IGNORE INTO titulos (nome_titulo, id_tipo_elemento_sintatico, id_arquivo_fonte) VALUES ("gramíneas_forrageiras_para_pastagens", (SELECT id_chave_tipo_elemento_sintatico FROM tipos_elementos_sintaticos WHERE nome_tipo_elemento_sintatico = "locucao substantiva"), @id_arquivo_var);
 INSERT IGNORE INTO titulos (nome_titulo, id_tipo_elemento_sintatico, id_arquivo_fonte) VALUES ("22", (SELECT id_chave_tipo_elemento_sintatico FROM tipos_elementos_sintaticos WHERE nome_tipo_elemento_sintatico = "locucao substantiva"), @id_arquivo_var);
 INSERT IGNORE INTO titulos (nome_titulo, id_tipo_elemento_sintatico, id_arquivo_fonte) VALUES ("indicação_geográfica", (SELECT id_chave_tipo_elemento_sintatico FROM tipos_elementos_sintaticos WHERE nome_tipo_elemento_sintatico = "locucao substantiva"), @id_arquivo_var);
 INSERT IGNORE INTO titulos (nome_titulo, id_tipo_elemento_sintatico, id_arquivo_fonte) VALUES ("não_declarado", (SELECT id_chave_tipo_elemento_sintatico FROM tipos_elementos_sintaticos WHERE nome_tipo_elemento_sintatico = "locucao substantiva"), @id_arquivo_var);
 INSERT IGNORE INTO titulos (nome_titulo, id_tipo_elemento_sintatico, id_arquivo_fonte) VALUES ("23", (SELECT id_chave_tipo_elemento_sintatico FROM tipos_elementos_sintaticos WHERE nome_tipo_elemento_sintatico = "locucao substantiva"), @id_arquivo_var);
 INSERT IGNORE INTO titulos (nome_titulo, id_tipo_elemento_sintatico, id_arquivo_fonte) VALUES ("instagram_para_produtores_rurais", (SELECT id_chave_tipo_elemento_sintatico FROM tipos_elementos_sintaticos WHERE nome_tipo_elemento_sintatico = "locucao substantiva"), @id_arquivo_var);
 INSERT IGNORE INTO titulos (nome_titulo, id_tipo_elemento_sintatico, id_arquivo_fonte) VALUES ("24", (SELECT id_chave_tipo_elemento_sintatico FROM tipos_elementos_sintaticos WHERE nome_tipo_elemento_sintatico = "locucao substantiva"), @id_arquivo_var);
 INSERT IGNORE INTO titulos (nome_titulo, id_tipo_elemento_sintatico, id_arquivo_fonte) VALUES ("manejo_de_cavalos", (SELECT id_chave_tipo_elemento_sintatico FROM tipos_elementos_sintaticos WHERE nome_tipo_elemento_sintatico = "locucao substantiva"), @id_arquivo_var);
 INSERT IGNORE INTO titulos (nome_titulo, id_tipo_elemento_sintatico, id_arquivo_fonte) VALUES ("marketing_para_produtores_rurais", (SELECT id_chave_tipo_elemento_sintatico FROM tipos_elementos_sintaticos WHERE nome_tipo_elemento_sintatico = "locucao substantiva"), @id_arquivo_var);
 INSERT IGNORE INTO titulos (nome_titulo, id_tipo_elemento_sintatico, id_arquivo_fonte) VALUES ("26", (SELECT id_chave_tipo_elemento_sintatico FROM tipos_elementos_sintaticos WHERE nome_tipo_elemento_sintatico = "locucao substantiva"), @id_arquivo_var);
 INSERT IGNORE INTO titulos (nome_titulo, id_tipo_elemento_sintatico, id_arquivo_fonte) VALUES ("27", (SELECT id_chave_tipo_elemento_sintatico FROM tipos_elementos_sintaticos WHERE nome_tipo_elemento_sintatico = "locucao substantiva"), @id_arquivo_var);
 INSERT IGNORE INTO titulos (nome_titulo, id_tipo_elemento_sintatico, id_arquivo_fonte) VALUES ("marketplace_para_produtores_rurais", (SELECT id_chave_tipo_elemento_sintatico FROM tipos_elementos_sintaticos WHERE nome_tipo_elemento_sintatico = "locucao substantiva"), @id_arquivo_var);
 INSERT IGNORE INTO titulos (nome_titulo, id_tipo_elemento_sintatico, id_arquivo_fonte) VALUES ("nutrição_e_bem_-_estar_no_meio_rural", (SELECT id_chave_tipo_elemento_sintatico FROM tipos_elementos_sintaticos WHERE nome_tipo_elemento_sintatico = "locucao substantiva"), @id_arquivo_var);
 INSERT IGNORE INTO titulos (nome_titulo, id_tipo_elemento_sintatico, id_arquivo_fonte) VALUES ("28", (SELECT id_chave_tipo_elemento_sintatico FROM tipos_elementos_sintaticos WHERE nome_tipo_elemento_sintatico = "locucao substantiva"), @id_arquivo_var);
 INSERT IGNORE INTO titulos (nome_titulo, id_tipo_elemento_sintatico, id_arquivo_fonte) VALUES ("30", (SELECT id_chave_tipo_elemento_sintatico FROM tipos_elementos_sintaticos WHERE nome_tipo_elemento_sintatico = "locucao substantiva"), @id_arquivo_var);
 INSERT IGNORE INTO titulos (nome_titulo, id_tipo_elemento_sintatico, id_arquivo_fonte) VALUES ("prevenção_de_diabetes_e_hipertensão", (SELECT id_chave_tipo_elemento_sintatico FROM tipos_elementos_sintaticos WHERE nome_tipo_elemento_sintatico = "locucao substantiva"), @id_arquivo_var);
 INSERT IGNORE INTO titulos (nome_titulo, id_tipo_elemento_sintatico, id_arquivo_fonte) VALUES ("31", (SELECT id_chave_tipo_elemento_sintatico FROM tipos_elementos_sintaticos WHERE nome_tipo_elemento_sintatico = "locucao substantiva"), @id_arquivo_var);
 INSERT IGNORE INTO titulos (nome_titulo, id_tipo_elemento_sintatico, id_arquivo_fonte) VALUES ("produção_de_forragem_verde_hidropônica_para_alimentação_animal", (SELECT id_chave_tipo_elemento_sintatico FROM tipos_elementos_sintaticos WHERE nome_tipo_elemento_sintatico = "locucao substantiva"), @id_arquivo_var);
 INSERT IGNORE INTO titulos (nome_titulo, id_tipo_elemento_sintatico, id_arquivo_fonte) VALUES ("32", (SELECT id_chave_tipo_elemento_sintatico FROM tipos_elementos_sintaticos WHERE nome_tipo_elemento_sintatico = "locucao substantiva"), @id_arquivo_var);
 INSERT IGNORE INTO titulos (nome_titulo, id_tipo_elemento_sintatico, id_arquivo_fonte) VALUES ("produção_de_mudas_de_hortaliças", (SELECT id_chave_tipo_elemento_sintatico FROM tipos_elementos_sintaticos WHERE nome_tipo_elemento_sintatico = "locucao substantiva"), @id_arquivo_var);
 INSERT IGNORE INTO titulos (nome_titulo, id_tipo_elemento_sintatico, id_arquivo_fonte) VALUES ("34", (SELECT id_chave_tipo_elemento_sintatico FROM tipos_elementos_sintaticos WHERE nome_tipo_elemento_sintatico = "locucao substantiva"), @id_arquivo_var);
 INSERT IGNORE INTO titulos (nome_titulo, id_tipo_elemento_sintatico, id_arquivo_fonte) VALUES ("segurança_no_uso_de_epis_para_aplicação_de_defensivos_agrícolas", (SELECT id_chave_tipo_elemento_sintatico FROM tipos_elementos_sintaticos WHERE nome_tipo_elemento_sintatico = "locucao substantiva"), @id_arquivo_var);
 INSERT IGNORE INTO titulos (nome_titulo, id_tipo_elemento_sintatico, id_arquivo_fonte) VALUES ("35", (SELECT id_chave_tipo_elemento_sintatico FROM tipos_elementos_sintaticos WHERE nome_tipo_elemento_sintatico = "locucao substantiva"), @id_arquivo_var);
 INSERT IGNORE INTO titulos (nome_titulo, id_tipo_elemento_sintatico, id_arquivo_fonte) VALUES ("segurança_rural", (SELECT id_chave_tipo_elemento_sintatico FROM tipos_elementos_sintaticos WHERE nome_tipo_elemento_sintatico = "locucao substantiva"), @id_arquivo_var);
 INSERT IGNORE INTO titulos (nome_titulo, id_tipo_elemento_sintatico, id_arquivo_fonte) VALUES ("36", (SELECT id_chave_tipo_elemento_sintatico FROM tipos_elementos_sintaticos WHERE nome_tipo_elemento_sintatico = "locucao substantiva"), @id_arquivo_var);
 INSERT IGNORE INTO titulos (nome_titulo, id_tipo_elemento_sintatico, id_arquivo_fonte) VALUES ("sistema_de_enriquecimento_de_dejetos_bovinos_para_uso_agropecuário", (SELECT id_chave_tipo_elemento_sintatico FROM tipos_elementos_sintaticos WHERE nome_tipo_elemento_sintatico = "locucao substantiva"), @id_arquivo_var);
 INSERT IGNORE INTO titulos (nome_titulo, id_tipo_elemento_sintatico, id_arquivo_fonte) VALUES ("38", (SELECT id_chave_tipo_elemento_sintatico FROM tipos_elementos_sintaticos WHERE nome_tipo_elemento_sintatico = "locucao substantiva"), @id_arquivo_var);
 INSERT IGNORE INTO titulos (nome_titulo, id_tipo_elemento_sintatico, id_arquivo_fonte) VALUES ("turismo_rural_–_o_que_é_e_por_onde_começar_?", (SELECT id_chave_tipo_elemento_sintatico FROM tipos_elementos_sintaticos WHERE nome_tipo_elemento_sintatico = "locucao substantiva"), @id_arquivo_var);
 INSERT IGNORE INTO titulos (nome_titulo, id_tipo_elemento_sintatico, id_arquivo_fonte) VALUES ("uso_de_bioestimulantes_em_hortaliças", (SELECT id_chave_tipo_elemento_sintatico FROM tipos_elementos_sintaticos WHERE nome_tipo_elemento_sintatico = "locucao substantiva"), @id_arquivo_var);
 INSERT IGNORE INTO titulos (nome_titulo, id_tipo_elemento_sintatico, id_arquivo_fonte) VALUES ("39", (SELECT id_chave_tipo_elemento_sintatico FROM tipos_elementos_sintaticos WHERE nome_tipo_elemento_sintatico = "locucao substantiva"), @id_arquivo_var);
 INSERT IGNORE INTO titulos (nome_titulo, id_tipo_elemento_sintatico, id_arquivo_fonte) VALUES ("40", (SELECT id_chave_tipo_elemento_sintatico FROM tipos_elementos_sintaticos WHERE nome_tipo_elemento_sintatico = "locucao substantiva"), @id_arquivo_var);
 INSERT IGNORE INTO titulos (nome_titulo, id_tipo_elemento_sintatico, id_arquivo_fonte) VALUES ("whatsapp_business_para_produtores_rurais", (SELECT id_chave_tipo_elemento_sintatico FROM tipos_elementos_sintaticos WHERE nome_tipo_elemento_sintatico = "locucao substantiva"), @id_arquivo_var);
 INSERT IGNORE INTO titulos (nome_titulo, id_tipo_elemento_sintatico, id_arquivo_fonte) VALUES ("administração_financeira_e_orçamentária_,_materiais_e_estoques", (SELECT id_chave_tipo_elemento_sintatico FROM tipos_elementos_sintaticos WHERE nome_tipo_elemento_sintatico = "locucao substantiva"), @id_arquivo_var);
 INSERT IGNORE INTO titulos (nome_titulo, id_tipo_elemento_sintatico, id_arquivo_fonte) VALUES ("20_horas", (SELECT id_chave_tipo_elemento_sintatico FROM tipos_elementos_sintaticos WHERE nome_tipo_elemento_sintatico = "locucao substantiva"), @id_arquivo_var);
 INSERT IGNORE INTO titulos (nome_titulo, id_tipo_elemento_sintatico, id_arquivo_fonte) VALUES ("30_dias", (SELECT id_chave_tipo_elemento_sintatico FROM tipos_elementos_sintaticos WHERE nome_tipo_elemento_sintatico = "locucao substantiva"), @id_arquivo_var);
 INSERT IGNORE INTO titulos (nome_titulo, id_tipo_elemento_sintatico, id_arquivo_fonte) VALUES ("administração_rural_e_busca_por_resultados", (SELECT id_chave_tipo_elemento_sintatico FROM tipos_elementos_sintaticos WHERE nome_tipo_elemento_sintatico = "locucao substantiva"), @id_arquivo_var);
 INSERT IGNORE INTO titulos (nome_titulo, id_tipo_elemento_sintatico, id_arquivo_fonte) VALUES ("agregação_de_valores_aos_produtos_rurais", (SELECT id_chave_tipo_elemento_sintatico FROM tipos_elementos_sintaticos WHERE nome_tipo_elemento_sintatico = "locucao substantiva"), @id_arquivo_var);
 INSERT IGNORE INTO titulos (nome_titulo, id_tipo_elemento_sintatico, id_arquivo_fonte) VALUES ("03_/_12_/_2024", (SELECT id_chave_tipo_elemento_sintatico FROM tipos_elementos_sintaticos WHERE nome_tipo_elemento_sintatico = "locucao substantiva"), @id_arquivo_var);
 INSERT IGNORE INTO titulos (nome_titulo, id_tipo_elemento_sintatico, id_arquivo_fonte) VALUES ("agricultura_de_precisão_na_aplicação_de_defensivos_agrícolas", (SELECT id_chave_tipo_elemento_sintatico FROM tipos_elementos_sintaticos WHERE nome_tipo_elemento_sintatico = "locucao substantiva"), @id_arquivo_var);
 INSERT IGNORE INTO titulos (nome_titulo, id_tipo_elemento_sintatico, id_arquivo_fonte) VALUES ("17_horas", (SELECT id_chave_tipo_elemento_sintatico FROM tipos_elementos_sintaticos WHERE nome_tipo_elemento_sintatico = "locucao substantiva"), @id_arquivo_var);
 INSERT IGNORE INTO titulos (nome_titulo, id_tipo_elemento_sintatico, id_arquivo_fonte) VALUES ("14_dias", (SELECT id_chave_tipo_elemento_sintatico FROM tipos_elementos_sintaticos WHERE nome_tipo_elemento_sintatico = "locucao substantiva"), @id_arquivo_var);
 INSERT IGNORE INTO titulos (nome_titulo, id_tipo_elemento_sintatico, id_arquivo_fonte) VALUES ("agricultura_de_precisão_na_colheita_de_grãos", (SELECT id_chave_tipo_elemento_sintatico FROM tipos_elementos_sintaticos WHERE nome_tipo_elemento_sintatico = "locucao substantiva"), @id_arquivo_var);
 INSERT IGNORE INTO titulos (nome_titulo, id_tipo_elemento_sintatico, id_arquivo_fonte) VALUES ("agricultura_de_precisão_na_distribuição_de_corretivos_e_fertilizantes", (SELECT id_chave_tipo_elemento_sintatico FROM tipos_elementos_sintaticos WHERE nome_tipo_elemento_sintatico = "locucao substantiva"), @id_arquivo_var);
 INSERT IGNORE INTO titulos (nome_titulo, id_tipo_elemento_sintatico, id_arquivo_fonte) VALUES ("agropecuária_digital", (SELECT id_chave_tipo_elemento_sintatico FROM tipos_elementos_sintaticos WHERE nome_tipo_elemento_sintatico = "locucao substantiva"), @id_arquivo_var);
 INSERT IGNORE INTO titulos (nome_titulo, id_tipo_elemento_sintatico, id_arquivo_fonte) VALUES ("24_horas", (SELECT id_chave_tipo_elemento_sintatico FROM tipos_elementos_sintaticos WHERE nome_tipo_elemento_sintatico = "locucao substantiva"), @id_arquivo_var);
 INSERT IGNORE INTO titulos (nome_titulo, id_tipo_elemento_sintatico, id_arquivo_fonte) VALUES ("agropecuária_sustentável", (SELECT id_chave_tipo_elemento_sintatico FROM tipos_elementos_sintaticos WHERE nome_tipo_elemento_sintatico = "locucao substantiva"), @id_arquivo_var);
 INSERT IGNORE INTO titulos (nome_titulo, id_tipo_elemento_sintatico, id_arquivo_fonte) VALUES ("6_horas", (SELECT id_chave_tipo_elemento_sintatico FROM tipos_elementos_sintaticos WHERE nome_tipo_elemento_sintatico = "locucao substantiva"), @id_arquivo_var);
 INSERT IGNORE INTO titulos (nome_titulo, id_tipo_elemento_sintatico, id_arquivo_fonte) VALUES ("alternativas_alimentares_na_avicultura_caipira", (SELECT id_chave_tipo_elemento_sintatico FROM tipos_elementos_sintaticos WHERE nome_tipo_elemento_sintatico = "locucao substantiva"), @id_arquivo_var);
 INSERT IGNORE INTO titulos (nome_titulo, id_tipo_elemento_sintatico, id_arquivo_fonte) VALUES ("aprendendo_e_empreendendo_:_na_vida_e_no_negócio_rural", (SELECT id_chave_tipo_elemento_sintatico FROM tipos_elementos_sintaticos WHERE nome_tipo_elemento_sintatico = "locucao substantiva"), @id_arquivo_var);
 INSERT IGNORE INTO titulos (nome_titulo, id_tipo_elemento_sintatico, id_arquivo_fonte) VALUES ("aquisição_,_transporte_e_armazenamento_de_defensivos_agrícolas_em_propriedades", (SELECT id_chave_tipo_elemento_sintatico FROM tipos_elementos_sintaticos WHERE nome_tipo_elemento_sintatico = "locucao substantiva"), @id_arquivo_var);
 INSERT IGNORE INTO titulos (nome_titulo, id_tipo_elemento_sintatico, id_arquivo_fonte) VALUES ("4_horas", (SELECT id_chave_tipo_elemento_sintatico FROM tipos_elementos_sintaticos WHERE nome_tipo_elemento_sintatico = "locucao substantiva"), @id_arquivo_var);
 INSERT IGNORE INTO titulos (nome_titulo, id_tipo_elemento_sintatico, id_arquivo_fonte) VALUES ("armazenamento_de_grãos_em_silo_vertical", (SELECT id_chave_tipo_elemento_sintatico FROM tipos_elementos_sintaticos WHERE nome_tipo_elemento_sintatico = "locucao substantiva"), @id_arquivo_var);
 INSERT IGNORE INTO titulos (nome_titulo, id_tipo_elemento_sintatico, id_arquivo_fonte) VALUES ("8_horas", (SELECT id_chave_tipo_elemento_sintatico FROM tipos_elementos_sintaticos WHERE nome_tipo_elemento_sintatico = "locucao substantiva"), @id_arquivo_var);
 INSERT IGNORE INTO titulos (nome_titulo, id_tipo_elemento_sintatico, id_arquivo_fonte) VALUES ("armazenamento_de_grãos_em_silo_-_bolsa", (SELECT id_chave_tipo_elemento_sintatico FROM tipos_elementos_sintaticos WHERE nome_tipo_elemento_sintatico = "locucao substantiva"), @id_arquivo_var);
 INSERT IGNORE INTO titulos (nome_titulo, id_tipo_elemento_sintatico, id_arquivo_fonte) VALUES ("associativismo_,_cooperativismo_e_sindicalismo_no_agronegócio", (SELECT id_chave_tipo_elemento_sintatico FROM tipos_elementos_sintaticos WHERE nome_tipo_elemento_sintatico = "locucao substantiva"), @id_arquivo_var);
 INSERT IGNORE INTO titulos (nome_titulo, id_tipo_elemento_sintatico, id_arquivo_fonte) VALUES ("30_horas", (SELECT id_chave_tipo_elemento_sintatico FROM tipos_elementos_sintaticos WHERE nome_tipo_elemento_sintatico = "locucao substantiva"), @id_arquivo_var);
 INSERT IGNORE INTO titulos (nome_titulo, id_tipo_elemento_sintatico, id_arquivo_fonte) VALUES ("45_dias", (SELECT id_chave_tipo_elemento_sintatico FROM tipos_elementos_sintaticos WHERE nome_tipo_elemento_sintatico = "locucao substantiva"), @id_arquivo_var);
 INSERT IGNORE INTO titulos (nome_titulo, id_tipo_elemento_sintatico, id_arquivo_fonte) VALUES ("assuntos_gerais_na_suinocultura", (SELECT id_chave_tipo_elemento_sintatico FROM tipos_elementos_sintaticos WHERE nome_tipo_elemento_sintatico = "locucao substantiva"), @id_arquivo_var);
 INSERT IGNORE INTO titulos (nome_titulo, id_tipo_elemento_sintatico, id_arquivo_fonte) VALUES ("auxiliar_em_saúde_animal", (SELECT id_chave_tipo_elemento_sintatico FROM tipos_elementos_sintaticos WHERE nome_tipo_elemento_sintatico = "locucao substantiva"), @id_arquivo_var);
 INSERT IGNORE INTO titulos (nome_titulo, id_tipo_elemento_sintatico, id_arquivo_fonte) VALUES ("boas_práticas_na_fabricação_de_produtos_de_carnes_embutidas", (SELECT id_chave_tipo_elemento_sintatico FROM tipos_elementos_sintaticos WHERE nome_tipo_elemento_sintatico = "locucao substantiva"), @id_arquivo_var);
 INSERT IGNORE INTO titulos (nome_titulo, id_tipo_elemento_sintatico, id_arquivo_fonte) VALUES ("15_dias", (SELECT id_chave_tipo_elemento_sintatico FROM tipos_elementos_sintaticos WHERE nome_tipo_elemento_sintatico = "locucao substantiva"), @id_arquivo_var);
 INSERT IGNORE INTO titulos (nome_titulo, id_tipo_elemento_sintatico, id_arquivo_fonte) VALUES ("boas_práticas_na_produção_vegetal", (SELECT id_chave_tipo_elemento_sintatico FROM tipos_elementos_sintaticos WHERE nome_tipo_elemento_sintatico = "locucao substantiva"), @id_arquivo_var);
 INSERT IGNORE INTO titulos (nome_titulo, id_tipo_elemento_sintatico, id_arquivo_fonte) VALUES ("cadec", (SELECT id_chave_tipo_elemento_sintatico FROM tipos_elementos_sintaticos WHERE nome_tipo_elemento_sintatico = "locucao substantiva"), @id_arquivo_var);
 INSERT IGNORE INTO titulos (nome_titulo, id_tipo_elemento_sintatico, id_arquivo_fonte) VALUES ("comercialização_de_produtos_agrícolas_com_valor_agregado", (SELECT id_chave_tipo_elemento_sintatico FROM tipos_elementos_sintaticos WHERE nome_tipo_elemento_sintatico = "locucao substantiva"), @id_arquivo_var);
 INSERT IGNORE INTO titulos (nome_titulo, id_tipo_elemento_sintatico, id_arquivo_fonte) VALUES ("componente_animal_nos_sistemas_de_ilpf", (SELECT id_chave_tipo_elemento_sintatico FROM tipos_elementos_sintaticos WHERE nome_tipo_elemento_sintatico = "locucao substantiva"), @id_arquivo_var);
 INSERT IGNORE INTO titulos (nome_titulo, id_tipo_elemento_sintatico, id_arquivo_fonte) VALUES ("componente_solo_nos_sistemas_de_ilpf", (SELECT id_chave_tipo_elemento_sintatico FROM tipos_elementos_sintaticos WHERE nome_tipo_elemento_sintatico = "locucao substantiva"), @id_arquivo_var);
 INSERT IGNORE INTO titulos (nome_titulo, id_tipo_elemento_sintatico, id_arquivo_fonte) VALUES ("10_horas", (SELECT id_chave_tipo_elemento_sintatico FROM tipos_elementos_sintaticos WHERE nome_tipo_elemento_sintatico = "locucao substantiva"), @id_arquivo_var);
 INSERT IGNORE INTO titulos (nome_titulo, id_tipo_elemento_sintatico, id_arquivo_fonte) VALUES ("componente_vegetal_nos_sistemas_de_ilpf", (SELECT id_chave_tipo_elemento_sintatico FROM tipos_elementos_sintaticos WHERE nome_tipo_elemento_sintatico = "locucao substantiva"), @id_arquivo_var);
 INSERT IGNORE INTO titulos (nome_titulo, id_tipo_elemento_sintatico, id_arquivo_fonte) VALUES ("comportamento_do_fogo", (SELECT id_chave_tipo_elemento_sintatico FROM tipos_elementos_sintaticos WHERE nome_tipo_elemento_sintatico = "locucao substantiva"), @id_arquivo_var);
 INSERT IGNORE INTO titulos (nome_titulo, id_tipo_elemento_sintatico, id_arquivo_fonte) VALUES ("42", (SELECT id_chave_tipo_elemento_sintatico FROM tipos_elementos_sintaticos WHERE nome_tipo_elemento_sintatico = "locucao substantiva"), @id_arquivo_var);
 INSERT IGNORE INTO titulos (nome_titulo, id_tipo_elemento_sintatico, id_arquivo_fonte) VALUES ("controle_de_verminoses_em_ovinos_e_caprinos", (SELECT id_chave_tipo_elemento_sintatico FROM tipos_elementos_sintaticos WHERE nome_tipo_elemento_sintatico = "locucao substantiva"), @id_arquivo_var);
 INSERT IGNORE INTO titulos (nome_titulo, id_tipo_elemento_sintatico, id_arquivo_fonte) VALUES ("43", (SELECT id_chave_tipo_elemento_sintatico FROM tipos_elementos_sintaticos WHERE nome_tipo_elemento_sintatico = "locucao substantiva"), @id_arquivo_var);
 INSERT IGNORE INTO titulos (nome_titulo, id_tipo_elemento_sintatico, id_arquivo_fonte) VALUES ("correção_da_acidez_do_solo", (SELECT id_chave_tipo_elemento_sintatico FROM tipos_elementos_sintaticos WHERE nome_tipo_elemento_sintatico = "locucao substantiva"), @id_arquivo_var);
 INSERT IGNORE INTO titulos (nome_titulo, id_tipo_elemento_sintatico, id_arquivo_fonte) VALUES ("2_horas", (SELECT id_chave_tipo_elemento_sintatico FROM tipos_elementos_sintaticos WHERE nome_tipo_elemento_sintatico = "locucao substantiva"), @id_arquivo_var);
 INSERT IGNORE INTO titulos (nome_titulo, id_tipo_elemento_sintatico, id_arquivo_fonte) VALUES ("44", (SELECT id_chave_tipo_elemento_sintatico FROM tipos_elementos_sintaticos WHERE nome_tipo_elemento_sintatico = "locucao substantiva"), @id_arquivo_var);
 INSERT IGNORE INTO titulos (nome_titulo, id_tipo_elemento_sintatico, id_arquivo_fonte) VALUES ("crédito_rural", (SELECT id_chave_tipo_elemento_sintatico FROM tipos_elementos_sintaticos WHERE nome_tipo_elemento_sintatico = "locucao substantiva"), @id_arquivo_var);
 INSERT IGNORE INTO titulos (nome_titulo, id_tipo_elemento_sintatico, id_arquivo_fonte) VALUES ("20_dias", (SELECT id_chave_tipo_elemento_sintatico FROM tipos_elementos_sintaticos WHERE nome_tipo_elemento_sintatico = "locucao substantiva"), @id_arquivo_var);
 INSERT IGNORE INTO titulos (nome_titulo, id_tipo_elemento_sintatico, id_arquivo_fonte) VALUES ("46", (SELECT id_chave_tipo_elemento_sintatico FROM tipos_elementos_sintaticos WHERE nome_tipo_elemento_sintatico = "locucao substantiva"), @id_arquivo_var);
 INSERT IGNORE INTO titulos (nome_titulo, id_tipo_elemento_sintatico, id_arquivo_fonte) VALUES ("cuidados_com_tuberculose_,_brucelose_e_tripanossomose_em_bovinos", (SELECT id_chave_tipo_elemento_sintatico FROM tipos_elementos_sintaticos WHERE nome_tipo_elemento_sintatico = "locucao substantiva"), @id_arquivo_var);
 INSERT IGNORE INTO titulos (nome_titulo, id_tipo_elemento_sintatico, id_arquivo_fonte) VALUES ("47", (SELECT id_chave_tipo_elemento_sintatico FROM tipos_elementos_sintaticos WHERE nome_tipo_elemento_sintatico = "locucao substantiva"), @id_arquivo_var);
 INSERT IGNORE INTO titulos (nome_titulo, id_tipo_elemento_sintatico, id_arquivo_fonte) VALUES ("cuidados_e_manejos_com_as_camas_do_sistema_compost_barn", (SELECT id_chave_tipo_elemento_sintatico FROM tipos_elementos_sintaticos WHERE nome_tipo_elemento_sintatico = "locucao substantiva"), @id_arquivo_var);
 INSERT IGNORE INTO titulos (nome_titulo, id_tipo_elemento_sintatico, id_arquivo_fonte) VALUES ("48", (SELECT id_chave_tipo_elemento_sintatico FROM tipos_elementos_sintaticos WHERE nome_tipo_elemento_sintatico = "locucao substantiva"), @id_arquivo_var);
 INSERT IGNORE INTO titulos (nome_titulo, id_tipo_elemento_sintatico, id_arquivo_fonte) VALUES ("cuidados_técnicos_para_uso_de_drones", (SELECT id_chave_tipo_elemento_sintatico FROM tipos_elementos_sintaticos WHERE nome_tipo_elemento_sintatico = "locucao substantiva"), @id_arquivo_var);
 INSERT IGNORE INTO titulos (nome_titulo, id_tipo_elemento_sintatico, id_arquivo_fonte) VALUES ("50", (SELECT id_chave_tipo_elemento_sintatico FROM tipos_elementos_sintaticos WHERE nome_tipo_elemento_sintatico = "locucao substantiva"), @id_arquivo_var);
 INSERT IGNORE INTO titulos (nome_titulo, id_tipo_elemento_sintatico, id_arquivo_fonte) VALUES ("cultivo_e_produção_de_cana_-_de_-_açúcar", (SELECT id_chave_tipo_elemento_sintatico FROM tipos_elementos_sintaticos WHERE nome_tipo_elemento_sintatico = "locucao substantiva"), @id_arquivo_var);
 INSERT IGNORE INTO titulos (nome_titulo, id_tipo_elemento_sintatico, id_arquivo_fonte) VALUES ("51", (SELECT id_chave_tipo_elemento_sintatico FROM tipos_elementos_sintaticos WHERE nome_tipo_elemento_sintatico = "locucao substantiva"), @id_arquivo_var);
 INSERT IGNORE INTO titulos (nome_titulo, id_tipo_elemento_sintatico, id_arquivo_fonte) VALUES ("cultivo_e_produção_de_grãos", (SELECT id_chave_tipo_elemento_sintatico FROM tipos_elementos_sintaticos WHERE nome_tipo_elemento_sintatico = "locucao substantiva"), @id_arquivo_var);
 INSERT IGNORE INTO titulos (nome_titulo, id_tipo_elemento_sintatico, id_arquivo_fonte) VALUES ("15_horas", (SELECT id_chave_tipo_elemento_sintatico FROM tipos_elementos_sintaticos WHERE nome_tipo_elemento_sintatico = "locucao substantiva"), @id_arquivo_var);
 INSERT IGNORE INTO titulos (nome_titulo, id_tipo_elemento_sintatico, id_arquivo_fonte) VALUES ("52", (SELECT id_chave_tipo_elemento_sintatico FROM tipos_elementos_sintaticos WHERE nome_tipo_elemento_sintatico = "locucao substantiva"), @id_arquivo_var);
