INSERT IGNORE INTO instituicoes (nome_instituicao, sigla, identificador, id_tipo_instituicao, logo) VALUES ("Serviço Nacional de Aprendizagem Comercial", "SENAC", "senac", (SELECT id_chave_tipo_instituicao FROM tipos_instituicoes WHERE nome_tipo_instituicao = "Sistema S - Privada"), "senac_logo.png");

 INSERT INTO arquivos_fonte (nome_arquivo_fonte_SQL, nome_arquivo_fonte_CSV, id_instituicao, fornecedor, data_entrada, descricao) VALUES ("saida_cursos_senac_estado_1.sql", "cursos_senac_estado_1_capitais.csv", (SELECT id_chave_instituicao FROM instituicoes WHERE identificador = "senac"),"","", "Repassado por Odair Behn para Victor Mammana");
SET @id_arquivo_var:=(SELECT id_chave_arquivo_fonte FROM arquivos_fonte WHERE nome_arquivo_fonte_SQL = "saida_cursos_senac_estado_1.sql");

INSERT IGNORE INTO tipos_classificacoes (nome_tipo_classificacao, caption_substituto, id_arquivo_fonte, ordem) VALUES ("segmento","segmento", @id_arquivo_var, 1);
 INSERT IGNORE INTO tipos_classificacoes (nome_tipo_classificacao, caption_substituto, id_arquivo_fonte, ordem) VALUES ("tipo_de_curso","tipo_de_curso", @id_arquivo_var, 2);
 INSERT IGNORE INTO tipos_classificacoes (nome_tipo_classificacao, caption_substituto, id_arquivo_fonte, ordem) VALUES ("codigo_do_curso","codigo_do_curso", @id_arquivo_var, 3);
 INSERT IGNORE INTO tipos_classificacoes (nome_tipo_classificacao, caption_substituto, id_arquivo_fonte, ordem) VALUES ("titulo_do_curso","titulo_do_curso", @id_arquivo_var, 4);
 INSERT IGNORE INTO tipos_classificacoes (nome_tipo_classificacao, caption_substituto, id_arquivo_fonte, ordem) VALUES ("estado","estado", @id_arquivo_var, 5);
 INSERT IGNORE INTO tipos_classificacoes (nome_tipo_classificacao, caption_substituto, id_arquivo_fonte, ordem) VALUES ("vagas","vagas", @id_arquivo_var, 6);
 INSERT IGNORE INTO tipos_classificacoes (nome_tipo_classificacao, caption_substituto, id_arquivo_fonte, ordem) VALUES ("cidade","cidade", @id_arquivo_var, 7);
 INSERT IGNORE INTO tokens (nome_token, acentuada, id_tipo_token, id_tipo_token_spaCy, id_arquivo_fonte) VALUES ("turista", "turista", (SELECT id_tipo_token FROM classificacoes_tokens WHERE BINARY nome_token = "turista" UNION (SELECT id_chave_tipo_token FROM tipos_tokens WHERE nome_tipo_token = 'indeterminado') LIMIT 1), (SELECT id_chave_tipo_token FROM tipos_tokens WHERE nome_tipo_token = "substantivo" UNION (SELECT id_chave_tipo_token FROM tipos_tokens WHERE nome_tipo_token = 'indeterminado') LIMIT 1), @id_arquivo_var);
  INSERT IGNORE INTO classificacoes_tokens (nome_token, id_tipo_token, id_arquivo_fonte) VALUES ("776", (SELECT id_chave_tipo_token FROM tipos_tokens WHERE nome_tipo_token = "numeral"), @id_arquivo_var);
INSERT IGNORE INTO tokens (nome_token, acentuada, id_tipo_token, id_tipo_token_spaCy, id_arquivo_fonte) VALUES ("776", "776", (SELECT id_tipo_token FROM classificacoes_tokens WHERE BINARY nome_token = "776" UNION (SELECT id_chave_tipo_token FROM tipos_tokens WHERE nome_tipo_token = 'indeterminado') LIMIT 1), (SELECT id_chave_tipo_token FROM tipos_tokens WHERE nome_tipo_token = "numeral" UNION (SELECT id_chave_tipo_token FROM tipos_tokens WHERE nome_tipo_token = 'indeterminado') LIMIT 1), @id_arquivo_var);
  INSERT IGNORE INTO classificacoes_tokens (nome_token, id_tipo_token, id_arquivo_fonte) VALUES ("1709", (SELECT id_chave_tipo_token FROM tipos_tokens WHERE nome_tipo_token = "numeral"), @id_arquivo_var);
INSERT IGNORE INTO tokens (nome_token, acentuada, id_tipo_token, id_tipo_token_spaCy, id_arquivo_fonte) VALUES ("1709", "1709", (SELECT id_tipo_token FROM classificacoes_tokens WHERE BINARY nome_token = "1709" UNION (SELECT id_chave_tipo_token FROM tipos_tokens WHERE nome_tipo_token = 'indeterminado') LIMIT 1), (SELECT id_chave_tipo_token FROM tipos_tokens WHERE nome_tipo_token = "numeral" UNION (SELECT id_chave_tipo_token FROM tipos_tokens WHERE nome_tipo_token = 'indeterminado') LIMIT 1), @id_arquivo_var);
  INSERT IGNORE INTO classificacoes_tokens (nome_token, id_tipo_token, id_arquivo_fonte) VALUES ("2629", (SELECT id_chave_tipo_token FROM tipos_tokens WHERE nome_tipo_token = "numeral"), @id_arquivo_var);
INSERT IGNORE INTO tokens (nome_token, acentuada, id_tipo_token, id_tipo_token_spaCy, id_arquivo_fonte) VALUES ("2629", "2629", (SELECT id_tipo_token FROM classificacoes_tokens WHERE BINARY nome_token = "2629" UNION (SELECT id_chave_tipo_token FROM tipos_tokens WHERE nome_tipo_token = 'indeterminado') LIMIT 1), (SELECT id_chave_tipo_token FROM tipos_tokens WHERE nome_tipo_token = "numeral" UNION (SELECT id_chave_tipo_token FROM tipos_tokens WHERE nome_tipo_token = 'indeterminado') LIMIT 1), @id_arquivo_var);
  INSERT IGNORE INTO tokens (nome_token, acentuada, id_tipo_token, id_tipo_token_spaCy, id_arquivo_fonte) VALUES ("roteiros", "roteiros", (SELECT id_tipo_token FROM classificacoes_tokens WHERE BINARY nome_token = "roteiros" UNION (SELECT id_chave_tipo_token FROM tipos_tokens WHERE nome_tipo_token = 'indeterminado') LIMIT 1), (SELECT id_chave_tipo_token FROM tipos_tokens WHERE nome_tipo_token = "substantivo" UNION (SELECT id_chave_tipo_token FROM tipos_tokens WHERE nome_tipo_token = 'indeterminado') LIMIT 1), @id_arquivo_var);
  INSERT IGNORE INTO tokens (nome_token, acentuada, id_tipo_token, id_tipo_token_spaCy, id_arquivo_fonte) VALUES ("caminhos", "caminhos", (SELECT id_tipo_token FROM classificacoes_tokens WHERE BINARY nome_token = "caminhos" UNION (SELECT id_chave_tipo_token FROM tipos_tokens WHERE nome_tipo_token = 'indeterminado') LIMIT 1), (SELECT id_chave_tipo_token FROM tipos_tokens WHERE nome_tipo_token = "substantivo" UNION (SELECT id_chave_tipo_token FROM tipos_tokens WHERE nome_tipo_token = 'indeterminado') LIMIT 1), @id_arquivo_var);
  INSERT IGNORE INTO tokens (nome_token, acentuada, id_tipo_token, id_tipo_token_spaCy, id_arquivo_fonte) VALUES ("novos", "novos", (SELECT id_tipo_token FROM classificacoes_tokens WHERE BINARY nome_token = "novos" UNION (SELECT id_chave_tipo_token FROM tipos_tokens WHERE nome_tipo_token = 'indeterminado') LIMIT 1), (SELECT id_chave_tipo_token FROM tipos_tokens WHERE nome_tipo_token = "adjetivo" UNION (SELECT id_chave_tipo_token FROM tipos_tokens WHERE nome_tipo_token = 'indeterminado') LIMIT 1), @id_arquivo_var);
  INSERT IGNORE INTO tokens (nome_token, acentuada, id_tipo_token, id_tipo_token_spaCy, id_arquivo_fonte) VALUES ("singularidades", "singularidades", (SELECT id_tipo_token FROM classificacoes_tokens WHERE BINARY nome_token = "singularidades" UNION (SELECT id_chave_tipo_token FROM tipos_tokens WHERE nome_tipo_token = 'indeterminado') LIMIT 1), (SELECT id_chave_tipo_token FROM tipos_tokens WHERE nome_tipo_token = "substantivo" UNION (SELECT id_chave_tipo_token FROM tipos_tokens WHERE nome_tipo_token = 'indeterminado') LIMIT 1), @id_arquivo_var);
  INSERT IGNORE INTO tokens (nome_token, acentuada, id_tipo_token, id_tipo_token_spaCy, id_arquivo_fonte) VALUES ("comunitaria", "comunitária", (SELECT id_tipo_token FROM classificacoes_tokens WHERE BINARY nome_token = "comunitária" UNION (SELECT id_chave_tipo_token FROM tipos_tokens WHERE nome_tipo_token = 'indeterminado') LIMIT 1), (SELECT id_chave_tipo_token FROM tipos_tokens WHERE nome_tipo_token = "adjetivo" UNION (SELECT id_chave_tipo_token FROM tipos_tokens WHERE nome_tipo_token = 'indeterminado') LIMIT 1), @id_arquivo_var);
  INSERT IGNORE INTO classificacoes_tokens (nome_token, id_tipo_token, id_arquivo_fonte) VALUES ("1352", (SELECT id_chave_tipo_token FROM tipos_tokens WHERE nome_tipo_token = "numeral"), @id_arquivo_var);
INSERT IGNORE INTO tokens (nome_token, acentuada, id_tipo_token, id_tipo_token_spaCy, id_arquivo_fonte) VALUES ("1352", "1352", (SELECT id_tipo_token FROM classificacoes_tokens WHERE BINARY nome_token = "1352" UNION (SELECT id_chave_tipo_token FROM tipos_tokens WHERE nome_tipo_token = 'indeterminado') LIMIT 1), (SELECT id_chave_tipo_token FROM tipos_tokens WHERE nome_tipo_token = "numeral" UNION (SELECT id_chave_tipo_token FROM tipos_tokens WHERE nome_tipo_token = 'indeterminado') LIMIT 1), @id_arquivo_var);
  INSERT IGNORE INTO tokens (nome_token, acentuada, id_tipo_token, id_tipo_token_spaCy, id_arquivo_fonte) VALUES ("turistico", "turístico", (SELECT id_tipo_token FROM classificacoes_tokens WHERE BINARY nome_token = "turístico" UNION (SELECT id_chave_tipo_token FROM tipos_tokens WHERE nome_tipo_token = 'indeterminado') LIMIT 1), (SELECT id_chave_tipo_token FROM tipos_tokens WHERE nome_tipo_token = "adjetivo" UNION (SELECT id_chave_tipo_token FROM tipos_tokens WHERE nome_tipo_token = 'indeterminado') LIMIT 1), @id_arquivo_var);
  INSERT IGNORE INTO tokens (nome_token, acentuada, id_tipo_token, id_tipo_token_spaCy, id_arquivo_fonte) VALUES ("receptivo", "receptivo", (SELECT id_tipo_token FROM classificacoes_tokens WHERE BINARY nome_token = "receptivo" UNION (SELECT id_chave_tipo_token FROM tipos_tokens WHERE nome_tipo_token = 'indeterminado') LIMIT 1), (SELECT id_chave_tipo_token FROM tipos_tokens WHERE nome_tipo_token = "substantivo" UNION (SELECT id_chave_tipo_token FROM tipos_tokens WHERE nome_tipo_token = 'indeterminado') LIMIT 1), @id_arquivo_var);
  INSERT IGNORE INTO tokens (nome_token, acentuada, id_tipo_token, id_tipo_token_spaCy, id_arquivo_fonte) VALUES ("aventura", "aventura", (SELECT id_tipo_token FROM classificacoes_tokens WHERE BINARY nome_token = "aventura" UNION (SELECT id_chave_tipo_token FROM tipos_tokens WHERE nome_tipo_token = 'indeterminado') LIMIT 1), (SELECT id_chave_tipo_token FROM tipos_tokens WHERE nome_tipo_token = "substantivo" UNION (SELECT id_chave_tipo_token FROM tipos_tokens WHERE nome_tipo_token = 'indeterminado') LIMIT 1), @id_arquivo_var);
  INSERT IGNORE INTO tokens (nome_token, acentuada, id_tipo_token, id_tipo_token_spaCy, id_arquivo_fonte) VALUES ("viagem", "viagem", (SELECT id_tipo_token FROM classificacoes_tokens WHERE BINARY nome_token = "viagem" UNION (SELECT id_chave_tipo_token FROM tipos_tokens WHERE nome_tipo_token = 'indeterminado') LIMIT 1), (SELECT id_chave_tipo_token FROM tipos_tokens WHERE nome_tipo_token = "substantivo" UNION (SELECT id_chave_tipo_token FROM tipos_tokens WHERE nome_tipo_token = 'indeterminado') LIMIT 1), @id_arquivo_var);
  INSERT IGNORE INTO tokens (nome_token, acentuada, id_tipo_token, id_tipo_token_spaCy, id_arquivo_fonte) VALUES ("agenciamento", "agenciamento", (SELECT id_tipo_token FROM classificacoes_tokens WHERE BINARY nome_token = "agenciamento" UNION (SELECT id_chave_tipo_token FROM tipos_tokens WHERE nome_tipo_token = 'indeterminado') LIMIT 1), (SELECT id_chave_tipo_token FROM tipos_tokens WHERE nome_tipo_token = "substantivo" UNION (SELECT id_chave_tipo_token FROM tipos_tokens WHERE nome_tipo_token = 'indeterminado') LIMIT 1), @id_arquivo_var);
  INSERT IGNORE INTO tokens (nome_token, acentuada, id_tipo_token, id_tipo_token_spaCy, id_arquivo_fonte) VALUES ("visitas", "visitas", (SELECT id_tipo_token FROM classificacoes_tokens WHERE BINARY nome_token = "visitas" UNION (SELECT id_chave_tipo_token FROM tipos_tokens WHERE nome_tipo_token = 'indeterminado') LIMIT 1), (SELECT id_chave_tipo_token FROM tipos_tokens WHERE nome_tipo_token = "substantivo" UNION (SELECT id_chave_tipo_token FROM tipos_tokens WHERE nome_tipo_token = 'indeterminado') LIMIT 1), @id_arquivo_var);
  INSERT IGNORE INTO tokens (nome_token, acentuada, id_tipo_token, id_tipo_token_spaCy, id_arquivo_fonte) VALUES ("experiencias", "experiências", (SELECT id_tipo_token FROM classificacoes_tokens WHERE BINARY nome_token = "experiências" UNION (SELECT id_chave_tipo_token FROM tipos_tokens WHERE nome_tipo_token = 'indeterminado') LIMIT 1), (SELECT id_chave_tipo_token FROM tipos_tokens WHERE nome_tipo_token = "substantivo" UNION (SELECT id_chave_tipo_token FROM tipos_tokens WHERE nome_tipo_token = 'indeterminado') LIMIT 1), @id_arquivo_var);
  INSERT IGNORE INTO tokens (nome_token, acentuada, id_tipo_token, id_tipo_token_spaCy, id_arquivo_fonte) VALUES ("inteligentes", "inteligentes", (SELECT id_tipo_token FROM classificacoes_tokens WHERE BINARY nome_token = "inteligentes" UNION (SELECT id_chave_tipo_token FROM tipos_tokens WHERE nome_tipo_token = 'indeterminado') LIMIT 1), (SELECT id_chave_tipo_token FROM tipos_tokens WHERE nome_tipo_token = "adjetivo" UNION (SELECT id_chave_tipo_token FROM tipos_tokens WHERE nome_tipo_token = 'indeterminado') LIMIT 1), @id_arquivo_var);
  INSERT IGNORE INTO tokens (nome_token, acentuada, id_tipo_token, id_tipo_token_spaCy, id_arquivo_fonte) VALUES ("atrativos", "atrativos", (SELECT id_tipo_token FROM classificacoes_tokens WHERE BINARY nome_token = "atrativos" UNION (SELECT id_chave_tipo_token FROM tipos_tokens WHERE nome_tipo_token = 'indeterminado') LIMIT 1), (SELECT id_chave_tipo_token FROM tipos_tokens WHERE nome_tipo_token = "adjetivo" UNION (SELECT id_chave_tipo_token FROM tipos_tokens WHERE nome_tipo_token = 'indeterminado') LIMIT 1), @id_arquivo_var);
  INSERT IGNORE INTO tokens (nome_token, acentuada, id_tipo_token, id_tipo_token_spaCy, id_arquivo_fonte) VALUES ("criativo", "criativo", (SELECT id_tipo_token FROM classificacoes_tokens WHERE BINARY nome_token = "criativo" UNION (SELECT id_chave_tipo_token FROM tipos_tokens WHERE nome_tipo_token = 'indeterminado') LIMIT 1), (SELECT id_chave_tipo_token FROM tipos_tokens WHERE nome_tipo_token = "adjetivo" UNION (SELECT id_chave_tipo_token FROM tipos_tokens WHERE nome_tipo_token = 'indeterminado') LIMIT 1), @id_arquivo_var);
  INSERT IGNORE INTO tokens (nome_token, acentuada, id_tipo_token, id_tipo_token_spaCy, id_arquivo_fonte) VALUES ("hospitaleiro", "hospitaleiro", (SELECT id_tipo_token FROM classificacoes_tokens WHERE BINARY nome_token = "hospitaleiro" UNION (SELECT id_chave_tipo_token FROM tipos_tokens WHERE nome_tipo_token = 'indeterminado') LIMIT 1), (SELECT id_chave_tipo_token FROM tipos_tokens WHERE nome_tipo_token = "adjetivo" UNION (SELECT id_chave_tipo_token FROM tipos_tokens WHERE nome_tipo_token = 'indeterminado') LIMIT 1), @id_arquivo_var);
  INSERT IGNORE INTO tokens (nome_token, acentuada, id_tipo_token, id_tipo_token_spaCy, id_arquivo_fonte) VALUES ("viagens", "viagens", (SELECT id_tipo_token FROM classificacoes_tokens WHERE BINARY nome_token = "viagens" UNION (SELECT id_chave_tipo_token FROM tipos_tokens WHERE nome_tipo_token = 'indeterminado') LIMIT 1), (SELECT id_chave_tipo_token FROM tipos_tokens WHERE nome_tipo_token = "sigla" UNION (SELECT id_chave_tipo_token FROM tipos_tokens WHERE nome_tipo_token = 'indeterminado') LIMIT 1), @id_arquivo_var);
  INSERT IGNORE INTO tokens (nome_token, acentuada, id_tipo_token, id_tipo_token_spaCy, id_arquivo_fonte) VALUES ("mercado", "mercado", (SELECT id_tipo_token FROM classificacoes_tokens WHERE BINARY nome_token = "mercado" UNION (SELECT id_chave_tipo_token FROM tipos_tokens WHERE nome_tipo_token = 'indeterminado') LIMIT 1), (SELECT id_chave_tipo_token FROM tipos_tokens WHERE nome_tipo_token = "substantivo" UNION (SELECT id_chave_tipo_token FROM tipos_tokens WHERE nome_tipo_token = 'indeterminado') LIMIT 1), @id_arquivo_var);
  INSERT IGNORE INTO tokens (nome_token, acentuada, id_tipo_token, id_tipo_token_spaCy, id_arquivo_fonte) VALUES ("agencia", "agência", (SELECT id_tipo_token FROM classificacoes_tokens WHERE BINARY nome_token = "agência" UNION (SELECT id_chave_tipo_token FROM tipos_tokens WHERE nome_tipo_token = 'indeterminado') LIMIT 1), (SELECT id_chave_tipo_token FROM tipos_tokens WHERE nome_tipo_token = "substantivo" UNION (SELECT id_chave_tipo_token FROM tipos_tokens WHERE nome_tipo_token = 'indeterminado') LIMIT 1), @id_arquivo_var);
  INSERT IGNORE INTO tokens (nome_token, acentuada, id_tipo_token, id_tipo_token_spaCy, id_arquivo_fonte) VALUES ("aeroporto", "aeroporto", (SELECT id_tipo_token FROM classificacoes_tokens WHERE BINARY nome_token = "aeroporto" UNION (SELECT id_chave_tipo_token FROM tipos_tokens WHERE nome_tipo_token = 'indeterminado') LIMIT 1), (SELECT id_chave_tipo_token FROM tipos_tokens WHERE nome_tipo_token = "substantivo" UNION (SELECT id_chave_tipo_token FROM tipos_tokens WHERE nome_tipo_token = 'indeterminado') LIMIT 1), @id_arquivo_var);
  INSERT IGNORE INTO classificacoes_tokens (nome_token, id_tipo_token, id_arquivo_fonte) VALUES ("1342", (SELECT id_chave_tipo_token FROM tipos_tokens WHERE nome_tipo_token = "numeral"), @id_arquivo_var);
INSERT IGNORE INTO tokens (nome_token, acentuada, id_tipo_token, id_tipo_token_spaCy, id_arquivo_fonte) VALUES ("1342", "1342", (SELECT id_tipo_token FROM classificacoes_tokens WHERE BINARY nome_token = "1342" UNION (SELECT id_chave_tipo_token FROM tipos_tokens WHERE nome_tipo_token = 'indeterminado') LIMIT 1), (SELECT id_chave_tipo_token FROM tipos_tokens WHERE nome_tipo_token = "numeral" UNION (SELECT id_chave_tipo_token FROM tipos_tokens WHERE nome_tipo_token = 'indeterminado') LIMIT 1), @id_arquivo_var);
  INSERT IGNORE INTO tokens (nome_token, acentuada, id_tipo_token, id_tipo_token_spaCy, id_arquivo_fonte) VALUES ("receptivo", "receptivo", (SELECT id_tipo_token FROM classificacoes_tokens WHERE BINARY nome_token = "receptivo" UNION (SELECT id_chave_tipo_token FROM tipos_tokens WHERE nome_tipo_token = 'indeterminado') LIMIT 1), (SELECT id_chave_tipo_token FROM tipos_tokens WHERE nome_tipo_token = "adjetivo" UNION (SELECT id_chave_tipo_token FROM tipos_tokens WHERE nome_tipo_token = 'indeterminado') LIMIT 1), @id_arquivo_var);
  INSERT IGNORE INTO classificacoes_tokens (nome_token, id_tipo_token, id_arquivo_fonte) VALUES ("1104", (SELECT id_chave_tipo_token FROM tipos_tokens WHERE nome_tipo_token = "numeral"), @id_arquivo_var);
INSERT IGNORE INTO tokens (nome_token, acentuada, id_tipo_token, id_tipo_token_spaCy, id_arquivo_fonte) VALUES ("1104", "1104", (SELECT id_tipo_token FROM classificacoes_tokens WHERE BINARY nome_token = "1104" UNION (SELECT id_chave_tipo_token FROM tipos_tokens WHERE nome_tipo_token = 'indeterminado') LIMIT 1), (SELECT id_chave_tipo_token FROM tipos_tokens WHERE nome_tipo_token = "numeral" UNION (SELECT id_chave_tipo_token FROM tipos_tokens WHERE nome_tipo_token = 'indeterminado') LIMIT 1), @id_arquivo_var);
  INSERT IGNORE INTO tokens (nome_token, acentuada, id_tipo_token, id_tipo_token_spaCy, id_arquivo_fonte) VALUES ("religioso", "religioso", (SELECT id_tipo_token FROM classificacoes_tokens WHERE BINARY nome_token = "religioso" UNION (SELECT id_chave_tipo_token FROM tipos_tokens WHERE nome_tipo_token = 'indeterminado') LIMIT 1), (SELECT id_chave_tipo_token FROM tipos_tokens WHERE nome_tipo_token = "adjetivo" UNION (SELECT id_chave_tipo_token FROM tipos_tokens WHERE nome_tipo_token = 'indeterminado') LIMIT 1), @id_arquivo_var);
  INSERT IGNORE INTO tokens (nome_token, acentuada, id_tipo_token, id_tipo_token_spaCy, id_arquivo_fonte) VALUES ("turisticas", "turísticas", (SELECT id_tipo_token FROM classificacoes_tokens WHERE BINARY nome_token = "turísticas" UNION (SELECT id_chave_tipo_token FROM tipos_tokens WHERE nome_tipo_token = 'indeterminado') LIMIT 1), (SELECT id_chave_tipo_token FROM tipos_tokens WHERE nome_tipo_token = "adjetivo" UNION (SELECT id_chave_tipo_token FROM tipos_tokens WHERE nome_tipo_token = 'indeterminado') LIMIT 1), @id_arquivo_var);
  INSERT IGNORE INTO classificacoes_tokens (nome_token, id_tipo_token, id_arquivo_fonte) VALUES ("917", (SELECT id_chave_tipo_token FROM tipos_tokens WHERE nome_tipo_token = "numeral"), @id_arquivo_var);
INSERT IGNORE INTO tokens (nome_token, acentuada, id_tipo_token, id_tipo_token_spaCy, id_arquivo_fonte) VALUES ("917", "917", (SELECT id_tipo_token FROM classificacoes_tokens WHERE BINARY nome_token = "917" UNION (SELECT id_chave_tipo_token FROM tipos_tokens WHERE nome_tipo_token = 'indeterminado') LIMIT 1), (SELECT id_chave_tipo_token FROM tipos_tokens WHERE nome_tipo_token = "numeral" UNION (SELECT id_chave_tipo_token FROM tipos_tokens WHERE nome_tipo_token = 'indeterminado') LIMIT 1), @id_arquivo_var);
  INSERT IGNORE INTO classificacoes_tokens (nome_token, id_tipo_token, id_arquivo_fonte) VALUES ("1485", (SELECT id_chave_tipo_token FROM tipos_tokens WHERE nome_tipo_token = "numeral"), @id_arquivo_var);
INSERT IGNORE INTO tokens (nome_token, acentuada, id_tipo_token, id_tipo_token_spaCy, id_arquivo_fonte) VALUES ("1485", "1485", (SELECT id_tipo_token FROM classificacoes_tokens WHERE BINARY nome_token = "1485" UNION (SELECT id_chave_tipo_token FROM tipos_tokens WHERE nome_tipo_token = 'indeterminado') LIMIT 1), (SELECT id_chave_tipo_token FROM tipos_tokens WHERE nome_tipo_token = "numeral" UNION (SELECT id_chave_tipo_token FROM tipos_tokens WHERE nome_tipo_token = 'indeterminado') LIMIT 1), @id_arquivo_var);
  INSERT IGNORE INTO tokens (nome_token, acentuada, id_tipo_token, id_tipo_token_spaCy, id_arquivo_fonte) VALUES ("nautico", "náutico", (SELECT id_tipo_token FROM classificacoes_tokens WHERE BINARY nome_token = "náutico" UNION (SELECT id_chave_tipo_token FROM tipos_tokens WHERE nome_tipo_token = 'indeterminado') LIMIT 1), (SELECT id_chave_tipo_token FROM tipos_tokens WHERE nome_tipo_token = "adjetivo" UNION (SELECT id_chave_tipo_token FROM tipos_tokens WHERE nome_tipo_token = 'indeterminado') LIMIT 1), @id_arquivo_var);
  INSERT IGNORE INTO tokens (nome_token, acentuada, id_tipo_token, id_tipo_token_spaCy, id_arquivo_fonte) VALUES ("condutor", "condutor", (SELECT id_tipo_token FROM classificacoes_tokens WHERE BINARY nome_token = "condutor" UNION (SELECT id_chave_tipo_token FROM tipos_tokens WHERE nome_tipo_token = 'indeterminado') LIMIT 1), (SELECT id_chave_tipo_token FROM tipos_tokens WHERE nome_tipo_token = "substantivo" UNION (SELECT id_chave_tipo_token FROM tipos_tokens WHERE nome_tipo_token = 'indeterminado') LIMIT 1), @id_arquivo_var);
  INSERT IGNORE INTO tokens (nome_token, acentuada, id_tipo_token, id_tipo_token_spaCy, id_arquivo_fonte) VALUES ("turismo", "turismo", (SELECT id_tipo_token FROM classificacoes_tokens WHERE BINARY nome_token = "turismo" UNION (SELECT id_chave_tipo_token FROM tipos_tokens WHERE nome_tipo_token = 'indeterminado') LIMIT 1), (SELECT id_chave_tipo_token FROM tipos_tokens WHERE nome_tipo_token = "substantivo" UNION (SELECT id_chave_tipo_token FROM tipos_tokens WHERE nome_tipo_token = 'indeterminado') LIMIT 1), @id_arquivo_var);
  INSERT IGNORE INTO classificacoes_tokens (nome_token, id_tipo_token, id_arquivo_fonte) VALUES ("2918", (SELECT id_chave_tipo_token FROM tipos_tokens WHERE nome_tipo_token = "numeral"), @id_arquivo_var);
INSERT IGNORE INTO tokens (nome_token, acentuada, id_tipo_token, id_tipo_token_spaCy, id_arquivo_fonte) VALUES ("2918", "2918", (SELECT id_tipo_token FROM classificacoes_tokens WHERE BINARY nome_token = "2918" UNION (SELECT id_chave_tipo_token FROM tipos_tokens WHERE nome_tipo_token = 'indeterminado') LIMIT 1), (SELECT id_chave_tipo_token FROM tipos_tokens WHERE nome_tipo_token = "numeral" UNION (SELECT id_chave_tipo_token FROM tipos_tokens WHERE nome_tipo_token = 'indeterminado') LIMIT 1), @id_arquivo_var);
  INSERT IGNORE INTO classificacoes_tokens (nome_token, id_tipo_token, id_arquivo_fonte) VALUES ("460", (SELECT id_chave_tipo_token FROM tipos_tokens WHERE nome_tipo_token = "numeral"), @id_arquivo_var);
INSERT IGNORE INTO tokens (nome_token, acentuada, id_tipo_token, id_tipo_token_spaCy, id_arquivo_fonte) VALUES ("460", "460", (SELECT id_tipo_token FROM classificacoes_tokens WHERE BINARY nome_token = "460" UNION (SELECT id_chave_tipo_token FROM tipos_tokens WHERE nome_tipo_token = 'indeterminado') LIMIT 1), (SELECT id_chave_tipo_token FROM tipos_tokens WHERE nome_tipo_token = "numeral" UNION (SELECT id_chave_tipo_token FROM tipos_tokens WHERE nome_tipo_token = 'indeterminado') LIMIT 1), @id_arquivo_var);
  INSERT IGNORE INTO tokens (nome_token, acentuada, id_tipo_token, id_tipo_token_spaCy, id_arquivo_fonte) VALUES ("frentista", "frentista", (SELECT id_tipo_token FROM classificacoes_tokens WHERE BINARY nome_token = "frentista" UNION (SELECT id_chave_tipo_token FROM tipos_tokens WHERE nome_tipo_token = 'indeterminado') LIMIT 1), (SELECT id_chave_tipo_token FROM tipos_tokens WHERE nome_tipo_token = "substantivo" UNION (SELECT id_chave_tipo_token FROM tipos_tokens WHERE nome_tipo_token = 'indeterminado') LIMIT 1), @id_arquivo_var);
  INSERT IGNORE INTO classificacoes_tokens (nome_token, id_tipo_token, id_arquivo_fonte) VALUES ("2233", (SELECT id_chave_tipo_token FROM tipos_tokens WHERE nome_tipo_token = "numeral"), @id_arquivo_var);
INSERT IGNORE INTO tokens (nome_token, acentuada, id_tipo_token, id_tipo_token_spaCy, id_arquivo_fonte) VALUES ("2233", "2233", (SELECT id_tipo_token FROM classificacoes_tokens WHERE BINARY nome_token = "2233" UNION (SELECT id_chave_tipo_token FROM tipos_tokens WHERE nome_tipo_token = 'indeterminado') LIMIT 1), (SELECT id_chave_tipo_token FROM tipos_tokens WHERE nome_tipo_token = "numeral" UNION (SELECT id_chave_tipo_token FROM tipos_tokens WHERE nome_tipo_token = 'indeterminado') LIMIT 1), @id_arquivo_var);
  INSERT IGNORE INTO tokens (nome_token, acentuada, id_tipo_token, id_tipo_token_spaCy, id_arquivo_fonte) VALUES ("armazenagem", "armazenagem", (SELECT id_tipo_token FROM classificacoes_tokens WHERE BINARY nome_token = "armazenagem" UNION (SELECT id_chave_tipo_token FROM tipos_tokens WHERE nome_tipo_token = 'indeterminado') LIMIT 1), (SELECT id_chave_tipo_token FROM tipos_tokens WHERE nome_tipo_token = "substantivo" UNION (SELECT id_chave_tipo_token FROM tipos_tokens WHERE nome_tipo_token = 'indeterminado') LIMIT 1), @id_arquivo_var);
  INSERT IGNORE INTO tokens (nome_token, acentuada, id_tipo_token, id_tipo_token_spaCy, id_arquivo_fonte) VALUES ("transporte", "transporte", (SELECT id_tipo_token FROM classificacoes_tokens WHERE BINARY nome_token = "transporte" UNION (SELECT id_chave_tipo_token FROM tipos_tokens WHERE nome_tipo_token = 'indeterminado') LIMIT 1), (SELECT id_chave_tipo_token FROM tipos_tokens WHERE nome_tipo_token = "substantivo" UNION (SELECT id_chave_tipo_token FROM tipos_tokens WHERE nome_tipo_token = 'indeterminado') LIMIT 1), @id_arquivo_var);
  INSERT IGNORE INTO classificacoes_tokens (nome_token, id_tipo_token, id_arquivo_fonte) VALUES ("4922", (SELECT id_chave_tipo_token FROM tipos_tokens WHERE nome_tipo_token = "numeral"), @id_arquivo_var);
INSERT IGNORE INTO tokens (nome_token, acentuada, id_tipo_token, id_tipo_token_spaCy, id_arquivo_fonte) VALUES ("4922", "4922", (SELECT id_tipo_token FROM classificacoes_tokens WHERE BINARY nome_token = "4922" UNION (SELECT id_chave_tipo_token FROM tipos_tokens WHERE nome_tipo_token = 'indeterminado') LIMIT 1), (SELECT id_chave_tipo_token FROM tipos_tokens WHERE nome_tipo_token = "numeral" UNION (SELECT id_chave_tipo_token FROM tipos_tokens WHERE nome_tipo_token = 'indeterminado') LIMIT 1), @id_arquivo_var);
  INSERT IGNORE INTO classificacoes_tokens (nome_token, id_tipo_token, id_arquivo_fonte) VALUES ("854", (SELECT id_chave_tipo_token FROM tipos_tokens WHERE nome_tipo_token = "numeral"), @id_arquivo_var);
INSERT IGNORE INTO tokens (nome_token, acentuada, id_tipo_token, id_tipo_token_spaCy, id_arquivo_fonte) VALUES ("854", "854", (SELECT id_tipo_token FROM classificacoes_tokens WHERE BINARY nome_token = "854" UNION (SELECT id_chave_tipo_token FROM tipos_tokens WHERE nome_tipo_token = 'indeterminado') LIMIT 1), (SELECT id_chave_tipo_token FROM tipos_tokens WHERE nome_tipo_token = "numeral" UNION (SELECT id_chave_tipo_token FROM tipos_tokens WHERE nome_tipo_token = 'indeterminado') LIMIT 1), @id_arquivo_var);
  INSERT IGNORE INTO classificacoes_tokens (nome_token, id_tipo_token, id_arquivo_fonte) VALUES ("2704", (SELECT id_chave_tipo_token FROM tipos_tokens WHERE nome_tipo_token = "numeral"), @id_arquivo_var);
INSERT IGNORE INTO tokens (nome_token, acentuada, id_tipo_token, id_tipo_token_spaCy, id_arquivo_fonte) VALUES ("2704", "2704", (SELECT id_tipo_token FROM classificacoes_tokens WHERE BINARY nome_token = "2704" UNION (SELECT id_chave_tipo_token FROM tipos_tokens WHERE nome_tipo_token = 'indeterminado') LIMIT 1), (SELECT id_chave_tipo_token FROM tipos_tokens WHERE nome_tipo_token = "numeral" UNION (SELECT id_chave_tipo_token FROM tipos_tokens WHERE nome_tipo_token = 'indeterminado') LIMIT 1), @id_arquivo_var);
  INSERT IGNORE INTO tokens (nome_token, acentuada, id_tipo_token, id_tipo_token_spaCy, id_arquivo_fonte) VALUES ("basicos", "básicos", (SELECT id_tipo_token FROM classificacoes_tokens WHERE BINARY nome_token = "básicos" UNION (SELECT id_chave_tipo_token FROM tipos_tokens WHERE nome_tipo_token = 'indeterminado') LIMIT 1), (SELECT id_chave_tipo_token FROM tipos_tokens WHERE nome_tipo_token = "adjetivo" UNION (SELECT id_chave_tipo_token FROM tipos_tokens WHERE nome_tipo_token = 'indeterminado') LIMIT 1), @id_arquivo_var);
  INSERT IGNORE INTO classificacoes_tokens (nome_token, id_tipo_token, id_arquivo_fonte) VALUES ("399", (SELECT id_chave_tipo_token FROM tipos_tokens WHERE nome_tipo_token = "numeral"), @id_arquivo_var);
INSERT IGNORE INTO tokens (nome_token, acentuada, id_tipo_token, id_tipo_token_spaCy, id_arquivo_fonte) VALUES ("399", "399", (SELECT id_tipo_token FROM classificacoes_tokens WHERE BINARY nome_token = "399" UNION (SELECT id_chave_tipo_token FROM tipos_tokens WHERE nome_tipo_token = 'indeterminado') LIMIT 1), (SELECT id_chave_tipo_token FROM tipos_tokens WHERE nome_tipo_token = "numeral" UNION (SELECT id_chave_tipo_token FROM tipos_tokens WHERE nome_tipo_token = 'indeterminado') LIMIT 1), @id_arquivo_var);
  INSERT IGNORE INTO classificacoes_tokens (nome_token, id_tipo_token, id_arquivo_fonte) VALUES ("570", (SELECT id_chave_tipo_token FROM tipos_tokens WHERE nome_tipo_token = "numeral"), @id_arquivo_var);
INSERT IGNORE INTO tokens (nome_token, acentuada, id_tipo_token, id_tipo_token_spaCy, id_arquivo_fonte) VALUES ("570", "570", (SELECT id_tipo_token FROM classificacoes_tokens WHERE BINARY nome_token = "570" UNION (SELECT id_chave_tipo_token FROM tipos_tokens WHERE nome_tipo_token = 'indeterminado') LIMIT 1), (SELECT id_chave_tipo_token FROM tipos_tokens WHERE nome_tipo_token = "numeral" UNION (SELECT id_chave_tipo_token FROM tipos_tokens WHERE nome_tipo_token = 'indeterminado') LIMIT 1), @id_arquivo_var);
  INSERT IGNORE INTO tokens (nome_token, acentuada, id_tipo_token, id_tipo_token_spaCy, id_arquivo_fonte) VALUES ("perifericos", "periféricos", (SELECT id_tipo_token FROM classificacoes_tokens WHERE BINARY nome_token = "periféricos" UNION (SELECT id_chave_tipo_token FROM tipos_tokens WHERE nome_tipo_token = 'indeterminado') LIMIT 1), (SELECT id_chave_tipo_token FROM tipos_tokens WHERE nome_tipo_token = "substantivo" UNION (SELECT id_chave_tipo_token FROM tipos_tokens WHERE nome_tipo_token = 'indeterminado') LIMIT 1), @id_arquivo_var);
  INSERT IGNORE INTO classificacoes_tokens (nome_token, id_tipo_token, id_arquivo_fonte) VALUES ("651", (SELECT id_chave_tipo_token FROM tipos_tokens WHERE nome_tipo_token = "numeral"), @id_arquivo_var);
INSERT IGNORE INTO tokens (nome_token, acentuada, id_tipo_token, id_tipo_token_spaCy, id_arquivo_fonte) VALUES ("651", "651", (SELECT id_tipo_token FROM classificacoes_tokens WHERE BINARY nome_token = "651" UNION (SELECT id_chave_tipo_token FROM tipos_tokens WHERE nome_tipo_token = 'indeterminado') LIMIT 1), (SELECT id_chave_tipo_token FROM tipos_tokens WHERE nome_tipo_token = "numeral" UNION (SELECT id_chave_tipo_token FROM tipos_tokens WHERE nome_tipo_token = 'indeterminado') LIMIT 1), @id_arquivo_var);
  INSERT IGNORE INTO classificacoes_tokens (nome_token, id_tipo_token, id_arquivo_fonte) VALUES ("2687", (SELECT id_chave_tipo_token FROM tipos_tokens WHERE nome_tipo_token = "numeral"), @id_arquivo_var);
INSERT IGNORE INTO tokens (nome_token, acentuada, id_tipo_token, id_tipo_token_spaCy, id_arquivo_fonte) VALUES ("2687", "2687", (SELECT id_tipo_token FROM classificacoes_tokens WHERE BINARY nome_token = "2687" UNION (SELECT id_chave_tipo_token FROM tipos_tokens WHERE nome_tipo_token = 'indeterminado') LIMIT 1), (SELECT id_chave_tipo_token FROM tipos_tokens WHERE nome_tipo_token = "numeral" UNION (SELECT id_chave_tipo_token FROM tipos_tokens WHERE nome_tipo_token = 'indeterminado') LIMIT 1), @id_arquivo_var);
  INSERT IGNORE INTO classificacoes_tokens (nome_token, id_tipo_token, id_arquivo_fonte) VALUES ("690", (SELECT id_chave_tipo_token FROM tipos_tokens WHERE nome_tipo_token = "numeral"), @id_arquivo_var);
INSERT IGNORE INTO tokens (nome_token, acentuada, id_tipo_token, id_tipo_token_spaCy, id_arquivo_fonte) VALUES ("690", "690", (SELECT id_tipo_token FROM classificacoes_tokens WHERE BINARY nome_token = "690" UNION (SELECT id_chave_tipo_token FROM tipos_tokens WHERE nome_tipo_token = 'indeterminado') LIMIT 1), (SELECT id_chave_tipo_token FROM tipos_tokens WHERE nome_tipo_token = "numeral" UNION (SELECT id_chave_tipo_token FROM tipos_tokens WHERE nome_tipo_token = 'indeterminado') LIMIT 1), @id_arquivo_var);
  INSERT IGNORE INTO classificacoes_tokens (nome_token, id_tipo_token, id_arquivo_fonte) VALUES ("434", (SELECT id_chave_tipo_token FROM tipos_tokens WHERE nome_tipo_token = "numeral"), @id_arquivo_var);
INSERT IGNORE INTO tokens (nome_token, acentuada, id_tipo_token, id_tipo_token_spaCy, id_arquivo_fonte) VALUES ("434", "434", (SELECT id_tipo_token FROM classificacoes_tokens WHERE BINARY nome_token = "434" UNION (SELECT id_chave_tipo_token FROM tipos_tokens WHERE nome_tipo_token = 'indeterminado') LIMIT 1), (SELECT id_chave_tipo_token FROM tipos_tokens WHERE nome_tipo_token = "numeral" UNION (SELECT id_chave_tipo_token FROM tipos_tokens WHERE nome_tipo_token = 'indeterminado') LIMIT 1), @id_arquivo_var);
  INSERT IGNORE INTO classificacoes_tokens (nome_token, id_tipo_token, id_arquivo_fonte) VALUES ("2597", (SELECT id_chave_tipo_token FROM tipos_tokens WHERE nome_tipo_token = "numeral"), @id_arquivo_var);
INSERT IGNORE INTO tokens (nome_token, acentuada, id_tipo_token, id_tipo_token_spaCy, id_arquivo_fonte) VALUES ("2597", "2597", (SELECT id_tipo_token FROM classificacoes_tokens WHERE BINARY nome_token = "2597" UNION (SELECT id_chave_tipo_token FROM tipos_tokens WHERE nome_tipo_token = 'indeterminado') LIMIT 1), (SELECT id_chave_tipo_token FROM tipos_tokens WHERE nome_tipo_token = "numeral" UNION (SELECT id_chave_tipo_token FROM tipos_tokens WHERE nome_tipo_token = 'indeterminado') LIMIT 1), @id_arquivo_var);
  INSERT IGNORE INTO classificacoes_tokens (nome_token, id_tipo_token, id_arquivo_fonte) VALUES ("590", (SELECT id_chave_tipo_token FROM tipos_tokens WHERE nome_tipo_token = "numeral"), @id_arquivo_var);
INSERT IGNORE INTO tokens (nome_token, acentuada, id_tipo_token, id_tipo_token_spaCy, id_arquivo_fonte) VALUES ("590", "590", (SELECT id_tipo_token FROM classificacoes_tokens WHERE BINARY nome_token = "590" UNION (SELECT id_chave_tipo_token FROM tipos_tokens WHERE nome_tipo_token = 'indeterminado') LIMIT 1), (SELECT id_chave_tipo_token FROM tipos_tokens WHERE nome_tipo_token = "numeral" UNION (SELECT id_chave_tipo_token FROM tipos_tokens WHERE nome_tipo_token = 'indeterminado') LIMIT 1), @id_arquivo_var);
  INSERT IGNORE INTO classificacoes_tokens (nome_token, id_tipo_token, id_arquivo_fonte) VALUES ("948", (SELECT id_chave_tipo_token FROM tipos_tokens WHERE nome_tipo_token = "numeral"), @id_arquivo_var);
INSERT IGNORE INTO tokens (nome_token, acentuada, id_tipo_token, id_tipo_token_spaCy, id_arquivo_fonte) VALUES ("948", "948", (SELECT id_tipo_token FROM classificacoes_tokens WHERE BINARY nome_token = "948" UNION (SELECT id_chave_tipo_token FROM tipos_tokens WHERE nome_tipo_token = 'indeterminado') LIMIT 1), (SELECT id_chave_tipo_token FROM tipos_tokens WHERE nome_tipo_token = "numeral" UNION (SELECT id_chave_tipo_token FROM tipos_tokens WHERE nome_tipo_token = 'indeterminado') LIMIT 1), @id_arquivo_var);
  INSERT IGNORE INTO classificacoes_tokens (nome_token, id_tipo_token, id_arquivo_fonte) VALUES ("1518", (SELECT id_chave_tipo_token FROM tipos_tokens WHERE nome_tipo_token = "numeral"), @id_arquivo_var);
INSERT IGNORE INTO tokens (nome_token, acentuada, id_tipo_token, id_tipo_token_spaCy, id_arquivo_fonte) VALUES ("1518", "1518", (SELECT id_tipo_token FROM classificacoes_tokens WHERE BINARY nome_token = "1518" UNION (SELECT id_chave_tipo_token FROM tipos_tokens WHERE nome_tipo_token = 'indeterminado') LIMIT 1), (SELECT id_chave_tipo_token FROM tipos_tokens WHERE nome_tipo_token = "numeral" UNION (SELECT id_chave_tipo_token FROM tipos_tokens WHERE nome_tipo_token = 'indeterminado') LIMIT 1), @id_arquivo_var);
  INSERT IGNORE INTO classificacoes_tokens (nome_token, id_tipo_token, id_arquivo_fonte) VALUES ("1543", (SELECT id_chave_tipo_token FROM tipos_tokens WHERE nome_tipo_token = "numeral"), @id_arquivo_var);
INSERT IGNORE INTO tokens (nome_token, acentuada, id_tipo_token, id_tipo_token_spaCy, id_arquivo_fonte) VALUES ("1543", "1543", (SELECT id_tipo_token FROM classificacoes_tokens WHERE BINARY nome_token = "1543" UNION (SELECT id_chave_tipo_token FROM tipos_tokens WHERE nome_tipo_token = 'indeterminado') LIMIT 1), (SELECT id_chave_tipo_token FROM tipos_tokens WHERE nome_tipo_token = "numeral" UNION (SELECT id_chave_tipo_token FROM tipos_tokens WHERE nome_tipo_token = 'indeterminado') LIMIT 1), @id_arquivo_var);
  INSERT IGNORE INTO tokens (nome_token, acentuada, id_tipo_token, id_tipo_token_spaCy, id_arquivo_fonte) VALUES ("avancado", "avançado", (SELECT id_tipo_token FROM classificacoes_tokens WHERE BINARY nome_token = "avançado" UNION (SELECT id_chave_tipo_token FROM tipos_tokens WHERE nome_tipo_token = 'indeterminado') LIMIT 1), (SELECT id_chave_tipo_token FROM tipos_tokens WHERE nome_tipo_token = "substantivo" UNION (SELECT id_chave_tipo_token FROM tipos_tokens WHERE nome_tipo_token = 'indeterminado') LIMIT 1), @id_arquivo_var);
  INSERT IGNORE INTO tokens (nome_token, acentuada, id_tipo_token, id_tipo_token_spaCy, id_arquivo_fonte) VALUES ("basico", "básico", (SELECT id_tipo_token FROM classificacoes_tokens WHERE BINARY nome_token = "básico" UNION (SELECT id_chave_tipo_token FROM tipos_tokens WHERE nome_tipo_token = 'indeterminado') LIMIT 1), (SELECT id_chave_tipo_token FROM tipos_tokens WHERE nome_tipo_token = "substantivo" UNION (SELECT id_chave_tipo_token FROM tipos_tokens WHERE nome_tipo_token = 'indeterminado') LIMIT 1), @id_arquivo_var);
  INSERT IGNORE INTO classificacoes_tokens (nome_token, id_tipo_token, id_arquivo_fonte) VALUES ("1136", (SELECT id_chave_tipo_token FROM tipos_tokens WHERE nome_tipo_token = "numeral"), @id_arquivo_var);
INSERT IGNORE INTO tokens (nome_token, acentuada, id_tipo_token, id_tipo_token_spaCy, id_arquivo_fonte) VALUES ("1136", "1136", (SELECT id_tipo_token FROM classificacoes_tokens WHERE BINARY nome_token = "1136" UNION (SELECT id_chave_tipo_token FROM tipos_tokens WHERE nome_tipo_token = 'indeterminado') LIMIT 1), (SELECT id_chave_tipo_token FROM tipos_tokens WHERE nome_tipo_token = "numeral" UNION (SELECT id_chave_tipo_token FROM tipos_tokens WHERE nome_tipo_token = 'indeterminado') LIMIT 1), @id_arquivo_var);
  INSERT IGNORE INTO tokens (nome_token, acentuada, id_tipo_token, id_tipo_token_spaCy, id_arquivo_fonte) VALUES ("base", "base", (SELECT id_tipo_token FROM classificacoes_tokens WHERE BINARY nome_token = "base" UNION (SELECT id_chave_tipo_token FROM tipos_tokens WHERE nome_tipo_token = 'indeterminado') LIMIT 1), (SELECT id_chave_tipo_token FROM tipos_tokens WHERE nome_tipo_token = "substantivo" UNION (SELECT id_chave_tipo_token FROM tipos_tokens WHERE nome_tipo_token = 'indeterminado') LIMIT 1), @id_arquivo_var);
  INSERT IGNORE INTO classificacoes_tokens (nome_token, id_tipo_token, id_arquivo_fonte) VALUES ("754", (SELECT id_chave_tipo_token FROM tipos_tokens WHERE nome_tipo_token = "numeral"), @id_arquivo_var);
INSERT IGNORE INTO tokens (nome_token, acentuada, id_tipo_token, id_tipo_token_spaCy, id_arquivo_fonte) VALUES ("754", "754", (SELECT id_tipo_token FROM classificacoes_tokens WHERE BINARY nome_token = "754" UNION (SELECT id_chave_tipo_token FROM tipos_tokens WHERE nome_tipo_token = 'indeterminado') LIMIT 1), (SELECT id_chave_tipo_token FROM tipos_tokens WHERE nome_tipo_token = "numeral" UNION (SELECT id_chave_tipo_token FROM tipos_tokens WHERE nome_tipo_token = 'indeterminado') LIMIT 1), @id_arquivo_var);
  INSERT IGNORE INTO classificacoes_tokens (nome_token, id_tipo_token, id_arquivo_fonte) VALUES ("918", (SELECT id_chave_tipo_token FROM tipos_tokens WHERE nome_tipo_token = "numeral"), @id_arquivo_var);
INSERT IGNORE INTO tokens (nome_token, acentuada, id_tipo_token, id_tipo_token_spaCy, id_arquivo_fonte) VALUES ("918", "918", (SELECT id_tipo_token FROM classificacoes_tokens WHERE BINARY nome_token = "918" UNION (SELECT id_chave_tipo_token FROM tipos_tokens WHERE nome_tipo_token = 'indeterminado') LIMIT 1), (SELECT id_chave_tipo_token FROM tipos_tokens WHERE nome_tipo_token = "numeral" UNION (SELECT id_chave_tipo_token FROM tipos_tokens WHERE nome_tipo_token = 'indeterminado') LIMIT 1), @id_arquivo_var);
  INSERT IGNORE INTO tokens (nome_token, acentuada, id_tipo_token, id_tipo_token_spaCy, id_arquivo_fonte) VALUES ("cg", "cg", (SELECT id_tipo_token FROM classificacoes_tokens WHERE BINARY nome_token = "cg" UNION (SELECT id_chave_tipo_token FROM tipos_tokens WHERE nome_tipo_token = 'indeterminado') LIMIT 1), (SELECT id_chave_tipo_token FROM tipos_tokens WHERE nome_tipo_token = "sigla" UNION (SELECT id_chave_tipo_token FROM tipos_tokens WHERE nome_tipo_token = 'indeterminado') LIMIT 1), @id_arquivo_var);
  INSERT IGNORE INTO tokens (nome_token, acentuada, id_tipo_token, id_tipo_token_spaCy, id_arquivo_fonte) VALUES ("codificacao", "codificação", (SELECT id_tipo_token FROM classificacoes_tokens WHERE BINARY nome_token = "codificação" UNION (SELECT id_chave_tipo_token FROM tipos_tokens WHERE nome_tipo_token = 'indeterminado') LIMIT 1), (SELECT id_chave_tipo_token FROM tipos_tokens WHERE nome_tipo_token = "substantivo" UNION (SELECT id_chave_tipo_token FROM tipos_tokens WHERE nome_tipo_token = 'indeterminado') LIMIT 1), @id_arquivo_var);
  INSERT IGNORE INTO classificacoes_tokens (nome_token, id_tipo_token, id_arquivo_fonte) VALUES ("940", (SELECT id_chave_tipo_token FROM tipos_tokens WHERE nome_tipo_token = "numeral"), @id_arquivo_var);
INSERT IGNORE INTO tokens (nome_token, acentuada, id_tipo_token, id_tipo_token_spaCy, id_arquivo_fonte) VALUES ("940", "940", (SELECT id_tipo_token FROM classificacoes_tokens WHERE BINARY nome_token = "940" UNION (SELECT id_chave_tipo_token FROM tipos_tokens WHERE nome_tipo_token = 'indeterminado') LIMIT 1), (SELECT id_chave_tipo_token FROM tipos_tokens WHERE nome_tipo_token = "numeral" UNION (SELECT id_chave_tipo_token FROM tipos_tokens WHERE nome_tipo_token = 'indeterminado') LIMIT 1), @id_arquivo_var);
  INSERT IGNORE INTO classificacoes_tokens (nome_token, id_tipo_token, id_arquivo_fonte) VALUES ("864", (SELECT id_chave_tipo_token FROM tipos_tokens WHERE nome_tipo_token = "numeral"), @id_arquivo_var);
INSERT IGNORE INTO tokens (nome_token, acentuada, id_tipo_token, id_tipo_token_spaCy, id_arquivo_fonte) VALUES ("864", "864", (SELECT id_tipo_token FROM classificacoes_tokens WHERE BINARY nome_token = "864" UNION (SELECT id_chave_tipo_token FROM tipos_tokens WHERE nome_tipo_token = 'indeterminado') LIMIT 1), (SELECT id_chave_tipo_token FROM tipos_tokens WHERE nome_tipo_token = "numeral" UNION (SELECT id_chave_tipo_token FROM tipos_tokens WHERE nome_tipo_token = 'indeterminado') LIMIT 1), @id_arquivo_var);
  INSERT IGNORE INTO tokens (nome_token, acentuada, id_tipo_token, id_tipo_token_spaCy, id_arquivo_fonte) VALUES ("projetando", "projetando", (SELECT id_tipo_token FROM classificacoes_tokens WHERE BINARY nome_token = "projetando" UNION (SELECT id_chave_tipo_token FROM tipos_tokens WHERE nome_tipo_token = 'indeterminado') LIMIT 1), (SELECT id_chave_tipo_token FROM tipos_tokens WHERE nome_tipo_token = "verbo" UNION (SELECT id_chave_tipo_token FROM tipos_tokens WHERE nome_tipo_token = 'indeterminado') LIMIT 1), @id_arquivo_var);
  INSERT IGNORE INTO classificacoes_tokens (nome_token, id_tipo_token, id_arquivo_fonte) VALUES ("321", (SELECT id_chave_tipo_token FROM tipos_tokens WHERE nome_tipo_token = "numeral"), @id_arquivo_var);
INSERT IGNORE INTO tokens (nome_token, acentuada, id_tipo_token, id_tipo_token_spaCy, id_arquivo_fonte) VALUES ("321", "321", (SELECT id_tipo_token FROM classificacoes_tokens WHERE BINARY nome_token = "321" UNION (SELECT id_chave_tipo_token FROM tipos_tokens WHERE nome_tipo_token = 'indeterminado') LIMIT 1), (SELECT id_chave_tipo_token FROM tipos_tokens WHERE nome_tipo_token = "numeral" UNION (SELECT id_chave_tipo_token FROM tipos_tokens WHERE nome_tipo_token = 'indeterminado') LIMIT 1), @id_arquivo_var);
  INSERT IGNORE INTO tokens (nome_token, acentuada, id_tipo_token, id_tipo_token_spaCy, id_arquivo_fonte) VALUES ("logica", "lógica", (SELECT id_tipo_token FROM classificacoes_tokens WHERE BINARY nome_token = "lógica" UNION (SELECT id_chave_tipo_token FROM tipos_tokens WHERE nome_tipo_token = 'indeterminado') LIMIT 1), (SELECT id_chave_tipo_token FROM tipos_tokens WHERE nome_tipo_token = "adjetivo" UNION (SELECT id_chave_tipo_token FROM tipos_tokens WHERE nome_tipo_token = 'indeterminado') LIMIT 1), @id_arquivo_var);
  INSERT IGNORE INTO classificacoes_tokens (nome_token, id_tipo_token, id_arquivo_fonte) VALUES ("626", (SELECT id_chave_tipo_token FROM tipos_tokens WHERE nome_tipo_token = "numeral"), @id_arquivo_var);
INSERT IGNORE INTO tokens (nome_token, acentuada, id_tipo_token, id_tipo_token_spaCy, id_arquivo_fonte) VALUES ("626", "626", (SELECT id_tipo_token FROM classificacoes_tokens WHERE BINARY nome_token = "626" UNION (SELECT id_chave_tipo_token FROM tipos_tokens WHERE nome_tipo_token = 'indeterminado') LIMIT 1), (SELECT id_chave_tipo_token FROM tipos_tokens WHERE nome_tipo_token = "numeral" UNION (SELECT id_chave_tipo_token FROM tipos_tokens WHERE nome_tipo_token = 'indeterminado') LIMIT 1), @id_arquivo_var);
  INSERT IGNORE INTO tokens (nome_token, acentuada, id_tipo_token, id_tipo_token_spaCy, id_arquivo_fonte) VALUES ("essenciais", "essenciais", (SELECT id_tipo_token FROM classificacoes_tokens WHERE BINARY nome_token = "essenciais" UNION (SELECT id_chave_tipo_token FROM tipos_tokens WHERE nome_tipo_token = 'indeterminado') LIMIT 1), (SELECT id_chave_tipo_token FROM tipos_tokens WHERE nome_tipo_token = "adjetivo" UNION (SELECT id_chave_tipo_token FROM tipos_tokens WHERE nome_tipo_token = 'indeterminado') LIMIT 1), @id_arquivo_var);
  INSERT IGNORE INTO classificacoes_tokens (nome_token, id_tipo_token, id_arquivo_fonte) VALUES ("607", (SELECT id_chave_tipo_token FROM tipos_tokens WHERE nome_tipo_token = "numeral"), @id_arquivo_var);
INSERT IGNORE INTO tokens (nome_token, acentuada, id_tipo_token, id_tipo_token_spaCy, id_arquivo_fonte) VALUES ("607", "607", (SELECT id_tipo_token FROM classificacoes_tokens WHERE BINARY nome_token = "607" UNION (SELECT id_chave_tipo_token FROM tipos_tokens WHERE nome_tipo_token = 'indeterminado') LIMIT 1), (SELECT id_chave_tipo_token FROM tipos_tokens WHERE nome_tipo_token = "numeral" UNION (SELECT id_chave_tipo_token FROM tipos_tokens WHERE nome_tipo_token = 'indeterminado') LIMIT 1), @id_arquivo_var);
  INSERT IGNORE INTO classificacoes_tokens (nome_token, id_tipo_token, id_arquivo_fonte) VALUES ("500", (SELECT id_chave_tipo_token FROM tipos_tokens WHERE nome_tipo_token = "numeral"), @id_arquivo_var);
INSERT IGNORE INTO tokens (nome_token, acentuada, id_tipo_token, id_tipo_token_spaCy, id_arquivo_fonte) VALUES ("500", "500", (SELECT id_tipo_token FROM classificacoes_tokens WHERE BINARY nome_token = "500" UNION (SELECT id_chave_tipo_token FROM tipos_tokens WHERE nome_tipo_token = 'indeterminado') LIMIT 1), (SELECT id_chave_tipo_token FROM tipos_tokens WHERE nome_tipo_token = "numeral" UNION (SELECT id_chave_tipo_token FROM tipos_tokens WHERE nome_tipo_token = 'indeterminado') LIMIT 1), @id_arquivo_var);
  INSERT IGNORE INTO classificacoes_tokens (nome_token, id_tipo_token, id_arquivo_fonte) VALUES ("528", (SELECT id_chave_tipo_token FROM tipos_tokens WHERE nome_tipo_token = "numeral"), @id_arquivo_var);
INSERT IGNORE INTO tokens (nome_token, acentuada, id_tipo_token, id_tipo_token_spaCy, id_arquivo_fonte) VALUES ("528", "528", (SELECT id_tipo_token FROM classificacoes_tokens WHERE BINARY nome_token = "528" UNION (SELECT id_chave_tipo_token FROM tipos_tokens WHERE nome_tipo_token = 'indeterminado') LIMIT 1), (SELECT id_chave_tipo_token FROM tipos_tokens WHERE nome_tipo_token = "numeral" UNION (SELECT id_chave_tipo_token FROM tipos_tokens WHERE nome_tipo_token = 'indeterminado') LIMIT 1), @id_arquivo_var);
  INSERT IGNORE INTO classificacoes_tokens (nome_token, id_tipo_token, id_arquivo_fonte) VALUES ("457", (SELECT id_chave_tipo_token FROM tipos_tokens WHERE nome_tipo_token = "numeral"), @id_arquivo_var);
INSERT IGNORE INTO tokens (nome_token, acentuada, id_tipo_token, id_tipo_token_spaCy, id_arquivo_fonte) VALUES ("457", "457", (SELECT id_tipo_token FROM classificacoes_tokens WHERE BINARY nome_token = "457" UNION (SELECT id_chave_tipo_token FROM tipos_tokens WHERE nome_tipo_token = 'indeterminado') LIMIT 1), (SELECT id_chave_tipo_token FROM tipos_tokens WHERE nome_tipo_token = "numeral" UNION (SELECT id_chave_tipo_token FROM tipos_tokens WHERE nome_tipo_token = 'indeterminado') LIMIT 1), @id_arquivo_var);
  INSERT IGNORE INTO tokens (nome_token, acentuada, id_tipo_token, id_tipo_token_spaCy, id_arquivo_fonte) VALUES ("dashboard", "dashboard", (SELECT id_tipo_token FROM classificacoes_tokens WHERE BINARY nome_token = "dashboard" UNION (SELECT id_chave_tipo_token FROM tipos_tokens WHERE nome_tipo_token = 'indeterminado') LIMIT 1), (SELECT id_chave_tipo_token FROM tipos_tokens WHERE nome_tipo_token = "sigla" UNION (SELECT id_chave_tipo_token FROM tipos_tokens WHERE nome_tipo_token = 'indeterminado') LIMIT 1), @id_arquivo_var);
  INSERT IGNORE INTO tokens (nome_token, acentuada, id_tipo_token, id_tipo_token_spaCy, id_arquivo_fonte) VALUES ("dinamicas", "dinâmicas", (SELECT id_tipo_token FROM classificacoes_tokens WHERE BINARY nome_token = "dinâmicas" UNION (SELECT id_chave_tipo_token FROM tipos_tokens WHERE nome_tipo_token = 'indeterminado') LIMIT 1), (SELECT id_chave_tipo_token FROM tipos_tokens WHERE nome_tipo_token = "adjetivo" UNION (SELECT id_chave_tipo_token FROM tipos_tokens WHERE nome_tipo_token = 'indeterminado') LIMIT 1), @id_arquivo_var);
  INSERT IGNORE INTO classificacoes_tokens (nome_token, id_tipo_token, id_arquivo_fonte) VALUES ("429", (SELECT id_chave_tipo_token FROM tipos_tokens WHERE nome_tipo_token = "numeral"), @id_arquivo_var);
INSERT IGNORE INTO tokens (nome_token, acentuada, id_tipo_token, id_tipo_token_spaCy, id_arquivo_fonte) VALUES ("429", "429", (SELECT id_tipo_token FROM classificacoes_tokens WHERE BINARY nome_token = "429" UNION (SELECT id_chave_tipo_token FROM tipos_tokens WHERE nome_tipo_token = 'indeterminado') LIMIT 1), (SELECT id_chave_tipo_token FROM tipos_tokens WHERE nome_tipo_token = "numeral" UNION (SELECT id_chave_tipo_token FROM tipos_tokens WHERE nome_tipo_token = 'indeterminado') LIMIT 1), @id_arquivo_var);
  INSERT IGNORE INTO tokens (nome_token, acentuada, id_tipo_token, id_tipo_token_spaCy, id_arquivo_fonte) VALUES ("essencial", "essencial", (SELECT id_tipo_token FROM classificacoes_tokens WHERE BINARY nome_token = "essencial" UNION (SELECT id_chave_tipo_token FROM tipos_tokens WHERE nome_tipo_token = 'indeterminado') LIMIT 1), (SELECT id_chave_tipo_token FROM tipos_tokens WHERE nome_tipo_token = "adjetivo" UNION (SELECT id_chave_tipo_token FROM tipos_tokens WHERE nome_tipo_token = 'indeterminado') LIMIT 1), @id_arquivo_var);
  INSERT IGNORE INTO tokens (nome_token, acentuada, id_tipo_token, id_tipo_token_spaCy, id_arquivo_fonte) VALUES ("eletronicas", "eletrônicas", (SELECT id_tipo_token FROM classificacoes_tokens WHERE BINARY nome_token = "eletrônicas" UNION (SELECT id_chave_tipo_token FROM tipos_tokens WHERE nome_tipo_token = 'indeterminado') LIMIT 1), (SELECT id_chave_tipo_token FROM tipos_tokens WHERE nome_tipo_token = "adjetivo" UNION (SELECT id_chave_tipo_token FROM tipos_tokens WHERE nome_tipo_token = 'indeterminado') LIMIT 1), @id_arquivo_var);
  INSERT IGNORE INTO tokens (nome_token, acentuada, id_tipo_token, id_tipo_token_spaCy, id_arquivo_fonte) VALUES ("planilhas", "planilhas", (SELECT id_tipo_token FROM classificacoes_tokens WHERE BINARY nome_token = "planilhas" UNION (SELECT id_chave_tipo_token FROM tipos_tokens WHERE nome_tipo_token = 'indeterminado') LIMIT 1), (SELECT id_chave_tipo_token FROM tipos_tokens WHERE nome_tipo_token = "substantivo" UNION (SELECT id_chave_tipo_token FROM tipos_tokens WHERE nome_tipo_token = 'indeterminado') LIMIT 1), @id_arquivo_var);
  INSERT IGNORE INTO tokens (nome_token, acentuada, id_tipo_token, id_tipo_token_spaCy, id_arquivo_fonte) VALUES ("financeiros", "financeiros", (SELECT id_tipo_token FROM classificacoes_tokens WHERE BINARY nome_token = "financeiros" UNION (SELECT id_chave_tipo_token FROM tipos_tokens WHERE nome_tipo_token = 'indeterminado') LIMIT 1), (SELECT id_chave_tipo_token FROM tipos_tokens WHERE nome_tipo_token = "substantivo" UNION (SELECT id_chave_tipo_token FROM tipos_tokens WHERE nome_tipo_token = 'indeterminado') LIMIT 1), @id_arquivo_var);
  INSERT IGNORE INTO tokens (nome_token, acentuada, id_tipo_token, id_tipo_token_spaCy, id_arquivo_fonte) VALUES ("calculos", "cálculos", (SELECT id_tipo_token FROM classificacoes_tokens WHERE BINARY nome_token = "cálculos" UNION (SELECT id_chave_tipo_token FROM tipos_tokens WHERE nome_tipo_token = 'indeterminado') LIMIT 1), (SELECT id_chave_tipo_token FROM tipos_tokens WHERE nome_tipo_token = "adjetivo" UNION (SELECT id_chave_tipo_token FROM tipos_tokens WHERE nome_tipo_token = 'indeterminado') LIMIT 1), @id_arquivo_var);
  INSERT IGNORE INTO tokens (nome_token, acentuada, id_tipo_token, id_tipo_token_spaCy, id_arquivo_fonte) VALUES ("desenvolver", "desenvolver", (SELECT id_tipo_token FROM classificacoes_tokens WHERE BINARY nome_token = "desenvolver" UNION (SELECT id_chave_tipo_token FROM tipos_tokens WHERE nome_tipo_token = 'indeterminado') LIMIT 1), (SELECT id_chave_tipo_token FROM tipos_tokens WHERE nome_tipo_token = "verbo" UNION (SELECT id_chave_tipo_token FROM tipos_tokens WHERE nome_tipo_token = 'indeterminado') LIMIT 1), @id_arquivo_var);
  INSERT IGNORE INTO tokens (nome_token, acentuada, id_tipo_token, id_tipo_token_spaCy, id_arquivo_fonte) VALUES ("perifericos", "periféricos", (SELECT id_tipo_token FROM classificacoes_tokens WHERE BINARY nome_token = "periféricos" UNION (SELECT id_chave_tipo_token FROM tipos_tokens WHERE nome_tipo_token = 'indeterminado') LIMIT 1), (SELECT id_chave_tipo_token FROM tipos_tokens WHERE nome_tipo_token = "adjetivo" UNION (SELECT id_chave_tipo_token FROM tipos_tokens WHERE nome_tipo_token = 'indeterminado') LIMIT 1), @id_arquivo_var);
  INSERT IGNORE INTO tokens (nome_token, acentuada, id_tipo_token, id_tipo_token_spaCy, id_arquivo_fonte) VALUES ("cliente", "cliente", (SELECT id_tipo_token FROM classificacoes_tokens WHERE BINARY nome_token = "cliente" UNION (SELECT id_chave_tipo_token FROM tipos_tokens WHERE nome_tipo_token = 'indeterminado') LIMIT 1), (SELECT id_chave_tipo_token FROM tipos_tokens WHERE nome_tipo_token = "adverbio" UNION (SELECT id_chave_tipo_token FROM tipos_tokens WHERE nome_tipo_token = 'indeterminado') LIMIT 1), @id_arquivo_var);
  INSERT IGNORE INTO tokens (nome_token, acentuada, id_tipo_token, id_tipo_token_spaCy, id_arquivo_fonte) VALUES ("operar", "operar", (SELECT id_tipo_token FROM classificacoes_tokens WHERE BINARY nome_token = "operar" UNION (SELECT id_chave_tipo_token FROM tipos_tokens WHERE nome_tipo_token = 'indeterminado') LIMIT 1), (SELECT id_chave_tipo_token FROM tipos_tokens WHERE nome_tipo_token = "verbo" UNION (SELECT id_chave_tipo_token FROM tipos_tokens WHERE nome_tipo_token = 'indeterminado') LIMIT 1), @id_arquivo_var);
  INSERT IGNORE INTO classificacoes_tokens (nome_token, id_tipo_token, id_arquivo_fonte) VALUES ("2738", (SELECT id_chave_tipo_token FROM tipos_tokens WHERE nome_tipo_token = "numeral"), @id_arquivo_var);
INSERT IGNORE INTO tokens (nome_token, acentuada, id_tipo_token, id_tipo_token_spaCy, id_arquivo_fonte) VALUES ("2738", "2738", (SELECT id_tipo_token FROM classificacoes_tokens WHERE BINARY nome_token = "2738" UNION (SELECT id_chave_tipo_token FROM tipos_tokens WHERE nome_tipo_token = 'indeterminado') LIMIT 1), (SELECT id_chave_tipo_token FROM tipos_tokens WHERE nome_tipo_token = "numeral" UNION (SELECT id_chave_tipo_token FROM tipos_tokens WHERE nome_tipo_token = 'indeterminado') LIMIT 1), @id_arquivo_var);
  INSERT IGNORE INTO classificacoes_tokens (nome_token, id_tipo_token, id_arquivo_fonte) VALUES ("435", (SELECT id_chave_tipo_token FROM tipos_tokens WHERE nome_tipo_token = "numeral"), @id_arquivo_var);
INSERT IGNORE INTO tokens (nome_token, acentuada, id_tipo_token, id_tipo_token_spaCy, id_arquivo_fonte) VALUES ("435", "435", (SELECT id_tipo_token FROM classificacoes_tokens WHERE BINARY nome_token = "435" UNION (SELECT id_chave_tipo_token FROM tipos_tokens WHERE nome_tipo_token = 'indeterminado') LIMIT 1), (SELECT id_chave_tipo_token FROM tipos_tokens WHERE nome_tipo_token = "numeral" UNION (SELECT id_chave_tipo_token FROM tipos_tokens WHERE nome_tipo_token = 'indeterminado') LIMIT 1), @id_arquivo_var);
  INSERT IGNORE INTO tokens (nome_token, acentuada, id_tipo_token, id_tipo_token_spaCy, id_arquivo_fonte) VALUES ("dax", "dax", (SELECT id_tipo_token FROM classificacoes_tokens WHERE BINARY nome_token = "dax" UNION (SELECT id_chave_tipo_token FROM tipos_tokens WHERE nome_tipo_token = 'indeterminado') LIMIT 1), (SELECT id_chave_tipo_token FROM tipos_tokens WHERE nome_tipo_token = "verbo" UNION (SELECT id_chave_tipo_token FROM tipos_tokens WHERE nome_tipo_token = 'indeterminado') LIMIT 1), @id_arquivo_var);
  INSERT IGNORE INTO tokens (nome_token, acentuada, id_tipo_token, id_tipo_token_spaCy, id_arquivo_fonte) VALUES ("funcoes", "funções", (SELECT id_tipo_token FROM classificacoes_tokens WHERE BINARY nome_token = "funções" UNION (SELECT id_chave_tipo_token FROM tipos_tokens WHERE nome_tipo_token = 'indeterminado') LIMIT 1), (SELECT id_chave_tipo_token FROM tipos_tokens WHERE nome_tipo_token = "substantivo" UNION (SELECT id_chave_tipo_token FROM tipos_tokens WHERE nome_tipo_token = 'indeterminado') LIMIT 1), @id_arquivo_var);
  INSERT IGNORE INTO tokens (nome_token, acentuada, id_tipo_token, id_tipo_token_spaCy, id_arquivo_fonte) VALUES ("bi", "bi", (SELECT id_tipo_token FROM classificacoes_tokens WHERE BINARY nome_token = "bi" UNION (SELECT id_chave_tipo_token FROM tipos_tokens WHERE nome_tipo_token = 'indeterminado') LIMIT 1), (SELECT id_chave_tipo_token FROM tipos_tokens WHERE nome_tipo_token = "substantivo" UNION (SELECT id_chave_tipo_token FROM tipos_tokens WHERE nome_tipo_token = 'indeterminado') LIMIT 1), @id_arquivo_var);
  INSERT IGNORE INTO tokens (nome_token, acentuada, id_tipo_token, id_tipo_token_spaCy, id_arquivo_fonte) VALUES ("fundamental", "fundamental", (SELECT id_tipo_token FROM classificacoes_tokens WHERE BINARY nome_token = "fundamental" UNION (SELECT id_chave_tipo_token FROM tipos_tokens WHERE nome_tipo_token = 'indeterminado') LIMIT 1), (SELECT id_chave_tipo_token FROM tipos_tokens WHERE nome_tipo_token = "adjetivo" UNION (SELECT id_chave_tipo_token FROM tipos_tokens WHERE nome_tipo_token = 'indeterminado') LIMIT 1), @id_arquivo_var);
  INSERT IGNORE INTO tokens (nome_token, acentuada, id_tipo_token, id_tipo_token_spaCy, id_arquivo_fonte) VALUES ("computador", "computador", (SELECT id_tipo_token FROM classificacoes_tokens WHERE BINARY nome_token = "computador" UNION (SELECT id_chave_tipo_token FROM tipos_tokens WHERE nome_tipo_token = 'indeterminado') LIMIT 1), (SELECT id_chave_tipo_token FROM tipos_tokens WHERE nome_tipo_token = "substantivo" UNION (SELECT id_chave_tipo_token FROM tipos_tokens WHERE nome_tipo_token = 'indeterminado') LIMIT 1), @id_arquivo_var);
  INSERT IGNORE INTO classificacoes_tokens (nome_token, id_tipo_token, id_arquivo_fonte) VALUES ("2672", (SELECT id_chave_tipo_token FROM tipos_tokens WHERE nome_tipo_token = "numeral"), @id_arquivo_var);
INSERT IGNORE INTO tokens (nome_token, acentuada, id_tipo_token, id_tipo_token_spaCy, id_arquivo_fonte) VALUES ("2672", "2672", (SELECT id_tipo_token FROM classificacoes_tokens WHERE BINARY nome_token = "2672" UNION (SELECT id_chave_tipo_token FROM tipos_tokens WHERE nome_tipo_token = 'indeterminado') LIMIT 1), (SELECT id_chave_tipo_token FROM tipos_tokens WHERE nome_tipo_token = "numeral" UNION (SELECT id_chave_tipo_token FROM tipos_tokens WHERE nome_tipo_token = 'indeterminado') LIMIT 1), @id_arquivo_var);
  INSERT IGNORE INTO tokens (nome_token, acentuada, id_tipo_token, id_tipo_token_spaCy, id_arquivo_fonte) VALUES ("inicial", "inicial", (SELECT id_tipo_token FROM classificacoes_tokens WHERE BINARY nome_token = "inicial" UNION (SELECT id_chave_tipo_token FROM tipos_tokens WHERE nome_tipo_token = 'indeterminado') LIMIT 1), (SELECT id_chave_tipo_token FROM tipos_tokens WHERE nome_tipo_token = "adjetivo" UNION (SELECT id_chave_tipo_token FROM tipos_tokens WHERE nome_tipo_token = 'indeterminado') LIMIT 1), @id_arquivo_var);
  INSERT IGNORE INTO classificacoes_tokens (nome_token, id_tipo_token, id_arquivo_fonte) VALUES ("1341", (SELECT id_chave_tipo_token FROM tipos_tokens WHERE nome_tipo_token = "numeral"), @id_arquivo_var);
INSERT IGNORE INTO tokens (nome_token, acentuada, id_tipo_token, id_tipo_token_spaCy, id_arquivo_fonte) VALUES ("1341", "1341", (SELECT id_tipo_token FROM classificacoes_tokens WHERE BINARY nome_token = "1341" UNION (SELECT id_chave_tipo_token FROM tipos_tokens WHERE nome_tipo_token = 'indeterminado') LIMIT 1), (SELECT id_chave_tipo_token FROM tipos_tokens WHERE nome_tipo_token = "numeral" UNION (SELECT id_chave_tipo_token FROM tipos_tokens WHERE nome_tipo_token = 'indeterminado') LIMIT 1), @id_arquivo_var);
  INSERT IGNORE INTO tokens (nome_token, acentuada, id_tipo_token, id_tipo_token_spaCy, id_arquivo_fonte) VALUES ("operacionais", "operacionais", (SELECT id_tipo_token FROM classificacoes_tokens WHERE BINARY nome_token = "operacionais" UNION (SELECT id_chave_tipo_token FROM tipos_tokens WHERE nome_tipo_token = 'indeterminado') LIMIT 1), (SELECT id_chave_tipo_token FROM tipos_tokens WHERE nome_tipo_token = "adjetivo" UNION (SELECT id_chave_tipo_token FROM tipos_tokens WHERE nome_tipo_token = 'indeterminado') LIMIT 1), @id_arquivo_var);
  INSERT IGNORE INTO tokens (nome_token, acentuada, id_tipo_token, id_tipo_token_spaCy, id_arquivo_fonte) VALUES ("endpoint", "endpoint", (SELECT id_tipo_token FROM classificacoes_tokens WHERE BINARY nome_token = "endpoint" UNION (SELECT id_chave_tipo_token FROM tipos_tokens WHERE nome_tipo_token = 'indeterminado') LIMIT 1), (SELECT id_chave_tipo_token FROM tipos_tokens WHERE nome_tipo_token = "sigla" UNION (SELECT id_chave_tipo_token FROM tipos_tokens WHERE nome_tipo_token = 'indeterminado') LIMIT 1), @id_arquivo_var);
  INSERT IGNORE INTO classificacoes_tokens (nome_token, id_tipo_token, id_arquivo_fonte) VALUES ("2651", (SELECT id_chave_tipo_token FROM tipos_tokens WHERE nome_tipo_token = "numeral"), @id_arquivo_var);
INSERT IGNORE INTO tokens (nome_token, acentuada, id_tipo_token, id_tipo_token_spaCy, id_arquivo_fonte) VALUES ("2651", "2651", (SELECT id_tipo_token FROM classificacoes_tokens WHERE BINARY nome_token = "2651" UNION (SELECT id_chave_tipo_token FROM tipos_tokens WHERE nome_tipo_token = 'indeterminado') LIMIT 1), (SELECT id_chave_tipo_token FROM tipos_tokens WHERE nome_tipo_token = "numeral" UNION (SELECT id_chave_tipo_token FROM tipos_tokens WHERE nome_tipo_token = 'indeterminado') LIMIT 1), @id_arquivo_var);
  INSERT IGNORE INTO classificacoes_tokens (nome_token, id_tipo_token, id_arquivo_fonte) VALUES ("331", (SELECT id_chave_tipo_token FROM tipos_tokens WHERE nome_tipo_token = "numeral"), @id_arquivo_var);
INSERT IGNORE INTO tokens (nome_token, acentuada, id_tipo_token, id_tipo_token_spaCy, id_arquivo_fonte) VALUES ("331", "331", (SELECT id_tipo_token FROM classificacoes_tokens WHERE BINARY nome_token = "331" UNION (SELECT id_chave_tipo_token FROM tipos_tokens WHERE nome_tipo_token = 'indeterminado') LIMIT 1), (SELECT id_chave_tipo_token FROM tipos_tokens WHERE nome_tipo_token = "numeral" UNION (SELECT id_chave_tipo_token FROM tipos_tokens WHERE nome_tipo_token = 'indeterminado') LIMIT 1), @id_arquivo_var);
  INSERT IGNORE INTO tokens (nome_token, acentuada, id_tipo_token, id_tipo_token_spaCy, id_arquivo_fonte) VALUES ("vba", "vba", (SELECT id_tipo_token FROM classificacoes_tokens WHERE BINARY nome_token = "vba" UNION (SELECT id_chave_tipo_token FROM tipos_tokens WHERE nome_tipo_token = 'indeterminado') LIMIT 1), (SELECT id_chave_tipo_token FROM tipos_tokens WHERE nome_tipo_token = "sigla" UNION (SELECT id_chave_tipo_token FROM tipos_tokens WHERE nome_tipo_token = 'indeterminado') LIMIT 1), @id_arquivo_var);
  INSERT IGNORE INTO tokens (nome_token, acentuada, id_tipo_token, id_tipo_token_spaCy, id_arquivo_fonte) VALUES ("fullstack", "fullstack", (SELECT id_tipo_token FROM classificacoes_tokens WHERE BINARY nome_token = "fullstack" UNION (SELECT id_chave_tipo_token FROM tipos_tokens WHERE nome_tipo_token = 'indeterminado') LIMIT 1), (SELECT id_chave_tipo_token FROM tipos_tokens WHERE nome_tipo_token = "sigla" UNION (SELECT id_chave_tipo_token FROM tipos_tokens WHERE nome_tipo_token = 'indeterminado') LIMIT 1), @id_arquivo_var);
  INSERT IGNORE INTO classificacoes_tokens (nome_token, id_tipo_token, id_arquivo_fonte) VALUES ("2662", (SELECT id_chave_tipo_token FROM tipos_tokens WHERE nome_tipo_token = "numeral"), @id_arquivo_var);
INSERT IGNORE INTO tokens (nome_token, acentuada, id_tipo_token, id_tipo_token_spaCy, id_arquivo_fonte) VALUES ("2662", "2662", (SELECT id_tipo_token FROM classificacoes_tokens WHERE BINARY nome_token = "2662" UNION (SELECT id_chave_tipo_token FROM tipos_tokens WHERE nome_tipo_token = 'indeterminado') LIMIT 1), (SELECT id_chave_tipo_token FROM tipos_tokens WHERE nome_tipo_token = "numeral" UNION (SELECT id_chave_tipo_token FROM tipos_tokens WHERE nome_tipo_token = 'indeterminado') LIMIT 1), @id_arquivo_var);
  INSERT IGNORE INTO tokens (nome_token, acentuada, id_tipo_token, id_tipo_token_spaCy, id_arquivo_fonte) VALUES ("thinking", "thinking", (SELECT id_tipo_token FROM classificacoes_tokens WHERE BINARY nome_token = "thinking" UNION (SELECT id_chave_tipo_token FROM tipos_tokens WHERE nome_tipo_token = 'indeterminado') LIMIT 1), (SELECT id_chave_tipo_token FROM tipos_tokens WHERE nome_tipo_token = "sigla" UNION (SELECT id_chave_tipo_token FROM tipos_tokens WHERE nome_tipo_token = 'indeterminado') LIMIT 1), @id_arquivo_var);
  INSERT IGNORE INTO classificacoes_tokens (nome_token, id_tipo_token, id_arquivo_fonte) VALUES ("2709", (SELECT id_chave_tipo_token FROM tipos_tokens WHERE nome_tipo_token = "numeral"), @id_arquivo_var);
INSERT IGNORE INTO tokens (nome_token, acentuada, id_tipo_token, id_tipo_token_spaCy, id_arquivo_fonte) VALUES ("2709", "2709", (SELECT id_tipo_token FROM classificacoes_tokens WHERE BINARY nome_token = "2709" UNION (SELECT id_chave_tipo_token FROM tipos_tokens WHERE nome_tipo_token = 'indeterminado') LIMIT 1), (SELECT id_chave_tipo_token FROM tipos_tokens WHERE nome_tipo_token = "numeral" UNION (SELECT id_chave_tipo_token FROM tipos_tokens WHERE nome_tipo_token = 'indeterminado') LIMIT 1), @id_arquivo_var);
  INSERT IGNORE INTO tokens (nome_token, acentuada, id_tipo_token, id_tipo_token_spaCy, id_arquivo_fonte) VALUES ("t", "t", (SELECT id_tipo_token FROM classificacoes_tokens WHERE BINARY nome_token = "t" UNION (SELECT id_chave_tipo_token FROM tipos_tokens WHERE nome_tipo_token = 'indeterminado') LIMIT 1), (SELECT id_chave_tipo_token FROM tipos_tokens WHERE nome_tipo_token = "sigla" UNION (SELECT id_chave_tipo_token FROM tipos_tokens WHERE nome_tipo_token = 'indeterminado') LIMIT 1), @id_arquivo_var);
  INSERT IGNORE INTO classificacoes_tokens (nome_token, id_tipo_token, id_arquivo_fonte) VALUES ("165", (SELECT id_chave_tipo_token FROM tipos_tokens WHERE nome_tipo_token = "numeral"), @id_arquivo_var);
INSERT IGNORE INTO tokens (nome_token, acentuada, id_tipo_token, id_tipo_token_spaCy, id_arquivo_fonte) VALUES ("165", "165", (SELECT id_tipo_token FROM classificacoes_tokens WHERE BINARY nome_token = "165" UNION (SELECT id_chave_tipo_token FROM tipos_tokens WHERE nome_tipo_token = 'indeterminado') LIMIT 1), (SELECT id_chave_tipo_token FROM tipos_tokens WHERE nome_tipo_token = "numeral" UNION (SELECT id_chave_tipo_token FROM tipos_tokens WHERE nome_tipo_token = 'indeterminado') LIMIT 1), @id_arquivo_var);
  INSERT IGNORE INTO tokens (nome_token, acentuada, id_tipo_token, id_tipo_token_spaCy, id_arquivo_fonte) VALUES ("metodologia", "metodologia", (SELECT id_tipo_token FROM classificacoes_tokens WHERE BINARY nome_token = "metodologia" UNION (SELECT id_chave_tipo_token FROM tipos_tokens WHERE nome_tipo_token = 'indeterminado') LIMIT 1), (SELECT id_chave_tipo_token FROM tipos_tokens WHERE nome_tipo_token = "verbo" UNION (SELECT id_chave_tipo_token FROM tipos_tokens WHERE nome_tipo_token = 'indeterminado') LIMIT 1), @id_arquivo_var);
  INSERT IGNORE INTO tokens (nome_token, acentuada, id_tipo_token, id_tipo_token_spaCy, id_arquivo_fonte) VALUES ("robotica", "robótica", (SELECT id_tipo_token FROM classificacoes_tokens WHERE BINARY nome_token = "robótica" UNION (SELECT id_chave_tipo_token FROM tipos_tokens WHERE nome_tipo_token = 'indeterminado') LIMIT 1), (SELECT id_chave_tipo_token FROM tipos_tokens WHERE nome_tipo_token = "adjetivo" UNION (SELECT id_chave_tipo_token FROM tipos_tokens WHERE nome_tipo_token = 'indeterminado') LIMIT 1), @id_arquivo_var);
  INSERT IGNORE INTO tokens (nome_token, acentuada, id_tipo_token, id_tipo_token_spaCy, id_arquivo_fonte) VALUES ("premiere", "premiere", (SELECT id_tipo_token FROM classificacoes_tokens WHERE BINARY nome_token = "premiere" UNION (SELECT id_chave_tipo_token FROM tipos_tokens WHERE nome_tipo_token = 'indeterminado') LIMIT 1), (SELECT id_chave_tipo_token FROM tipos_tokens WHERE nome_tipo_token = "verbo" UNION (SELECT id_chave_tipo_token FROM tipos_tokens WHERE nome_tipo_token = 'indeterminado') LIMIT 1), @id_arquivo_var);
  INSERT IGNORE INTO tokens (nome_token, acentuada, id_tipo_token, id_tipo_token_spaCy, id_arquivo_fonte) VALUES ("websites", "websites", (SELECT id_tipo_token FROM classificacoes_tokens WHERE BINARY nome_token = "websites" UNION (SELECT id_chave_tipo_token FROM tipos_tokens WHERE nome_tipo_token = 'indeterminado') LIMIT 1), (SELECT id_chave_tipo_token FROM tipos_tokens WHERE nome_tipo_token = "sigla" UNION (SELECT id_chave_tipo_token FROM tipos_tokens WHERE nome_tipo_token = 'indeterminado') LIMIT 1), @id_arquivo_var);
  INSERT IGNORE INTO tokens (nome_token, acentuada, id_tipo_token, id_tipo_token_spaCy, id_arquivo_fonte) VALUES ("css", "css", (SELECT id_tipo_token FROM classificacoes_tokens WHERE BINARY nome_token = "css" UNION (SELECT id_chave_tipo_token FROM tipos_tokens WHERE nome_tipo_token = 'indeterminado') LIMIT 1), (SELECT id_chave_tipo_token FROM tipos_tokens WHERE nome_tipo_token = "sigla" UNION (SELECT id_chave_tipo_token FROM tipos_tokens WHERE nome_tipo_token = 'indeterminado') LIMIT 1), @id_arquivo_var);
  INSERT IGNORE INTO tokens (nome_token, acentuada, id_tipo_token, id_tipo_token_spaCy, id_arquivo_fonte) VALUES ("html", "html", (SELECT id_tipo_token FROM classificacoes_tokens WHERE BINARY nome_token = "html" UNION (SELECT id_chave_tipo_token FROM tipos_tokens WHERE nome_tipo_token = 'indeterminado') LIMIT 1), (SELECT id_chave_tipo_token FROM tipos_tokens WHERE nome_tipo_token = "sigla" UNION (SELECT id_chave_tipo_token FROM tipos_tokens WHERE nome_tipo_token = 'indeterminado') LIMIT 1), @id_arquivo_var);
  INSERT IGNORE INTO classificacoes_tokens (nome_token, id_tipo_token, id_arquivo_fonte) VALUES ("284", (SELECT id_chave_tipo_token FROM tipos_tokens WHERE nome_tipo_token = "numeral"), @id_arquivo_var);
INSERT IGNORE INTO tokens (nome_token, acentuada, id_tipo_token, id_tipo_token_spaCy, id_arquivo_fonte) VALUES ("284", "284", (SELECT id_tipo_token FROM classificacoes_tokens WHERE BINARY nome_token = "284" UNION (SELECT id_chave_tipo_token FROM tipos_tokens WHERE nome_tipo_token = 'indeterminado') LIMIT 1), (SELECT id_chave_tipo_token FROM tipos_tokens WHERE nome_tipo_token = "numeral" UNION (SELECT id_chave_tipo_token FROM tipos_tokens WHERE nome_tipo_token = 'indeterminado') LIMIT 1), @id_arquivo_var);
  INSERT IGNORE INTO tokens (nome_token, acentuada, id_tipo_token, id_tipo_token_spaCy, id_arquivo_fonte) VALUES ("project", "project", (SELECT id_tipo_token FROM classificacoes_tokens WHERE BINARY nome_token = "project" UNION (SELECT id_chave_tipo_token FROM tipos_tokens WHERE nome_tipo_token = 'indeterminado') LIMIT 1), (SELECT id_chave_tipo_token FROM tipos_tokens WHERE nome_tipo_token = "sigla" UNION (SELECT id_chave_tipo_token FROM tipos_tokens WHERE nome_tipo_token = 'indeterminado') LIMIT 1), @id_arquivo_var);
  INSERT IGNORE INTO classificacoes_tokens (nome_token, id_tipo_token, id_arquivo_fonte) VALUES ("248", (SELECT id_chave_tipo_token FROM tipos_tokens WHERE nome_tipo_token = "numeral"), @id_arquivo_var);
INSERT IGNORE INTO tokens (nome_token, acentuada, id_tipo_token, id_tipo_token_spaCy, id_arquivo_fonte) VALUES ("248", "248", (SELECT id_tipo_token FROM classificacoes_tokens WHERE BINARY nome_token = "248" UNION (SELECT id_chave_tipo_token FROM tipos_tokens WHERE nome_tipo_token = 'indeterminado') LIMIT 1), (SELECT id_chave_tipo_token FROM tipos_tokens WHERE nome_tipo_token = "numeral" UNION (SELECT id_chave_tipo_token FROM tipos_tokens WHERE nome_tipo_token = 'indeterminado') LIMIT 1), @id_arquivo_var);
  INSERT IGNORE INTO tokens (nome_token, acentuada, id_tipo_token, id_tipo_token_spaCy, id_arquivo_fonte) VALUES ("instagram", "instagram", (SELECT id_tipo_token FROM classificacoes_tokens WHERE BINARY nome_token = "instagram" UNION (SELECT id_chave_tipo_token FROM tipos_tokens WHERE nome_tipo_token = 'indeterminado') LIMIT 1), (SELECT id_chave_tipo_token FROM tipos_tokens WHERE nome_tipo_token = "verbo" UNION (SELECT id_chave_tipo_token FROM tipos_tokens WHERE nome_tipo_token = 'indeterminado') LIMIT 1), @id_arquivo_var);
  INSERT IGNORE INTO classificacoes_tokens (nome_token, id_tipo_token, id_arquivo_fonte) VALUES ("2650", (SELECT id_chave_tipo_token FROM tipos_tokens WHERE nome_tipo_token = "numeral"), @id_arquivo_var);
INSERT IGNORE INTO tokens (nome_token, acentuada, id_tipo_token, id_tipo_token_spaCy, id_arquivo_fonte) VALUES ("2650", "2650", (SELECT id_tipo_token FROM classificacoes_tokens WHERE BINARY nome_token = "2650" UNION (SELECT id_chave_tipo_token FROM tipos_tokens WHERE nome_tipo_token = 'indeterminado') LIMIT 1), (SELECT id_chave_tipo_token FROM tipos_tokens WHERE nome_tipo_token = "numeral" UNION (SELECT id_chave_tipo_token FROM tipos_tokens WHERE nome_tipo_token = 'indeterminado') LIMIT 1), @id_arquivo_var);
  INSERT IGNORE INTO tokens (nome_token, acentuada, id_tipo_token, id_tipo_token_spaCy, id_arquivo_fonte) VALUES ("interatividade", "interatividade", (SELECT id_tipo_token FROM classificacoes_tokens WHERE BINARY nome_token = "interatividade" UNION (SELECT id_chave_tipo_token FROM tipos_tokens WHERE nome_tipo_token = 'indeterminado') LIMIT 1), (SELECT id_chave_tipo_token FROM tipos_tokens WHERE nome_tipo_token = "adjetivo" UNION (SELECT id_chave_tipo_token FROM tipos_tokens WHERE nome_tipo_token = 'indeterminado') LIMIT 1), @id_arquivo_var);
  INSERT IGNORE INTO tokens (nome_token, acentuada, id_tipo_token, id_tipo_token_spaCy, id_arquivo_fonte) VALUES ("componentes", "componentes", (SELECT id_tipo_token FROM classificacoes_tokens WHERE BINARY nome_token = "componentes" UNION (SELECT id_chave_tipo_token FROM tipos_tokens WHERE nome_tipo_token = 'indeterminado') LIMIT 1), (SELECT id_chave_tipo_token FROM tipos_tokens WHERE nome_tipo_token = "substantivo" UNION (SELECT id_chave_tipo_token FROM tipos_tokens WHERE nome_tipo_token = 'indeterminado') LIMIT 1), @id_arquivo_var);
  INSERT IGNORE INTO tokens (nome_token, acentuada, id_tipo_token, id_tipo_token_spaCy, id_arquivo_fonte) VALUES ("configurar", "configurar", (SELECT id_tipo_token FROM classificacoes_tokens WHERE BINARY nome_token = "configurar" UNION (SELECT id_chave_tipo_token FROM tipos_tokens WHERE nome_tipo_token = 'indeterminado') LIMIT 1), (SELECT id_chave_tipo_token FROM tipos_tokens WHERE nome_tipo_token = "verbo" UNION (SELECT id_chave_tipo_token FROM tipos_tokens WHERE nome_tipo_token = 'indeterminado') LIMIT 1), @id_arquivo_var);
  INSERT IGNORE INTO tokens (nome_token, acentuada, id_tipo_token, id_tipo_token_spaCy, id_arquivo_fonte) VALUES ("instalar", "instalar", (SELECT id_tipo_token FROM classificacoes_tokens WHERE BINARY nome_token = "instalar" UNION (SELECT id_chave_tipo_token FROM tipos_tokens WHERE nome_tipo_token = 'indeterminado') LIMIT 1), (SELECT id_chave_tipo_token FROM tipos_tokens WHERE nome_tipo_token = "verbo" UNION (SELECT id_chave_tipo_token FROM tipos_tokens WHERE nome_tipo_token = 'indeterminado') LIMIT 1), @id_arquivo_var);
  INSERT IGNORE INTO classificacoes_tokens (nome_token, id_tipo_token, id_arquivo_fonte) VALUES ("2765", (SELECT id_chave_tipo_token FROM tipos_tokens WHERE nome_tipo_token = "numeral"), @id_arquivo_var);
INSERT IGNORE INTO tokens (nome_token, acentuada, id_tipo_token, id_tipo_token_spaCy, id_arquivo_fonte) VALUES ("2765", "2765", (SELECT id_tipo_token FROM classificacoes_tokens WHERE BINARY nome_token = "2765" UNION (SELECT id_chave_tipo_token FROM tipos_tokens WHERE nome_tipo_token = 'indeterminado') LIMIT 1), (SELECT id_chave_tipo_token FROM tipos_tokens WHERE nome_tipo_token = "numeral" UNION (SELECT id_chave_tipo_token FROM tipos_tokens WHERE nome_tipo_token = 'indeterminado') LIMIT 1), @id_arquivo_var);
  INSERT IGNORE INTO classificacoes_tokens (nome_token, id_tipo_token, id_arquivo_fonte) VALUES ("2772", (SELECT id_chave_tipo_token FROM tipos_tokens WHERE nome_tipo_token = "numeral"), @id_arquivo_var);
INSERT IGNORE INTO tokens (nome_token, acentuada, id_tipo_token, id_tipo_token_spaCy, id_arquivo_fonte) VALUES ("2772", "2772", (SELECT id_tipo_token FROM classificacoes_tokens WHERE BINARY nome_token = "2772" UNION (SELECT id_chave_tipo_token FROM tipos_tokens WHERE nome_tipo_token = 'indeterminado') LIMIT 1), (SELECT id_chave_tipo_token FROM tipos_tokens WHERE nome_tipo_token = "numeral" UNION (SELECT id_chave_tipo_token FROM tipos_tokens WHERE nome_tipo_token = 'indeterminado') LIMIT 1), @id_arquivo_var);
  INSERT IGNORE INTO tokens (nome_token, acentuada, id_tipo_token, id_tipo_token_spaCy, id_arquivo_fonte) VALUES ("intelligence", "intelligence", (SELECT id_tipo_token FROM classificacoes_tokens WHERE BINARY nome_token = "intelligence" UNION (SELECT id_chave_tipo_token FROM tipos_tokens WHERE nome_tipo_token = 'indeterminado') LIMIT 1), (SELECT id_chave_tipo_token FROM tipos_tokens WHERE nome_tipo_token = "sigla" UNION (SELECT id_chave_tipo_token FROM tipos_tokens WHERE nome_tipo_token = 'indeterminado') LIMIT 1), @id_arquivo_var);
  INSERT IGNORE INTO tokens (nome_token, acentuada, id_tipo_token, id_tipo_token_spaCy, id_arquivo_fonte) VALUES ("business", "business", (SELECT id_tipo_token FROM classificacoes_tokens WHERE BINARY nome_token = "business" UNION (SELECT id_chave_tipo_token FROM tipos_tokens WHERE nome_tipo_token = 'indeterminado') LIMIT 1), (SELECT id_chave_tipo_token FROM tipos_tokens WHERE nome_tipo_token = "sigla" UNION (SELECT id_chave_tipo_token FROM tipos_tokens WHERE nome_tipo_token = 'indeterminado') LIMIT 1), @id_arquivo_var);
  INSERT IGNORE INTO tokens (nome_token, acentuada, id_tipo_token, id_tipo_token_spaCy, id_arquivo_fonte) VALUES ("configuracao", "configuração", (SELECT id_tipo_token FROM classificacoes_tokens WHERE BINARY nome_token = "configuração" UNION (SELECT id_chave_tipo_token FROM tipos_tokens WHERE nome_tipo_token = 'indeterminado') LIMIT 1), (SELECT id_chave_tipo_token FROM tipos_tokens WHERE nome_tipo_token = "substantivo" UNION (SELECT id_chave_tipo_token FROM tipos_tokens WHERE nome_tipo_token = 'indeterminado') LIMIT 1), @id_arquivo_var);
  INSERT IGNORE INTO tokens (nome_token, acentuada, id_tipo_token, id_tipo_token_spaCy, id_arquivo_fonte) VALUES ("montagem", "montagem", (SELECT id_tipo_token FROM classificacoes_tokens WHERE BINARY nome_token = "montagem" UNION (SELECT id_chave_tipo_token FROM tipos_tokens WHERE nome_tipo_token = 'indeterminado') LIMIT 1), (SELECT id_chave_tipo_token FROM tipos_tokens WHERE nome_tipo_token = "substantivo" UNION (SELECT id_chave_tipo_token FROM tipos_tokens WHERE nome_tipo_token = 'indeterminado') LIMIT 1), @id_arquivo_var);
  INSERT IGNORE INTO classificacoes_tokens (nome_token, id_tipo_token, id_arquivo_fonte) VALUES ("2846", (SELECT id_chave_tipo_token FROM tipos_tokens WHERE nome_tipo_token = "numeral"), @id_arquivo_var);
INSERT IGNORE INTO tokens (nome_token, acentuada, id_tipo_token, id_tipo_token_spaCy, id_arquivo_fonte) VALUES ("2846", "2846", (SELECT id_tipo_token FROM classificacoes_tokens WHERE BINARY nome_token = "2846" UNION (SELECT id_chave_tipo_token FROM tipos_tokens WHERE nome_tipo_token = 'indeterminado') LIMIT 1), (SELECT id_chave_tipo_token FROM tipos_tokens WHERE nome_tipo_token = "numeral" UNION (SELECT id_chave_tipo_token FROM tipos_tokens WHERE nome_tipo_token = 'indeterminado') LIMIT 1), @id_arquivo_var);
  INSERT IGNORE INTO tokens (nome_token, acentuada, id_tipo_token, id_tipo_token_spaCy, id_arquivo_fonte) VALUES ("idade", "idade", (SELECT id_tipo_token FROM classificacoes_tokens WHERE BINARY nome_token = "idade" UNION (SELECT id_chave_tipo_token FROM tipos_tokens WHERE nome_tipo_token = 'indeterminado') LIMIT 1), (SELECT id_chave_tipo_token FROM tipos_tokens WHERE nome_tipo_token = "substantivo" UNION (SELECT id_chave_tipo_token FROM tipos_tokens WHERE nome_tipo_token = 'indeterminado') LIMIT 1), @id_arquivo_var);
  INSERT IGNORE INTO tokens (nome_token, acentuada, id_tipo_token, id_tipo_token_spaCy, id_arquivo_fonte) VALUES ("melhor", "melhor", (SELECT id_tipo_token FROM classificacoes_tokens WHERE BINARY nome_token = "melhor" UNION (SELECT id_chave_tipo_token FROM tipos_tokens WHERE nome_tipo_token = 'indeterminado') LIMIT 1), (SELECT id_chave_tipo_token FROM tipos_tokens WHERE nome_tipo_token = "adjetivo" UNION (SELECT id_chave_tipo_token FROM tipos_tokens WHERE nome_tipo_token = 'indeterminado') LIMIT 1), @id_arquivo_var);
  INSERT IGNORE INTO tokens (nome_token, acentuada, id_tipo_token, id_tipo_token_spaCy, id_arquivo_fonte) VALUES ("rede", "rede", (SELECT id_tipo_token FROM classificacoes_tokens WHERE BINARY nome_token = "rede" UNION (SELECT id_chave_tipo_token FROM tipos_tokens WHERE nome_tipo_token = 'indeterminado') LIMIT 1), (SELECT id_chave_tipo_token FROM tipos_tokens WHERE nome_tipo_token = "substantivo" UNION (SELECT id_chave_tipo_token FROM tipos_tokens WHERE nome_tipo_token = 'indeterminado') LIMIT 1), @id_arquivo_var);
  INSERT IGNORE INTO tokens (nome_token, acentuada, id_tipo_token, id_tipo_token_spaCy, id_arquivo_fonte) VALUES ("micro", "micro", (SELECT id_tipo_token FROM classificacoes_tokens WHERE BINARY nome_token = "micro" UNION (SELECT id_chave_tipo_token FROM tipos_tokens WHERE nome_tipo_token = 'indeterminado') LIMIT 1), (SELECT id_chave_tipo_token FROM tipos_tokens WHERE nome_tipo_token = "substantivo" UNION (SELECT id_chave_tipo_token FROM tipos_tokens WHERE nome_tipo_token = 'indeterminado') LIMIT 1), @id_arquivo_var);
  INSERT IGNORE INTO tokens (nome_token, acentuada, id_tipo_token, id_tipo_token_spaCy, id_arquivo_fonte) VALUES ("networks", "networks", (SELECT id_tipo_token FROM classificacoes_tokens WHERE BINARY nome_token = "networks" UNION (SELECT id_chave_tipo_token FROM tipos_tokens WHERE nome_tipo_token = 'indeterminado') LIMIT 1), (SELECT id_chave_tipo_token FROM tipos_tokens WHERE nome_tipo_token = "sigla" UNION (SELECT id_chave_tipo_token FROM tipos_tokens WHERE nome_tipo_token = 'indeterminado') LIMIT 1), @id_arquivo_var);
  INSERT IGNORE INTO tokens (nome_token, acentuada, id_tipo_token, id_tipo_token_spaCy, id_arquivo_fonte) VALUES ("to", "to", (SELECT id_tipo_token FROM classificacoes_tokens WHERE BINARY nome_token = "to" UNION (SELECT id_chave_tipo_token FROM tipos_tokens WHERE nome_tipo_token = 'indeterminado') LIMIT 1), (SELECT id_chave_tipo_token FROM tipos_tokens WHERE nome_tipo_token = "substantivo" UNION (SELECT id_chave_tipo_token FROM tipos_tokens WHERE nome_tipo_token = 'indeterminado') LIMIT 1), @id_arquivo_var);
  INSERT IGNORE INTO tokens (nome_token, acentuada, id_tipo_token, id_tipo_token_spaCy, id_arquivo_fonte) VALUES ("introduction", "introduction", (SELECT id_tipo_token FROM classificacoes_tokens WHERE BINARY nome_token = "introduction" UNION (SELECT id_chave_tipo_token FROM tipos_tokens WHERE nome_tipo_token = 'indeterminado') LIMIT 1), (SELECT id_chave_tipo_token FROM tipos_tokens WHERE nome_tipo_token = "substantivo" UNION (SELECT id_chave_tipo_token FROM tipos_tokens WHERE nome_tipo_token = 'indeterminado') LIMIT 1), @id_arquivo_var);
  INSERT IGNORE INTO tokens (nome_token, acentuada, id_tipo_token, id_tipo_token_spaCy, id_arquivo_fonte) VALUES ("sketchup", "sketchup", (SELECT id_tipo_token FROM classificacoes_tokens WHERE BINARY nome_token = "sketchup" UNION (SELECT id_chave_tipo_token FROM tipos_tokens WHERE nome_tipo_token = 'indeterminado') LIMIT 1), (SELECT id_chave_tipo_token FROM tipos_tokens WHERE nome_tipo_token = "sigla" UNION (SELECT id_chave_tipo_token FROM tipos_tokens WHERE nome_tipo_token = 'indeterminado') LIMIT 1), @id_arquivo_var);
  INSERT IGNORE INTO tokens (nome_token, acentuada, id_tipo_token, id_tipo_token_spaCy, id_arquivo_fonte) VALUES ("essencial", "essencial", (SELECT id_tipo_token FROM classificacoes_tokens WHERE BINARY nome_token = "essencial" UNION (SELECT id_chave_tipo_token FROM tipos_tokens WHERE nome_tipo_token = 'indeterminado') LIMIT 1), (SELECT id_chave_tipo_token FROM tipos_tokens WHERE nome_tipo_token = "substantivo" UNION (SELECT id_chave_tipo_token FROM tipos_tokens WHERE nome_tipo_token = 'indeterminado') LIMIT 1), @id_arquivo_var);
  INSERT IGNORE INTO tokens (nome_token, acentuada, id_tipo_token, id_tipo_token_spaCy, id_arquivo_fonte) VALUES ("ray", "ray", (SELECT id_tipo_token FROM classificacoes_tokens WHERE BINARY nome_token = "ray" UNION (SELECT id_chave_tipo_token FROM tipos_tokens WHERE nome_tipo_token = 'indeterminado') LIMIT 1), (SELECT id_chave_tipo_token FROM tipos_tokens WHERE nome_tipo_token = "substantivo" UNION (SELECT id_chave_tipo_token FROM tipos_tokens WHERE nome_tipo_token = 'indeterminado') LIMIT 1), @id_arquivo_var);
  INSERT IGNORE INTO tokens (nome_token, acentuada, id_tipo_token, id_tipo_token_spaCy, id_arquivo_fonte) VALUES ("v", "v", (SELECT id_tipo_token FROM classificacoes_tokens WHERE BINARY nome_token = "v" UNION (SELECT id_chave_tipo_token FROM tipos_tokens WHERE nome_tipo_token = 'indeterminado') LIMIT 1), (SELECT id_chave_tipo_token FROM tipos_tokens WHERE nome_tipo_token = "sigla" UNION (SELECT id_chave_tipo_token FROM tipos_tokens WHERE nome_tipo_token = 'indeterminado') LIMIT 1), @id_arquivo_var);
  INSERT IGNORE INTO tokens (nome_token, acentuada, id_tipo_token, id_tipo_token_spaCy, id_arquivo_fonte) VALUES ("vfx", "vfx", (SELECT id_tipo_token FROM classificacoes_tokens WHERE BINARY nome_token = "vfx" UNION (SELECT id_chave_tipo_token FROM tipos_tokens WHERE nome_tipo_token = 'indeterminado') LIMIT 1), (SELECT id_chave_tipo_token FROM tipos_tokens WHERE nome_tipo_token = "sigla" UNION (SELECT id_chave_tipo_token FROM tipos_tokens WHERE nome_tipo_token = 'indeterminado') LIMIT 1), @id_arquivo_var);
  INSERT IGNORE INTO tokens (nome_token, acentuada, id_tipo_token, id_tipo_token_spaCy, id_arquivo_fonte) VALUES ("motion", "motion", (SELECT id_tipo_token FROM classificacoes_tokens WHERE BINARY nome_token = "motion" UNION (SELECT id_chave_tipo_token FROM tipos_tokens WHERE nome_tipo_token = 'indeterminado') LIMIT 1), (SELECT id_chave_tipo_token FROM tipos_tokens WHERE nome_tipo_token = "substantivo" UNION (SELECT id_chave_tipo_token FROM tipos_tokens WHERE nome_tipo_token = 'indeterminado') LIMIT 1), @id_arquivo_var);
  INSERT IGNORE INTO tokens (nome_token, acentuada, id_tipo_token, id_tipo_token_spaCy, id_arquivo_fonte) VALUES ("effects", "effects", (SELECT id_tipo_token FROM classificacoes_tokens WHERE BINARY nome_token = "effects" UNION (SELECT id_chave_tipo_token FROM tipos_tokens WHERE nome_tipo_token = 'indeterminado') LIMIT 1), (SELECT id_chave_tipo_token FROM tipos_tokens WHERE nome_tipo_token = "sigla" UNION (SELECT id_chave_tipo_token FROM tipos_tokens WHERE nome_tipo_token = 'indeterminado') LIMIT 1), @id_arquivo_var);
  INSERT IGNORE INTO tokens (nome_token, acentuada, id_tipo_token, id_tipo_token_spaCy, id_arquivo_fonte) VALUES ("after", "after", (SELECT id_tipo_token FROM classificacoes_tokens WHERE BINARY nome_token = "after" UNION (SELECT id_chave_tipo_token FROM tipos_tokens WHERE nome_tipo_token = 'indeterminado') LIMIT 1), (SELECT id_chave_tipo_token FROM tipos_tokens WHERE nome_tipo_token = "sigla" UNION (SELECT id_chave_tipo_token FROM tipos_tokens WHERE nome_tipo_token = 'indeterminado') LIMIT 1), @id_arquivo_var);
  INSERT IGNORE INTO tokens (nome_token, acentuada, id_tipo_token, id_tipo_token_spaCy, id_arquivo_fonte) VALUES ("adobe", "adobe", (SELECT id_tipo_token FROM classificacoes_tokens WHERE BINARY nome_token = "adobe" UNION (SELECT id_chave_tipo_token FROM tipos_tokens WHERE nome_tipo_token = 'indeterminado') LIMIT 1), (SELECT id_chave_tipo_token FROM tipos_tokens WHERE nome_tipo_token = "substantivo" UNION (SELECT id_chave_tipo_token FROM tipos_tokens WHERE nome_tipo_token = 'indeterminado') LIMIT 1), @id_arquivo_var);
  INSERT IGNORE INTO tokens (nome_token, acentuada, id_tipo_token, id_tipo_token_spaCy, id_arquivo_fonte) VALUES ("ii", "ii", (SELECT id_tipo_token FROM classificacoes_tokens WHERE BINARY nome_token = "ii" UNION (SELECT id_chave_tipo_token FROM tipos_tokens WHERE nome_tipo_token = 'indeterminado') LIMIT 1), (SELECT id_chave_tipo_token FROM tipos_tokens WHERE nome_tipo_token = "adjetivo" UNION (SELECT id_chave_tipo_token FROM tipos_tokens WHERE nome_tipo_token = 'indeterminado') LIMIT 1), @id_arquivo_var);
  INSERT IGNORE INTO classificacoes_tokens (nome_token, id_tipo_token, id_arquivo_fonte) VALUES ("989", (SELECT id_chave_tipo_token FROM tipos_tokens WHERE nome_tipo_token = "numeral"), @id_arquivo_var);
INSERT IGNORE INTO tokens (nome_token, acentuada, id_tipo_token, id_tipo_token_spaCy, id_arquivo_fonte) VALUES ("989", "989", (SELECT id_tipo_token FROM classificacoes_tokens WHERE BINARY nome_token = "989" UNION (SELECT id_chave_tipo_token FROM tipos_tokens WHERE nome_tipo_token = 'indeterminado') LIMIT 1), (SELECT id_chave_tipo_token FROM tipos_tokens WHERE nome_tipo_token = "numeral" UNION (SELECT id_chave_tipo_token FROM tipos_tokens WHERE nome_tipo_token = 'indeterminado') LIMIT 1), @id_arquivo_var);
  INSERT IGNORE INTO classificacoes_tokens (nome_token, id_tipo_token, id_arquivo_fonte) VALUES ("164", (SELECT id_chave_tipo_token FROM tipos_tokens WHERE nome_tipo_token = "numeral"), @id_arquivo_var);
INSERT IGNORE INTO tokens (nome_token, acentuada, id_tipo_token, id_tipo_token_spaCy, id_arquivo_fonte) VALUES ("164", "164", (SELECT id_tipo_token FROM classificacoes_tokens WHERE BINARY nome_token = "164" UNION (SELECT id_chave_tipo_token FROM tipos_tokens WHERE nome_tipo_token = 'indeterminado') LIMIT 1), (SELECT id_chave_tipo_token FROM tipos_tokens WHERE nome_tipo_token = "numeral" UNION (SELECT id_chave_tipo_token FROM tipos_tokens WHERE nome_tipo_token = 'indeterminado') LIMIT 1), @id_arquivo_var);
  INSERT IGNORE INTO tokens (nome_token, acentuada, id_tipo_token, id_tipo_token_spaCy, id_arquivo_fonte) VALUES ("indesign", "indesign", (SELECT id_tipo_token FROM classificacoes_tokens WHERE BINARY nome_token = "indesign" UNION (SELECT id_chave_tipo_token FROM tipos_tokens WHERE nome_tipo_token = 'indeterminado') LIMIT 1), (SELECT id_chave_tipo_token FROM tipos_tokens WHERE nome_tipo_token = "sigla" UNION (SELECT id_chave_tipo_token FROM tipos_tokens WHERE nome_tipo_token = 'indeterminado') LIMIT 1), @id_arquivo_var);
  INSERT IGNORE INTO tokens (nome_token, acentuada, id_tipo_token, id_tipo_token_spaCy, id_arquivo_fonte) VALUES ("colaborativas", "colaborativas", (SELECT id_tipo_token FROM classificacoes_tokens WHERE BINARY nome_token = "colaborativas" UNION (SELECT id_chave_tipo_token FROM tipos_tokens WHERE nome_tipo_token = 'indeterminado') LIMIT 1), (SELECT id_chave_tipo_token FROM tipos_tokens WHERE nome_tipo_token = "adjetivo" UNION (SELECT id_chave_tipo_token FROM tipos_tokens WHERE nome_tipo_token = 'indeterminado') LIMIT 1), @id_arquivo_var);
  INSERT IGNORE INTO tokens (nome_token, acentuada, id_tipo_token, id_tipo_token_spaCy, id_arquivo_fonte) VALUES ("aplicacoes", "aplicações", (SELECT id_tipo_token FROM classificacoes_tokens WHERE BINARY nome_token = "aplicações" UNION (SELECT id_chave_tipo_token FROM tipos_tokens WHERE nome_tipo_token = 'indeterminado') LIMIT 1), (SELECT id_chave_tipo_token FROM tipos_tokens WHERE nome_tipo_token = "substantivo" UNION (SELECT id_chave_tipo_token FROM tipos_tokens WHERE nome_tipo_token = 'indeterminado') LIMIT 1), @id_arquivo_var);
  INSERT IGNORE INTO tokens (nome_token, acentuada, id_tipo_token, id_tipo_token_spaCy, id_arquivo_fonte) VALUES ("desenvolvendo", "desenvolvendo", (SELECT id_tipo_token FROM classificacoes_tokens WHERE BINARY nome_token = "desenvolvendo" UNION (SELECT id_chave_tipo_token FROM tipos_tokens WHERE nome_tipo_token = 'indeterminado') LIMIT 1), (SELECT id_chave_tipo_token FROM tipos_tokens WHERE nome_tipo_token = "verbo" UNION (SELECT id_chave_tipo_token FROM tipos_tokens WHERE nome_tipo_token = 'indeterminado') LIMIT 1), @id_arquivo_var);
  INSERT IGNORE INTO tokens (nome_token, acentuada, id_tipo_token, id_tipo_token_spaCy, id_arquivo_fonte) VALUES ("lgpd", "lgpd", (SELECT id_tipo_token FROM classificacoes_tokens WHERE BINARY nome_token = "lgpd" UNION (SELECT id_chave_tipo_token FROM tipos_tokens WHERE nome_tipo_token = 'indeterminado') LIMIT 1), (SELECT id_chave_tipo_token FROM tipos_tokens WHERE nome_tipo_token = "sigla" UNION (SELECT id_chave_tipo_token FROM tipos_tokens WHERE nome_tipo_token = 'indeterminado') LIMIT 1), @id_arquivo_var);
  INSERT IGNORE INTO tokens (nome_token, acentuada, id_tipo_token, id_tipo_token_spaCy, id_arquivo_fonte) VALUES ("pessoais", "pessoais", (SELECT id_tipo_token FROM classificacoes_tokens WHERE BINARY nome_token = "pessoais" UNION (SELECT id_chave_tipo_token FROM tipos_tokens WHERE nome_tipo_token = 'indeterminado') LIMIT 1), (SELECT id_chave_tipo_token FROM tipos_tokens WHERE nome_tipo_token = "adjetivo" UNION (SELECT id_chave_tipo_token FROM tipos_tokens WHERE nome_tipo_token = 'indeterminado') LIMIT 1), @id_arquivo_var);
  INSERT IGNORE INTO tokens (nome_token, acentuada, id_tipo_token, id_tipo_token_spaCy, id_arquivo_fonte) VALUES ("lei", "lei", (SELECT id_tipo_token FROM classificacoes_tokens WHERE BINARY nome_token = "lei" UNION (SELECT id_chave_tipo_token FROM tipos_tokens WHERE nome_tipo_token = 'indeterminado') LIMIT 1), (SELECT id_chave_tipo_token FROM tipos_tokens WHERE nome_tipo_token = "substantivo" UNION (SELECT id_chave_tipo_token FROM tipos_tokens WHERE nome_tipo_token = 'indeterminado') LIMIT 1), @id_arquivo_var);
  INSERT IGNORE INTO tokens (nome_token, acentuada, id_tipo_token, id_tipo_token_spaCy, id_arquivo_fonte) VALUES ("powerpoint", "powerpoint", (SELECT id_tipo_token FROM classificacoes_tokens WHERE BINARY nome_token = "powerpoint" UNION (SELECT id_chave_tipo_token FROM tipos_tokens WHERE nome_tipo_token = 'indeterminado') LIMIT 1), (SELECT id_chave_tipo_token FROM tipos_tokens WHERE nome_tipo_token = "sigla" UNION (SELECT id_chave_tipo_token FROM tipos_tokens WHERE nome_tipo_token = 'indeterminado') LIMIT 1), @id_arquivo_var);
  INSERT IGNORE INTO tokens (nome_token, acentuada, id_tipo_token, id_tipo_token_spaCy, id_arquivo_fonte) VALUES ("revit", "revit", (SELECT id_tipo_token FROM classificacoes_tokens WHERE BINARY nome_token = "revit" UNION (SELECT id_chave_tipo_token FROM tipos_tokens WHERE nome_tipo_token = 'indeterminado') LIMIT 1), (SELECT id_chave_tipo_token FROM tipos_tokens WHERE nome_tipo_token = "sigla" UNION (SELECT id_chave_tipo_token FROM tipos_tokens WHERE nome_tipo_token = 'indeterminado') LIMIT 1), @id_arquivo_var);
  INSERT IGNORE INTO tokens (nome_token, acentuada, id_tipo_token, id_tipo_token_spaCy, id_arquivo_fonte) VALUES ("bim", "bim", (SELECT id_tipo_token FROM classificacoes_tokens WHERE BINARY nome_token = "bim" UNION (SELECT id_chave_tipo_token FROM tipos_tokens WHERE nome_tipo_token = 'indeterminado') LIMIT 1), (SELECT id_chave_tipo_token FROM tipos_tokens WHERE nome_tipo_token = "substantivo" UNION (SELECT id_chave_tipo_token FROM tipos_tokens WHERE nome_tipo_token = 'indeterminado') LIMIT 1), @id_arquivo_var);
  INSERT IGNORE INTO tokens (nome_token, acentuada, id_tipo_token, id_tipo_token_spaCy, id_arquivo_fonte) VALUES ("3d", "3d", (SELECT id_tipo_token FROM classificacoes_tokens WHERE BINARY nome_token = "3d" UNION (SELECT id_chave_tipo_token FROM tipos_tokens WHERE nome_tipo_token = 'indeterminado') LIMIT 1), (SELECT id_chave_tipo_token FROM tipos_tokens WHERE nome_tipo_token = "sigla" UNION (SELECT id_chave_tipo_token FROM tipos_tokens WHERE nome_tipo_token = 'indeterminado') LIMIT 1), @id_arquivo_var);
  INSERT IGNORE INTO tokens (nome_token, acentuada, id_tipo_token, id_tipo_token_spaCy, id_arquivo_fonte) VALUES ("modelando", "modelando", (SELECT id_tipo_token FROM classificacoes_tokens WHERE BINARY nome_token = "modelando" UNION (SELECT id_chave_tipo_token FROM tipos_tokens WHERE nome_tipo_token = 'indeterminado') LIMIT 1), (SELECT id_chave_tipo_token FROM tipos_tokens WHERE nome_tipo_token = "verbo" UNION (SELECT id_chave_tipo_token FROM tipos_tokens WHERE nome_tipo_token = 'indeterminado') LIMIT 1), @id_arquivo_var);
  INSERT IGNORE INTO classificacoes_tokens (nome_token, id_tipo_token, id_arquivo_fonte) VALUES ("2019", (SELECT id_chave_tipo_token FROM tipos_tokens WHERE nome_tipo_token = "numeral"), @id_arquivo_var);
INSERT IGNORE INTO tokens (nome_token, acentuada, id_tipo_token, id_tipo_token_spaCy, id_arquivo_fonte) VALUES ("2019", "2019", (SELECT id_tipo_token FROM classificacoes_tokens WHERE BINARY nome_token = "2019" UNION (SELECT id_chave_tipo_token FROM tipos_tokens WHERE nome_tipo_token = 'indeterminado') LIMIT 1), (SELECT id_chave_tipo_token FROM tipos_tokens WHERE nome_tipo_token = "numeral" UNION (SELECT id_chave_tipo_token FROM tipos_tokens WHERE nome_tipo_token = 'indeterminado') LIMIT 1), @id_arquivo_var);
  INSERT IGNORE INTO tokens (nome_token, acentuada, id_tipo_token, id_tipo_token_spaCy, id_arquivo_fonte) VALUES ("autocad", "autocad", (SELECT id_tipo_token FROM classificacoes_tokens WHERE BINARY nome_token = "autocad" UNION (SELECT id_chave_tipo_token FROM tipos_tokens WHERE nome_tipo_token = 'indeterminado') LIMIT 1), (SELECT id_chave_tipo_token FROM tipos_tokens WHERE nome_tipo_token = "sigla" UNION (SELECT id_chave_tipo_token FROM tipos_tokens WHERE nome_tipo_token = 'indeterminado') LIMIT 1), @id_arquivo_var);
  INSERT IGNORE INTO classificacoes_tokens (nome_token, id_tipo_token, id_arquivo_fonte) VALUES ("985", (SELECT id_chave_tipo_token FROM tipos_tokens WHERE nome_tipo_token = "numeral"), @id_arquivo_var);
INSERT IGNORE INTO tokens (nome_token, acentuada, id_tipo_token, id_tipo_token_spaCy, id_arquivo_fonte) VALUES ("985", "985", (SELECT id_tipo_token FROM classificacoes_tokens WHERE BINARY nome_token = "985" UNION (SELECT id_chave_tipo_token FROM tipos_tokens WHERE nome_tipo_token = 'indeterminado') LIMIT 1), (SELECT id_chave_tipo_token FROM tipos_tokens WHERE nome_tipo_token = "numeral" UNION (SELECT id_chave_tipo_token FROM tipos_tokens WHERE nome_tipo_token = 'indeterminado') LIMIT 1), @id_arquivo_var);
  INSERT IGNORE INTO classificacoes_tokens (nome_token, id_tipo_token, id_arquivo_fonte) VALUES ("1745", (SELECT id_chave_tipo_token FROM tipos_tokens WHERE nome_tipo_token = "numeral"), @id_arquivo_var);
INSERT IGNORE INTO tokens (nome_token, acentuada, id_tipo_token, id_tipo_token_spaCy, id_arquivo_fonte) VALUES ("1745", "1745", (SELECT id_tipo_token FROM classificacoes_tokens WHERE BINARY nome_token = "1745" UNION (SELECT id_chave_tipo_token FROM tipos_tokens WHERE nome_tipo_token = 'indeterminado') LIMIT 1), (SELECT id_chave_tipo_token FROM tipos_tokens WHERE nome_tipo_token = "numeral" UNION (SELECT id_chave_tipo_token FROM tipos_tokens WHERE nome_tipo_token = 'indeterminado') LIMIT 1), @id_arquivo_var);
  INSERT IGNORE INTO tokens (nome_token, acentuada, id_tipo_token, id_tipo_token_spaCy, id_arquivo_fonte) VALUES ("artificial", "artificial", (SELECT id_tipo_token FROM classificacoes_tokens WHERE BINARY nome_token = "artificial" UNION (SELECT id_chave_tipo_token FROM tipos_tokens WHERE nome_tipo_token = 'indeterminado') LIMIT 1), (SELECT id_chave_tipo_token FROM tipos_tokens WHERE nome_tipo_token = "adjetivo" UNION (SELECT id_chave_tipo_token FROM tipos_tokens WHERE nome_tipo_token = 'indeterminado') LIMIT 1), @id_arquivo_var);
  INSERT IGNORE INTO tokens (nome_token, acentuada, id_tipo_token, id_tipo_token_spaCy, id_arquivo_fonte) VALUES ("ia", "ia", (SELECT id_tipo_token FROM classificacoes_tokens WHERE BINARY nome_token = "ia" UNION (SELECT id_chave_tipo_token FROM tipos_tokens WHERE nome_tipo_token = 'indeterminado') LIMIT 1), (SELECT id_chave_tipo_token FROM tipos_tokens WHERE nome_tipo_token = "substantivo" UNION (SELECT id_chave_tipo_token FROM tipos_tokens WHERE nome_tipo_token = 'indeterminado') LIMIT 1), @id_arquivo_var);
  INSERT IGNORE INTO tokens (nome_token, acentuada, id_tipo_token, id_tipo_token_spaCy, id_arquivo_fonte) VALUES ("commerce", "commerce", (SELECT id_tipo_token FROM classificacoes_tokens WHERE BINARY nome_token = "commerce" UNION (SELECT id_chave_tipo_token FROM tipos_tokens WHERE nome_tipo_token = 'indeterminado') LIMIT 1), (SELECT id_chave_tipo_token FROM tipos_tokens WHERE nome_tipo_token = "sigla" UNION (SELECT id_chave_tipo_token FROM tipos_tokens WHERE nome_tipo_token = 'indeterminado') LIMIT 1), @id_arquivo_var);
  INSERT IGNORE INTO tokens (nome_token, acentuada, id_tipo_token, id_tipo_token_spaCy, id_arquivo_fonte) VALUES ("ii", "ii", (SELECT id_tipo_token FROM classificacoes_tokens WHERE BINARY nome_token = "ii" UNION (SELECT id_chave_tipo_token FROM tipos_tokens WHERE nome_tipo_token = 'indeterminado') LIMIT 1), (SELECT id_chave_tipo_token FROM tipos_tokens WHERE nome_tipo_token = "substantivo" UNION (SELECT id_chave_tipo_token FROM tipos_tokens WHERE nome_tipo_token = 'indeterminado') LIMIT 1), @id_arquivo_var);
  INSERT IGNORE INTO tokens (nome_token, acentuada, id_tipo_token, id_tipo_token_spaCy, id_arquivo_fonte) VALUES ("wordpress", "wordpress", (SELECT id_tipo_token FROM classificacoes_tokens WHERE BINARY nome_token = "wordpress" UNION (SELECT id_chave_tipo_token FROM tipos_tokens WHERE nome_tipo_token = 'indeterminado') LIMIT 1), (SELECT id_chave_tipo_token FROM tipos_tokens WHERE nome_tipo_token = "sigla" UNION (SELECT id_chave_tipo_token FROM tipos_tokens WHERE nome_tipo_token = 'indeterminado') LIMIT 1), @id_arquivo_var);
  INSERT IGNORE INTO tokens (nome_token, acentuada, id_tipo_token, id_tipo_token_spaCy, id_arquivo_fonte) VALUES ("2d", "2d", (SELECT id_tipo_token FROM classificacoes_tokens WHERE BINARY nome_token = "2d" UNION (SELECT id_chave_tipo_token FROM tipos_tokens WHERE nome_tipo_token = 'indeterminado') LIMIT 1), (SELECT id_chave_tipo_token FROM tipos_tokens WHERE nome_tipo_token = "sigla" UNION (SELECT id_chave_tipo_token FROM tipos_tokens WHERE nome_tipo_token = 'indeterminado') LIMIT 1), @id_arquivo_var);
  INSERT IGNORE INTO tokens (nome_token, acentuada, id_tipo_token, id_tipo_token_spaCy, id_arquivo_fonte) VALUES ("ilustracao", "ilustração", (SELECT id_tipo_token FROM classificacoes_tokens WHERE BINARY nome_token = "ilustração" UNION (SELECT id_chave_tipo_token FROM tipos_tokens WHERE nome_tipo_token = 'indeterminado') LIMIT 1), (SELECT id_chave_tipo_token FROM tipos_tokens WHERE nome_tipo_token = "substantivo" UNION (SELECT id_chave_tipo_token FROM tipos_tokens WHERE nome_tipo_token = 'indeterminado') LIMIT 1), @id_arquivo_var);
  INSERT IGNORE INTO tokens (nome_token, acentuada, id_tipo_token, id_tipo_token_spaCy, id_arquivo_fonte) VALUES ("php", "php", (SELECT id_tipo_token FROM classificacoes_tokens WHERE BINARY nome_token = "php" UNION (SELECT id_chave_tipo_token FROM tipos_tokens WHERE nome_tipo_token = 'indeterminado') LIMIT 1), (SELECT id_chave_tipo_token FROM tipos_tokens WHERE nome_tipo_token = "sigla" UNION (SELECT id_chave_tipo_token FROM tipos_tokens WHERE nome_tipo_token = 'indeterminado') LIMIT 1), @id_arquivo_var);
  INSERT IGNORE INTO classificacoes_tokens (nome_token, id_tipo_token, id_arquivo_fonte) VALUES ("984", (SELECT id_chave_tipo_token FROM tipos_tokens WHERE nome_tipo_token = "numeral"), @id_arquivo_var);
INSERT IGNORE INTO tokens (nome_token, acentuada, id_tipo_token, id_tipo_token_spaCy, id_arquivo_fonte) VALUES ("984", "984", (SELECT id_tipo_token FROM classificacoes_tokens WHERE BINARY nome_token = "984" UNION (SELECT id_chave_tipo_token FROM tipos_tokens WHERE nome_tipo_token = 'indeterminado') LIMIT 1), (SELECT id_chave_tipo_token FROM tipos_tokens WHERE nome_tipo_token = "numeral" UNION (SELECT id_chave_tipo_token FROM tipos_tokens WHERE nome_tipo_token = 'indeterminado') LIMIT 1), @id_arquivo_var);
  INSERT IGNORE INTO tokens (nome_token, acentuada, id_tipo_token, id_tipo_token_spaCy, id_arquivo_fonte) VALUES ("bi", "bi", (SELECT id_tipo_token FROM classificacoes_tokens WHERE BINARY nome_token = "bi" UNION (SELECT id_chave_tipo_token FROM tipos_tokens WHERE nome_tipo_token = 'indeterminado') LIMIT 1), (SELECT id_chave_tipo_token FROM tipos_tokens WHERE nome_tipo_token = "numeral" UNION (SELECT id_chave_tipo_token FROM tipos_tokens WHERE nome_tipo_token = 'indeterminado') LIMIT 1), @id_arquivo_var);
  INSERT IGNORE INTO tokens (nome_token, acentuada, id_tipo_token, id_tipo_token_spaCy, id_arquivo_fonte) VALUES ("photoshop", "photoshop", (SELECT id_tipo_token FROM classificacoes_tokens WHERE BINARY nome_token = "photoshop" UNION (SELECT id_chave_tipo_token FROM tipos_tokens WHERE nome_tipo_token = 'indeterminado') LIMIT 1), (SELECT id_chave_tipo_token FROM tipos_tokens WHERE nome_tipo_token = "sigla" UNION (SELECT id_chave_tipo_token FROM tipos_tokens WHERE nome_tipo_token = 'indeterminado') LIMIT 1), @id_arquivo_var);
  INSERT IGNORE INTO tokens (nome_token, acentuada, id_tipo_token, id_tipo_token_spaCy, id_arquivo_fonte) VALUES ("cibernetica", "cibernética", (SELECT id_tipo_token FROM classificacoes_tokens WHERE BINARY nome_token = "cibernética" UNION (SELECT id_chave_tipo_token FROM tipos_tokens WHERE nome_tipo_token = 'indeterminado') LIMIT 1), (SELECT id_chave_tipo_token FROM tipos_tokens WHERE nome_tipo_token = "adjetivo" UNION (SELECT id_chave_tipo_token FROM tipos_tokens WHERE nome_tipo_token = 'indeterminado') LIMIT 1), @id_arquivo_var);
  INSERT IGNORE INTO tokens (nome_token, acentuada, id_tipo_token, id_tipo_token_spaCy, id_arquivo_fonte) VALUES ("computacionais", "computacionais", (SELECT id_tipo_token FROM classificacoes_tokens WHERE BINARY nome_token = "computacionais" UNION (SELECT id_chave_tipo_token FROM tipos_tokens WHERE nome_tipo_token = 'indeterminado') LIMIT 1), (SELECT id_chave_tipo_token FROM tipos_tokens WHERE nome_tipo_token = "adjetivo" UNION (SELECT id_chave_tipo_token FROM tipos_tokens WHERE nome_tipo_token = 'indeterminado') LIMIT 1), @id_arquivo_var);
  INSERT IGNORE INTO classificacoes_tokens (nome_token, id_tipo_token, id_arquivo_fonte) VALUES ("2843", (SELECT id_chave_tipo_token FROM tipos_tokens WHERE nome_tipo_token = "numeral"), @id_arquivo_var);
INSERT IGNORE INTO tokens (nome_token, acentuada, id_tipo_token, id_tipo_token_spaCy, id_arquivo_fonte) VALUES ("2843", "2843", (SELECT id_tipo_token FROM classificacoes_tokens WHERE BINARY nome_token = "2843" UNION (SELECT id_chave_tipo_token FROM tipos_tokens WHERE nome_tipo_token = 'indeterminado') LIMIT 1), (SELECT id_chave_tipo_token FROM tipos_tokens WHERE nome_tipo_token = "numeral" UNION (SELECT id_chave_tipo_token FROM tipos_tokens WHERE nome_tipo_token = 'indeterminado') LIMIT 1), @id_arquivo_var);
  INSERT IGNORE INTO tokens (nome_token, acentuada, id_tipo_token, id_tipo_token_spaCy, id_arquivo_fonte) VALUES ("eletronica", "eletrônica", (SELECT id_tipo_token FROM classificacoes_tokens WHERE BINARY nome_token = "eletrônica" UNION (SELECT id_chave_tipo_token FROM tipos_tokens WHERE nome_tipo_token = 'indeterminado') LIMIT 1), (SELECT id_chave_tipo_token FROM tipos_tokens WHERE nome_tipo_token = "substantivo" UNION (SELECT id_chave_tipo_token FROM tipos_tokens WHERE nome_tipo_token = 'indeterminado') LIMIT 1), @id_arquivo_var);
  INSERT IGNORE INTO tokens (nome_token, acentuada, id_tipo_token, id_tipo_token_spaCy, id_arquivo_fonte) VALUES ("maquete", "maquete", (SELECT id_tipo_token FROM classificacoes_tokens WHERE BINARY nome_token = "maquete" UNION (SELECT id_chave_tipo_token FROM tipos_tokens WHERE nome_tipo_token = 'indeterminado') LIMIT 1), (SELECT id_chave_tipo_token FROM tipos_tokens WHERE nome_tipo_token = "substantivo" UNION (SELECT id_chave_tipo_token FROM tipos_tokens WHERE nome_tipo_token = 'indeterminado') LIMIT 1), @id_arquivo_var);
  INSERT IGNORE INTO classificacoes_tokens (nome_token, id_tipo_token, id_arquivo_fonte) VALUES ("2849", (SELECT id_chave_tipo_token FROM tipos_tokens WHERE nome_tipo_token = "numeral"), @id_arquivo_var);
INSERT IGNORE INTO tokens (nome_token, acentuada, id_tipo_token, id_tipo_token_spaCy, id_arquivo_fonte) VALUES ("2849", "2849", (SELECT id_tipo_token FROM classificacoes_tokens WHERE BINARY nome_token = "2849" UNION (SELECT id_chave_tipo_token FROM tipos_tokens WHERE nome_tipo_token = 'indeterminado') LIMIT 1), (SELECT id_chave_tipo_token FROM tipos_tokens WHERE nome_tipo_token = "numeral" UNION (SELECT id_chave_tipo_token FROM tipos_tokens WHERE nome_tipo_token = 'indeterminado') LIMIT 1), @id_arquivo_var);
  INSERT IGNORE INTO tokens (nome_token, acentuada, id_tipo_token, id_tipo_token_spaCy, id_arquivo_fonte) VALUES ("coreldraw", "coreldraw", (SELECT id_tipo_token FROM classificacoes_tokens WHERE BINARY nome_token = "coreldraw" UNION (SELECT id_chave_tipo_token FROM tipos_tokens WHERE nome_tipo_token = 'indeterminado') LIMIT 1), (SELECT id_chave_tipo_token FROM tipos_tokens WHERE nome_tipo_token = "sigla" UNION (SELECT id_chave_tipo_token FROM tipos_tokens WHERE nome_tipo_token = 'indeterminado') LIMIT 1), @id_arquivo_var);
  INSERT IGNORE INTO classificacoes_tokens (nome_token, id_tipo_token, id_arquivo_fonte) VALUES ("282", (SELECT id_chave_tipo_token FROM tipos_tokens WHERE nome_tipo_token = "numeral"), @id_arquivo_var);
INSERT IGNORE INTO tokens (nome_token, acentuada, id_tipo_token, id_tipo_token_spaCy, id_arquivo_fonte) VALUES ("282", "282", (SELECT id_tipo_token FROM classificacoes_tokens WHERE BINARY nome_token = "282" UNION (SELECT id_chave_tipo_token FROM tipos_tokens WHERE nome_tipo_token = 'indeterminado') LIMIT 1), (SELECT id_chave_tipo_token FROM tipos_tokens WHERE nome_tipo_token = "numeral" UNION (SELECT id_chave_tipo_token FROM tipos_tokens WHERE nome_tipo_token = 'indeterminado') LIMIT 1), @id_arquivo_var);
  INSERT IGNORE INTO tokens (nome_token, acentuada, id_tipo_token, id_tipo_token_spaCy, id_arquivo_fonte) VALUES ("ti", "ti", (SELECT id_tipo_token FROM classificacoes_tokens WHERE BINARY nome_token = "ti" UNION (SELECT id_chave_tipo_token FROM tipos_tokens WHERE nome_tipo_token = 'indeterminado') LIMIT 1), (SELECT id_chave_tipo_token FROM tipos_tokens WHERE nome_tipo_token = "pronome" UNION (SELECT id_chave_tipo_token FROM tipos_tokens WHERE nome_tipo_token = 'indeterminado') LIMIT 1), @id_arquivo_var);
  INSERT IGNORE INTO classificacoes_tokens (nome_token, id_tipo_token, id_arquivo_fonte) VALUES ("2854", (SELECT id_chave_tipo_token FROM tipos_tokens WHERE nome_tipo_token = "numeral"), @id_arquivo_var);
INSERT IGNORE INTO tokens (nome_token, acentuada, id_tipo_token, id_tipo_token_spaCy, id_arquivo_fonte) VALUES ("2854", "2854", (SELECT id_tipo_token FROM classificacoes_tokens WHERE BINARY nome_token = "2854" UNION (SELECT id_chave_tipo_token FROM tipos_tokens WHERE nome_tipo_token = 'indeterminado') LIMIT 1), (SELECT id_chave_tipo_token FROM tipos_tokens WHERE nome_tipo_token = "numeral" UNION (SELECT id_chave_tipo_token FROM tipos_tokens WHERE nome_tipo_token = 'indeterminado') LIMIT 1), @id_arquivo_var);
  INSERT IGNORE INTO tokens (nome_token, acentuada, id_tipo_token, id_tipo_token_spaCy, id_arquivo_fonte) VALUES ("desenvolvedor", "desenvolvedor", (SELECT id_tipo_token FROM classificacoes_tokens WHERE BINARY nome_token = "desenvolvedor" UNION (SELECT id_chave_tipo_token FROM tipos_tokens WHERE nome_tipo_token = 'indeterminado') LIMIT 1), (SELECT id_chave_tipo_token FROM tipos_tokens WHERE nome_tipo_token = "verbo" UNION (SELECT id_chave_tipo_token FROM tipos_tokens WHERE nome_tipo_token = 'indeterminado') LIMIT 1), @id_arquivo_var);
  INSERT IGNORE INTO tokens (nome_token, acentuada, id_tipo_token, id_tipo_token_spaCy, id_arquivo_fonte) VALUES ("javascript", "javascript", (SELECT id_tipo_token FROM classificacoes_tokens WHERE BINARY nome_token = "javascript" UNION (SELECT id_chave_tipo_token FROM tipos_tokens WHERE nome_tipo_token = 'indeterminado') LIMIT 1), (SELECT id_chave_tipo_token FROM tipos_tokens WHERE nome_tipo_token = "sigla" UNION (SELECT id_chave_tipo_token FROM tipos_tokens WHERE nome_tipo_token = 'indeterminado') LIMIT 1), @id_arquivo_var);
  INSERT IGNORE INTO tokens (nome_token, acentuada, id_tipo_token, id_tipo_token_spaCy, id_arquivo_fonte) VALUES ("macros", "macros", (SELECT id_tipo_token FROM classificacoes_tokens WHERE BINARY nome_token = "macros" UNION (SELECT id_chave_tipo_token FROM tipos_tokens WHERE nome_tipo_token = 'indeterminado') LIMIT 1), (SELECT id_chave_tipo_token FROM tipos_tokens WHERE nome_tipo_token = "substantivo" UNION (SELECT id_chave_tipo_token FROM tipos_tokens WHERE nome_tipo_token = 'indeterminado') LIMIT 1), @id_arquivo_var);
  INSERT IGNORE INTO tokens (nome_token, acentuada, id_tipo_token, id_tipo_token_spaCy, id_arquivo_fonte) VALUES ("iniciacao", "iniciação", (SELECT id_tipo_token FROM classificacoes_tokens WHERE BINARY nome_token = "iniciação" UNION (SELECT id_chave_tipo_token FROM tipos_tokens WHERE nome_tipo_token = 'indeterminado') LIMIT 1), (SELECT id_chave_tipo_token FROM tipos_tokens WHERE nome_tipo_token = "substantivo" UNION (SELECT id_chave_tipo_token FROM tipos_tokens WHERE nome_tipo_token = 'indeterminado') LIMIT 1), @id_arquivo_var);
  INSERT IGNORE INTO tokens (nome_token, acentuada, id_tipo_token, id_tipo_token_spaCy, id_arquivo_fonte) VALUES ("ifti", "ifti", (SELECT id_tipo_token FROM classificacoes_tokens WHERE BINARY nome_token = "ifti" UNION (SELECT id_chave_tipo_token FROM tipos_tokens WHERE nome_tipo_token = 'indeterminado') LIMIT 1), (SELECT id_chave_tipo_token FROM tipos_tokens WHERE nome_tipo_token = "sigla" UNION (SELECT id_chave_tipo_token FROM tipos_tokens WHERE nome_tipo_token = 'indeterminado') LIMIT 1), @id_arquivo_var);
  INSERT IGNORE INTO tokens (nome_token, acentuada, id_tipo_token, id_tipo_token_spaCy, id_arquivo_fonte) VALUES ("aplicativos", "aplicativos", (SELECT id_tipo_token FROM classificacoes_tokens WHERE BINARY nome_token = "aplicativos" UNION (SELECT id_chave_tipo_token FROM tipos_tokens WHERE nome_tipo_token = 'indeterminado') LIMIT 1), (SELECT id_chave_tipo_token FROM tipos_tokens WHERE nome_tipo_token = "substantivo" UNION (SELECT id_chave_tipo_token FROM tipos_tokens WHERE nome_tipo_token = 'indeterminado') LIMIT 1), @id_arquivo_var);
  INSERT IGNORE INTO tokens (nome_token, acentuada, id_tipo_token, id_tipo_token_spaCy, id_arquivo_fonte) VALUES ("interacao", "interação", (SELECT id_tipo_token FROM classificacoes_tokens WHERE BINARY nome_token = "interação" UNION (SELECT id_chave_tipo_token FROM tipos_tokens WHERE nome_tipo_token = 'indeterminado') LIMIT 1), (SELECT id_chave_tipo_token FROM tipos_tokens WHERE nome_tipo_token = "substantivo" UNION (SELECT id_chave_tipo_token FROM tipos_tokens WHERE nome_tipo_token = 'indeterminado') LIMIT 1), @id_arquivo_var);
  INSERT IGNORE INTO tokens (nome_token, acentuada, id_tipo_token, id_tipo_token_spaCy, id_arquivo_fonte) VALUES ("informatica", "informática", (SELECT id_tipo_token FROM classificacoes_tokens WHERE BINARY nome_token = "informática" UNION (SELECT id_chave_tipo_token FROM tipos_tokens WHERE nome_tipo_token = 'indeterminado') LIMIT 1), (SELECT id_chave_tipo_token FROM tipos_tokens WHERE nome_tipo_token = "adjetivo" UNION (SELECT id_chave_tipo_token FROM tipos_tokens WHERE nome_tipo_token = 'indeterminado') LIMIT 1), @id_arquivo_var);
  INSERT IGNORE INTO classificacoes_tokens (nome_token, id_tipo_token, id_arquivo_fonte) VALUES ("1746", (SELECT id_chave_tipo_token FROM tipos_tokens WHERE nome_tipo_token = "numeral"), @id_arquivo_var);
INSERT IGNORE INTO tokens (nome_token, acentuada, id_tipo_token, id_tipo_token_spaCy, id_arquivo_fonte) VALUES ("1746", "1746", (SELECT id_tipo_token FROM classificacoes_tokens WHERE BINARY nome_token = "1746" UNION (SELECT id_chave_tipo_token FROM tipos_tokens WHERE nome_tipo_token = 'indeterminado') LIMIT 1), (SELECT id_chave_tipo_token FROM tipos_tokens WHERE nome_tipo_token = "numeral" UNION (SELECT id_chave_tipo_token FROM tipos_tokens WHERE nome_tipo_token = 'indeterminado') LIMIT 1), @id_arquivo_var);
  INSERT IGNORE INTO tokens (nome_token, acentuada, id_tipo_token, id_tipo_token_spaCy, id_arquivo_fonte) VALUES ("arduino", "arduino", (SELECT id_tipo_token FROM classificacoes_tokens WHERE BINARY nome_token = "arduino" UNION (SELECT id_chave_tipo_token FROM tipos_tokens WHERE nome_tipo_token = 'indeterminado') LIMIT 1), (SELECT id_chave_tipo_token FROM tipos_tokens WHERE nome_tipo_token = "substantivo" UNION (SELECT id_chave_tipo_token FROM tipos_tokens WHERE nome_tipo_token = 'indeterminado') LIMIT 1), @id_arquivo_var);
  INSERT IGNORE INTO classificacoes_tokens (nome_token, id_tipo_token, id_arquivo_fonte) VALUES ("986", (SELECT id_chave_tipo_token FROM tipos_tokens WHERE nome_tipo_token = "numeral"), @id_arquivo_var);
INSERT IGNORE INTO tokens (nome_token, acentuada, id_tipo_token, id_tipo_token_spaCy, id_arquivo_fonte) VALUES ("986", "986", (SELECT id_tipo_token FROM classificacoes_tokens WHERE BINARY nome_token = "986" UNION (SELECT id_chave_tipo_token FROM tipos_tokens WHERE nome_tipo_token = 'indeterminado') LIMIT 1), (SELECT id_chave_tipo_token FROM tipos_tokens WHERE nome_tipo_token = "numeral" UNION (SELECT id_chave_tipo_token FROM tipos_tokens WHERE nome_tipo_token = 'indeterminado') LIMIT 1), @id_arquivo_var);
  INSERT IGNORE INTO tokens (nome_token, acentuada, id_tipo_token, id_tipo_token_spaCy, id_arquivo_fonte) VALUES ("jovens", "jovens", (SELECT id_tipo_token FROM classificacoes_tokens WHERE BINARY nome_token = "jovens" UNION (SELECT id_chave_tipo_token FROM tipos_tokens WHERE nome_tipo_token = 'indeterminado') LIMIT 1), (SELECT id_chave_tipo_token FROM tipos_tokens WHERE nome_tipo_token = "substantivo" UNION (SELECT id_chave_tipo_token FROM tipos_tokens WHERE nome_tipo_token = 'indeterminado') LIMIT 1), @id_arquivo_var);
  INSERT IGNORE INTO tokens (nome_token, acentuada, id_tipo_token, id_tipo_token_spaCy, id_arquivo_fonte) VALUES ("i", "i", (SELECT id_tipo_token FROM classificacoes_tokens WHERE BINARY nome_token = "i" UNION (SELECT id_chave_tipo_token FROM tipos_tokens WHERE nome_tipo_token = 'indeterminado') LIMIT 1), (SELECT id_chave_tipo_token FROM tipos_tokens WHERE nome_tipo_token = "substantivo" UNION (SELECT id_chave_tipo_token FROM tipos_tokens WHERE nome_tipo_token = 'indeterminado') LIMIT 1), @id_arquivo_var);
  INSERT IGNORE INTO tokens (nome_token, acentuada, id_tipo_token, id_tipo_token_spaCy, id_arquivo_fonte) VALUES ("python", "python", (SELECT id_tipo_token FROM classificacoes_tokens WHERE BINARY nome_token = "python" UNION (SELECT id_chave_tipo_token FROM tipos_tokens WHERE nome_tipo_token = 'indeterminado') LIMIT 1), (SELECT id_chave_tipo_token FROM tipos_tokens WHERE nome_tipo_token = "sigla" UNION (SELECT id_chave_tipo_token FROM tipos_tokens WHERE nome_tipo_token = 'indeterminado') LIMIT 1), @id_arquivo_var);
  INSERT IGNORE INTO classificacoes_tokens (nome_token, id_tipo_token, id_arquivo_fonte) VALUES ("2546", (SELECT id_chave_tipo_token FROM tipos_tokens WHERE nome_tipo_token = "numeral"), @id_arquivo_var);
INSERT IGNORE INTO tokens (nome_token, acentuada, id_tipo_token, id_tipo_token_spaCy, id_arquivo_fonte) VALUES ("2546", "2546", (SELECT id_tipo_token FROM classificacoes_tokens WHERE BINARY nome_token = "2546" UNION (SELECT id_chave_tipo_token FROM tipos_tokens WHERE nome_tipo_token = 'indeterminado') LIMIT 1), (SELECT id_chave_tipo_token FROM tipos_tokens WHERE nome_tipo_token = "numeral" UNION (SELECT id_chave_tipo_token FROM tipos_tokens WHERE nome_tipo_token = 'indeterminado') LIMIT 1), @id_arquivo_var);
  INSERT IGNORE INTO tokens (nome_token, acentuada, id_tipo_token, id_tipo_token_spaCy, id_arquivo_fonte) VALUES ("web", "web", (SELECT id_tipo_token FROM classificacoes_tokens WHERE BINARY nome_token = "web" UNION (SELECT id_chave_tipo_token FROM tipos_tokens WHERE nome_tipo_token = 'indeterminado') LIMIT 1), (SELECT id_chave_tipo_token FROM tipos_tokens WHERE nome_tipo_token = "substantivo" UNION (SELECT id_chave_tipo_token FROM tipos_tokens WHERE nome_tipo_token = 'indeterminado') LIMIT 1), @id_arquivo_var);
  INSERT IGNORE INTO classificacoes_tokens (nome_token, id_tipo_token, id_arquivo_fonte) VALUES ("2548", (SELECT id_chave_tipo_token FROM tipos_tokens WHERE nome_tipo_token = "numeral"), @id_arquivo_var);
INSERT IGNORE INTO tokens (nome_token, acentuada, id_tipo_token, id_tipo_token_spaCy, id_arquivo_fonte) VALUES ("2548", "2548", (SELECT id_tipo_token FROM classificacoes_tokens WHERE BINARY nome_token = "2548" UNION (SELECT id_chave_tipo_token FROM tipos_tokens WHERE nome_tipo_token = 'indeterminado') LIMIT 1), (SELECT id_chave_tipo_token FROM tipos_tokens WHERE nome_tipo_token = "numeral" UNION (SELECT id_chave_tipo_token FROM tipos_tokens WHERE nome_tipo_token = 'indeterminado') LIMIT 1), @id_arquivo_var);
  INSERT IGNORE INTO tokens (nome_token, acentuada, id_tipo_token, id_tipo_token_spaCy, id_arquivo_fonte) VALUES ("ccna", "ccna", (SELECT id_tipo_token FROM classificacoes_tokens WHERE BINARY nome_token = "ccna" UNION (SELECT id_chave_tipo_token FROM tipos_tokens WHERE nome_tipo_token = 'indeterminado') LIMIT 1), (SELECT id_chave_tipo_token FROM tipos_tokens WHERE nome_tipo_token = "sigla" UNION (SELECT id_chave_tipo_token FROM tipos_tokens WHERE nome_tipo_token = 'indeterminado') LIMIT 1), @id_arquivo_var);
  INSERT IGNORE INTO tokens (nome_token, acentuada, id_tipo_token, id_tipo_token_spaCy, id_arquivo_fonte) VALUES ("essentials", "essentials", (SELECT id_tipo_token FROM classificacoes_tokens WHERE BINARY nome_token = "essentials" UNION (SELECT id_chave_tipo_token FROM tipos_tokens WHERE nome_tipo_token = 'indeterminado') LIMIT 1), (SELECT id_chave_tipo_token FROM tipos_tokens WHERE nome_tipo_token = "sigla" UNION (SELECT id_chave_tipo_token FROM tipos_tokens WHERE nome_tipo_token = 'indeterminado') LIMIT 1), @id_arquivo_var);
  INSERT IGNORE INTO tokens (nome_token, acentuada, id_tipo_token, id_tipo_token_spaCy, id_arquivo_fonte) VALUES ("wireless", "wireless", (SELECT id_tipo_token FROM classificacoes_tokens WHERE BINARY nome_token = "wireless" UNION (SELECT id_chave_tipo_token FROM tipos_tokens WHERE nome_tipo_token = 'indeterminado') LIMIT 1), (SELECT id_chave_tipo_token FROM tipos_tokens WHERE nome_tipo_token = "sigla" UNION (SELECT id_chave_tipo_token FROM tipos_tokens WHERE nome_tipo_token = 'indeterminado') LIMIT 1), @id_arquivo_var);
  INSERT IGNORE INTO tokens (nome_token, acentuada, id_tipo_token, id_tipo_token_spaCy, id_arquivo_fonte) VALUES ("and", "and", (SELECT id_tipo_token FROM classificacoes_tokens WHERE BINARY nome_token = "and" UNION (SELECT id_chave_tipo_token FROM tipos_tokens WHERE nome_tipo_token = 'indeterminado') LIMIT 1), (SELECT id_chave_tipo_token FROM tipos_tokens WHERE nome_tipo_token = "sigla" UNION (SELECT id_chave_tipo_token FROM tipos_tokens WHERE nome_tipo_token = 'indeterminado') LIMIT 1), @id_arquivo_var);
  INSERT IGNORE INTO tokens (nome_token, acentuada, id_tipo_token, id_tipo_token_spaCy, id_arquivo_fonte) VALUES ("routing", "routing", (SELECT id_tipo_token FROM classificacoes_tokens WHERE BINARY nome_token = "routing" UNION (SELECT id_chave_tipo_token FROM tipos_tokens WHERE nome_tipo_token = 'indeterminado') LIMIT 1), (SELECT id_chave_tipo_token FROM tipos_tokens WHERE nome_tipo_token = "sigla" UNION (SELECT id_chave_tipo_token FROM tipos_tokens WHERE nome_tipo_token = 'indeterminado') LIMIT 1), @id_arquivo_var);
  INSERT IGNORE INTO tokens (nome_token, acentuada, id_tipo_token, id_tipo_token_spaCy, id_arquivo_fonte) VALUES ("switching", "switching", (SELECT id_tipo_token FROM classificacoes_tokens WHERE BINARY nome_token = "switching" UNION (SELECT id_chave_tipo_token FROM tipos_tokens WHERE nome_tipo_token = 'indeterminado') LIMIT 1), (SELECT id_chave_tipo_token FROM tipos_tokens WHERE nome_tipo_token = "sigla" UNION (SELECT id_chave_tipo_token FROM tipos_tokens WHERE nome_tipo_token = 'indeterminado') LIMIT 1), @id_arquivo_var);
  INSERT IGNORE INTO tokens (nome_token, acentuada, id_tipo_token, id_tipo_token_spaCy, id_arquivo_fonte) VALUES ("ccnav7", "ccnav7", (SELECT id_tipo_token FROM classificacoes_tokens WHERE BINARY nome_token = "ccnav7" UNION (SELECT id_chave_tipo_token FROM tipos_tokens WHERE nome_tipo_token = 'indeterminado') LIMIT 1), (SELECT id_chave_tipo_token FROM tipos_tokens WHERE nome_tipo_token = "sigla" UNION (SELECT id_chave_tipo_token FROM tipos_tokens WHERE nome_tipo_token = 'indeterminado') LIMIT 1), @id_arquivo_var);
  INSERT IGNORE INTO tokens (nome_token, acentuada, id_tipo_token, id_tipo_token_spaCy, id_arquivo_fonte) VALUES ("hardware", "hardware", (SELECT id_tipo_token FROM classificacoes_tokens WHERE BINARY nome_token = "hardware" UNION (SELECT id_chave_tipo_token FROM tipos_tokens WHERE nome_tipo_token = 'indeterminado') LIMIT 1), (SELECT id_chave_tipo_token FROM tipos_tokens WHERE nome_tipo_token = "sigla" UNION (SELECT id_chave_tipo_token FROM tipos_tokens WHERE nome_tipo_token = 'indeterminado') LIMIT 1), @id_arquivo_var);
  INSERT IGNORE INTO tokens (nome_token, acentuada, id_tipo_token, id_tipo_token_spaCy, id_arquivo_fonte) VALUES ("programadora", "programadora", (SELECT id_tipo_token FROM classificacoes_tokens WHERE BINARY nome_token = "programadora" UNION (SELECT id_chave_tipo_token FROM tipos_tokens WHERE nome_tipo_token = 'indeterminado') LIMIT 1), (SELECT id_chave_tipo_token FROM tipos_tokens WHERE nome_tipo_token = "adverbio" UNION (SELECT id_chave_tipo_token FROM tipos_tokens WHERE nome_tipo_token = 'indeterminado') LIMIT 1), @id_arquivo_var);
  INSERT IGNORE INTO tokens (nome_token, acentuada, id_tipo_token, id_tipo_token_spaCy, id_arquivo_fonte) VALUES ("jovem", "jovem", (SELECT id_tipo_token FROM classificacoes_tokens WHERE BINARY nome_token = "jovem" UNION (SELECT id_chave_tipo_token FROM tipos_tokens WHERE nome_tipo_token = 'indeterminado') LIMIT 1), (SELECT id_chave_tipo_token FROM tipos_tokens WHERE nome_tipo_token = "adverbio" UNION (SELECT id_chave_tipo_token FROM tipos_tokens WHERE nome_tipo_token = 'indeterminado') LIMIT 1), @id_arquivo_var);
  INSERT IGNORE INTO tokens (nome_token, acentuada, id_tipo_token, id_tipo_token_spaCy, id_arquivo_fonte) VALUES ("data", "data", (SELECT id_tipo_token FROM classificacoes_tokens WHERE BINARY nome_token = "data" UNION (SELECT id_chave_tipo_token FROM tipos_tokens WHERE nome_tipo_token = 'indeterminado') LIMIT 1), (SELECT id_chave_tipo_token FROM tipos_tokens WHERE nome_tipo_token = "substantivo" UNION (SELECT id_chave_tipo_token FROM tipos_tokens WHERE nome_tipo_token = 'indeterminado') LIMIT 1), @id_arquivo_var);
  INSERT IGNORE INTO tokens (nome_token, acentuada, id_tipo_token, id_tipo_token_spaCy, id_arquivo_fonte) VALUES ("big", "big", (SELECT id_tipo_token FROM classificacoes_tokens WHERE BINARY nome_token = "big" UNION (SELECT id_chave_tipo_token FROM tipos_tokens WHERE nome_tipo_token = 'indeterminado') LIMIT 1), (SELECT id_chave_tipo_token FROM tipos_tokens WHERE nome_tipo_token = "sigla" UNION (SELECT id_chave_tipo_token FROM tipos_tokens WHERE nome_tipo_token = 'indeterminado') LIMIT 1), @id_arquivo_var);
  INSERT IGNORE INTO classificacoes_tokens (nome_token, id_tipo_token, id_arquivo_fonte) VALUES ("2547", (SELECT id_chave_tipo_token FROM tipos_tokens WHERE nome_tipo_token = "numeral"), @id_arquivo_var);
INSERT IGNORE INTO tokens (nome_token, acentuada, id_tipo_token, id_tipo_token_spaCy, id_arquivo_fonte) VALUES ("2547", "2547", (SELECT id_tipo_token FROM classificacoes_tokens WHERE BINARY nome_token = "2547" UNION (SELECT id_chave_tipo_token FROM tipos_tokens WHERE nome_tipo_token = 'indeterminado') LIMIT 1), (SELECT id_chave_tipo_token FROM tipos_tokens WHERE nome_tipo_token = "numeral" UNION (SELECT id_chave_tipo_token FROM tipos_tokens WHERE nome_tipo_token = 'indeterminado') LIMIT 1), @id_arquivo_var);
  INSERT IGNORE INTO tokens (nome_token, acentuada, id_tipo_token, id_tipo_token_spaCy, id_arquivo_fonte) VALUES ("website", "website", (SELECT id_tipo_token FROM classificacoes_tokens WHERE BINARY nome_token = "website" UNION (SELECT id_chave_tipo_token FROM tipos_tokens WHERE nome_tipo_token = 'indeterminado') LIMIT 1), (SELECT id_chave_tipo_token FROM tipos_tokens WHERE nome_tipo_token = "sigla" UNION (SELECT id_chave_tipo_token FROM tipos_tokens WHERE nome_tipo_token = 'indeterminado') LIMIT 1), @id_arquivo_var);
  INSERT IGNORE INTO classificacoes_tokens (nome_token, id_tipo_token, id_arquivo_fonte) VALUES ("2788", (SELECT id_chave_tipo_token FROM tipos_tokens WHERE nome_tipo_token = "numeral"), @id_arquivo_var);
INSERT IGNORE INTO tokens (nome_token, acentuada, id_tipo_token, id_tipo_token_spaCy, id_arquivo_fonte) VALUES ("2788", "2788", (SELECT id_tipo_token FROM classificacoes_tokens WHERE BINARY nome_token = "2788" UNION (SELECT id_chave_tipo_token FROM tipos_tokens WHERE nome_tipo_token = 'indeterminado') LIMIT 1), (SELECT id_chave_tipo_token FROM tipos_tokens WHERE nome_tipo_token = "numeral" UNION (SELECT id_chave_tipo_token FROM tipos_tokens WHERE nome_tipo_token = 'indeterminado') LIMIT 1), @id_arquivo_var);
  INSERT IGNORE INTO classificacoes_tokens (nome_token, id_tipo_token, id_arquivo_fonte) VALUES ("1826", (SELECT id_chave_tipo_token FROM tipos_tokens WHERE nome_tipo_token = "numeral"), @id_arquivo_var);
INSERT IGNORE INTO tokens (nome_token, acentuada, id_tipo_token, id_tipo_token_spaCy, id_arquivo_fonte) VALUES ("1826", "1826", (SELECT id_tipo_token FROM classificacoes_tokens WHERE BINARY nome_token = "1826" UNION (SELECT id_chave_tipo_token FROM tipos_tokens WHERE nome_tipo_token = 'indeterminado') LIMIT 1), (SELECT id_chave_tipo_token FROM tipos_tokens WHERE nome_tipo_token = "numeral" UNION (SELECT id_chave_tipo_token FROM tipos_tokens WHERE nome_tipo_token = 'indeterminado') LIMIT 1), @id_arquivo_var);
  INSERT IGNORE INTO tokens (nome_token, acentuada, id_tipo_token, id_tipo_token_spaCy, id_arquivo_fonte) VALUES ("office", "office", (SELECT id_tipo_token FROM classificacoes_tokens WHERE BINARY nome_token = "office" UNION (SELECT id_chave_tipo_token FROM tipos_tokens WHERE nome_tipo_token = 'indeterminado') LIMIT 1), (SELECT id_chave_tipo_token FROM tipos_tokens WHERE nome_tipo_token = "sigla" UNION (SELECT id_chave_tipo_token FROM tipos_tokens WHERE nome_tipo_token = 'indeterminado') LIMIT 1), @id_arquivo_var);
  INSERT IGNORE INTO tokens (nome_token, acentuada, id_tipo_token, id_tipo_token_spaCy, id_arquivo_fonte) VALUES ("windows", "windows", (SELECT id_tipo_token FROM classificacoes_tokens WHERE BINARY nome_token = "windows" UNION (SELECT id_chave_tipo_token FROM tipos_tokens WHERE nome_tipo_token = 'indeterminado') LIMIT 1), (SELECT id_chave_tipo_token FROM tipos_tokens WHERE nome_tipo_token = "sigla" UNION (SELECT id_chave_tipo_token FROM tipos_tokens WHERE nome_tipo_token = 'indeterminado') LIMIT 1), @id_arquivo_var);
  INSERT IGNORE INTO classificacoes_tokens (nome_token, id_tipo_token, id_arquivo_fonte) VALUES ("1673", (SELECT id_chave_tipo_token FROM tipos_tokens WHERE nome_tipo_token = "numeral"), @id_arquivo_var);
INSERT IGNORE INTO tokens (nome_token, acentuada, id_tipo_token, id_tipo_token_spaCy, id_arquivo_fonte) VALUES ("1673", "1673", (SELECT id_tipo_token FROM classificacoes_tokens WHERE BINARY nome_token = "1673" UNION (SELECT id_chave_tipo_token FROM tipos_tokens WHERE nome_tipo_token = 'indeterminado') LIMIT 1), (SELECT id_chave_tipo_token FROM tipos_tokens WHERE nome_tipo_token = "numeral" UNION (SELECT id_chave_tipo_token FROM tipos_tokens WHERE nome_tipo_token = 'indeterminado') LIMIT 1), @id_arquivo_var);
  INSERT IGNORE INTO classificacoes_tokens (nome_token, id_tipo_token, id_arquivo_fonte) VALUES ("2832", (SELECT id_chave_tipo_token FROM tipos_tokens WHERE nome_tipo_token = "numeral"), @id_arquivo_var);
INSERT IGNORE INTO tokens (nome_token, acentuada, id_tipo_token, id_tipo_token_spaCy, id_arquivo_fonte) VALUES ("2832", "2832", (SELECT id_tipo_token FROM classificacoes_tokens WHERE BINARY nome_token = "2832" UNION (SELECT id_chave_tipo_token FROM tipos_tokens WHERE nome_tipo_token = 'indeterminado') LIMIT 1), (SELECT id_chave_tipo_token FROM tipos_tokens WHERE nome_tipo_token = "numeral" UNION (SELECT id_chave_tipo_token FROM tipos_tokens WHERE nome_tipo_token = 'indeterminado') LIMIT 1), @id_arquivo_var);
  INSERT IGNORE INTO classificacoes_tokens (nome_token, id_tipo_token, id_arquivo_fonte) VALUES ("1267", (SELECT id_chave_tipo_token FROM tipos_tokens WHERE nome_tipo_token = "numeral"), @id_arquivo_var);
INSERT IGNORE INTO tokens (nome_token, acentuada, id_tipo_token, id_tipo_token_spaCy, id_arquivo_fonte) VALUES ("1267", "1267", (SELECT id_tipo_token FROM classificacoes_tokens WHERE BINARY nome_token = "1267" UNION (SELECT id_chave_tipo_token FROM tipos_tokens WHERE nome_tipo_token = 'indeterminado') LIMIT 1), (SELECT id_chave_tipo_token FROM tipos_tokens WHERE nome_tipo_token = "numeral" UNION (SELECT id_chave_tipo_token FROM tipos_tokens WHERE nome_tipo_token = 'indeterminado') LIMIT 1), @id_arquivo_var);
  INSERT IGNORE INTO tokens (nome_token, acentuada, id_tipo_token, id_tipo_token_spaCy, id_arquivo_fonte) VALUES ("google", "google", (SELECT id_tipo_token FROM classificacoes_tokens WHERE BINARY nome_token = "google" UNION (SELECT id_chave_tipo_token FROM tipos_tokens WHERE nome_tipo_token = 'indeterminado') LIMIT 1), (SELECT id_chave_tipo_token FROM tipos_tokens WHERE nome_tipo_token = "substantivo" UNION (SELECT id_chave_tipo_token FROM tipos_tokens WHERE nome_tipo_token = 'indeterminado') LIMIT 1), @id_arquivo_var);
  INSERT IGNORE INTO tokens (nome_token, acentuada, id_tipo_token, id_tipo_token_spaCy, id_arquivo_fonte) VALUES ("by", "by", (SELECT id_tipo_token FROM classificacoes_tokens WHERE BINARY nome_token = "by" UNION (SELECT id_chave_tipo_token FROM tipos_tokens WHERE nome_tipo_token = 'indeterminado') LIMIT 1), (SELECT id_chave_tipo_token FROM tipos_tokens WHERE nome_tipo_token = "sigla" UNION (SELECT id_chave_tipo_token FROM tipos_tokens WHERE nome_tipo_token = 'indeterminado') LIMIT 1), @id_arquivo_var);
  INSERT IGNORE INTO tokens (nome_token, acentuada, id_tipo_token, id_tipo_token_spaCy, id_arquivo_fonte) VALUES ("powered", "powered", (SELECT id_tipo_token FROM classificacoes_tokens WHERE BINARY nome_token = "powered" UNION (SELECT id_chave_tipo_token FROM tipos_tokens WHERE nome_tipo_token = 'indeterminado') LIMIT 1), (SELECT id_chave_tipo_token FROM tipos_tokens WHERE nome_tipo_token = "sigla" UNION (SELECT id_chave_tipo_token FROM tipos_tokens WHERE nome_tipo_token = 'indeterminado') LIMIT 1), @id_arquivo_var);
  INSERT IGNORE INTO tokens (nome_token, acentuada, id_tipo_token, id_tipo_token_spaCy, id_arquivo_fonte) VALUES ("engineer", "engineer", (SELECT id_tipo_token FROM classificacoes_tokens WHERE BINARY nome_token = "engineer" UNION (SELECT id_chave_tipo_token FROM tipos_tokens WHERE nome_tipo_token = 'indeterminado') LIMIT 1), (SELECT id_chave_tipo_token FROM tipos_tokens WHERE nome_tipo_token = "verbo" UNION (SELECT id_chave_tipo_token FROM tipos_tokens WHERE nome_tipo_token = 'indeterminado') LIMIT 1), @id_arquivo_var);
  INSERT IGNORE INTO tokens (nome_token, acentuada, id_tipo_token, id_tipo_token_spaCy, id_arquivo_fonte) VALUES ("cloud", "cloud", (SELECT id_tipo_token FROM classificacoes_tokens WHERE BINARY nome_token = "cloud" UNION (SELECT id_chave_tipo_token FROM tipos_tokens WHERE nome_tipo_token = 'indeterminado') LIMIT 1), (SELECT id_chave_tipo_token FROM tipos_tokens WHERE nome_tipo_token = "sigla" UNION (SELECT id_chave_tipo_token FROM tipos_tokens WHERE nome_tipo_token = 'indeterminado') LIMIT 1), @id_arquivo_var);
  INSERT IGNORE INTO tokens (nome_token, acentuada, id_tipo_token, id_tipo_token_spaCy, id_arquivo_fonte) VALUES ("associate", "associate", (SELECT id_tipo_token FROM classificacoes_tokens WHERE BINARY nome_token = "associate" UNION (SELECT id_chave_tipo_token FROM tipos_tokens WHERE nome_tipo_token = 'indeterminado') LIMIT 1), (SELECT id_chave_tipo_token FROM tipos_tokens WHERE nome_tipo_token = "verbo" UNION (SELECT id_chave_tipo_token FROM tipos_tokens WHERE nome_tipo_token = 'indeterminado') LIMIT 1), @id_arquivo_var);
  INSERT IGNORE INTO classificacoes_tokens (nome_token, id_tipo_token, id_arquivo_fonte) VALUES ("2947", (SELECT id_chave_tipo_token FROM tipos_tokens WHERE nome_tipo_token = "numeral"), @id_arquivo_var);
INSERT IGNORE INTO tokens (nome_token, acentuada, id_tipo_token, id_tipo_token_spaCy, id_arquivo_fonte) VALUES ("2947", "2947", (SELECT id_tipo_token FROM classificacoes_tokens WHERE BINARY nome_token = "2947" UNION (SELECT id_chave_tipo_token FROM tipos_tokens WHERE nome_tipo_token = 'indeterminado') LIMIT 1), (SELECT id_chave_tipo_token FROM tipos_tokens WHERE nome_tipo_token = "numeral" UNION (SELECT id_chave_tipo_token FROM tipos_tokens WHERE nome_tipo_token = 'indeterminado') LIMIT 1), @id_arquivo_var);
  INSERT IGNORE INTO tokens (nome_token, acentuada, id_tipo_token, id_tipo_token_spaCy, id_arquivo_fonte) VALUES ("reparador", "reparador", (SELECT id_tipo_token FROM classificacoes_tokens WHERE BINARY nome_token = "reparador" UNION (SELECT id_chave_tipo_token FROM tipos_tokens WHERE nome_tipo_token = 'indeterminado') LIMIT 1), (SELECT id_chave_tipo_token FROM tipos_tokens WHERE nome_tipo_token = "substantivo" UNION (SELECT id_chave_tipo_token FROM tipos_tokens WHERE nome_tipo_token = 'indeterminado') LIMIT 1), @id_arquivo_var);
  INSERT IGNORE INTO classificacoes_tokens (nome_token, id_tipo_token, id_arquivo_fonte) VALUES ("1262", (SELECT id_chave_tipo_token FROM tipos_tokens WHERE nome_tipo_token = "numeral"), @id_arquivo_var);
INSERT IGNORE INTO tokens (nome_token, acentuada, id_tipo_token, id_tipo_token_spaCy, id_arquivo_fonte) VALUES ("1262", "1262", (SELECT id_tipo_token FROM classificacoes_tokens WHERE BINARY nome_token = "1262" UNION (SELECT id_chave_tipo_token FROM tipos_tokens WHERE nome_tipo_token = 'indeterminado') LIMIT 1), (SELECT id_chave_tipo_token FROM tipos_tokens WHERE nome_tipo_token = "numeral" UNION (SELECT id_chave_tipo_token FROM tipos_tokens WHERE nome_tipo_token = 'indeterminado') LIMIT 1), @id_arquivo_var);
  INSERT IGNORE INTO classificacoes_tokens (nome_token, id_tipo_token, id_arquivo_fonte) VALUES ("2824", (SELECT id_chave_tipo_token FROM tipos_tokens WHERE nome_tipo_token = "numeral"), @id_arquivo_var);
INSERT IGNORE INTO tokens (nome_token, acentuada, id_tipo_token, id_tipo_token_spaCy, id_arquivo_fonte) VALUES ("2824", "2824", (SELECT id_tipo_token FROM classificacoes_tokens WHERE BINARY nome_token = "2824" UNION (SELECT id_chave_tipo_token FROM tipos_tokens WHERE nome_tipo_token = 'indeterminado') LIMIT 1), (SELECT id_chave_tipo_token FROM tipos_tokens WHERE nome_tipo_token = "numeral" UNION (SELECT id_chave_tipo_token FROM tipos_tokens WHERE nome_tipo_token = 'indeterminado') LIMIT 1), @id_arquivo_var);
  INSERT IGNORE INTO tokens (nome_token, acentuada, id_tipo_token, id_tipo_token_spaCy, id_arquivo_fonte) VALUES ("front", "front", (SELECT id_tipo_token FROM classificacoes_tokens WHERE BINARY nome_token = "front" UNION (SELECT id_chave_tipo_token FROM tipos_tokens WHERE nome_tipo_token = 'indeterminado') LIMIT 1), (SELECT id_chave_tipo_token FROM tipos_tokens WHERE nome_tipo_token = "sigla" UNION (SELECT id_chave_tipo_token FROM tipos_tokens WHERE nome_tipo_token = 'indeterminado') LIMIT 1), @id_arquivo_var);
  INSERT IGNORE INTO tokens (nome_token, acentuada, id_tipo_token, id_tipo_token_spaCy, id_arquivo_fonte) VALUES ("dados", "dados", (SELECT id_tipo_token FROM classificacoes_tokens WHERE BINARY nome_token = "dados" UNION (SELECT id_chave_tipo_token FROM tipos_tokens WHERE nome_tipo_token = 'indeterminado') LIMIT 1), (SELECT id_chave_tipo_token FROM tipos_tokens WHERE nome_tipo_token = "substantivo" UNION (SELECT id_chave_tipo_token FROM tipos_tokens WHERE nome_tipo_token = 'indeterminado') LIMIT 1), @id_arquivo_var);
  INSERT IGNORE INTO tokens (nome_token, acentuada, id_tipo_token, id_tipo_token_spaCy, id_arquivo_fonte) VALUES ("banco", "banco", (SELECT id_tipo_token FROM classificacoes_tokens WHERE BINARY nome_token = "banco" UNION (SELECT id_chave_tipo_token FROM tipos_tokens WHERE nome_tipo_token = 'indeterminado') LIMIT 1), (SELECT id_chave_tipo_token FROM tipos_tokens WHERE nome_tipo_token = "substantivo" UNION (SELECT id_chave_tipo_token FROM tipos_tokens WHERE nome_tipo_token = 'indeterminado') LIMIT 1), @id_arquivo_var);
  INSERT IGNORE INTO tokens (nome_token, acentuada, id_tipo_token, id_tipo_token_spaCy, id_arquivo_fonte) VALUES ("outlook", "outlook", (SELECT id_tipo_token FROM classificacoes_tokens WHERE BINARY nome_token = "outlook" UNION (SELECT id_chave_tipo_token FROM tipos_tokens WHERE nome_tipo_token = 'indeterminado') LIMIT 1), (SELECT id_chave_tipo_token FROM tipos_tokens WHERE nome_tipo_token = "sigla" UNION (SELECT id_chave_tipo_token FROM tipos_tokens WHERE nome_tipo_token = 'indeterminado') LIMIT 1), @id_arquivo_var);
  INSERT IGNORE INTO tokens (nome_token, acentuada, id_tipo_token, id_tipo_token_spaCy, id_arquivo_fonte) VALUES ("point", "point", (SELECT id_tipo_token FROM classificacoes_tokens WHERE BINARY nome_token = "point" UNION (SELECT id_chave_tipo_token FROM tipos_tokens WHERE nome_tipo_token = 'indeterminado') LIMIT 1), (SELECT id_chave_tipo_token FROM tipos_tokens WHERE nome_tipo_token = "sigla" UNION (SELECT id_chave_tipo_token FROM tipos_tokens WHERE nome_tipo_token = 'indeterminado') LIMIT 1), @id_arquivo_var);
  INSERT IGNORE INTO tokens (nome_token, acentuada, id_tipo_token, id_tipo_token_spaCy, id_arquivo_fonte) VALUES ("power", "power", (SELECT id_tipo_token FROM classificacoes_tokens WHERE BINARY nome_token = "power" UNION (SELECT id_chave_tipo_token FROM tipos_tokens WHERE nome_tipo_token = 'indeterminado') LIMIT 1), (SELECT id_chave_tipo_token FROM tipos_tokens WHERE nome_tipo_token = "substantivo" UNION (SELECT id_chave_tipo_token FROM tipos_tokens WHERE nome_tipo_token = 'indeterminado') LIMIT 1), @id_arquivo_var);
  INSERT IGNORE INTO tokens (nome_token, acentuada, id_tipo_token, id_tipo_token_spaCy, id_arquivo_fonte) VALUES ("completo", "completo", (SELECT id_tipo_token FROM classificacoes_tokens WHERE BINARY nome_token = "completo" UNION (SELECT id_chave_tipo_token FROM tipos_tokens WHERE nome_tipo_token = 'indeterminado') LIMIT 1), (SELECT id_chave_tipo_token FROM tipos_tokens WHERE nome_tipo_token = "sigla" UNION (SELECT id_chave_tipo_token FROM tipos_tokens WHERE nome_tipo_token = 'indeterminado') LIMIT 1), @id_arquivo_var);
  INSERT IGNORE INTO tokens (nome_token, acentuada, id_tipo_token, id_tipo_token_spaCy, id_arquivo_fonte) VALUES ("web", "web", (SELECT id_tipo_token FROM classificacoes_tokens WHERE BINARY nome_token = "web" UNION (SELECT id_chave_tipo_token FROM tipos_tokens WHERE nome_tipo_token = 'indeterminado') LIMIT 1), (SELECT id_chave_tipo_token FROM tipos_tokens WHERE nome_tipo_token = "sigla" UNION (SELECT id_chave_tipo_token FROM tipos_tokens WHERE nome_tipo_token = 'indeterminado') LIMIT 1), @id_arquivo_var);
  INSERT IGNORE INTO tokens (nome_token, acentuada, id_tipo_token, id_tipo_token_spaCy, id_arquivo_fonte) VALUES ("desenvolvedor", "desenvolvedor", (SELECT id_tipo_token FROM classificacoes_tokens WHERE BINARY nome_token = "desenvolvedor" UNION (SELECT id_chave_tipo_token FROM tipos_tokens WHERE nome_tipo_token = 'indeterminado') LIMIT 1), (SELECT id_chave_tipo_token FROM tipos_tokens WHERE nome_tipo_token = "adjetivo" UNION (SELECT id_chave_tipo_token FROM tipos_tokens WHERE nome_tipo_token = 'indeterminado') LIMIT 1), @id_arquivo_var);
  INSERT IGNORE INTO classificacoes_tokens (nome_token, id_tipo_token, id_arquivo_fonte) VALUES ("3067", (SELECT id_chave_tipo_token FROM tipos_tokens WHERE nome_tipo_token = "numeral"), @id_arquivo_var);
INSERT IGNORE INTO tokens (nome_token, acentuada, id_tipo_token, id_tipo_token_spaCy, id_arquivo_fonte) VALUES ("3067", "3067", (SELECT id_tipo_token FROM classificacoes_tokens WHERE BINARY nome_token = "3067" UNION (SELECT id_chave_tipo_token FROM tipos_tokens WHERE nome_tipo_token = 'indeterminado') LIMIT 1), (SELECT id_chave_tipo_token FROM tipos_tokens WHERE nome_tipo_token = "numeral" UNION (SELECT id_chave_tipo_token FROM tipos_tokens WHERE nome_tipo_token = 'indeterminado') LIMIT 1), @id_arquivo_var);
  INSERT IGNORE INTO classificacoes_tokens (nome_token, id_tipo_token, id_arquivo_fonte) VALUES ("2823", (SELECT id_chave_tipo_token FROM tipos_tokens WHERE nome_tipo_token = "numeral"), @id_arquivo_var);
INSERT IGNORE INTO tokens (nome_token, acentuada, id_tipo_token, id_tipo_token_spaCy, id_arquivo_fonte) VALUES ("2823", "2823", (SELECT id_tipo_token FROM classificacoes_tokens WHERE BINARY nome_token = "2823" UNION (SELECT id_chave_tipo_token FROM tipos_tokens WHERE nome_tipo_token = 'indeterminado') LIMIT 1), (SELECT id_chave_tipo_token FROM tipos_tokens WHERE nome_tipo_token = "numeral" UNION (SELECT id_chave_tipo_token FROM tipos_tokens WHERE nome_tipo_token = 'indeterminado') LIMIT 1), @id_arquivo_var);
  INSERT IGNORE INTO tokens (nome_token, acentuada, id_tipo_token, id_tipo_token_spaCy, id_arquivo_fonte) VALUES ("stack", "stack", (SELECT id_tipo_token FROM classificacoes_tokens WHERE BINARY nome_token = "stack" UNION (SELECT id_chave_tipo_token FROM tipos_tokens WHERE nome_tipo_token = 'indeterminado') LIMIT 1), (SELECT id_chave_tipo_token FROM tipos_tokens WHERE nome_tipo_token = "sigla" UNION (SELECT id_chave_tipo_token FROM tipos_tokens WHERE nome_tipo_token = 'indeterminado') LIMIT 1), @id_arquivo_var);
  INSERT IGNORE INTO tokens (nome_token, acentuada, id_tipo_token, id_tipo_token_spaCy, id_arquivo_fonte) VALUES ("full", "full", (SELECT id_tipo_token FROM classificacoes_tokens WHERE BINARY nome_token = "full" UNION (SELECT id_chave_tipo_token FROM tipos_tokens WHERE nome_tipo_token = 'indeterminado') LIMIT 1), (SELECT id_chave_tipo_token FROM tipos_tokens WHERE nome_tipo_token = "sigla" UNION (SELECT id_chave_tipo_token FROM tipos_tokens WHERE nome_tipo_token = 'indeterminado') LIMIT 1), @id_arquivo_var);
  INSERT IGNORE INTO tokens (nome_token, acentuada, id_tipo_token, id_tipo_token_spaCy, id_arquivo_fonte) VALUES ("programador", "programador", (SELECT id_tipo_token FROM classificacoes_tokens WHERE BINARY nome_token = "programador" UNION (SELECT id_chave_tipo_token FROM tipos_tokens WHERE nome_tipo_token = 'indeterminado') LIMIT 1), (SELECT id_chave_tipo_token FROM tipos_tokens WHERE nome_tipo_token = "substantivo" UNION (SELECT id_chave_tipo_token FROM tipos_tokens WHERE nome_tipo_token = 'indeterminado') LIMIT 1), @id_arquivo_var);
  INSERT IGNORE INTO classificacoes_tokens (nome_token, id_tipo_token, id_arquivo_fonte) VALUES ("2741", (SELECT id_chave_tipo_token FROM tipos_tokens WHERE nome_tipo_token = "numeral"), @id_arquivo_var);
INSERT IGNORE INTO tokens (nome_token, acentuada, id_tipo_token, id_tipo_token_spaCy, id_arquivo_fonte) VALUES ("2741", "2741", (SELECT id_tipo_token FROM classificacoes_tokens WHERE BINARY nome_token = "2741" UNION (SELECT id_chave_tipo_token FROM tipos_tokens WHERE nome_tipo_token = 'indeterminado') LIMIT 1), (SELECT id_chave_tipo_token FROM tipos_tokens WHERE nome_tipo_token = "numeral" UNION (SELECT id_chave_tipo_token FROM tipos_tokens WHERE nome_tipo_token = 'indeterminado') LIMIT 1), @id_arquivo_var);
  INSERT IGNORE INTO tokens (nome_token, acentuada, id_tipo_token, id_tipo_token_spaCy, id_arquivo_fonte) VALUES ("suporte", "suporte", (SELECT id_tipo_token FROM classificacoes_tokens WHERE BINARY nome_token = "suporte" UNION (SELECT id_chave_tipo_token FROM tipos_tokens WHERE nome_tipo_token = 'indeterminado') LIMIT 1), (SELECT id_chave_tipo_token FROM tipos_tokens WHERE nome_tipo_token = "substantivo" UNION (SELECT id_chave_tipo_token FROM tipos_tokens WHERE nome_tipo_token = 'indeterminado') LIMIT 1), @id_arquivo_var);
  INSERT IGNORE INTO classificacoes_tokens (nome_token, id_tipo_token, id_arquivo_fonte) VALUES ("3029", (SELECT id_chave_tipo_token FROM tipos_tokens WHERE nome_tipo_token = "numeral"), @id_arquivo_var);
INSERT IGNORE INTO tokens (nome_token, acentuada, id_tipo_token, id_tipo_token_spaCy, id_arquivo_fonte) VALUES ("3029", "3029", (SELECT id_tipo_token FROM classificacoes_tokens WHERE BINARY nome_token = "3029" UNION (SELECT id_chave_tipo_token FROM tipos_tokens WHERE nome_tipo_token = 'indeterminado') LIMIT 1), (SELECT id_chave_tipo_token FROM tipos_tokens WHERE nome_tipo_token = "numeral" UNION (SELECT id_chave_tipo_token FROM tipos_tokens WHERE nome_tipo_token = 'indeterminado') LIMIT 1), @id_arquivo_var);
  INSERT IGNORE INTO tokens (nome_token, acentuada, id_tipo_token, id_tipo_token_spaCy, id_arquivo_fonte) VALUES ("administrador", "administrador", (SELECT id_tipo_token FROM classificacoes_tokens WHERE BINARY nome_token = "administrador" UNION (SELECT id_chave_tipo_token FROM tipos_tokens WHERE nome_tipo_token = 'indeterminado') LIMIT 1), (SELECT id_chave_tipo_token FROM tipos_tokens WHERE nome_tipo_token = "substantivo" UNION (SELECT id_chave_tipo_token FROM tipos_tokens WHERE nome_tipo_token = 'indeterminado') LIMIT 1), @id_arquivo_var);
  INSERT IGNORE INTO classificacoes_tokens (nome_token, id_tipo_token, id_arquivo_fonte) VALUES ("1827", (SELECT id_chave_tipo_token FROM tipos_tokens WHERE nome_tipo_token = "numeral"), @id_arquivo_var);
INSERT IGNORE INTO tokens (nome_token, acentuada, id_tipo_token, id_tipo_token_spaCy, id_arquivo_fonte) VALUES ("1827", "1827", (SELECT id_tipo_token FROM classificacoes_tokens WHERE BINARY nome_token = "1827" UNION (SELECT id_chave_tipo_token FROM tipos_tokens WHERE nome_tipo_token = 'indeterminado') LIMIT 1), (SELECT id_chave_tipo_token FROM tipos_tokens WHERE nome_tipo_token = "numeral" UNION (SELECT id_chave_tipo_token FROM tipos_tokens WHERE nome_tipo_token = 'indeterminado') LIMIT 1), @id_arquivo_var);
  INSERT IGNORE INTO tokens (nome_token, acentuada, id_tipo_token, id_tipo_token_spaCy, id_arquivo_fonte) VALUES ("word", "word", (SELECT id_tipo_token FROM classificacoes_tokens WHERE BINARY nome_token = "word" UNION (SELECT id_chave_tipo_token FROM tipos_tokens WHERE nome_tipo_token = 'indeterminado') LIMIT 1), (SELECT id_chave_tipo_token FROM tipos_tokens WHERE nome_tipo_token = "sigla" UNION (SELECT id_chave_tipo_token FROM tipos_tokens WHERE nome_tipo_token = 'indeterminado') LIMIT 1), @id_arquivo_var);
  INSERT IGNORE INTO tokens (nome_token, acentuada, id_tipo_token, id_tipo_token_spaCy, id_arquivo_fonte) VALUES ("avancados", "avançados", (SELECT id_tipo_token FROM classificacoes_tokens WHERE BINARY nome_token = "avançados" UNION (SELECT id_chave_tipo_token FROM tipos_tokens WHERE nome_tipo_token = 'indeterminado') LIMIT 1), (SELECT id_chave_tipo_token FROM tipos_tokens WHERE nome_tipo_token = "verbo" UNION (SELECT id_chave_tipo_token FROM tipos_tokens WHERE nome_tipo_token = 'indeterminado') LIMIT 1), @id_arquivo_var);
  INSERT IGNORE INTO tokens (nome_token, acentuada, id_tipo_token, id_tipo_token_spaCy, id_arquivo_fonte) VALUES ("computadores", "computadores", (SELECT id_tipo_token FROM classificacoes_tokens WHERE BINARY nome_token = "computadores" UNION (SELECT id_chave_tipo_token FROM tipos_tokens WHERE nome_tipo_token = 'indeterminado') LIMIT 1), (SELECT id_chave_tipo_token FROM tipos_tokens WHERE nome_tipo_token = "substantivo" UNION (SELECT id_chave_tipo_token FROM tipos_tokens WHERE nome_tipo_token = 'indeterminado') LIMIT 1), @id_arquivo_var);
  INSERT IGNORE INTO tokens (nome_token, acentuada, id_tipo_token, id_tipo_token_spaCy, id_arquivo_fonte) VALUES ("infraestrutura", "infraestrutura", (SELECT id_tipo_token FROM classificacoes_tokens WHERE BINARY nome_token = "infraestrutura" UNION (SELECT id_chave_tipo_token FROM tipos_tokens WHERE nome_tipo_token = 'indeterminado') LIMIT 1), (SELECT id_chave_tipo_token FROM tipos_tokens WHERE nome_tipo_token = "substantivo" UNION (SELECT id_chave_tipo_token FROM tipos_tokens WHERE nome_tipo_token = 'indeterminado') LIMIT 1), @id_arquivo_var);
  INSERT IGNORE INTO tokens (nome_token, acentuada, id_tipo_token, id_tipo_token_spaCy, id_arquivo_fonte) VALUES ("implantacao", "implantação", (SELECT id_tipo_token FROM classificacoes_tokens WHERE BINARY nome_token = "implantação" UNION (SELECT id_chave_tipo_token FROM tipos_tokens WHERE nome_tipo_token = 'indeterminado') LIMIT 1), (SELECT id_chave_tipo_token FROM tipos_tokens WHERE nome_tipo_token = "sigla" UNION (SELECT id_chave_tipo_token FROM tipos_tokens WHERE nome_tipo_token = 'indeterminado') LIMIT 1), @id_arquivo_var);
  INSERT IGNORE INTO classificacoes_tokens (nome_token, id_tipo_token, id_arquivo_fonte) VALUES ("2844", (SELECT id_chave_tipo_token FROM tipos_tokens WHERE nome_tipo_token = "numeral"), @id_arquivo_var);
INSERT IGNORE INTO tokens (nome_token, acentuada, id_tipo_token, id_tipo_token_spaCy, id_arquivo_fonte) VALUES ("2844", "2844", (SELECT id_tipo_token FROM classificacoes_tokens WHERE BINARY nome_token = "2844" UNION (SELECT id_chave_tipo_token FROM tipos_tokens WHERE nome_tipo_token = 'indeterminado') LIMIT 1), (SELECT id_chave_tipo_token FROM tipos_tokens WHERE nome_tipo_token = "numeral" UNION (SELECT id_chave_tipo_token FROM tipos_tokens WHERE nome_tipo_token = 'indeterminado') LIMIT 1), @id_arquivo_var);
  INSERT IGNORE INTO tokens (nome_token, acentuada, id_tipo_token, id_tipo_token_spaCy, id_arquivo_fonte) VALUES ("teens", "teens", (SELECT id_tipo_token FROM classificacoes_tokens WHERE BINARY nome_token = "teens" UNION (SELECT id_chave_tipo_token FROM tipos_tokens WHERE nome_tipo_token = 'indeterminado') LIMIT 1), (SELECT id_chave_tipo_token FROM tipos_tokens WHERE nome_tipo_token = "sigla" UNION (SELECT id_chave_tipo_token FROM tipos_tokens WHERE nome_tipo_token = 'indeterminado') LIMIT 1), @id_arquivo_var);
  INSERT IGNORE INTO classificacoes_tokens (nome_token, id_tipo_token, id_arquivo_fonte) VALUES ("2847", (SELECT id_chave_tipo_token FROM tipos_tokens WHERE nome_tipo_token = "numeral"), @id_arquivo_var);
INSERT IGNORE INTO tokens (nome_token, acentuada, id_tipo_token, id_tipo_token_spaCy, id_arquivo_fonte) VALUES ("2847", "2847", (SELECT id_tipo_token FROM classificacoes_tokens WHERE BINARY nome_token = "2847" UNION (SELECT id_chave_tipo_token FROM tipos_tokens WHERE nome_tipo_token = 'indeterminado') LIMIT 1), (SELECT id_chave_tipo_token FROM tipos_tokens WHERE nome_tipo_token = "numeral" UNION (SELECT id_chave_tipo_token FROM tipos_tokens WHERE nome_tipo_token = 'indeterminado') LIMIT 1), @id_arquivo_var);
  INSERT IGNORE INTO tokens (nome_token, acentuada, id_tipo_token, id_tipo_token_spaCy, id_arquivo_fonte) VALUES ("grafica", "gráfica", (SELECT id_tipo_token FROM classificacoes_tokens WHERE BINARY nome_token = "gráfica" UNION (SELECT id_chave_tipo_token FROM tipos_tokens WHERE nome_tipo_token = 'indeterminado') LIMIT 1), (SELECT id_chave_tipo_token FROM tipos_tokens WHERE nome_tipo_token = "adjetivo" UNION (SELECT id_chave_tipo_token FROM tipos_tokens WHERE nome_tipo_token = 'indeterminado') LIMIT 1), @id_arquivo_var);
  INSERT IGNORE INTO tokens (nome_token, acentuada, id_tipo_token, id_tipo_token_spaCy, id_arquivo_fonte) VALUES ("informatica", "informática", (SELECT id_tipo_token FROM classificacoes_tokens WHERE BINARY nome_token = "informática" UNION (SELECT id_chave_tipo_token FROM tipos_tokens WHERE nome_tipo_token = 'indeterminado') LIMIT 1), (SELECT id_chave_tipo_token FROM tipos_tokens WHERE nome_tipo_token = "substantivo" UNION (SELECT id_chave_tipo_token FROM tipos_tokens WHERE nome_tipo_token = 'indeterminado') LIMIT 1), @id_arquivo_var);
  INSERT IGNORE INTO classificacoes_tokens (nome_token, id_tipo_token, id_arquivo_fonte) VALUES ("991", (SELECT id_chave_tipo_token FROM tipos_tokens WHERE nome_tipo_token = "numeral"), @id_arquivo_var);
INSERT IGNORE INTO tokens (nome_token, acentuada, id_tipo_token, id_tipo_token_spaCy, id_arquivo_fonte) VALUES ("991", "991", (SELECT id_tipo_token FROM classificacoes_tokens WHERE BINARY nome_token = "991" UNION (SELECT id_chave_tipo_token FROM tipos_tokens WHERE nome_tipo_token = 'indeterminado') LIMIT 1), (SELECT id_chave_tipo_token FROM tipos_tokens WHERE nome_tipo_token = "numeral" UNION (SELECT id_chave_tipo_token FROM tipos_tokens WHERE nome_tipo_token = 'indeterminado') LIMIT 1), @id_arquivo_var);
  INSERT IGNORE INTO tokens (nome_token, acentuada, id_tipo_token, id_tipo_token_spaCy, id_arquivo_fonte) VALUES ("mobile", "mobile", (SELECT id_tipo_token FROM classificacoes_tokens WHERE BINARY nome_token = "mobile" UNION (SELECT id_chave_tipo_token FROM tipos_tokens WHERE nome_tipo_token = 'indeterminado') LIMIT 1), (SELECT id_chave_tipo_token FROM tipos_tokens WHERE nome_tipo_token = "substantivo" UNION (SELECT id_chave_tipo_token FROM tipos_tokens WHERE nome_tipo_token = 'indeterminado') LIMIT 1), @id_arquivo_var);
  INSERT IGNORE INTO classificacoes_tokens (nome_token, id_tipo_token, id_arquivo_fonte) VALUES ("2826", (SELECT id_chave_tipo_token FROM tipos_tokens WHERE nome_tipo_token = "numeral"), @id_arquivo_var);
INSERT IGNORE INTO tokens (nome_token, acentuada, id_tipo_token, id_tipo_token_spaCy, id_arquivo_fonte) VALUES ("2826", "2826", (SELECT id_tipo_token FROM classificacoes_tokens WHERE BINARY nome_token = "2826" UNION (SELECT id_chave_tipo_token FROM tipos_tokens WHERE nome_tipo_token = 'indeterminado') LIMIT 1), (SELECT id_chave_tipo_token FROM tipos_tokens WHERE nome_tipo_token = "numeral" UNION (SELECT id_chave_tipo_token FROM tipos_tokens WHERE nome_tipo_token = 'indeterminado') LIMIT 1), @id_arquivo_var);
  INSERT IGNORE INTO tokens (nome_token, acentuada, id_tipo_token, id_tipo_token_spaCy, id_arquivo_fonte) VALUES ("java", "java", (SELECT id_tipo_token FROM classificacoes_tokens WHERE BINARY nome_token = "java" UNION (SELECT id_chave_tipo_token FROM tipos_tokens WHERE nome_tipo_token = 'indeterminado') LIMIT 1), (SELECT id_chave_tipo_token FROM tipos_tokens WHERE nome_tipo_token = "verbo" UNION (SELECT id_chave_tipo_token FROM tipos_tokens WHERE nome_tipo_token = 'indeterminado') LIMIT 1), @id_arquivo_var);
  INSERT IGNORE INTO classificacoes_tokens (nome_token, id_tipo_token, id_arquivo_fonte) VALUES ("992", (SELECT id_chave_tipo_token FROM tipos_tokens WHERE nome_tipo_token = "numeral"), @id_arquivo_var);
INSERT IGNORE INTO tokens (nome_token, acentuada, id_tipo_token, id_tipo_token_spaCy, id_arquivo_fonte) VALUES ("992", "992", (SELECT id_tipo_token FROM classificacoes_tokens WHERE BINARY nome_token = "992" UNION (SELECT id_chave_tipo_token FROM tipos_tokens WHERE nome_tipo_token = 'indeterminado') LIMIT 1), (SELECT id_chave_tipo_token FROM tipos_tokens WHERE nome_tipo_token = "numeral" UNION (SELECT id_chave_tipo_token FROM tipos_tokens WHERE nome_tipo_token = 'indeterminado') LIMIT 1), @id_arquivo_var);
  INSERT IGNORE INTO tokens (nome_token, acentuada, id_tipo_token, id_tipo_token_spaCy, id_arquivo_fonte) VALUES ("end", "end", (SELECT id_tipo_token FROM classificacoes_tokens WHERE BINARY nome_token = "end" UNION (SELECT id_chave_tipo_token FROM tipos_tokens WHERE nome_tipo_token = 'indeterminado') LIMIT 1), (SELECT id_chave_tipo_token FROM tipos_tokens WHERE nome_tipo_token = "sigla" UNION (SELECT id_chave_tipo_token FROM tipos_tokens WHERE nome_tipo_token = 'indeterminado') LIMIT 1), @id_arquivo_var);
  INSERT IGNORE INTO tokens (nome_token, acentuada, id_tipo_token, id_tipo_token_spaCy, id_arquivo_fonte) VALUES ("back", "back", (SELECT id_tipo_token FROM classificacoes_tokens WHERE BINARY nome_token = "back" UNION (SELECT id_chave_tipo_token FROM tipos_tokens WHERE nome_tipo_token = 'indeterminado') LIMIT 1), (SELECT id_chave_tipo_token FROM tipos_tokens WHERE nome_tipo_token = "sigla" UNION (SELECT id_chave_tipo_token FROM tipos_tokens WHERE nome_tipo_token = 'indeterminado') LIMIT 1), @id_arquivo_var);
  INSERT IGNORE INTO classificacoes_tokens (nome_token, id_tipo_token, id_arquivo_fonte) VALUES ("2825", (SELECT id_chave_tipo_token FROM tipos_tokens WHERE nome_tipo_token = "numeral"), @id_arquivo_var);
INSERT IGNORE INTO tokens (nome_token, acentuada, id_tipo_token, id_tipo_token_spaCy, id_arquivo_fonte) VALUES ("2825", "2825", (SELECT id_tipo_token FROM classificacoes_tokens WHERE BINARY nome_token = "2825" UNION (SELECT id_chave_tipo_token FROM tipos_tokens WHERE nome_tipo_token = 'indeterminado') LIMIT 1), (SELECT id_chave_tipo_token FROM tipos_tokens WHERE nome_tipo_token = "numeral" UNION (SELECT id_chave_tipo_token FROM tipos_tokens WHERE nome_tipo_token = 'indeterminado') LIMIT 1), @id_arquivo_var);
  INSERT IGNORE INTO tokens (nome_token, acentuada, id_tipo_token, id_tipo_token_spaCy, id_arquivo_fonte) VALUES ("excel", "excel", (SELECT id_tipo_token FROM classificacoes_tokens WHERE BINARY nome_token = "excel" UNION (SELECT id_chave_tipo_token FROM tipos_tokens WHERE nome_tipo_token = 'indeterminado') LIMIT 1), (SELECT id_chave_tipo_token FROM tipos_tokens WHERE nome_tipo_token = "sigla" UNION (SELECT id_chave_tipo_token FROM tipos_tokens WHERE nome_tipo_token = 'indeterminado') LIMIT 1), @id_arquivo_var);
  INSERT IGNORE INTO tokens (nome_token, acentuada, id_tipo_token, id_tipo_token_spaCy, id_arquivo_fonte) VALUES ("informacao", "informação", (SELECT id_tipo_token FROM classificacoes_tokens WHERE BINARY nome_token = "informação" UNION (SELECT id_chave_tipo_token FROM tipos_tokens WHERE nome_tipo_token = 'indeterminado') LIMIT 1), (SELECT id_chave_tipo_token FROM tipos_tokens WHERE nome_tipo_token = "substantivo" UNION (SELECT id_chave_tipo_token FROM tipos_tokens WHERE nome_tipo_token = 'indeterminado') LIMIT 1), @id_arquivo_var);
  INSERT IGNORE INTO tokens (nome_token, acentuada, id_tipo_token, id_tipo_token_spaCy, id_arquivo_fonte) VALUES ("tecnologia", "tecnologia", (SELECT id_tipo_token FROM classificacoes_tokens WHERE BINARY nome_token = "tecnologia" UNION (SELECT id_chave_tipo_token FROM tipos_tokens WHERE nome_tipo_token = 'indeterminado') LIMIT 1), (SELECT id_chave_tipo_token FROM tipos_tokens WHERE nome_tipo_token = "substantivo" UNION (SELECT id_chave_tipo_token FROM tipos_tokens WHERE nome_tipo_token = 'indeterminado') LIMIT 1), @id_arquivo_var);
  INSERT IGNORE INTO classificacoes_tokens (nome_token, id_tipo_token, id_arquivo_fonte) VALUES ("962", (SELECT id_chave_tipo_token FROM tipos_tokens WHERE nome_tipo_token = "numeral"), @id_arquivo_var);
INSERT IGNORE INTO tokens (nome_token, acentuada, id_tipo_token, id_tipo_token_spaCy, id_arquivo_fonte) VALUES ("962", "962", (SELECT id_tipo_token FROM classificacoes_tokens WHERE BINARY nome_token = "962" UNION (SELECT id_chave_tipo_token FROM tipos_tokens WHERE nome_tipo_token = 'indeterminado') LIMIT 1), (SELECT id_chave_tipo_token FROM tipos_tokens WHERE nome_tipo_token = "numeral" UNION (SELECT id_chave_tipo_token FROM tipos_tokens WHERE nome_tipo_token = 'indeterminado') LIMIT 1), @id_arquivo_var);
  INSERT IGNORE INTO tokens (nome_token, acentuada, id_tipo_token, id_tipo_token_spaCy, id_arquivo_fonte) VALUES ("futuro", "futuro", (SELECT id_tipo_token FROM classificacoes_tokens WHERE BINARY nome_token = "futuro" UNION (SELECT id_chave_tipo_token FROM tipos_tokens WHERE nome_tipo_token = 'indeterminado') LIMIT 1), (SELECT id_chave_tipo_token FROM tipos_tokens WHERE nome_tipo_token = "substantivo" UNION (SELECT id_chave_tipo_token FROM tipos_tokens WHERE nome_tipo_token = 'indeterminado') LIMIT 1), @id_arquivo_var);
  INSERT IGNORE INTO tokens (nome_token, acentuada, id_tipo_token, id_tipo_token_spaCy, id_arquivo_fonte) VALUES ("portal", "portal", (SELECT id_tipo_token FROM classificacoes_tokens WHERE BINARY nome_token = "portal" UNION (SELECT id_chave_tipo_token FROM tipos_tokens WHERE nome_tipo_token = 'indeterminado') LIMIT 1), (SELECT id_chave_tipo_token FROM tipos_tokens WHERE nome_tipo_token = "substantivo" UNION (SELECT id_chave_tipo_token FROM tipos_tokens WHERE nome_tipo_token = 'indeterminado') LIMIT 1), @id_arquivo_var);
  INSERT IGNORE INTO classificacoes_tokens (nome_token, id_tipo_token, id_arquivo_fonte) VALUES ("2711", (SELECT id_chave_tipo_token FROM tipos_tokens WHERE nome_tipo_token = "numeral"), @id_arquivo_var);
INSERT IGNORE INTO tokens (nome_token, acentuada, id_tipo_token, id_tipo_token_spaCy, id_arquivo_fonte) VALUES ("2711", "2711", (SELECT id_tipo_token FROM classificacoes_tokens WHERE BINARY nome_token = "2711" UNION (SELECT id_chave_tipo_token FROM tipos_tokens WHERE nome_tipo_token = 'indeterminado') LIMIT 1), (SELECT id_chave_tipo_token FROM tipos_tokens WHERE nome_tipo_token = "numeral" UNION (SELECT id_chave_tipo_token FROM tipos_tokens WHERE nome_tipo_token = 'indeterminado') LIMIT 1), @id_arquivo_var);
  INSERT IGNORE INTO classificacoes_tokens (nome_token, id_tipo_token, id_arquivo_fonte) VALUES ("507", (SELECT id_chave_tipo_token FROM tipos_tokens WHERE nome_tipo_token = "numeral"), @id_arquivo_var);
INSERT IGNORE INTO tokens (nome_token, acentuada, id_tipo_token, id_tipo_token_spaCy, id_arquivo_fonte) VALUES ("507", "507", (SELECT id_tipo_token FROM classificacoes_tokens WHERE BINARY nome_token = "507" UNION (SELECT id_chave_tipo_token FROM tipos_tokens WHERE nome_tipo_token = 'indeterminado') LIMIT 1), (SELECT id_chave_tipo_token FROM tipos_tokens WHERE nome_tipo_token = "numeral" UNION (SELECT id_chave_tipo_token FROM tipos_tokens WHERE nome_tipo_token = 'indeterminado') LIMIT 1), @id_arquivo_var);
  INSERT IGNORE INTO tokens (nome_token, acentuada, id_tipo_token, id_tipo_token_spaCy, id_arquivo_fonte) VALUES ("mediacao", "mediação", (SELECT id_tipo_token FROM classificacoes_tokens WHERE BINARY nome_token = "mediação" UNION (SELECT id_chave_tipo_token FROM tipos_tokens WHERE nome_tipo_token = 'indeterminado') LIMIT 1), (SELECT id_chave_tipo_token FROM tipos_tokens WHERE nome_tipo_token = "substantivo" UNION (SELECT id_chave_tipo_token FROM tipos_tokens WHERE nome_tipo_token = 'indeterminado') LIMIT 1), @id_arquivo_var);
  INSERT IGNORE INTO tokens (nome_token, acentuada, id_tipo_token, id_tipo_token_spaCy, id_arquivo_fonte) VALUES ("impactos", "impactos", (SELECT id_tipo_token FROM classificacoes_tokens WHERE BINARY nome_token = "impactos" UNION (SELECT id_chave_tipo_token FROM tipos_tokens WHERE nome_tipo_token = 'indeterminado') LIMIT 1), (SELECT id_chave_tipo_token FROM tipos_tokens WHERE nome_tipo_token = "substantivo" UNION (SELECT id_chave_tipo_token FROM tipos_tokens WHERE nome_tipo_token = 'indeterminado') LIMIT 1), @id_arquivo_var);
  INSERT IGNORE INTO tokens (nome_token, acentuada, id_tipo_token, id_tipo_token_spaCy, id_arquivo_fonte) VALUES ("inconscientes", "inconscientes", (SELECT id_tipo_token FROM classificacoes_tokens WHERE BINARY nome_token = "inconscientes" UNION (SELECT id_chave_tipo_token FROM tipos_tokens WHERE nome_tipo_token = 'indeterminado') LIMIT 1), (SELECT id_chave_tipo_token FROM tipos_tokens WHERE nome_tipo_token = "adjetivo" UNION (SELECT id_chave_tipo_token FROM tipos_tokens WHERE nome_tipo_token = 'indeterminado') LIMIT 1), @id_arquivo_var);
  INSERT IGNORE INTO tokens (nome_token, acentuada, id_tipo_token, id_tipo_token_spaCy, id_arquivo_fonte) VALUES ("vieses", "vieses", (SELECT id_tipo_token FROM classificacoes_tokens WHERE BINARY nome_token = "vieses" UNION (SELECT id_chave_tipo_token FROM tipos_tokens WHERE nome_tipo_token = 'indeterminado') LIMIT 1), (SELECT id_chave_tipo_token FROM tipos_tokens WHERE nome_tipo_token = "substantivo" UNION (SELECT id_chave_tipo_token FROM tipos_tokens WHERE nome_tipo_token = 'indeterminado') LIMIT 1), @id_arquivo_var);
  INSERT IGNORE INTO classificacoes_tokens (nome_token, id_tipo_token, id_arquivo_fonte) VALUES ("1201", (SELECT id_chave_tipo_token FROM tipos_tokens WHERE nome_tipo_token = "numeral"), @id_arquivo_var);
INSERT IGNORE INTO tokens (nome_token, acentuada, id_tipo_token, id_tipo_token_spaCy, id_arquivo_fonte) VALUES ("1201", "1201", (SELECT id_tipo_token FROM classificacoes_tokens WHERE BINARY nome_token = "1201" UNION (SELECT id_chave_tipo_token FROM tipos_tokens WHERE nome_tipo_token = 'indeterminado') LIMIT 1), (SELECT id_chave_tipo_token FROM tipos_tokens WHERE nome_tipo_token = "numeral" UNION (SELECT id_chave_tipo_token FROM tipos_tokens WHERE nome_tipo_token = 'indeterminado') LIMIT 1), @id_arquivo_var);
  INSERT IGNORE INTO tokens (nome_token, acentuada, id_tipo_token, id_tipo_token_spaCy, id_arquivo_fonte) VALUES ("coordenador", "coordenador", (SELECT id_tipo_token FROM classificacoes_tokens WHERE BINARY nome_token = "coordenador" UNION (SELECT id_chave_tipo_token FROM tipos_tokens WHERE nome_tipo_token = 'indeterminado') LIMIT 1), (SELECT id_chave_tipo_token FROM tipos_tokens WHERE nome_tipo_token = "substantivo" UNION (SELECT id_chave_tipo_token FROM tipos_tokens WHERE nome_tipo_token = 'indeterminado') LIMIT 1), @id_arquivo_var);
  INSERT IGNORE INTO classificacoes_tokens (nome_token, id_tipo_token, id_arquivo_fonte) VALUES ("2795", (SELECT id_chave_tipo_token FROM tipos_tokens WHERE nome_tipo_token = "numeral"), @id_arquivo_var);
INSERT IGNORE INTO tokens (nome_token, acentuada, id_tipo_token, id_tipo_token_spaCy, id_arquivo_fonte) VALUES ("2795", "2795", (SELECT id_tipo_token FROM classificacoes_tokens WHERE BINARY nome_token = "2795" UNION (SELECT id_chave_tipo_token FROM tipos_tokens WHERE nome_tipo_token = 'indeterminado') LIMIT 1), (SELECT id_chave_tipo_token FROM tipos_tokens WHERE nome_tipo_token = "numeral" UNION (SELECT id_chave_tipo_token FROM tipos_tokens WHERE nome_tipo_token = 'indeterminado') LIMIT 1), @id_arquivo_var);
  INSERT IGNORE INTO classificacoes_tokens (nome_token, id_tipo_token, id_arquivo_fonte) VALUES ("1719", (SELECT id_chave_tipo_token FROM tipos_tokens WHERE nome_tipo_token = "numeral"), @id_arquivo_var);
INSERT IGNORE INTO tokens (nome_token, acentuada, id_tipo_token, id_tipo_token_spaCy, id_arquivo_fonte) VALUES ("1719", "1719", (SELECT id_tipo_token FROM classificacoes_tokens WHERE BINARY nome_token = "1719" UNION (SELECT id_chave_tipo_token FROM tipos_tokens WHERE nome_tipo_token = 'indeterminado') LIMIT 1), (SELECT id_chave_tipo_token FROM tipos_tokens WHERE nome_tipo_token = "numeral" UNION (SELECT id_chave_tipo_token FROM tipos_tokens WHERE nome_tipo_token = 'indeterminado') LIMIT 1), @id_arquivo_var);
  INSERT IGNORE INTO tokens (nome_token, acentuada, id_tipo_token, id_tipo_token_spaCy, id_arquivo_fonte) VALUES ("esg", "esg", (SELECT id_tipo_token FROM classificacoes_tokens WHERE BINARY nome_token = "esg" UNION (SELECT id_chave_tipo_token FROM tipos_tokens WHERE nome_tipo_token = 'indeterminado') LIMIT 1), (SELECT id_chave_tipo_token FROM tipos_tokens WHERE nome_tipo_token = "sigla" UNION (SELECT id_chave_tipo_token FROM tipos_tokens WHERE nome_tipo_token = 'indeterminado') LIMIT 1), @id_arquivo_var);
  INSERT IGNORE INTO classificacoes_tokens (nome_token, id_tipo_token, id_arquivo_fonte) VALUES ("1681", (SELECT id_chave_tipo_token FROM tipos_tokens WHERE nome_tipo_token = "numeral"), @id_arquivo_var);
INSERT IGNORE INTO tokens (nome_token, acentuada, id_tipo_token, id_tipo_token_spaCy, id_arquivo_fonte) VALUES ("1681", "1681", (SELECT id_tipo_token FROM classificacoes_tokens WHERE BINARY nome_token = "1681" UNION (SELECT id_chave_tipo_token FROM tipos_tokens WHERE nome_tipo_token = 'indeterminado') LIMIT 1), (SELECT id_chave_tipo_token FROM tipos_tokens WHERE nome_tipo_token = "numeral" UNION (SELECT id_chave_tipo_token FROM tipos_tokens WHERE nome_tipo_token = 'indeterminado') LIMIT 1), @id_arquivo_var);
  INSERT IGNORE INTO classificacoes_tokens (nome_token, id_tipo_token, id_arquivo_fonte) VALUES ("1911", (SELECT id_chave_tipo_token FROM tipos_tokens WHERE nome_tipo_token = "numeral"), @id_arquivo_var);
INSERT IGNORE INTO tokens (nome_token, acentuada, id_tipo_token, id_tipo_token_spaCy, id_arquivo_fonte) VALUES ("1911", "1911", (SELECT id_tipo_token FROM classificacoes_tokens WHERE BINARY nome_token = "1911" UNION (SELECT id_chave_tipo_token FROM tipos_tokens WHERE nome_tipo_token = 'indeterminado') LIMIT 1), (SELECT id_chave_tipo_token FROM tipos_tokens WHERE nome_tipo_token = "numeral" UNION (SELECT id_chave_tipo_token FROM tipos_tokens WHERE nome_tipo_token = 'indeterminado') LIMIT 1), @id_arquivo_var);
  INSERT IGNORE INTO tokens (nome_token, acentuada, id_tipo_token, id_tipo_token_spaCy, id_arquivo_fonte) VALUES ("protecao", "proteção", (SELECT id_tipo_token FROM classificacoes_tokens WHERE BINARY nome_token = "proteção" UNION (SELECT id_chave_tipo_token FROM tipos_tokens WHERE nome_tipo_token = 'indeterminado') LIMIT 1), (SELECT id_chave_tipo_token FROM tipos_tokens WHERE nome_tipo_token = "substantivo" UNION (SELECT id_chave_tipo_token FROM tipos_tokens WHERE nome_tipo_token = 'indeterminado') LIMIT 1), @id_arquivo_var);
  INSERT IGNORE INTO classificacoes_tokens (nome_token, id_tipo_token, id_arquivo_fonte) VALUES ("1436", (SELECT id_chave_tipo_token FROM tipos_tokens WHERE nome_tipo_token = "numeral"), @id_arquivo_var);
INSERT IGNORE INTO tokens (nome_token, acentuada, id_tipo_token, id_tipo_token_spaCy, id_arquivo_fonte) VALUES ("1436", "1436", (SELECT id_tipo_token FROM classificacoes_tokens WHERE BINARY nome_token = "1436" UNION (SELECT id_chave_tipo_token FROM tipos_tokens WHERE nome_tipo_token = 'indeterminado') LIMIT 1), (SELECT id_chave_tipo_token FROM tipos_tokens WHERE nome_tipo_token = "numeral" UNION (SELECT id_chave_tipo_token FROM tipos_tokens WHERE nome_tipo_token = 'indeterminado') LIMIT 1), @id_arquivo_var);
  INSERT IGNORE INTO classificacoes_tokens (nome_token, id_tipo_token, id_arquivo_fonte) VALUES ("1089", (SELECT id_chave_tipo_token FROM tipos_tokens WHERE nome_tipo_token = "numeral"), @id_arquivo_var);
INSERT IGNORE INTO tokens (nome_token, acentuada, id_tipo_token, id_tipo_token_spaCy, id_arquivo_fonte) VALUES ("1089", "1089", (SELECT id_tipo_token FROM classificacoes_tokens WHERE BINARY nome_token = "1089" UNION (SELECT id_chave_tipo_token FROM tipos_tokens WHERE nome_tipo_token = 'indeterminado') LIMIT 1), (SELECT id_chave_tipo_token FROM tipos_tokens WHERE nome_tipo_token = "numeral" UNION (SELECT id_chave_tipo_token FROM tipos_tokens WHERE nome_tipo_token = 'indeterminado') LIMIT 1), @id_arquivo_var);
  INSERT IGNORE INTO tokens (nome_token, acentuada, id_tipo_token, id_tipo_token_spaCy, id_arquivo_fonte) VALUES ("riscos", "riscos", (SELECT id_tipo_token FROM classificacoes_tokens WHERE BINARY nome_token = "riscos" UNION (SELECT id_chave_tipo_token FROM tipos_tokens WHERE nome_tipo_token = 'indeterminado') LIMIT 1), (SELECT id_chave_tipo_token FROM tipos_tokens WHERE nome_tipo_token = "substantivo" UNION (SELECT id_chave_tipo_token FROM tipos_tokens WHERE nome_tipo_token = 'indeterminado') LIMIT 1), @id_arquivo_var);
  INSERT IGNORE INTO classificacoes_tokens (nome_token, id_tipo_token, id_arquivo_fonte) VALUES ("534", (SELECT id_chave_tipo_token FROM tipos_tokens WHERE nome_tipo_token = "numeral"), @id_arquivo_var);
INSERT IGNORE INTO tokens (nome_token, acentuada, id_tipo_token, id_tipo_token_spaCy, id_arquivo_fonte) VALUES ("534", "534", (SELECT id_tipo_token FROM classificacoes_tokens WHERE BINARY nome_token = "534" UNION (SELECT id_chave_tipo_token FROM tipos_tokens WHERE nome_tipo_token = 'indeterminado') LIMIT 1), (SELECT id_chave_tipo_token FROM tipos_tokens WHERE nome_tipo_token = "numeral" UNION (SELECT id_chave_tipo_token FROM tipos_tokens WHERE nome_tipo_token = 'indeterminado') LIMIT 1), @id_arquivo_var);
  INSERT IGNORE INTO tokens (nome_token, acentuada, id_tipo_token, id_tipo_token_spaCy, id_arquivo_fonte) VALUES ("esocial", "esocial", (SELECT id_tipo_token FROM classificacoes_tokens WHERE BINARY nome_token = "esocial" UNION (SELECT id_chave_tipo_token FROM tipos_tokens WHERE nome_tipo_token = 'indeterminado') LIMIT 1), (SELECT id_chave_tipo_token FROM tipos_tokens WHERE nome_tipo_token = "adjetivo" UNION (SELECT id_chave_tipo_token FROM tipos_tokens WHERE nome_tipo_token = 'indeterminado') LIMIT 1), @id_arquivo_var);
  INSERT IGNORE INTO tokens (nome_token, acentuada, id_tipo_token, id_tipo_token_spaCy, id_arquivo_fonte) VALUES ("informacoes", "informações", (SELECT id_tipo_token FROM classificacoes_tokens WHERE BINARY nome_token = "informações" UNION (SELECT id_chave_tipo_token FROM tipos_tokens WHERE nome_tipo_token = 'indeterminado') LIMIT 1), (SELECT id_chave_tipo_token FROM tipos_tokens WHERE nome_tipo_token = "substantivo" UNION (SELECT id_chave_tipo_token FROM tipos_tokens WHERE nome_tipo_token = 'indeterminado') LIMIT 1), @id_arquivo_var);
  INSERT IGNORE INTO tokens (nome_token, acentuada, id_tipo_token, id_tipo_token_spaCy, id_arquivo_fonte) VALUES ("insercao", "inserção", (SELECT id_tipo_token FROM classificacoes_tokens WHERE BINARY nome_token = "inserção" UNION (SELECT id_chave_tipo_token FROM tipos_tokens WHERE nome_tipo_token = 'indeterminado') LIMIT 1), (SELECT id_chave_tipo_token FROM tipos_tokens WHERE nome_tipo_token = "substantivo" UNION (SELECT id_chave_tipo_token FROM tipos_tokens WHERE nome_tipo_token = 'indeterminado') LIMIT 1), @id_arquivo_var);
  INSERT IGNORE INTO classificacoes_tokens (nome_token, id_tipo_token, id_arquivo_fonte) VALUES ("402", (SELECT id_chave_tipo_token FROM tipos_tokens WHERE nome_tipo_token = "numeral"), @id_arquivo_var);
INSERT IGNORE INTO tokens (nome_token, acentuada, id_tipo_token, id_tipo_token_spaCy, id_arquivo_fonte) VALUES ("402", "402", (SELECT id_tipo_token FROM classificacoes_tokens WHERE BINARY nome_token = "402" UNION (SELECT id_chave_tipo_token FROM tipos_tokens WHERE nome_tipo_token = 'indeterminado') LIMIT 1), (SELECT id_chave_tipo_token FROM tipos_tokens WHERE nome_tipo_token = "numeral" UNION (SELECT id_chave_tipo_token FROM tipos_tokens WHERE nome_tipo_token = 'indeterminado') LIMIT 1), @id_arquivo_var);
  INSERT IGNORE INTO tokens (nome_token, acentuada, id_tipo_token, id_tipo_token_spaCy, id_arquivo_fonte) VALUES ("altura", "altura", (SELECT id_tipo_token FROM classificacoes_tokens WHERE BINARY nome_token = "altura" UNION (SELECT id_chave_tipo_token FROM tipos_tokens WHERE nome_tipo_token = 'indeterminado') LIMIT 1), (SELECT id_chave_tipo_token FROM tipos_tokens WHERE nome_tipo_token = "substantivo" UNION (SELECT id_chave_tipo_token FROM tipos_tokens WHERE nome_tipo_token = 'indeterminado') LIMIT 1), @id_arquivo_var);
  INSERT IGNORE INTO tokens (nome_token, acentuada, id_tipo_token, id_tipo_token_spaCy, id_arquivo_fonte) VALUES ("periculosidade", "periculosidade", (SELECT id_tipo_token FROM classificacoes_tokens WHERE BINARY nome_token = "periculosidade" UNION (SELECT id_chave_tipo_token FROM tipos_tokens WHERE nome_tipo_token = 'indeterminado') LIMIT 1), (SELECT id_chave_tipo_token FROM tipos_tokens WHERE nome_tipo_token = "substantivo" UNION (SELECT id_chave_tipo_token FROM tipos_tokens WHERE nome_tipo_token = 'indeterminado') LIMIT 1), @id_arquivo_var);
  INSERT IGNORE INTO tokens (nome_token, acentuada, id_tipo_token, id_tipo_token_spaCy, id_arquivo_fonte) VALUES ("insalubridade", "insalubridade", (SELECT id_tipo_token FROM classificacoes_tokens WHERE BINARY nome_token = "insalubridade" UNION (SELECT id_chave_tipo_token FROM tipos_tokens WHERE nome_tipo_token = 'indeterminado') LIMIT 1), (SELECT id_chave_tipo_token FROM tipos_tokens WHERE nome_tipo_token = "substantivo" UNION (SELECT id_chave_tipo_token FROM tipos_tokens WHERE nome_tipo_token = 'indeterminado') LIMIT 1), @id_arquivo_var);
  INSERT IGNORE INTO tokens (nome_token, acentuada, id_tipo_token, id_tipo_token_spaCy, id_arquivo_fonte) VALUES ("pericias", "perícias", (SELECT id_tipo_token FROM classificacoes_tokens WHERE BINARY nome_token = "perícias" UNION (SELECT id_chave_tipo_token FROM tipos_tokens WHERE nome_tipo_token = 'indeterminado') LIMIT 1), (SELECT id_chave_tipo_token FROM tipos_tokens WHERE nome_tipo_token = "substantivo" UNION (SELECT id_chave_tipo_token FROM tipos_tokens WHERE nome_tipo_token = 'indeterminado') LIMIT 1), @id_arquivo_var);
  INSERT IGNORE INTO tokens (nome_token, acentuada, id_tipo_token, id_tipo_token_spaCy, id_arquivo_fonte) VALUES ("asssitencia", "asssitência", (SELECT id_tipo_token FROM classificacoes_tokens WHERE BINARY nome_token = "asssitência" UNION (SELECT id_chave_tipo_token FROM tipos_tokens WHERE nome_tipo_token = 'indeterminado') LIMIT 1), (SELECT id_chave_tipo_token FROM tipos_tokens WHERE nome_tipo_token = "sigla" UNION (SELECT id_chave_tipo_token FROM tipos_tokens WHERE nome_tipo_token = 'indeterminado') LIMIT 1), @id_arquivo_var);
  INSERT IGNORE INTO tokens (nome_token, acentuada, id_tipo_token, id_tipo_token_spaCy, id_arquivo_fonte) VALUES ("eletricidade", "eletricidade", (SELECT id_tipo_token FROM classificacoes_tokens WHERE BINARY nome_token = "eletricidade" UNION (SELECT id_chave_tipo_token FROM tipos_tokens WHERE nome_tipo_token = 'indeterminado') LIMIT 1), (SELECT id_chave_tipo_token FROM tipos_tokens WHERE nome_tipo_token = "substantivo" UNION (SELECT id_chave_tipo_token FROM tipos_tokens WHERE nome_tipo_token = 'indeterminado') LIMIT 1), @id_arquivo_var);
  INSERT IGNORE INTO tokens (nome_token, acentuada, id_tipo_token, id_tipo_token_spaCy, id_arquivo_fonte) VALUES ("instalacoes", "instalações", (SELECT id_tipo_token FROM classificacoes_tokens WHERE BINARY nome_token = "instalações" UNION (SELECT id_chave_tipo_token FROM tipos_tokens WHERE nome_tipo_token = 'indeterminado') LIMIT 1), (SELECT id_chave_tipo_token FROM tipos_tokens WHERE nome_tipo_token = "substantivo" UNION (SELECT id_chave_tipo_token FROM tipos_tokens WHERE nome_tipo_token = 'indeterminado') LIMIT 1), @id_arquivo_var);
  INSERT IGNORE INTO tokens (nome_token, acentuada, id_tipo_token, id_tipo_token_spaCy, id_arquivo_fonte) VALUES ("ocupacionais", "ocupacionais", (SELECT id_tipo_token FROM classificacoes_tokens WHERE BINARY nome_token = "ocupacionais" UNION (SELECT id_chave_tipo_token FROM tipos_tokens WHERE nome_tipo_token = 'indeterminado') LIMIT 1), (SELECT id_chave_tipo_token FROM tipos_tokens WHERE nome_tipo_token = "adjetivo" UNION (SELECT id_chave_tipo_token FROM tipos_tokens WHERE nome_tipo_token = 'indeterminado') LIMIT 1), @id_arquivo_var);
  INSERT IGNORE INTO tokens (nome_token, acentuada, id_tipo_token, id_tipo_token_spaCy, id_arquivo_fonte) VALUES ("laudos", "laudos", (SELECT id_tipo_token FROM classificacoes_tokens WHERE BINARY nome_token = "laudos" UNION (SELECT id_chave_tipo_token FROM tipos_tokens WHERE nome_tipo_token = 'indeterminado') LIMIT 1), (SELECT id_chave_tipo_token FROM tipos_tokens WHERE nome_tipo_token = "substantivo" UNION (SELECT id_chave_tipo_token FROM tipos_tokens WHERE nome_tipo_token = 'indeterminado') LIMIT 1), @id_arquivo_var);
  INSERT IGNORE INTO tokens (nome_token, acentuada, id_tipo_token, id_tipo_token_spaCy, id_arquivo_fonte) VALUES ("bombeiro", "bombeiro", (SELECT id_tipo_token FROM classificacoes_tokens WHERE BINARY nome_token = "bombeiro" UNION (SELECT id_chave_tipo_token FROM tipos_tokens WHERE nome_tipo_token = 'indeterminado') LIMIT 1), (SELECT id_chave_tipo_token FROM tipos_tokens WHERE nome_tipo_token = "substantivo" UNION (SELECT id_chave_tipo_token FROM tipos_tokens WHERE nome_tipo_token = 'indeterminado') LIMIT 1), @id_arquivo_var);
  INSERT IGNORE INTO tokens (nome_token, acentuada, id_tipo_token, id_tipo_token_spaCy, id_arquivo_fonte) VALUES ("reciclagem", "reciclagem", (SELECT id_tipo_token FROM classificacoes_tokens WHERE BINARY nome_token = "reciclagem" UNION (SELECT id_chave_tipo_token FROM tipos_tokens WHERE nome_tipo_token = 'indeterminado') LIMIT 1), (SELECT id_chave_tipo_token FROM tipos_tokens WHERE nome_tipo_token = "substantivo" UNION (SELECT id_chave_tipo_token FROM tipos_tokens WHERE nome_tipo_token = 'indeterminado') LIMIT 1), @id_arquivo_var);
  INSERT IGNORE INTO tokens (nome_token, acentuada, id_tipo_token, id_tipo_token_spaCy, id_arquivo_fonte) VALUES ("atividade", "atividade", (SELECT id_tipo_token FROM classificacoes_tokens WHERE BINARY nome_token = "atividade" UNION (SELECT id_chave_tipo_token FROM tipos_tokens WHERE nome_tipo_token = 'indeterminado') LIMIT 1), (SELECT id_chave_tipo_token FROM tipos_tokens WHERE nome_tipo_token = "substantivo" UNION (SELECT id_chave_tipo_token FROM tipos_tokens WHERE nome_tipo_token = 'indeterminado') LIMIT 1), @id_arquivo_var);
  INSERT IGNORE INTO tokens (nome_token, acentuada, id_tipo_token, id_tipo_token_spaCy, id_arquivo_fonte) VALUES ("ergonomia", "ergonomia", (SELECT id_tipo_token FROM classificacoes_tokens WHERE BINARY nome_token = "ergonomia" UNION (SELECT id_chave_tipo_token FROM tipos_tokens WHERE nome_tipo_token = 'indeterminado') LIMIT 1), (SELECT id_chave_tipo_token FROM tipos_tokens WHERE nome_tipo_token = "substantivo" UNION (SELECT id_chave_tipo_token FROM tipos_tokens WHERE nome_tipo_token = 'indeterminado') LIMIT 1), @id_arquivo_var);
  INSERT IGNORE INTO tokens (nome_token, acentuada, id_tipo_token, id_tipo_token_spaCy, id_arquivo_fonte) VALUES ("nr", "nr", (SELECT id_tipo_token FROM classificacoes_tokens WHERE BINARY nome_token = "nr" UNION (SELECT id_chave_tipo_token FROM tipos_tokens WHERE nome_tipo_token = 'indeterminado') LIMIT 1), (SELECT id_chave_tipo_token FROM tipos_tokens WHERE nome_tipo_token = "sigla" UNION (SELECT id_chave_tipo_token FROM tipos_tokens WHERE nome_tipo_token = 'indeterminado') LIMIT 1), @id_arquivo_var);
  INSERT IGNORE INTO tokens (nome_token, acentuada, id_tipo_token, id_tipo_token_spaCy, id_arquivo_fonte) VALUES ("vigias", "vigias", (SELECT id_tipo_token FROM classificacoes_tokens WHERE BINARY nome_token = "vigias" UNION (SELECT id_chave_tipo_token FROM tipos_tokens WHERE nome_tipo_token = 'indeterminado') LIMIT 1), (SELECT id_chave_tipo_token FROM tipos_tokens WHERE nome_tipo_token = "substantivo" UNION (SELECT id_chave_tipo_token FROM tipos_tokens WHERE nome_tipo_token = 'indeterminado') LIMIT 1), @id_arquivo_var);
  INSERT IGNORE INTO tokens (nome_token, acentuada, id_tipo_token, id_tipo_token_spaCy, id_arquivo_fonte) VALUES ("autorizados", "autorizados", (SELECT id_tipo_token FROM classificacoes_tokens WHERE BINARY nome_token = "autorizados" UNION (SELECT id_chave_tipo_token FROM tipos_tokens WHERE nome_tipo_token = 'indeterminado') LIMIT 1), (SELECT id_chave_tipo_token FROM tipos_tokens WHERE nome_tipo_token = "verbo" UNION (SELECT id_chave_tipo_token FROM tipos_tokens WHERE nome_tipo_token = 'indeterminado') LIMIT 1), @id_arquivo_var);
  INSERT IGNORE INTO tokens (nome_token, acentuada, id_tipo_token, id_tipo_token_spaCy, id_arquivo_fonte) VALUES ("trabalhadores", "trabalhadores", (SELECT id_tipo_token FROM classificacoes_tokens WHERE BINARY nome_token = "trabalhadores" UNION (SELECT id_chave_tipo_token FROM tipos_tokens WHERE nome_tipo_token = 'indeterminado') LIMIT 1), (SELECT id_chave_tipo_token FROM tipos_tokens WHERE nome_tipo_token = "substantivo" UNION (SELECT id_chave_tipo_token FROM tipos_tokens WHERE nome_tipo_token = 'indeterminado') LIMIT 1), @id_arquivo_var);
  INSERT IGNORE INTO tokens (nome_token, acentuada, id_tipo_token, id_tipo_token_spaCy, id_arquivo_fonte) VALUES ("confinados", "confinados", (SELECT id_tipo_token FROM classificacoes_tokens WHERE BINARY nome_token = "confinados" UNION (SELECT id_chave_tipo_token FROM tipos_tokens WHERE nome_tipo_token = 'indeterminado') LIMIT 1), (SELECT id_chave_tipo_token FROM tipos_tokens WHERE nome_tipo_token = "verbo" UNION (SELECT id_chave_tipo_token FROM tipos_tokens WHERE nome_tipo_token = 'indeterminado') LIMIT 1), @id_arquivo_var);
  INSERT IGNORE INTO classificacoes_tokens (nome_token, id_tipo_token, id_arquivo_fonte) VALUES ("1367", (SELECT id_chave_tipo_token FROM tipos_tokens WHERE nome_tipo_token = "numeral"), @id_arquivo_var);
INSERT IGNORE INTO tokens (nome_token, acentuada, id_tipo_token, id_tipo_token_spaCy, id_arquivo_fonte) VALUES ("1367", "1367", (SELECT id_tipo_token FROM classificacoes_tokens WHERE BINARY nome_token = "1367" UNION (SELECT id_chave_tipo_token FROM tipos_tokens WHERE nome_tipo_token = 'indeterminado') LIMIT 1), (SELECT id_chave_tipo_token FROM tipos_tokens WHERE nome_tipo_token = "numeral" UNION (SELECT id_chave_tipo_token FROM tipos_tokens WHERE nome_tipo_token = 'indeterminado') LIMIT 1), @id_arquivo_var);
  INSERT IGNORE INTO classificacoes_tokens (nome_token, id_tipo_token, id_arquivo_fonte) VALUES ("614", (SELECT id_chave_tipo_token FROM tipos_tokens WHERE nome_tipo_token = "numeral"), @id_arquivo_var);
INSERT IGNORE INTO tokens (nome_token, acentuada, id_tipo_token, id_tipo_token_spaCy, id_arquivo_fonte) VALUES ("614", "614", (SELECT id_tipo_token FROM classificacoes_tokens WHERE BINARY nome_token = "614" UNION (SELECT id_chave_tipo_token FROM tipos_tokens WHERE nome_tipo_token = 'indeterminado') LIMIT 1), (SELECT id_chave_tipo_token FROM tipos_tokens WHERE nome_tipo_token = "numeral" UNION (SELECT id_chave_tipo_token FROM tipos_tokens WHERE nome_tipo_token = 'indeterminado') LIMIT 1), @id_arquivo_var);
  INSERT IGNORE INTO classificacoes_tokens (nome_token, id_tipo_token, id_arquivo_fonte) VALUES ("1157", (SELECT id_chave_tipo_token FROM tipos_tokens WHERE nome_tipo_token = "numeral"), @id_arquivo_var);
INSERT IGNORE INTO tokens (nome_token, acentuada, id_tipo_token, id_tipo_token_spaCy, id_arquivo_fonte) VALUES ("1157", "1157", (SELECT id_tipo_token FROM classificacoes_tokens WHERE BINARY nome_token = "1157" UNION (SELECT id_chave_tipo_token FROM tipos_tokens WHERE nome_tipo_token = 'indeterminado') LIMIT 1), (SELECT id_chave_tipo_token FROM tipos_tokens WHERE nome_tipo_token = "numeral" UNION (SELECT id_chave_tipo_token FROM tipos_tokens WHERE nome_tipo_token = 'indeterminado') LIMIT 1), @id_arquivo_var);
  INSERT IGNORE INTO classificacoes_tokens (nome_token, id_tipo_token, id_arquivo_fonte) VALUES ("368", (SELECT id_chave_tipo_token FROM tipos_tokens WHERE nome_tipo_token = "numeral"), @id_arquivo_var);
INSERT IGNORE INTO tokens (nome_token, acentuada, id_tipo_token, id_tipo_token_spaCy, id_arquivo_fonte) VALUES ("368", "368", (SELECT id_tipo_token FROM classificacoes_tokens WHERE BINARY nome_token = "368" UNION (SELECT id_chave_tipo_token FROM tipos_tokens WHERE nome_tipo_token = 'indeterminado') LIMIT 1), (SELECT id_chave_tipo_token FROM tipos_tokens WHERE nome_tipo_token = "numeral" UNION (SELECT id_chave_tipo_token FROM tipos_tokens WHERE nome_tipo_token = 'indeterminado') LIMIT 1), @id_arquivo_var);
  INSERT IGNORE INTO classificacoes_tokens (nome_token, id_tipo_token, id_arquivo_fonte) VALUES ("1080", (SELECT id_chave_tipo_token FROM tipos_tokens WHERE nome_tipo_token = "numeral"), @id_arquivo_var);
INSERT IGNORE INTO tokens (nome_token, acentuada, id_tipo_token, id_tipo_token_spaCy, id_arquivo_fonte) VALUES ("1080", "1080", (SELECT id_tipo_token FROM classificacoes_tokens WHERE BINARY nome_token = "1080" UNION (SELECT id_chave_tipo_token FROM tipos_tokens WHERE nome_tipo_token = 'indeterminado') LIMIT 1), (SELECT id_chave_tipo_token FROM tipos_tokens WHERE nome_tipo_token = "numeral" UNION (SELECT id_chave_tipo_token FROM tipos_tokens WHERE nome_tipo_token = 'indeterminado') LIMIT 1), @id_arquivo_var);
  INSERT IGNORE INTO classificacoes_tokens (nome_token, id_tipo_token, id_arquivo_fonte) VALUES ("2454", (SELECT id_chave_tipo_token FROM tipos_tokens WHERE nome_tipo_token = "numeral"), @id_arquivo_var);
INSERT IGNORE INTO tokens (nome_token, acentuada, id_tipo_token, id_tipo_token_spaCy, id_arquivo_fonte) VALUES ("2454", "2454", (SELECT id_tipo_token FROM classificacoes_tokens WHERE BINARY nome_token = "2454" UNION (SELECT id_chave_tipo_token FROM tipos_tokens WHERE nome_tipo_token = 'indeterminado') LIMIT 1), (SELECT id_chave_tipo_token FROM tipos_tokens WHERE nome_tipo_token = "numeral" UNION (SELECT id_chave_tipo_token FROM tipos_tokens WHERE nome_tipo_token = 'indeterminado') LIMIT 1), @id_arquivo_var);
  INSERT IGNORE INTO classificacoes_tokens (nome_token, id_tipo_token, id_arquivo_fonte) VALUES ("1902", (SELECT id_chave_tipo_token FROM tipos_tokens WHERE nome_tipo_token = "numeral"), @id_arquivo_var);
INSERT IGNORE INTO tokens (nome_token, acentuada, id_tipo_token, id_tipo_token_spaCy, id_arquivo_fonte) VALUES ("1902", "1902", (SELECT id_tipo_token FROM classificacoes_tokens WHERE BINARY nome_token = "1902" UNION (SELECT id_chave_tipo_token FROM tipos_tokens WHERE nome_tipo_token = 'indeterminado') LIMIT 1), (SELECT id_chave_tipo_token FROM tipos_tokens WHERE nome_tipo_token = "numeral" UNION (SELECT id_chave_tipo_token FROM tipos_tokens WHERE nome_tipo_token = 'indeterminado') LIMIT 1), @id_arquivo_var);
  INSERT IGNORE INTO classificacoes_tokens (nome_token, id_tipo_token, id_arquivo_fonte) VALUES ("1070", (SELECT id_chave_tipo_token FROM tipos_tokens WHERE nome_tipo_token = "numeral"), @id_arquivo_var);
INSERT IGNORE INTO tokens (nome_token, acentuada, id_tipo_token, id_tipo_token_spaCy, id_arquivo_fonte) VALUES ("1070", "1070", (SELECT id_tipo_token FROM classificacoes_tokens WHERE BINARY nome_token = "1070" UNION (SELECT id_chave_tipo_token FROM tipos_tokens WHERE nome_tipo_token = 'indeterminado') LIMIT 1), (SELECT id_chave_tipo_token FROM tipos_tokens WHERE nome_tipo_token = "numeral" UNION (SELECT id_chave_tipo_token FROM tipos_tokens WHERE nome_tipo_token = 'indeterminado') LIMIT 1), @id_arquivo_var);
  INSERT IGNORE INTO classificacoes_tokens (nome_token, id_tipo_token, id_arquivo_fonte) VALUES ("1668", (SELECT id_chave_tipo_token FROM tipos_tokens WHERE nome_tipo_token = "numeral"), @id_arquivo_var);
INSERT IGNORE INTO tokens (nome_token, acentuada, id_tipo_token, id_tipo_token_spaCy, id_arquivo_fonte) VALUES ("1668", "1668", (SELECT id_tipo_token FROM classificacoes_tokens WHERE BINARY nome_token = "1668" UNION (SELECT id_chave_tipo_token FROM tipos_tokens WHERE nome_tipo_token = 'indeterminado') LIMIT 1), (SELECT id_chave_tipo_token FROM tipos_tokens WHERE nome_tipo_token = "numeral" UNION (SELECT id_chave_tipo_token FROM tipos_tokens WHERE nome_tipo_token = 'indeterminado') LIMIT 1), @id_arquivo_var);
  INSERT IGNORE INTO classificacoes_tokens (nome_token, id_tipo_token, id_arquivo_fonte) VALUES ("833", (SELECT id_chave_tipo_token FROM tipos_tokens WHERE nome_tipo_token = "numeral"), @id_arquivo_var);
INSERT IGNORE INTO tokens (nome_token, acentuada, id_tipo_token, id_tipo_token_spaCy, id_arquivo_fonte) VALUES ("833", "833", (SELECT id_tipo_token FROM classificacoes_tokens WHERE BINARY nome_token = "833" UNION (SELECT id_chave_tipo_token FROM tipos_tokens WHERE nome_tipo_token = 'indeterminado') LIMIT 1), (SELECT id_chave_tipo_token FROM tipos_tokens WHERE nome_tipo_token = "numeral" UNION (SELECT id_chave_tipo_token FROM tipos_tokens WHERE nome_tipo_token = 'indeterminado') LIMIT 1), @id_arquivo_var);
  INSERT IGNORE INTO classificacoes_tokens (nome_token, id_tipo_token, id_arquivo_fonte) VALUES ("1839", (SELECT id_chave_tipo_token FROM tipos_tokens WHERE nome_tipo_token = "numeral"), @id_arquivo_var);
INSERT IGNORE INTO tokens (nome_token, acentuada, id_tipo_token, id_tipo_token_spaCy, id_arquivo_fonte) VALUES ("1839", "1839", (SELECT id_tipo_token FROM classificacoes_tokens WHERE BINARY nome_token = "1839" UNION (SELECT id_chave_tipo_token FROM tipos_tokens WHERE nome_tipo_token = 'indeterminado') LIMIT 1), (SELECT id_chave_tipo_token FROM tipos_tokens WHERE nome_tipo_token = "numeral" UNION (SELECT id_chave_tipo_token FROM tipos_tokens WHERE nome_tipo_token = 'indeterminado') LIMIT 1), @id_arquivo_var);
  INSERT IGNORE INTO classificacoes_tokens (nome_token, id_tipo_token, id_arquivo_fonte) VALUES ("619", (SELECT id_chave_tipo_token FROM tipos_tokens WHERE nome_tipo_token = "numeral"), @id_arquivo_var);
INSERT IGNORE INTO tokens (nome_token, acentuada, id_tipo_token, id_tipo_token_spaCy, id_arquivo_fonte) VALUES ("619", "619", (SELECT id_tipo_token FROM classificacoes_tokens WHERE BINARY nome_token = "619" UNION (SELECT id_chave_tipo_token FROM tipos_tokens WHERE nome_tipo_token = 'indeterminado') LIMIT 1), (SELECT id_chave_tipo_token FROM tipos_tokens WHERE nome_tipo_token = "numeral" UNION (SELECT id_chave_tipo_token FROM tipos_tokens WHERE nome_tipo_token = 'indeterminado') LIMIT 1), @id_arquivo_var);
  INSERT IGNORE INTO classificacoes_tokens (nome_token, id_tipo_token, id_arquivo_fonte) VALUES ("169", (SELECT id_chave_tipo_token FROM tipos_tokens WHERE nome_tipo_token = "numeral"), @id_arquivo_var);
INSERT IGNORE INTO tokens (nome_token, acentuada, id_tipo_token, id_tipo_token_spaCy, id_arquivo_fonte) VALUES ("169", "169", (SELECT id_tipo_token FROM classificacoes_tokens WHERE BINARY nome_token = "169" UNION (SELECT id_chave_tipo_token FROM tipos_tokens WHERE nome_tipo_token = 'indeterminado') LIMIT 1), (SELECT id_chave_tipo_token FROM tipos_tokens WHERE nome_tipo_token = "numeral" UNION (SELECT id_chave_tipo_token FROM tipos_tokens WHERE nome_tipo_token = 'indeterminado') LIMIT 1), @id_arquivo_var);
  INSERT IGNORE INTO classificacoes_tokens (nome_token, id_tipo_token, id_arquivo_fonte) VALUES ("2516", (SELECT id_chave_tipo_token FROM tipos_tokens WHERE nome_tipo_token = "numeral"), @id_arquivo_var);
INSERT IGNORE INTO tokens (nome_token, acentuada, id_tipo_token, id_tipo_token_spaCy, id_arquivo_fonte) VALUES ("2516", "2516", (SELECT id_tipo_token FROM classificacoes_tokens WHERE BINARY nome_token = "2516" UNION (SELECT id_chave_tipo_token FROM tipos_tokens WHERE nome_tipo_token = 'indeterminado') LIMIT 1), (SELECT id_chave_tipo_token FROM tipos_tokens WHERE nome_tipo_token = "numeral" UNION (SELECT id_chave_tipo_token FROM tipos_tokens WHERE nome_tipo_token = 'indeterminado') LIMIT 1), @id_arquivo_var);
  INSERT IGNORE INTO classificacoes_tokens (nome_token, id_tipo_token, id_arquivo_fonte) VALUES ("1128", (SELECT id_chave_tipo_token FROM tipos_tokens WHERE nome_tipo_token = "numeral"), @id_arquivo_var);
INSERT IGNORE INTO tokens (nome_token, acentuada, id_tipo_token, id_tipo_token_spaCy, id_arquivo_fonte) VALUES ("1128", "1128", (SELECT id_tipo_token FROM classificacoes_tokens WHERE BINARY nome_token = "1128" UNION (SELECT id_chave_tipo_token FROM tipos_tokens WHERE nome_tipo_token = 'indeterminado') LIMIT 1), (SELECT id_chave_tipo_token FROM tipos_tokens WHERE nome_tipo_token = "numeral" UNION (SELECT id_chave_tipo_token FROM tipos_tokens WHERE nome_tipo_token = 'indeterminado') LIMIT 1), @id_arquivo_var);
  INSERT IGNORE INTO tokens (nome_token, acentuada, id_tipo_token, id_tipo_token_spaCy, id_arquivo_fonte) VALUES ("aromaterapia", "aromaterapia", (SELECT id_tipo_token FROM classificacoes_tokens WHERE BINARY nome_token = "aromaterapia" UNION (SELECT id_chave_tipo_token FROM tipos_tokens WHERE nome_tipo_token = 'indeterminado') LIMIT 1), (SELECT id_chave_tipo_token FROM tipos_tokens WHERE nome_tipo_token = "substantivo" UNION (SELECT id_chave_tipo_token FROM tipos_tokens WHERE nome_tipo_token = 'indeterminado') LIMIT 1), @id_arquivo_var);
  INSERT IGNORE INTO classificacoes_tokens (nome_token, id_tipo_token, id_arquivo_fonte) VALUES ("3026", (SELECT id_chave_tipo_token FROM tipos_tokens WHERE nome_tipo_token = "numeral"), @id_arquivo_var);
INSERT IGNORE INTO tokens (nome_token, acentuada, id_tipo_token, id_tipo_token_spaCy, id_arquivo_fonte) VALUES ("3026", "3026", (SELECT id_tipo_token FROM classificacoes_tokens WHERE BINARY nome_token = "3026" UNION (SELECT id_chave_tipo_token FROM tipos_tokens WHERE nome_tipo_token = 'indeterminado') LIMIT 1), (SELECT id_chave_tipo_token FROM tipos_tokens WHERE nome_tipo_token = "numeral" UNION (SELECT id_chave_tipo_token FROM tipos_tokens WHERE nome_tipo_token = 'indeterminado') LIMIT 1), @id_arquivo_var);
  INSERT IGNORE INTO classificacoes_tokens (nome_token, id_tipo_token, id_arquivo_fonte) VALUES ("1011", (SELECT id_chave_tipo_token FROM tipos_tokens WHERE nome_tipo_token = "numeral"), @id_arquivo_var);
INSERT IGNORE INTO tokens (nome_token, acentuada, id_tipo_token, id_tipo_token_spaCy, id_arquivo_fonte) VALUES ("1011", "1011", (SELECT id_tipo_token FROM classificacoes_tokens WHERE BINARY nome_token = "1011" UNION (SELECT id_chave_tipo_token FROM tipos_tokens WHERE nome_tipo_token = 'indeterminado') LIMIT 1), (SELECT id_chave_tipo_token FROM tipos_tokens WHERE nome_tipo_token = "numeral" UNION (SELECT id_chave_tipo_token FROM tipos_tokens WHERE nome_tipo_token = 'indeterminado') LIMIT 1), @id_arquivo_var);
  INSERT IGNORE INTO tokens (nome_token, acentuada, id_tipo_token, id_tipo_token_spaCy, id_arquivo_fonte) VALUES ("massage", "massage", (SELECT id_tipo_token FROM classificacoes_tokens WHERE BINARY nome_token = "massage" UNION (SELECT id_chave_tipo_token FROM tipos_tokens WHERE nome_tipo_token = 'indeterminado') LIMIT 1), (SELECT id_chave_tipo_token FROM tipos_tokens WHERE nome_tipo_token = "adjetivo" UNION (SELECT id_chave_tipo_token FROM tipos_tokens WHERE nome_tipo_token = 'indeterminado') LIMIT 1), @id_arquivo_var);
  INSERT IGNORE INTO tokens (nome_token, acentuada, id_tipo_token, id_tipo_token_spaCy, id_arquivo_fonte) VALUES ("quick", "quick", (SELECT id_tipo_token FROM classificacoes_tokens WHERE BINARY nome_token = "quick" UNION (SELECT id_chave_tipo_token FROM tipos_tokens WHERE nome_tipo_token = 'indeterminado') LIMIT 1), (SELECT id_chave_tipo_token FROM tipos_tokens WHERE nome_tipo_token = "sigla" UNION (SELECT id_chave_tipo_token FROM tipos_tokens WHERE nome_tipo_token = 'indeterminado') LIMIT 1), @id_arquivo_var);
  INSERT IGNORE INTO classificacoes_tokens (nome_token, id_tipo_token, id_arquivo_fonte) VALUES ("227", (SELECT id_chave_tipo_token FROM tipos_tokens WHERE nome_tipo_token = "numeral"), @id_arquivo_var);
INSERT IGNORE INTO tokens (nome_token, acentuada, id_tipo_token, id_tipo_token_spaCy, id_arquivo_fonte) VALUES ("227", "227", (SELECT id_tipo_token FROM classificacoes_tokens WHERE BINARY nome_token = "227" UNION (SELECT id_chave_tipo_token FROM tipos_tokens WHERE nome_tipo_token = 'indeterminado') LIMIT 1), (SELECT id_chave_tipo_token FROM tipos_tokens WHERE nome_tipo_token = "numeral" UNION (SELECT id_chave_tipo_token FROM tipos_tokens WHERE nome_tipo_token = 'indeterminado') LIMIT 1), @id_arquivo_var);
  INSERT IGNORE INTO classificacoes_tokens (nome_token, id_tipo_token, id_arquivo_fonte) VALUES ("1837", (SELECT id_chave_tipo_token FROM tipos_tokens WHERE nome_tipo_token = "numeral"), @id_arquivo_var);
INSERT IGNORE INTO tokens (nome_token, acentuada, id_tipo_token, id_tipo_token_spaCy, id_arquivo_fonte) VALUES ("1837", "1837", (SELECT id_tipo_token FROM classificacoes_tokens WHERE BINARY nome_token = "1837" UNION (SELECT id_chave_tipo_token FROM tipos_tokens WHERE nome_tipo_token = 'indeterminado') LIMIT 1), (SELECT id_chave_tipo_token FROM tipos_tokens WHERE nome_tipo_token = "numeral" UNION (SELECT id_chave_tipo_token FROM tipos_tokens WHERE nome_tipo_token = 'indeterminado') LIMIT 1), @id_arquivo_var);
  INSERT IGNORE INTO classificacoes_tokens (nome_token, id_tipo_token, id_arquivo_fonte) VALUES ("742", (SELECT id_chave_tipo_token FROM tipos_tokens WHERE nome_tipo_token = "numeral"), @id_arquivo_var);
INSERT IGNORE INTO tokens (nome_token, acentuada, id_tipo_token, id_tipo_token_spaCy, id_arquivo_fonte) VALUES ("742", "742", (SELECT id_tipo_token FROM classificacoes_tokens WHERE BINARY nome_token = "742" UNION (SELECT id_chave_tipo_token FROM tipos_tokens WHERE nome_tipo_token = 'indeterminado') LIMIT 1), (SELECT id_chave_tipo_token FROM tipos_tokens WHERE nome_tipo_token = "numeral" UNION (SELECT id_chave_tipo_token FROM tipos_tokens WHERE nome_tipo_token = 'indeterminado') LIMIT 1), @id_arquivo_var);
  INSERT IGNORE INTO tokens (nome_token, acentuada, id_tipo_token, id_tipo_token_spaCy, id_arquivo_fonte) VALUES ("estar", "estar", (SELECT id_tipo_token FROM classificacoes_tokens WHERE BINARY nome_token = "estar" UNION (SELECT id_chave_tipo_token FROM tipos_tokens WHERE nome_tipo_token = 'indeterminado') LIMIT 1), (SELECT id_chave_tipo_token FROM tipos_tokens WHERE nome_tipo_token = "verbo" UNION (SELECT id_chave_tipo_token FROM tipos_tokens WHERE nome_tipo_token = 'indeterminado') LIMIT 1), @id_arquivo_var);
  INSERT IGNORE INTO tokens (nome_token, acentuada, id_tipo_token, id_tipo_token_spaCy, id_arquivo_fonte) VALUES ("bem", "bem", (SELECT id_tipo_token FROM classificacoes_tokens WHERE BINARY nome_token = "bem" UNION (SELECT id_chave_tipo_token FROM tipos_tokens WHERE nome_tipo_token = 'indeterminado') LIMIT 1), (SELECT id_chave_tipo_token FROM tipos_tokens WHERE nome_tipo_token = "adverbio" UNION (SELECT id_chave_tipo_token FROM tipos_tokens WHERE nome_tipo_token = 'indeterminado') LIMIT 1), @id_arquivo_var);
  INSERT IGNORE INTO tokens (nome_token, acentuada, id_tipo_token, id_tipo_token_spaCy, id_arquivo_fonte) VALUES ("ifs", "ifs", (SELECT id_tipo_token FROM classificacoes_tokens WHERE BINARY nome_token = "ifs" UNION (SELECT id_chave_tipo_token FROM tipos_tokens WHERE nome_tipo_token = 'indeterminado') LIMIT 1), (SELECT id_chave_tipo_token FROM tipos_tokens WHERE nome_tipo_token = "sigla" UNION (SELECT id_chave_tipo_token FROM tipos_tokens WHERE nome_tipo_token = 'indeterminado') LIMIT 1), @id_arquivo_var);
  INSERT IGNORE INTO classificacoes_tokens (nome_token, id_tipo_token, id_arquivo_fonte) VALUES ("2448", (SELECT id_chave_tipo_token FROM tipos_tokens WHERE nome_tipo_token = "numeral"), @id_arquivo_var);
INSERT IGNORE INTO tokens (nome_token, acentuada, id_tipo_token, id_tipo_token_spaCy, id_arquivo_fonte) VALUES ("2448", "2448", (SELECT id_tipo_token FROM classificacoes_tokens WHERE BINARY nome_token = "2448" UNION (SELECT id_chave_tipo_token FROM tipos_tokens WHERE nome_tipo_token = 'indeterminado') LIMIT 1), (SELECT id_chave_tipo_token FROM tipos_tokens WHERE nome_tipo_token = "numeral" UNION (SELECT id_chave_tipo_token FROM tipos_tokens WHERE nome_tipo_token = 'indeterminado') LIMIT 1), @id_arquivo_var);
  INSERT IGNORE INTO classificacoes_tokens (nome_token, id_tipo_token, id_arquivo_fonte) VALUES ("676", (SELECT id_chave_tipo_token FROM tipos_tokens WHERE nome_tipo_token = "numeral"), @id_arquivo_var);
INSERT IGNORE INTO tokens (nome_token, acentuada, id_tipo_token, id_tipo_token_spaCy, id_arquivo_fonte) VALUES ("676", "676", (SELECT id_tipo_token FROM classificacoes_tokens WHERE BINARY nome_token = "676" UNION (SELECT id_chave_tipo_token FROM tipos_tokens WHERE nome_tipo_token = 'indeterminado') LIMIT 1), (SELECT id_chave_tipo_token FROM tipos_tokens WHERE nome_tipo_token = "numeral" UNION (SELECT id_chave_tipo_token FROM tipos_tokens WHERE nome_tipo_token = 'indeterminado') LIMIT 1), @id_arquivo_var);
  INSERT IGNORE INTO classificacoes_tokens (nome_token, id_tipo_token, id_arquivo_fonte) VALUES ("604", (SELECT id_chave_tipo_token FROM tipos_tokens WHERE nome_tipo_token = "numeral"), @id_arquivo_var);
INSERT IGNORE INTO tokens (nome_token, acentuada, id_tipo_token, id_tipo_token_spaCy, id_arquivo_fonte) VALUES ("604", "604", (SELECT id_tipo_token FROM classificacoes_tokens WHERE BINARY nome_token = "604" UNION (SELECT id_chave_tipo_token FROM tipos_tokens WHERE nome_tipo_token = 'indeterminado') LIMIT 1), (SELECT id_chave_tipo_token FROM tipos_tokens WHERE nome_tipo_token = "numeral" UNION (SELECT id_chave_tipo_token FROM tipos_tokens WHERE nome_tipo_token = 'indeterminado') LIMIT 1), @id_arquivo_var);
  INSERT IGNORE INTO tokens (nome_token, acentuada, id_tipo_token, id_tipo_token_spaCy, id_arquivo_fonte) VALUES ("cardiorrespiratoria", "cardiorrespiratória", (SELECT id_tipo_token FROM classificacoes_tokens WHERE BINARY nome_token = "cardiorrespiratória" UNION (SELECT id_chave_tipo_token FROM tipos_tokens WHERE nome_tipo_token = 'indeterminado') LIMIT 1), (SELECT id_chave_tipo_token FROM tipos_tokens WHERE nome_tipo_token = "adjetivo" UNION (SELECT id_chave_tipo_token FROM tipos_tokens WHERE nome_tipo_token = 'indeterminado') LIMIT 1), @id_arquivo_var);
  INSERT IGNORE INTO tokens (nome_token, acentuada, id_tipo_token, id_tipo_token_spaCy, id_arquivo_fonte) VALUES ("parada", "parada", (SELECT id_tipo_token FROM classificacoes_tokens WHERE BINARY nome_token = "parada" UNION (SELECT id_chave_tipo_token FROM tipos_tokens WHERE nome_tipo_token = 'indeterminado') LIMIT 1), (SELECT id_chave_tipo_token FROM tipos_tokens WHERE nome_tipo_token = "substantivo" UNION (SELECT id_chave_tipo_token FROM tipos_tokens WHERE nome_tipo_token = 'indeterminado') LIMIT 1), @id_arquivo_var);
  INSERT IGNORE INTO tokens (nome_token, acentuada, id_tipo_token, id_tipo_token_spaCy, id_arquivo_fonte) VALUES ("niveis", "níveis", (SELECT id_tipo_token FROM classificacoes_tokens WHERE BINARY nome_token = "níveis" UNION (SELECT id_chave_tipo_token FROM tipos_tokens WHERE nome_tipo_token = 'indeterminado') LIMIT 1), (SELECT id_chave_tipo_token FROM tipos_tokens WHERE nome_tipo_token = "substantivo" UNION (SELECT id_chave_tipo_token FROM tipos_tokens WHERE nome_tipo_token = 'indeterminado') LIMIT 1), @id_arquivo_var);
  INSERT IGNORE INTO classificacoes_tokens (nome_token, id_tipo_token, id_arquivo_fonte) VALUES ("601", (SELECT id_chave_tipo_token FROM tipos_tokens WHERE nome_tipo_token = "numeral"), @id_arquivo_var);
INSERT IGNORE INTO tokens (nome_token, acentuada, id_tipo_token, id_tipo_token_spaCy, id_arquivo_fonte) VALUES ("601", "601", (SELECT id_tipo_token FROM classificacoes_tokens WHERE BINARY nome_token = "601" UNION (SELECT id_chave_tipo_token FROM tipos_tokens WHERE nome_tipo_token = 'indeterminado') LIMIT 1), (SELECT id_chave_tipo_token FROM tipos_tokens WHERE nome_tipo_token = "numeral" UNION (SELECT id_chave_tipo_token FROM tipos_tokens WHERE nome_tipo_token = 'indeterminado') LIMIT 1), @id_arquivo_var);
  INSERT IGNORE INTO tokens (nome_token, acentuada, id_tipo_token, id_tipo_token_spaCy, id_arquivo_fonte) VALUES ("reflexologia", "reflexologia", (SELECT id_tipo_token FROM classificacoes_tokens WHERE BINARY nome_token = "reflexologia" UNION (SELECT id_chave_tipo_token FROM tipos_tokens WHERE nome_tipo_token = 'indeterminado') LIMIT 1), (SELECT id_chave_tipo_token FROM tipos_tokens WHERE nome_tipo_token = "substantivo" UNION (SELECT id_chave_tipo_token FROM tipos_tokens WHERE nome_tipo_token = 'indeterminado') LIMIT 1), @id_arquivo_var);
  INSERT IGNORE INTO classificacoes_tokens (nome_token, id_tipo_token, id_arquivo_fonte) VALUES ("501", (SELECT id_chave_tipo_token FROM tipos_tokens WHERE nome_tipo_token = "numeral"), @id_arquivo_var);
INSERT IGNORE INTO tokens (nome_token, acentuada, id_tipo_token, id_tipo_token_spaCy, id_arquivo_fonte) VALUES ("501", "501", (SELECT id_tipo_token FROM classificacoes_tokens WHERE BINARY nome_token = "501" UNION (SELECT id_chave_tipo_token FROM tipos_tokens WHERE nome_tipo_token = 'indeterminado') LIMIT 1), (SELECT id_chave_tipo_token FROM tipos_tokens WHERE nome_tipo_token = "numeral" UNION (SELECT id_chave_tipo_token FROM tipos_tokens WHERE nome_tipo_token = 'indeterminado') LIMIT 1), @id_arquivo_var);
  INSERT IGNORE INTO tokens (nome_token, acentuada, id_tipo_token, id_tipo_token_spaCy, id_arquivo_fonte) VALUES ("relaxante", "relaxante", (SELECT id_tipo_token FROM classificacoes_tokens WHERE BINARY nome_token = "relaxante" UNION (SELECT id_chave_tipo_token FROM tipos_tokens WHERE nome_tipo_token = 'indeterminado') LIMIT 1), (SELECT id_chave_tipo_token FROM tipos_tokens WHERE nome_tipo_token = "adverbio" UNION (SELECT id_chave_tipo_token FROM tipos_tokens WHERE nome_tipo_token = 'indeterminado') LIMIT 1), @id_arquivo_var);
  INSERT IGNORE INTO tokens (nome_token, acentuada, id_tipo_token, id_tipo_token_spaCy, id_arquivo_fonte) VALUES ("venoso", "venoso", (SELECT id_tipo_token FROM classificacoes_tokens WHERE BINARY nome_token = "venoso" UNION (SELECT id_chave_tipo_token FROM tipos_tokens WHERE nome_tipo_token = 'indeterminado') LIMIT 1), (SELECT id_chave_tipo_token FROM tipos_tokens WHERE nome_tipo_token = "adjetivo" UNION (SELECT id_chave_tipo_token FROM tipos_tokens WHERE nome_tipo_token = 'indeterminado') LIMIT 1), @id_arquivo_var);
  INSERT IGNORE INTO tokens (nome_token, acentuada, id_tipo_token, id_tipo_token_spaCy, id_arquivo_fonte) VALUES ("eficiencia", "eficiência", (SELECT id_tipo_token FROM classificacoes_tokens WHERE BINARY nome_token = "eficiência" UNION (SELECT id_chave_tipo_token FROM tipos_tokens WHERE nome_tipo_token = 'indeterminado') LIMIT 1), (SELECT id_chave_tipo_token FROM tipos_tokens WHERE nome_tipo_token = "substantivo" UNION (SELECT id_chave_tipo_token FROM tipos_tokens WHERE nome_tipo_token = 'indeterminado') LIMIT 1), @id_arquivo_var);
  INSERT IGNORE INTO classificacoes_tokens (nome_token, id_tipo_token, id_arquivo_fonte) VALUES ("496", (SELECT id_chave_tipo_token FROM tipos_tokens WHERE nome_tipo_token = "numeral"), @id_arquivo_var);
INSERT IGNORE INTO tokens (nome_token, acentuada, id_tipo_token, id_tipo_token_spaCy, id_arquivo_fonte) VALUES ("496", "496", (SELECT id_tipo_token FROM classificacoes_tokens WHERE BINARY nome_token = "496" UNION (SELECT id_chave_tipo_token FROM tipos_tokens WHERE nome_tipo_token = 'indeterminado') LIMIT 1), (SELECT id_chave_tipo_token FROM tipos_tokens WHERE nome_tipo_token = "numeral" UNION (SELECT id_chave_tipo_token FROM tipos_tokens WHERE nome_tipo_token = 'indeterminado') LIMIT 1), @id_arquivo_var);
  INSERT IGNORE INTO tokens (nome_token, acentuada, id_tipo_token, id_tipo_token_spaCy, id_arquivo_fonte) VALUES ("nivel", "nível", (SELECT id_tipo_token FROM classificacoes_tokens WHERE BINARY nome_token = "nível" UNION (SELECT id_chave_tipo_token FROM tipos_tokens WHERE nome_tipo_token = 'indeterminado') LIMIT 1), (SELECT id_chave_tipo_token FROM tipos_tokens WHERE nome_tipo_token = "substantivo" UNION (SELECT id_chave_tipo_token FROM tipos_tokens WHERE nome_tipo_token = 'indeterminado') LIMIT 1), @id_arquivo_var);
  INSERT IGNORE INTO classificacoes_tokens (nome_token, id_tipo_token, id_arquivo_fonte) VALUES ("442", (SELECT id_chave_tipo_token FROM tipos_tokens WHERE nome_tipo_token = "numeral"), @id_arquivo_var);
INSERT IGNORE INTO tokens (nome_token, acentuada, id_tipo_token, id_tipo_token_spaCy, id_arquivo_fonte) VALUES ("442", "442", (SELECT id_tipo_token FROM classificacoes_tokens WHERE BINARY nome_token = "442" UNION (SELECT id_chave_tipo_token FROM tipos_tokens WHERE nome_tipo_token = 'indeterminado') LIMIT 1), (SELECT id_chave_tipo_token FROM tipos_tokens WHERE nome_tipo_token = "numeral" UNION (SELECT id_chave_tipo_token FROM tipos_tokens WHERE nome_tipo_token = 'indeterminado') LIMIT 1), @id_arquivo_var);
  INSERT IGNORE INTO classificacoes_tokens (nome_token, id_tipo_token, id_arquivo_fonte) VALUES ("353", (SELECT id_chave_tipo_token FROM tipos_tokens WHERE nome_tipo_token = "numeral"), @id_arquivo_var);
INSERT IGNORE INTO tokens (nome_token, acentuada, id_tipo_token, id_tipo_token_spaCy, id_arquivo_fonte) VALUES ("353", "353", (SELECT id_tipo_token FROM classificacoes_tokens WHERE BINARY nome_token = "353" UNION (SELECT id_chave_tipo_token FROM tipos_tokens WHERE nome_tipo_token = 'indeterminado') LIMIT 1), (SELECT id_chave_tipo_token FROM tipos_tokens WHERE nome_tipo_token = "numeral" UNION (SELECT id_chave_tipo_token FROM tipos_tokens WHERE nome_tipo_token = 'indeterminado') LIMIT 1), @id_arquivo_var);
  INSERT IGNORE INTO tokens (nome_token, acentuada, id_tipo_token, id_tipo_token_spaCy, id_arquivo_fonte) VALUES ("manual", "manual", (SELECT id_tipo_token FROM classificacoes_tokens WHERE BINARY nome_token = "manual" UNION (SELECT id_chave_tipo_token FROM tipos_tokens WHERE nome_tipo_token = 'indeterminado') LIMIT 1), (SELECT id_chave_tipo_token FROM tipos_tokens WHERE nome_tipo_token = "adjetivo" UNION (SELECT id_chave_tipo_token FROM tipos_tokens WHERE nome_tipo_token = 'indeterminado') LIMIT 1), @id_arquivo_var);
  INSERT IGNORE INTO tokens (nome_token, acentuada, id_tipo_token, id_tipo_token_spaCy, id_arquivo_fonte) VALUES ("linfatica", "linfática", (SELECT id_tipo_token FROM classificacoes_tokens WHERE BINARY nome_token = "linfática" UNION (SELECT id_chave_tipo_token FROM tipos_tokens WHERE nome_tipo_token = 'indeterminado') LIMIT 1), (SELECT id_chave_tipo_token FROM tipos_tokens WHERE nome_tipo_token = "adjetivo" UNION (SELECT id_chave_tipo_token FROM tipos_tokens WHERE nome_tipo_token = 'indeterminado') LIMIT 1), @id_arquivo_var);
  INSERT IGNORE INTO tokens (nome_token, acentuada, id_tipo_token, id_tipo_token_spaCy, id_arquivo_fonte) VALUES ("drenagem", "drenagem", (SELECT id_tipo_token FROM classificacoes_tokens WHERE BINARY nome_token = "drenagem" UNION (SELECT id_chave_tipo_token FROM tipos_tokens WHERE nome_tipo_token = 'indeterminado') LIMIT 1), (SELECT id_chave_tipo_token FROM tipos_tokens WHERE nome_tipo_token = "substantivo" UNION (SELECT id_chave_tipo_token FROM tipos_tokens WHERE nome_tipo_token = 'indeterminado') LIMIT 1), @id_arquivo_var);
  INSERT IGNORE INTO classificacoes_tokens (nome_token, id_tipo_token, id_arquivo_fonte) VALUES ("2493", (SELECT id_chave_tipo_token FROM tipos_tokens WHERE nome_tipo_token = "numeral"), @id_arquivo_var);
INSERT IGNORE INTO tokens (nome_token, acentuada, id_tipo_token, id_tipo_token_spaCy, id_arquivo_fonte) VALUES ("2493", "2493", (SELECT id_tipo_token FROM classificacoes_tokens WHERE BINARY nome_token = "2493" UNION (SELECT id_chave_tipo_token FROM tipos_tokens WHERE nome_tipo_token = 'indeterminado') LIMIT 1), (SELECT id_chave_tipo_token FROM tipos_tokens WHERE nome_tipo_token = "numeral" UNION (SELECT id_chave_tipo_token FROM tipos_tokens WHERE nome_tipo_token = 'indeterminado') LIMIT 1), @id_arquivo_var);
  INSERT IGNORE INTO tokens (nome_token, acentuada, id_tipo_token, id_tipo_token_spaCy, id_arquivo_fonte) VALUES ("bucal", "bucal", (SELECT id_tipo_token FROM classificacoes_tokens WHERE BINARY nome_token = "bucal" UNION (SELECT id_chave_tipo_token FROM tipos_tokens WHERE nome_tipo_token = 'indeterminado') LIMIT 1), (SELECT id_chave_tipo_token FROM tipos_tokens WHERE nome_tipo_token = "adjetivo" UNION (SELECT id_chave_tipo_token FROM tipos_tokens WHERE nome_tipo_token = 'indeterminado') LIMIT 1), @id_arquivo_var);
  INSERT IGNORE INTO classificacoes_tokens (nome_token, id_tipo_token, id_arquivo_fonte) VALUES ("359", (SELECT id_chave_tipo_token FROM tipos_tokens WHERE nome_tipo_token = "numeral"), @id_arquivo_var);
INSERT IGNORE INTO tokens (nome_token, acentuada, id_tipo_token, id_tipo_token_spaCy, id_arquivo_fonte) VALUES ("359", "359", (SELECT id_tipo_token FROM classificacoes_tokens WHERE BINARY nome_token = "359" UNION (SELECT id_chave_tipo_token FROM tipos_tokens WHERE nome_tipo_token = 'indeterminado') LIMIT 1), (SELECT id_chave_tipo_token FROM tipos_tokens WHERE nome_tipo_token = "numeral" UNION (SELECT id_chave_tipo_token FROM tipos_tokens WHERE nome_tipo_token = 'indeterminado') LIMIT 1), @id_arquivo_var);
  INSERT IGNORE INTO tokens (nome_token, acentuada, id_tipo_token, id_tipo_token_spaCy, id_arquivo_fonte) VALUES ("geriatrica", "geriátrica", (SELECT id_tipo_token FROM classificacoes_tokens WHERE BINARY nome_token = "geriátrica" UNION (SELECT id_chave_tipo_token FROM tipos_tokens WHERE nome_tipo_token = 'indeterminado') LIMIT 1), (SELECT id_chave_tipo_token FROM tipos_tokens WHERE nome_tipo_token = "adjetivo" UNION (SELECT id_chave_tipo_token FROM tipos_tokens WHERE nome_tipo_token = 'indeterminado') LIMIT 1), @id_arquivo_var);
  INSERT IGNORE INTO classificacoes_tokens (nome_token, id_tipo_token, id_arquivo_fonte) VALUES ("356", (SELECT id_chave_tipo_token FROM tipos_tokens WHERE nome_tipo_token = "numeral"), @id_arquivo_var);
INSERT IGNORE INTO tokens (nome_token, acentuada, id_tipo_token, id_tipo_token_spaCy, id_arquivo_fonte) VALUES ("356", "356", (SELECT id_tipo_token FROM classificacoes_tokens WHERE BINARY nome_token = "356" UNION (SELECT id_chave_tipo_token FROM tipos_tokens WHERE nome_tipo_token = 'indeterminado') LIMIT 1), (SELECT id_chave_tipo_token FROM tipos_tokens WHERE nome_tipo_token = "numeral" UNION (SELECT id_chave_tipo_token FROM tipos_tokens WHERE nome_tipo_token = 'indeterminado') LIMIT 1), @id_arquivo_var);
  INSERT IGNORE INTO tokens (nome_token, acentuada, id_tipo_token, id_tipo_token_spaCy, id_arquivo_fonte) VALUES ("pindas", "pindas", (SELECT id_tipo_token FROM classificacoes_tokens WHERE BINARY nome_token = "pindas" UNION (SELECT id_chave_tipo_token FROM tipos_tokens WHERE nome_tipo_token = 'indeterminado') LIMIT 1), (SELECT id_chave_tipo_token FROM tipos_tokens WHERE nome_tipo_token = "verbo" UNION (SELECT id_chave_tipo_token FROM tipos_tokens WHERE nome_tipo_token = 'indeterminado') LIMIT 1), @id_arquivo_var);
  INSERT IGNORE INTO tokens (nome_token, acentuada, id_tipo_token, id_tipo_token_spaCy, id_arquivo_fonte) VALUES ("quentes", "quentes", (SELECT id_tipo_token FROM classificacoes_tokens WHERE BINARY nome_token = "quentes" UNION (SELECT id_chave_tipo_token FROM tipos_tokens WHERE nome_tipo_token = 'indeterminado') LIMIT 1), (SELECT id_chave_tipo_token FROM tipos_tokens WHERE nome_tipo_token = "adjetivo" UNION (SELECT id_chave_tipo_token FROM tipos_tokens WHERE nome_tipo_token = 'indeterminado') LIMIT 1), @id_arquivo_var);
  INSERT IGNORE INTO tokens (nome_token, acentuada, id_tipo_token, id_tipo_token_spaCy, id_arquivo_fonte) VALUES ("pedras", "pedras", (SELECT id_tipo_token FROM classificacoes_tokens WHERE BINARY nome_token = "pedras" UNION (SELECT id_chave_tipo_token FROM tipos_tokens WHERE nome_tipo_token = 'indeterminado') LIMIT 1), (SELECT id_chave_tipo_token FROM tipos_tokens WHERE nome_tipo_token = "substantivo" UNION (SELECT id_chave_tipo_token FROM tipos_tokens WHERE nome_tipo_token = 'indeterminado') LIMIT 1), @id_arquivo_var);
  INSERT IGNORE INTO tokens (nome_token, acentuada, id_tipo_token, id_tipo_token_spaCy, id_arquivo_fonte) VALUES ("modeladora", "modeladora", (SELECT id_tipo_token FROM classificacoes_tokens WHERE BINARY nome_token = "modeladora" UNION (SELECT id_chave_tipo_token FROM tipos_tokens WHERE nome_tipo_token = 'indeterminado') LIMIT 1), (SELECT id_chave_tipo_token FROM tipos_tokens WHERE nome_tipo_token = "adjetivo" UNION (SELECT id_chave_tipo_token FROM tipos_tokens WHERE nome_tipo_token = 'indeterminado') LIMIT 1), @id_arquivo_var);
  INSERT IGNORE INTO tokens (nome_token, acentuada, id_tipo_token, id_tipo_token_spaCy, id_arquivo_fonte) VALUES ("estetica", "estética", (SELECT id_tipo_token FROM classificacoes_tokens WHERE BINARY nome_token = "estética" UNION (SELECT id_chave_tipo_token FROM tipos_tokens WHERE nome_tipo_token = 'indeterminado') LIMIT 1), (SELECT id_chave_tipo_token FROM tipos_tokens WHERE nome_tipo_token = "adjetivo" UNION (SELECT id_chave_tipo_token FROM tipos_tokens WHERE nome_tipo_token = 'indeterminado') LIMIT 1), @id_arquivo_var);
  INSERT IGNORE INTO tokens (nome_token, acentuada, id_tipo_token, id_tipo_token_spaCy, id_arquivo_fonte) VALUES ("esportiva", "esportiva", (SELECT id_tipo_token FROM classificacoes_tokens WHERE BINARY nome_token = "esportiva" UNION (SELECT id_chave_tipo_token FROM tipos_tokens WHERE nome_tipo_token = 'indeterminado') LIMIT 1), (SELECT id_chave_tipo_token FROM tipos_tokens WHERE nome_tipo_token = "adjetivo" UNION (SELECT id_chave_tipo_token FROM tipos_tokens WHERE nome_tipo_token = 'indeterminado') LIMIT 1), @id_arquivo_var);
  INSERT IGNORE INTO tokens (nome_token, acentuada, id_tipo_token, id_tipo_token_spaCy, id_arquivo_fonte) VALUES ("podologia", "podologia", (SELECT id_tipo_token FROM classificacoes_tokens WHERE BINARY nome_token = "podologia" UNION (SELECT id_chave_tipo_token FROM tipos_tokens WHERE nome_tipo_token = 'indeterminado') LIMIT 1), (SELECT id_chave_tipo_token FROM tipos_tokens WHERE nome_tipo_token = "substantivo" UNION (SELECT id_chave_tipo_token FROM tipos_tokens WHERE nome_tipo_token = 'indeterminado') LIMIT 1), @id_arquivo_var);
  INSERT IGNORE INTO classificacoes_tokens (nome_token, id_tipo_token, id_arquivo_fonte) VALUES ("2444", (SELECT id_chave_tipo_token FROM tipos_tokens WHERE nome_tipo_token = "numeral"), @id_arquivo_var);
INSERT IGNORE INTO tokens (nome_token, acentuada, id_tipo_token, id_tipo_token_spaCy, id_arquivo_fonte) VALUES ("2444", "2444", (SELECT id_tipo_token FROM classificacoes_tokens WHERE BINARY nome_token = "2444" UNION (SELECT id_chave_tipo_token FROM tipos_tokens WHERE nome_tipo_token = 'indeterminado') LIMIT 1), (SELECT id_chave_tipo_token FROM tipos_tokens WHERE nome_tipo_token = "numeral" UNION (SELECT id_chave_tipo_token FROM tipos_tokens WHERE nome_tipo_token = 'indeterminado') LIMIT 1), @id_arquivo_var);
  INSERT IGNORE INTO classificacoes_tokens (nome_token, id_tipo_token, id_arquivo_fonte) VALUES ("351", (SELECT id_chave_tipo_token FROM tipos_tokens WHERE nome_tipo_token = "numeral"), @id_arquivo_var);
INSERT IGNORE INTO tokens (nome_token, acentuada, id_tipo_token, id_tipo_token_spaCy, id_arquivo_fonte) VALUES ("351", "351", (SELECT id_tipo_token FROM classificacoes_tokens WHERE BINARY nome_token = "351" UNION (SELECT id_chave_tipo_token FROM tipos_tokens WHERE nome_tipo_token = 'indeterminado') LIMIT 1), (SELECT id_chave_tipo_token FROM tipos_tokens WHERE nome_tipo_token = "numeral" UNION (SELECT id_chave_tipo_token FROM tipos_tokens WHERE nome_tipo_token = 'indeterminado') LIMIT 1), @id_arquivo_var);
  INSERT IGNORE INTO tokens (nome_token, acentuada, id_tipo_token, id_tipo_token_spaCy, id_arquivo_fonte) VALUES ("oleos", "óleos", (SELECT id_tipo_token FROM classificacoes_tokens WHERE BINARY nome_token = "óleos" UNION (SELECT id_chave_tipo_token FROM tipos_tokens WHERE nome_tipo_token = 'indeterminado') LIMIT 1), (SELECT id_chave_tipo_token FROM tipos_tokens WHERE nome_tipo_token = "substantivo" UNION (SELECT id_chave_tipo_token FROM tipos_tokens WHERE nome_tipo_token = 'indeterminado') LIMIT 1), @id_arquivo_var);
  INSERT IGNORE INTO tokens (nome_token, acentuada, id_tipo_token, id_tipo_token_spaCy, id_arquivo_fonte) VALUES ("corpo", "corpo", (SELECT id_tipo_token FROM classificacoes_tokens WHERE BINARY nome_token = "corpo" UNION (SELECT id_chave_tipo_token FROM tipos_tokens WHERE nome_tipo_token = 'indeterminado') LIMIT 1), (SELECT id_chave_tipo_token FROM tipos_tokens WHERE nome_tipo_token = "substantivo" UNION (SELECT id_chave_tipo_token FROM tipos_tokens WHERE nome_tipo_token = 'indeterminado') LIMIT 1), @id_arquivo_var);
  INSERT IGNORE INTO tokens (nome_token, acentuada, id_tipo_token, id_tipo_token_spaCy, id_arquivo_fonte) VALUES ("manchas", "manchas", (SELECT id_tipo_token FROM classificacoes_tokens WHERE BINARY nome_token = "manchas" UNION (SELECT id_chave_tipo_token FROM tipos_tokens WHERE nome_tipo_token = 'indeterminado') LIMIT 1), (SELECT id_chave_tipo_token FROM tipos_tokens WHERE nome_tipo_token = "substantivo" UNION (SELECT id_chave_tipo_token FROM tipos_tokens WHERE nome_tipo_token = 'indeterminado') LIMIT 1), @id_arquivo_var);
  INSERT IGNORE INTO tokens (nome_token, acentuada, id_tipo_token, id_tipo_token_spaCy, id_arquivo_fonte) VALUES ("clareamento", "clareamento", (SELECT id_tipo_token FROM classificacoes_tokens WHERE BINARY nome_token = "clareamento" UNION (SELECT id_chave_tipo_token FROM tipos_tokens WHERE nome_tipo_token = 'indeterminado') LIMIT 1), (SELECT id_chave_tipo_token FROM tipos_tokens WHERE nome_tipo_token = "substantivo" UNION (SELECT id_chave_tipo_token FROM tipos_tokens WHERE nome_tipo_token = 'indeterminado') LIMIT 1), @id_arquivo_var);
  INSERT IGNORE INTO tokens (nome_token, acentuada, id_tipo_token, id_tipo_token_spaCy, id_arquivo_fonte) VALUES ("rejuvenescimento", "rejuvenescimento", (SELECT id_tipo_token FROM classificacoes_tokens WHERE BINARY nome_token = "rejuvenescimento" UNION (SELECT id_chave_tipo_token FROM tipos_tokens WHERE nome_tipo_token = 'indeterminado') LIMIT 1), (SELECT id_chave_tipo_token FROM tipos_tokens WHERE nome_tipo_token = "substantivo" UNION (SELECT id_chave_tipo_token FROM tipos_tokens WHERE nome_tipo_token = 'indeterminado') LIMIT 1), @id_arquivo_var);
  INSERT IGNORE INTO tokens (nome_token, acentuada, id_tipo_token, id_tipo_token_spaCy, id_arquivo_fonte) VALUES ("farmaceutica", "farmacêutica", (SELECT id_tipo_token FROM classificacoes_tokens WHERE BINARY nome_token = "farmacêutica" UNION (SELECT id_chave_tipo_token FROM tipos_tokens WHERE nome_tipo_token = 'indeterminado') LIMIT 1), (SELECT id_chave_tipo_token FROM tipos_tokens WHERE nome_tipo_token = "adjetivo" UNION (SELECT id_chave_tipo_token FROM tipos_tokens WHERE nome_tipo_token = 'indeterminado') LIMIT 1), @id_arquivo_var);
  INSERT IGNORE INTO tokens (nome_token, acentuada, id_tipo_token, id_tipo_token_spaCy, id_arquivo_fonte) VALUES ("utilizados", "utilizados", (SELECT id_tipo_token FROM classificacoes_tokens WHERE BINARY nome_token = "utilizados" UNION (SELECT id_chave_tipo_token FROM tipos_tokens WHERE nome_tipo_token = 'indeterminado') LIMIT 1), (SELECT id_chave_tipo_token FROM tipos_tokens WHERE nome_tipo_token = "verbo" UNION (SELECT id_chave_tipo_token FROM tipos_tokens WHERE nome_tipo_token = 'indeterminado') LIMIT 1), @id_arquivo_var);
  INSERT IGNORE INTO classificacoes_tokens (nome_token, id_tipo_token, id_arquivo_fonte) VALUES ("288", (SELECT id_chave_tipo_token FROM tipos_tokens WHERE nome_tipo_token = "numeral"), @id_arquivo_var);
INSERT IGNORE INTO tokens (nome_token, acentuada, id_tipo_token, id_tipo_token_spaCy, id_arquivo_fonte) VALUES ("288", "288", (SELECT id_tipo_token FROM classificacoes_tokens WHERE BINARY nome_token = "288" UNION (SELECT id_chave_tipo_token FROM tipos_tokens WHERE nome_tipo_token = 'indeterminado') LIMIT 1), (SELECT id_chave_tipo_token FROM tipos_tokens WHERE nome_tipo_token = "numeral" UNION (SELECT id_chave_tipo_token FROM tipos_tokens WHERE nome_tipo_token = 'indeterminado') LIMIT 1), @id_arquivo_var);
  INSERT IGNORE INTO tokens (nome_token, acentuada, id_tipo_token, id_tipo_token_spaCy, id_arquivo_fonte) VALUES ("procedimento", "procedimento", (SELECT id_tipo_token FROM classificacoes_tokens WHERE BINARY nome_token = "procedimento" UNION (SELECT id_chave_tipo_token FROM tipos_tokens WHERE nome_tipo_token = 'indeterminado') LIMIT 1), (SELECT id_chave_tipo_token FROM tipos_tokens WHERE nome_tipo_token = "substantivo" UNION (SELECT id_chave_tipo_token FROM tipos_tokens WHERE nome_tipo_token = 'indeterminado') LIMIT 1), @id_arquivo_var);
  INSERT IGNORE INTO tokens (nome_token, acentuada, id_tipo_token, id_tipo_token_spaCy, id_arquivo_fonte) VALUES ("eletrocardiograma", "eletrocardiograma", (SELECT id_tipo_token FROM classificacoes_tokens WHERE BINARY nome_token = "eletrocardiograma" UNION (SELECT id_chave_tipo_token FROM tipos_tokens WHERE nome_tipo_token = 'indeterminado') LIMIT 1), (SELECT id_chave_tipo_token FROM tipos_tokens WHERE nome_tipo_token = "substantivo" UNION (SELECT id_chave_tipo_token FROM tipos_tokens WHERE nome_tipo_token = 'indeterminado') LIMIT 1), @id_arquivo_var);
  INSERT IGNORE INTO tokens (nome_token, acentuada, id_tipo_token, id_tipo_token_spaCy, id_arquivo_fonte) VALUES ("master", "master", (SELECT id_tipo_token FROM classificacoes_tokens WHERE BINARY nome_token = "master" UNION (SELECT id_chave_tipo_token FROM tipos_tokens WHERE nome_tipo_token = 'indeterminado') LIMIT 1), (SELECT id_chave_tipo_token FROM tipos_tokens WHERE nome_tipo_token = "verbo" UNION (SELECT id_chave_tipo_token FROM tipos_tokens WHERE nome_tipo_token = 'indeterminado') LIMIT 1), @id_arquivo_var);
  INSERT IGNORE INTO tokens (nome_token, acentuada, id_tipo_token, id_tipo_token_spaCy, id_arquivo_fonte) VALUES ("reiki", "reiki", (SELECT id_tipo_token FROM classificacoes_tokens WHERE BINARY nome_token = "reiki" UNION (SELECT id_chave_tipo_token FROM tipos_tokens WHERE nome_tipo_token = 'indeterminado') LIMIT 1), (SELECT id_chave_tipo_token FROM tipos_tokens WHERE nome_tipo_token = "verbo" UNION (SELECT id_chave_tipo_token FROM tipos_tokens WHERE nome_tipo_token = 'indeterminado') LIMIT 1), @id_arquivo_var);
  INSERT IGNORE INTO tokens (nome_token, acentuada, id_tipo_token, id_tipo_token_spaCy, id_arquivo_fonte) VALUES ("atualizacao", "atualização", (SELECT id_tipo_token FROM classificacoes_tokens WHERE BINARY nome_token = "atualização" UNION (SELECT id_chave_tipo_token FROM tipos_tokens WHERE nome_tipo_token = 'indeterminado') LIMIT 1), (SELECT id_chave_tipo_token FROM tipos_tokens WHERE nome_tipo_token = "substantivo" UNION (SELECT id_chave_tipo_token FROM tipos_tokens WHERE nome_tipo_token = 'indeterminado') LIMIT 1), @id_arquivo_var);
  INSERT IGNORE INTO tokens (nome_token, acentuada, id_tipo_token, id_tipo_token_spaCy, id_arquivo_fonte) VALUES ("idosos", "idosos", (SELECT id_tipo_token FROM classificacoes_tokens WHERE BINARY nome_token = "idosos" UNION (SELECT id_chave_tipo_token FROM tipos_tokens WHERE nome_tipo_token = 'indeterminado') LIMIT 1), (SELECT id_chave_tipo_token FROM tipos_tokens WHERE nome_tipo_token = "substantivo" UNION (SELECT id_chave_tipo_token FROM tipos_tokens WHERE nome_tipo_token = 'indeterminado') LIMIT 1), @id_arquivo_var);
  INSERT IGNORE INTO tokens (nome_token, acentuada, id_tipo_token, id_tipo_token_spaCy, id_arquivo_fonte) VALUES ("especiais", "especiais", (SELECT id_tipo_token FROM classificacoes_tokens WHERE BINARY nome_token = "especiais" UNION (SELECT id_chave_tipo_token FROM tipos_tokens WHERE nome_tipo_token = 'indeterminado') LIMIT 1), (SELECT id_chave_tipo_token FROM tipos_tokens WHERE nome_tipo_token = "adjetivo" UNION (SELECT id_chave_tipo_token FROM tipos_tokens WHERE nome_tipo_token = 'indeterminado') LIMIT 1), @id_arquivo_var);
  INSERT IGNORE INTO tokens (nome_token, acentuada, id_tipo_token, id_tipo_token_spaCy, id_arquivo_fonte) VALUES ("gatos", "gatos", (SELECT id_tipo_token FROM classificacoes_tokens WHERE BINARY nome_token = "gatos" UNION (SELECT id_chave_tipo_token FROM tipos_tokens WHERE nome_tipo_token = 'indeterminado') LIMIT 1), (SELECT id_chave_tipo_token FROM tipos_tokens WHERE nome_tipo_token = "substantivo" UNION (SELECT id_chave_tipo_token FROM tipos_tokens WHERE nome_tipo_token = 'indeterminado') LIMIT 1), @id_arquivo_var);
  INSERT IGNORE INTO tokens (nome_token, acentuada, id_tipo_token, id_tipo_token_spaCy, id_arquivo_fonte) VALUES ("caes", "cães", (SELECT id_tipo_token FROM classificacoes_tokens WHERE BINARY nome_token = "cães" UNION (SELECT id_chave_tipo_token FROM tipos_tokens WHERE nome_tipo_token = 'indeterminado') LIMIT 1), (SELECT id_chave_tipo_token FROM tipos_tokens WHERE nome_tipo_token = "substantivo" UNION (SELECT id_chave_tipo_token FROM tipos_tokens WHERE nome_tipo_token = 'indeterminado') LIMIT 1), @id_arquivo_var);
  INSERT IGNORE INTO tokens (nome_token, acentuada, id_tipo_token, id_tipo_token_spaCy, id_arquivo_fonte) VALUES ("veterinarias", "veterinárias", (SELECT id_tipo_token FROM classificacoes_tokens WHERE BINARY nome_token = "veterinárias" UNION (SELECT id_chave_tipo_token FROM tipos_tokens WHERE nome_tipo_token = 'indeterminado') LIMIT 1), (SELECT id_chave_tipo_token FROM tipos_tokens WHERE nome_tipo_token = "substantivo" UNION (SELECT id_chave_tipo_token FROM tipos_tokens WHERE nome_tipo_token = 'indeterminado') LIMIT 1), @id_arquivo_var);
  INSERT IGNORE INTO tokens (nome_token, acentuada, id_tipo_token, id_tipo_token_spaCy, id_arquivo_fonte) VALUES ("formulas", "fórmulas", (SELECT id_tipo_token FROM classificacoes_tokens WHERE BINARY nome_token = "fórmulas" UNION (SELECT id_chave_tipo_token FROM tipos_tokens WHERE nome_tipo_token = 'indeterminado') LIMIT 1), (SELECT id_chave_tipo_token FROM tipos_tokens WHERE nome_tipo_token = "substantivo" UNION (SELECT id_chave_tipo_token FROM tipos_tokens WHERE nome_tipo_token = 'indeterminado') LIMIT 1), @id_arquivo_var);
  INSERT IGNORE INTO tokens (nome_token, acentuada, id_tipo_token, id_tipo_token_spaCy, id_arquivo_fonte) VALUES ("meditativas", "meditativas", (SELECT id_tipo_token FROM classificacoes_tokens WHERE BINARY nome_token = "meditativas" UNION (SELECT id_chave_tipo_token FROM tipos_tokens WHERE nome_tipo_token = 'indeterminado') LIMIT 1), (SELECT id_chave_tipo_token FROM tipos_tokens WHERE nome_tipo_token = "adjetivo" UNION (SELECT id_chave_tipo_token FROM tipos_tokens WHERE nome_tipo_token = 'indeterminado') LIMIT 1), @id_arquivo_var);
  INSERT IGNORE INTO classificacoes_tokens (nome_token, id_tipo_token, id_arquivo_fonte) VALUES ("221", (SELECT id_chave_tipo_token FROM tipos_tokens WHERE nome_tipo_token = "numeral"), @id_arquivo_var);
INSERT IGNORE INTO tokens (nome_token, acentuada, id_tipo_token, id_tipo_token_spaCy, id_arquivo_fonte) VALUES ("221", "221", (SELECT id_tipo_token FROM classificacoes_tokens WHERE BINARY nome_token = "221" UNION (SELECT id_chave_tipo_token FROM tipos_tokens WHERE nome_tipo_token = 'indeterminado') LIMIT 1), (SELECT id_chave_tipo_token FROM tipos_tokens WHERE nome_tipo_token = "numeral" UNION (SELECT id_chave_tipo_token FROM tipos_tokens WHERE nome_tipo_token = 'indeterminado') LIMIT 1), @id_arquivo_var);
  INSERT IGNORE INTO tokens (nome_token, acentuada, id_tipo_token, id_tipo_token_spaCy, id_arquivo_fonte) VALUES ("tradicional", "tradicional", (SELECT id_tipo_token FROM classificacoes_tokens WHERE BINARY nome_token = "tradicional" UNION (SELECT id_chave_tipo_token FROM tipos_tokens WHERE nome_tipo_token = 'indeterminado') LIMIT 1), (SELECT id_chave_tipo_token FROM tipos_tokens WHERE nome_tipo_token = "adjetivo" UNION (SELECT id_chave_tipo_token FROM tipos_tokens WHERE nome_tipo_token = 'indeterminado') LIMIT 1), @id_arquivo_var);
  INSERT IGNORE INTO tokens (nome_token, acentuada, id_tipo_token, id_tipo_token_spaCy, id_arquivo_fonte) VALUES ("medicina", "medicina", (SELECT id_tipo_token FROM classificacoes_tokens WHERE BINARY nome_token = "medicina" UNION (SELECT id_chave_tipo_token FROM tipos_tokens WHERE nome_tipo_token = 'indeterminado') LIMIT 1), (SELECT id_chave_tipo_token FROM tipos_tokens WHERE nome_tipo_token = "substantivo" UNION (SELECT id_chave_tipo_token FROM tipos_tokens WHERE nome_tipo_token = 'indeterminado') LIMIT 1), @id_arquivo_var);
  INSERT IGNORE INTO tokens (nome_token, acentuada, id_tipo_token, id_tipo_token_spaCy, id_arquivo_fonte) VALUES ("fundamentos", "fundamentos", (SELECT id_tipo_token FROM classificacoes_tokens WHERE BINARY nome_token = "fundamentos" UNION (SELECT id_chave_tipo_token FROM tipos_tokens WHERE nome_tipo_token = 'indeterminado') LIMIT 1), (SELECT id_chave_tipo_token FROM tipos_tokens WHERE nome_tipo_token = "substantivo" UNION (SELECT id_chave_tipo_token FROM tipos_tokens WHERE nome_tipo_token = 'indeterminado') LIMIT 1), @id_arquivo_var);
  INSERT IGNORE INTO tokens (nome_token, acentuada, id_tipo_token, id_tipo_token_spaCy, id_arquivo_fonte) VALUES ("humanizado", "humanizado", (SELECT id_tipo_token FROM classificacoes_tokens WHERE BINARY nome_token = "humanizado" UNION (SELECT id_chave_tipo_token FROM tipos_tokens WHERE nome_tipo_token = 'indeterminado') LIMIT 1), (SELECT id_chave_tipo_token FROM tipos_tokens WHERE nome_tipo_token = "verbo" UNION (SELECT id_chave_tipo_token FROM tipos_tokens WHERE nome_tipo_token = 'indeterminado') LIMIT 1), @id_arquivo_var);
  INSERT IGNORE INTO tokens (nome_token, acentuada, id_tipo_token, id_tipo_token_spaCy, id_arquivo_fonte) VALUES ("correcao", "correção", (SELECT id_tipo_token FROM classificacoes_tokens WHERE BINARY nome_token = "correção" UNION (SELECT id_chave_tipo_token FROM tipos_tokens WHERE nome_tipo_token = 'indeterminado') LIMIT 1), (SELECT id_chave_tipo_token FROM tipos_tokens WHERE nome_tipo_token = "substantivo" UNION (SELECT id_chave_tipo_token FROM tipos_tokens WHERE nome_tipo_token = 'indeterminado') LIMIT 1), @id_arquivo_var);
  INSERT IGNORE INTO tokens (nome_token, acentuada, id_tipo_token, id_tipo_token_spaCy, id_arquivo_fonte) VALUES ("copeiro", "copeiro", (SELECT id_tipo_token FROM classificacoes_tokens WHERE BINARY nome_token = "copeiro" UNION (SELECT id_chave_tipo_token FROM tipos_tokens WHERE nome_tipo_token = 'indeterminado') LIMIT 1), (SELECT id_chave_tipo_token FROM tipos_tokens WHERE nome_tipo_token = "substantivo" UNION (SELECT id_chave_tipo_token FROM tipos_tokens WHERE nome_tipo_token = 'indeterminado') LIMIT 1), @id_arquivo_var);
  INSERT IGNORE INTO classificacoes_tokens (nome_token, id_tipo_token, id_arquivo_fonte) VALUES ("2559", (SELECT id_chave_tipo_token FROM tipos_tokens WHERE nome_tipo_token = "numeral"), @id_arquivo_var);
INSERT IGNORE INTO tokens (nome_token, acentuada, id_tipo_token, id_tipo_token_spaCy, id_arquivo_fonte) VALUES ("2559", "2559", (SELECT id_tipo_token FROM classificacoes_tokens WHERE BINARY nome_token = "2559" UNION (SELECT id_chave_tipo_token FROM tipos_tokens WHERE nome_tipo_token = 'indeterminado') LIMIT 1), (SELECT id_chave_tipo_token FROM tipos_tokens WHERE nome_tipo_token = "numeral" UNION (SELECT id_chave_tipo_token FROM tipos_tokens WHERE nome_tipo_token = 'indeterminado') LIMIT 1), @id_arquivo_var);
  INSERT IGNORE INTO tokens (nome_token, acentuada, id_tipo_token, id_tipo_token_spaCy, id_arquivo_fonte) VALUES ("paciente", "paciente", (SELECT id_tipo_token FROM classificacoes_tokens WHERE BINARY nome_token = "paciente" UNION (SELECT id_chave_tipo_token FROM tipos_tokens WHERE nome_tipo_token = 'indeterminado') LIMIT 1), (SELECT id_chave_tipo_token FROM tipos_tokens WHERE nome_tipo_token = "adverbio" UNION (SELECT id_chave_tipo_token FROM tipos_tokens WHERE nome_tipo_token = 'indeterminado') LIMIT 1), @id_arquivo_var);
  INSERT IGNORE INTO tokens (nome_token, acentuada, id_tipo_token, id_tipo_token_spaCy, id_arquivo_fonte) VALUES ("doador", "doador", (SELECT id_tipo_token FROM classificacoes_tokens WHERE BINARY nome_token = "doador" UNION (SELECT id_chave_tipo_token FROM tipos_tokens WHERE nome_tipo_token = 'indeterminado') LIMIT 1), (SELECT id_chave_tipo_token FROM tipos_tokens WHERE nome_tipo_token = "substantivo" UNION (SELECT id_chave_tipo_token FROM tipos_tokens WHERE nome_tipo_token = 'indeterminado') LIMIT 1), @id_arquivo_var);
  INSERT IGNORE INTO tokens (nome_token, acentuada, id_tipo_token, id_tipo_token_spaCy, id_arquivo_fonte) VALUES ("hemoterapia", "hemoterapia", (SELECT id_tipo_token FROM classificacoes_tokens WHERE BINARY nome_token = "hemoterapia" UNION (SELECT id_chave_tipo_token FROM tipos_tokens WHERE nome_tipo_token = 'indeterminado') LIMIT 1), (SELECT id_chave_tipo_token FROM tipos_tokens WHERE nome_tipo_token = "substantivo" UNION (SELECT id_chave_tipo_token FROM tipos_tokens WHERE nome_tipo_token = 'indeterminado') LIMIT 1), @id_arquivo_var);
  INSERT IGNORE INTO tokens (nome_token, acentuada, id_tipo_token, id_tipo_token_spaCy, id_arquivo_fonte) VALUES ("sangue", "sangue", (SELECT id_tipo_token FROM classificacoes_tokens WHERE BINARY nome_token = "sangue" UNION (SELECT id_chave_tipo_token FROM tipos_tokens WHERE nome_tipo_token = 'indeterminado') LIMIT 1), (SELECT id_chave_tipo_token FROM tipos_tokens WHERE nome_tipo_token = "substantivo" UNION (SELECT id_chave_tipo_token FROM tipos_tokens WHERE nome_tipo_token = 'indeterminado') LIMIT 1), @id_arquivo_var);
  INSERT IGNORE INTO tokens (nome_token, acentuada, id_tipo_token, id_tipo_token_spaCy, id_arquivo_fonte) VALUES ("salvamento", "salvamento", (SELECT id_tipo_token FROM classificacoes_tokens WHERE BINARY nome_token = "salvamento" UNION (SELECT id_chave_tipo_token FROM tipos_tokens WHERE nome_tipo_token = 'indeterminado') LIMIT 1), (SELECT id_chave_tipo_token FROM tipos_tokens WHERE nome_tipo_token = "substantivo" UNION (SELECT id_chave_tipo_token FROM tipos_tokens WHERE nome_tipo_token = 'indeterminado') LIMIT 1), @id_arquivo_var);
  INSERT IGNORE INTO tokens (nome_token, acentuada, id_tipo_token, id_tipo_token_spaCy, id_arquivo_fonte) VALUES ("resgate", "resgate", (SELECT id_tipo_token FROM classificacoes_tokens WHERE BINARY nome_token = "resgate" UNION (SELECT id_chave_tipo_token FROM tipos_tokens WHERE nome_tipo_token = 'indeterminado') LIMIT 1), (SELECT id_chave_tipo_token FROM tipos_tokens WHERE nome_tipo_token = "sigla" UNION (SELECT id_chave_tipo_token FROM tipos_tokens WHERE nome_tipo_token = 'indeterminado') LIMIT 1), @id_arquivo_var);
  INSERT IGNORE INTO classificacoes_tokens (nome_token, id_tipo_token, id_arquivo_fonte) VALUES ("1622", (SELECT id_chave_tipo_token FROM tipos_tokens WHERE nome_tipo_token = "numeral"), @id_arquivo_var);
INSERT IGNORE INTO tokens (nome_token, acentuada, id_tipo_token, id_tipo_token_spaCy, id_arquivo_fonte) VALUES ("1622", "1622", (SELECT id_tipo_token FROM classificacoes_tokens WHERE BINARY nome_token = "1622" UNION (SELECT id_chave_tipo_token FROM tipos_tokens WHERE nome_tipo_token = 'indeterminado') LIMIT 1), (SELECT id_chave_tipo_token FROM tipos_tokens WHERE nome_tipo_token = "numeral" UNION (SELECT id_chave_tipo_token FROM tipos_tokens WHERE nome_tipo_token = 'indeterminado') LIMIT 1), @id_arquivo_var);
  INSERT IGNORE INTO tokens (nome_token, acentuada, id_tipo_token, id_tipo_token_spaCy, id_arquivo_fonte) VALUES ("materno", "materno", (SELECT id_tipo_token FROM classificacoes_tokens WHERE BINARY nome_token = "materno" UNION (SELECT id_chave_tipo_token FROM tipos_tokens WHERE nome_tipo_token = 'indeterminado') LIMIT 1), (SELECT id_chave_tipo_token FROM tipos_tokens WHERE nome_tipo_token = "adjetivo" UNION (SELECT id_chave_tipo_token FROM tipos_tokens WHERE nome_tipo_token = 'indeterminado') LIMIT 1), @id_arquivo_var);
  INSERT IGNORE INTO tokens (nome_token, acentuada, id_tipo_token, id_tipo_token_spaCy, id_arquivo_fonte) VALUES ("vitimas", "vítimas", (SELECT id_tipo_token FROM classificacoes_tokens WHERE BINARY nome_token = "vítimas" UNION (SELECT id_chave_tipo_token FROM tipos_tokens WHERE nome_tipo_token = 'indeterminado') LIMIT 1), (SELECT id_chave_tipo_token FROM tipos_tokens WHERE nome_tipo_token = "substantivo" UNION (SELECT id_chave_tipo_token FROM tipos_tokens WHERE nome_tipo_token = 'indeterminado') LIMIT 1), @id_arquivo_var);
  INSERT IGNORE INTO tokens (nome_token, acentuada, id_tipo_token, id_tipo_token_spaCy, id_arquivo_fonte) VALUES ("multiplas", "múltiplas", (SELECT id_tipo_token FROM classificacoes_tokens WHERE BINARY nome_token = "múltiplas" UNION (SELECT id_chave_tipo_token FROM tipos_tokens WHERE nome_tipo_token = 'indeterminado') LIMIT 1), (SELECT id_chave_tipo_token FROM tipos_tokens WHERE nome_tipo_token = "adjetivo" UNION (SELECT id_chave_tipo_token FROM tipos_tokens WHERE nome_tipo_token = 'indeterminado') LIMIT 1), @id_arquivo_var);
  INSERT IGNORE INTO tokens (nome_token, acentuada, id_tipo_token, id_tipo_token_spaCy, id_arquivo_fonte) VALUES ("politraumatizado", "politraumatizado", (SELECT id_tipo_token FROM classificacoes_tokens WHERE BINARY nome_token = "politraumatizado" UNION (SELECT id_chave_tipo_token FROM tipos_tokens WHERE nome_tipo_token = 'indeterminado') LIMIT 1), (SELECT id_chave_tipo_token FROM tipos_tokens WHERE nome_tipo_token = "substantivo" UNION (SELECT id_chave_tipo_token FROM tipos_tokens WHERE nome_tipo_token = 'indeterminado') LIMIT 1), @id_arquivo_var);
  INSERT IGNORE INTO classificacoes_tokens (nome_token, id_tipo_token, id_arquivo_fonte) VALUES ("189", (SELECT id_chave_tipo_token FROM tipos_tokens WHERE nome_tipo_token = "numeral"), @id_arquivo_var);
INSERT IGNORE INTO tokens (nome_token, acentuada, id_tipo_token, id_tipo_token_spaCy, id_arquivo_fonte) VALUES ("189", "189", (SELECT id_tipo_token FROM classificacoes_tokens WHERE BINARY nome_token = "189" UNION (SELECT id_chave_tipo_token FROM tipos_tokens WHERE nome_tipo_token = 'indeterminado') LIMIT 1), (SELECT id_chave_tipo_token FROM tipos_tokens WHERE nome_tipo_token = "numeral" UNION (SELECT id_chave_tipo_token FROM tipos_tokens WHERE nome_tipo_token = 'indeterminado') LIMIT 1), @id_arquivo_var);
  INSERT IGNORE INTO tokens (nome_token, acentuada, id_tipo_token, id_tipo_token_spaCy, id_arquivo_fonte) VALUES ("integrativas", "integrativas", (SELECT id_tipo_token FROM classificacoes_tokens WHERE BINARY nome_token = "integrativas" UNION (SELECT id_chave_tipo_token FROM tipos_tokens WHERE nome_tipo_token = 'indeterminado') LIMIT 1), (SELECT id_chave_tipo_token FROM tipos_tokens WHERE nome_tipo_token = "adjetivo" UNION (SELECT id_chave_tipo_token FROM tipos_tokens WHERE nome_tipo_token = 'indeterminado') LIMIT 1), @id_arquivo_var);
  INSERT IGNORE INTO tokens (nome_token, acentuada, id_tipo_token, id_tipo_token_spaCy, id_arquivo_fonte) VALUES ("alternativas", "alternativas", (SELECT id_tipo_token FROM classificacoes_tokens WHERE BINARY nome_token = "alternativas" UNION (SELECT id_chave_tipo_token FROM tipos_tokens WHERE nome_tipo_token = 'indeterminado') LIMIT 1), (SELECT id_chave_tipo_token FROM tipos_tokens WHERE nome_tipo_token = "adjetivo" UNION (SELECT id_chave_tipo_token FROM tipos_tokens WHERE nome_tipo_token = 'indeterminado') LIMIT 1), @id_arquivo_var);
  INSERT IGNORE INTO tokens (nome_token, acentuada, id_tipo_token, id_tipo_token_spaCy, id_arquivo_fonte) VALUES ("terapias", "terapias", (SELECT id_tipo_token FROM classificacoes_tokens WHERE BINARY nome_token = "terapias" UNION (SELECT id_chave_tipo_token FROM tipos_tokens WHERE nome_tipo_token = 'indeterminado') LIMIT 1), (SELECT id_chave_tipo_token FROM tipos_tokens WHERE nome_tipo_token = "substantivo" UNION (SELECT id_chave_tipo_token FROM tipos_tokens WHERE nome_tipo_token = 'indeterminado') LIMIT 1), @id_arquivo_var);
  INSERT IGNORE INTO tokens (nome_token, acentuada, id_tipo_token, id_tipo_token_spaCy, id_arquivo_fonte) VALUES ("calculos", "cálculos", (SELECT id_tipo_token FROM classificacoes_tokens WHERE BINARY nome_token = "cálculos" UNION (SELECT id_chave_tipo_token FROM tipos_tokens WHERE nome_tipo_token = 'indeterminado') LIMIT 1), (SELECT id_chave_tipo_token FROM tipos_tokens WHERE nome_tipo_token = "substantivo" UNION (SELECT id_chave_tipo_token FROM tipos_tokens WHERE nome_tipo_token = 'indeterminado') LIMIT 1), @id_arquivo_var);
  INSERT IGNORE INTO tokens (nome_token, acentuada, id_tipo_token, id_tipo_token_spaCy, id_arquivo_fonte) VALUES ("intravenosa", "intravenosa", (SELECT id_tipo_token FROM classificacoes_tokens WHERE BINARY nome_token = "intravenosa" UNION (SELECT id_chave_tipo_token FROM tipos_tokens WHERE nome_tipo_token = 'indeterminado') LIMIT 1), (SELECT id_chave_tipo_token FROM tipos_tokens WHERE nome_tipo_token = "adjetivo" UNION (SELECT id_chave_tipo_token FROM tipos_tokens WHERE nome_tipo_token = 'indeterminado') LIMIT 1), @id_arquivo_var);
  INSERT IGNORE INTO tokens (nome_token, acentuada, id_tipo_token, id_tipo_token_spaCy, id_arquivo_fonte) VALUES ("terapia", "terapia", (SELECT id_tipo_token FROM classificacoes_tokens WHERE BINARY nome_token = "terapia" UNION (SELECT id_chave_tipo_token FROM tipos_tokens WHERE nome_tipo_token = 'indeterminado') LIMIT 1), (SELECT id_chave_tipo_token FROM tipos_tokens WHERE nome_tipo_token = "substantivo" UNION (SELECT id_chave_tipo_token FROM tipos_tokens WHERE nome_tipo_token = 'indeterminado') LIMIT 1), @id_arquivo_var);
  INSERT IGNORE INTO tokens (nome_token, acentuada, id_tipo_token, id_tipo_token_spaCy, id_arquivo_fonte) VALUES ("multidisciplinar", "multidisciplinar", (SELECT id_tipo_token FROM classificacoes_tokens WHERE BINARY nome_token = "multidisciplinar" UNION (SELECT id_chave_tipo_token FROM tipos_tokens WHERE nome_tipo_token = 'indeterminado') LIMIT 1), (SELECT id_chave_tipo_token FROM tipos_tokens WHERE nome_tipo_token = "adjetivo" UNION (SELECT id_chave_tipo_token FROM tipos_tokens WHERE nome_tipo_token = 'indeterminado') LIMIT 1), @id_arquivo_var);
  INSERT IGNORE INTO tokens (nome_token, acentuada, id_tipo_token, id_tipo_token_spaCy, id_arquivo_fonte) VALUES ("abhyanga", "abhyanga", (SELECT id_tipo_token FROM classificacoes_tokens WHERE BINARY nome_token = "abhyanga" UNION (SELECT id_chave_tipo_token FROM tipos_tokens WHERE nome_tipo_token = 'indeterminado') LIMIT 1), (SELECT id_chave_tipo_token FROM tipos_tokens WHERE nome_tipo_token = "sigla" UNION (SELECT id_chave_tipo_token FROM tipos_tokens WHERE nome_tipo_token = 'indeterminado') LIMIT 1), @id_arquivo_var);
  INSERT IGNORE INTO tokens (nome_token, acentuada, id_tipo_token, id_tipo_token_spaCy, id_arquivo_fonte) VALUES ("indiana", "indiana", (SELECT id_tipo_token FROM classificacoes_tokens WHERE BINARY nome_token = "indiana" UNION (SELECT id_chave_tipo_token FROM tipos_tokens WHERE nome_tipo_token = 'indeterminado') LIMIT 1), (SELECT id_chave_tipo_token FROM tipos_tokens WHERE nome_tipo_token = "adjetivo" UNION (SELECT id_chave_tipo_token FROM tipos_tokens WHERE nome_tipo_token = 'indeterminado') LIMIT 1), @id_arquivo_var);
  INSERT IGNORE INTO tokens (nome_token, acentuada, id_tipo_token, id_tipo_token_spaCy, id_arquivo_fonte) VALUES ("farmacia", "farmácia", (SELECT id_tipo_token FROM classificacoes_tokens WHERE BINARY nome_token = "farmácia" UNION (SELECT id_chave_tipo_token FROM tipos_tokens WHERE nome_tipo_token = 'indeterminado') LIMIT 1), (SELECT id_chave_tipo_token FROM tipos_tokens WHERE nome_tipo_token = "substantivo" UNION (SELECT id_chave_tipo_token FROM tipos_tokens WHERE nome_tipo_token = 'indeterminado') LIMIT 1), @id_arquivo_var);
  INSERT IGNORE INTO classificacoes_tokens (nome_token, id_tipo_token, id_arquivo_fonte) VALUES ("2981", (SELECT id_chave_tipo_token FROM tipos_tokens WHERE nome_tipo_token = "numeral"), @id_arquivo_var);
INSERT IGNORE INTO tokens (nome_token, acentuada, id_tipo_token, id_tipo_token_spaCy, id_arquivo_fonte) VALUES ("2981", "2981", (SELECT id_tipo_token FROM classificacoes_tokens WHERE BINARY nome_token = "2981" UNION (SELECT id_chave_tipo_token FROM tipos_tokens WHERE nome_tipo_token = 'indeterminado') LIMIT 1), (SELECT id_chave_tipo_token FROM tipos_tokens WHERE nome_tipo_token = "numeral" UNION (SELECT id_chave_tipo_token FROM tipos_tokens WHERE nome_tipo_token = 'indeterminado') LIMIT 1), @id_arquivo_var);
  INSERT IGNORE INTO classificacoes_tokens (nome_token, id_tipo_token, id_arquivo_fonte) VALUES ("2320", (SELECT id_chave_tipo_token FROM tipos_tokens WHERE nome_tipo_token = "numeral"), @id_arquivo_var);
INSERT IGNORE INTO tokens (nome_token, acentuada, id_tipo_token, id_tipo_token_spaCy, id_arquivo_fonte) VALUES ("2320", "2320", (SELECT id_tipo_token FROM classificacoes_tokens WHERE BINARY nome_token = "2320" UNION (SELECT id_chave_tipo_token FROM tipos_tokens WHERE nome_tipo_token = 'indeterminado') LIMIT 1), (SELECT id_chave_tipo_token FROM tipos_tokens WHERE nome_tipo_token = "numeral" UNION (SELECT id_chave_tipo_token FROM tipos_tokens WHERE nome_tipo_token = 'indeterminado') LIMIT 1), @id_arquivo_var);
  INSERT IGNORE INTO tokens (nome_token, acentuada, id_tipo_token, id_tipo_token_spaCy, id_arquivo_fonte) VALUES ("chinesa", "chinesa", (SELECT id_tipo_token FROM classificacoes_tokens WHERE BINARY nome_token = "chinesa" UNION (SELECT id_chave_tipo_token FROM tipos_tokens WHERE nome_tipo_token = 'indeterminado') LIMIT 1), (SELECT id_chave_tipo_token FROM tipos_tokens WHERE nome_tipo_token = "adjetivo" UNION (SELECT id_chave_tipo_token FROM tipos_tokens WHERE nome_tipo_token = 'indeterminado') LIMIT 1), @id_arquivo_var);
  INSERT IGNORE INTO tokens (nome_token, acentuada, id_tipo_token, id_tipo_token_spaCy, id_arquivo_fonte) VALUES ("francesa", "francesa", (SELECT id_tipo_token FROM classificacoes_tokens WHERE BINARY nome_token = "francesa" UNION (SELECT id_chave_tipo_token FROM tipos_tokens WHERE nome_tipo_token = 'indeterminado') LIMIT 1), (SELECT id_chave_tipo_token FROM tipos_tokens WHERE nome_tipo_token = "adjetivo" UNION (SELECT id_chave_tipo_token FROM tipos_tokens WHERE nome_tipo_token = 'indeterminado') LIMIT 1), @id_arquivo_var);
  INSERT IGNORE INTO tokens (nome_token, acentuada, id_tipo_token, id_tipo_token_spaCy, id_arquivo_fonte) VALUES ("auriculoterapia", "auriculoterapia", (SELECT id_tipo_token FROM classificacoes_tokens WHERE BINARY nome_token = "auriculoterapia" UNION (SELECT id_chave_tipo_token FROM tipos_tokens WHERE nome_tipo_token = 'indeterminado') LIMIT 1), (SELECT id_chave_tipo_token FROM tipos_tokens WHERE nome_tipo_token = "adjetivo" UNION (SELECT id_chave_tipo_token FROM tipos_tokens WHERE nome_tipo_token = 'indeterminado') LIMIT 1), @id_arquivo_var);
  INSERT IGNORE INTO tokens (nome_token, acentuada, id_tipo_token, id_tipo_token_spaCy, id_arquivo_fonte) VALUES ("biosseguranca", "biossegurança", (SELECT id_tipo_token FROM classificacoes_tokens WHERE BINARY nome_token = "biossegurança" UNION (SELECT id_chave_tipo_token FROM tipos_tokens WHERE nome_tipo_token = 'indeterminado') LIMIT 1), (SELECT id_chave_tipo_token FROM tipos_tokens WHERE nome_tipo_token = "substantivo" UNION (SELECT id_chave_tipo_token FROM tipos_tokens WHERE nome_tipo_token = 'indeterminado') LIMIT 1), @id_arquivo_var);
  INSERT IGNORE INTO tokens (nome_token, acentuada, id_tipo_token, id_tipo_token_spaCy, id_arquivo_fonte) VALUES ("medidas", "medidas", (SELECT id_tipo_token FROM classificacoes_tokens WHERE BINARY nome_token = "medidas" UNION (SELECT id_chave_tipo_token FROM tipos_tokens WHERE nome_tipo_token = 'indeterminado') LIMIT 1), (SELECT id_chave_tipo_token FROM tipos_tokens WHERE nome_tipo_token = "substantivo" UNION (SELECT id_chave_tipo_token FROM tipos_tokens WHERE nome_tipo_token = 'indeterminado') LIMIT 1), @id_arquivo_var);
  INSERT IGNORE INTO tokens (nome_token, acentuada, id_tipo_token, id_tipo_token_spaCy, id_arquivo_fonte) VALUES ("esterilizacao", "esterilização", (SELECT id_tipo_token FROM classificacoes_tokens WHERE BINARY nome_token = "esterilização" UNION (SELECT id_chave_tipo_token FROM tipos_tokens WHERE nome_tipo_token = 'indeterminado') LIMIT 1), (SELECT id_chave_tipo_token FROM tipos_tokens WHERE nome_tipo_token = "substantivo" UNION (SELECT id_chave_tipo_token FROM tipos_tokens WHERE nome_tipo_token = 'indeterminado') LIMIT 1), @id_arquivo_var);
  INSERT IGNORE INTO classificacoes_tokens (nome_token, id_tipo_token, id_arquivo_fonte) VALUES ("980", (SELECT id_chave_tipo_token FROM tipos_tokens WHERE nome_tipo_token = "numeral"), @id_arquivo_var);
INSERT IGNORE INTO tokens (nome_token, acentuada, id_tipo_token, id_tipo_token_spaCy, id_arquivo_fonte) VALUES ("980", "980", (SELECT id_tipo_token FROM classificacoes_tokens WHERE BINARY nome_token = "980" UNION (SELECT id_chave_tipo_token FROM tipos_tokens WHERE nome_tipo_token = 'indeterminado') LIMIT 1), (SELECT id_chave_tipo_token FROM tipos_tokens WHERE nome_tipo_token = "numeral" UNION (SELECT id_chave_tipo_token FROM tipos_tokens WHERE nome_tipo_token = 'indeterminado') LIMIT 1), @id_arquivo_var);
  INSERT IGNORE INTO classificacoes_tokens (nome_token, id_tipo_token, id_arquivo_fonte) VALUES ("2318", (SELECT id_chave_tipo_token FROM tipos_tokens WHERE nome_tipo_token = "numeral"), @id_arquivo_var);
INSERT IGNORE INTO tokens (nome_token, acentuada, id_tipo_token, id_tipo_token_spaCy, id_arquivo_fonte) VALUES ("2318", "2318", (SELECT id_tipo_token FROM classificacoes_tokens WHERE BINARY nome_token = "2318" UNION (SELECT id_chave_tipo_token FROM tipos_tokens WHERE nome_tipo_token = 'indeterminado') LIMIT 1), (SELECT id_chave_tipo_token FROM tipos_tokens WHERE nome_tipo_token = "numeral" UNION (SELECT id_chave_tipo_token FROM tipos_tokens WHERE nome_tipo_token = 'indeterminado') LIMIT 1), @id_arquivo_var);
  INSERT IGNORE INTO tokens (nome_token, acentuada, id_tipo_token, id_tipo_token_spaCy, id_arquivo_fonte) VALUES ("peritoneal", "peritoneal", (SELECT id_tipo_token FROM classificacoes_tokens WHERE BINARY nome_token = "peritoneal" UNION (SELECT id_chave_tipo_token FROM tipos_tokens WHERE nome_tipo_token = 'indeterminado') LIMIT 1), (SELECT id_chave_tipo_token FROM tipos_tokens WHERE nome_tipo_token = "substantivo" UNION (SELECT id_chave_tipo_token FROM tipos_tokens WHERE nome_tipo_token = 'indeterminado') LIMIT 1), @id_arquivo_var);
  INSERT IGNORE INTO tokens (nome_token, acentuada, id_tipo_token, id_tipo_token_spaCy, id_arquivo_fonte) VALUES ("dialise", "diálise", (SELECT id_tipo_token FROM classificacoes_tokens WHERE BINARY nome_token = "diálise" UNION (SELECT id_chave_tipo_token FROM tipos_tokens WHERE nome_tipo_token = 'indeterminado') LIMIT 1), (SELECT id_chave_tipo_token FROM tipos_tokens WHERE nome_tipo_token = "substantivo" UNION (SELECT id_chave_tipo_token FROM tipos_tokens WHERE nome_tipo_token = 'indeterminado') LIMIT 1), @id_arquivo_var);
  INSERT IGNORE INTO tokens (nome_token, acentuada, id_tipo_token, id_tipo_token_spaCy, id_arquivo_fonte) VALUES ("hemodialise", "hemodiálise", (SELECT id_tipo_token FROM classificacoes_tokens WHERE BINARY nome_token = "hemodiálise" UNION (SELECT id_chave_tipo_token FROM tipos_tokens WHERE nome_tipo_token = 'indeterminado') LIMIT 1), (SELECT id_chave_tipo_token FROM tipos_tokens WHERE nome_tipo_token = "substantivo" UNION (SELECT id_chave_tipo_token FROM tipos_tokens WHERE nome_tipo_token = 'indeterminado') LIMIT 1), @id_arquivo_var);
  INSERT IGNORE INTO tokens (nome_token, acentuada, id_tipo_token, id_tipo_token_spaCy, id_arquivo_fonte) VALUES ("laboratoriais", "laboratoriais", (SELECT id_tipo_token FROM classificacoes_tokens WHERE BINARY nome_token = "laboratoriais" UNION (SELECT id_chave_tipo_token FROM tipos_tokens WHERE nome_tipo_token = 'indeterminado') LIMIT 1), (SELECT id_chave_tipo_token FROM tipos_tokens WHERE nome_tipo_token = "adjetivo" UNION (SELECT id_chave_tipo_token FROM tipos_tokens WHERE nome_tipo_token = 'indeterminado') LIMIT 1), @id_arquivo_var);
  INSERT IGNORE INTO tokens (nome_token, acentuada, id_tipo_token, id_tipo_token_spaCy, id_arquivo_fonte) VALUES ("exames", "exames", (SELECT id_tipo_token FROM classificacoes_tokens WHERE BINARY nome_token = "exames" UNION (SELECT id_chave_tipo_token FROM tipos_tokens WHERE nome_tipo_token = 'indeterminado') LIMIT 1), (SELECT id_chave_tipo_token FROM tipos_tokens WHERE nome_tipo_token = "substantivo" UNION (SELECT id_chave_tipo_token FROM tipos_tokens WHERE nome_tipo_token = 'indeterminado') LIMIT 1), @id_arquivo_var);
  INSERT IGNORE INTO tokens (nome_token, acentuada, id_tipo_token, id_tipo_token_spaCy, id_arquivo_fonte) VALUES ("coleta", "coleta", (SELECT id_tipo_token FROM classificacoes_tokens WHERE BINARY nome_token = "coleta" UNION (SELECT id_chave_tipo_token FROM tipos_tokens WHERE nome_tipo_token = 'indeterminado') LIMIT 1), (SELECT id_chave_tipo_token FROM tipos_tokens WHERE nome_tipo_token = "substantivo" UNION (SELECT id_chave_tipo_token FROM tipos_tokens WHERE nome_tipo_token = 'indeterminado') LIMIT 1), @id_arquivo_var);
  INSERT IGNORE INTO tokens (nome_token, acentuada, id_tipo_token, id_tipo_token_spaCy, id_arquivo_fonte) VALUES ("florais", "florais", (SELECT id_tipo_token FROM classificacoes_tokens WHERE BINARY nome_token = "florais" UNION (SELECT id_chave_tipo_token FROM tipos_tokens WHERE nome_tipo_token = 'indeterminado') LIMIT 1), (SELECT id_chave_tipo_token FROM tipos_tokens WHERE nome_tipo_token = "adjetivo" UNION (SELECT id_chave_tipo_token FROM tipos_tokens WHERE nome_tipo_token = 'indeterminado') LIMIT 1), @id_arquivo_var);
  INSERT IGNORE INTO tokens (nome_token, acentuada, id_tipo_token, id_tipo_token_spaCy, id_arquivo_fonte) VALUES ("homeopaticos", "homeopáticos", (SELECT id_tipo_token FROM classificacoes_tokens WHERE BINARY nome_token = "homeopáticos" UNION (SELECT id_chave_tipo_token FROM tipos_tokens WHERE nome_tipo_token = 'indeterminado') LIMIT 1), (SELECT id_chave_tipo_token FROM tipos_tokens WHERE nome_tipo_token = "adjetivo" UNION (SELECT id_chave_tipo_token FROM tipos_tokens WHERE nome_tipo_token = 'indeterminado') LIMIT 1), @id_arquivo_var);
  INSERT IGNORE INTO tokens (nome_token, acentuada, id_tipo_token, id_tipo_token_spaCy, id_arquivo_fonte) VALUES ("multiprofissional", "multiprofissional", (SELECT id_tipo_token FROM classificacoes_tokens WHERE BINARY nome_token = "multiprofissional" UNION (SELECT id_chave_tipo_token FROM tipos_tokens WHERE nome_tipo_token = 'indeterminado') LIMIT 1), (SELECT id_chave_tipo_token FROM tipos_tokens WHERE nome_tipo_token = "adjetivo" UNION (SELECT id_chave_tipo_token FROM tipos_tokens WHERE nome_tipo_token = 'indeterminado') LIMIT 1), @id_arquivo_var);
  INSERT IGNORE INTO tokens (nome_token, acentuada, id_tipo_token, id_tipo_token_spaCy, id_arquivo_fonte) VALUES ("abordagem", "abordagem", (SELECT id_tipo_token FROM classificacoes_tokens WHERE BINARY nome_token = "abordagem" UNION (SELECT id_chave_tipo_token FROM tipos_tokens WHERE nome_tipo_token = 'indeterminado') LIMIT 1), (SELECT id_chave_tipo_token FROM tipos_tokens WHERE nome_tipo_token = "substantivo" UNION (SELECT id_chave_tipo_token FROM tipos_tokens WHERE nome_tipo_token = 'indeterminado') LIMIT 1), @id_arquivo_var);
  INSERT IGNORE INTO tokens (nome_token, acentuada, id_tipo_token, id_tipo_token_spaCy, id_arquivo_fonte) VALUES ("paliativos", "paliativos", (SELECT id_tipo_token FROM classificacoes_tokens WHERE BINARY nome_token = "paliativos" UNION (SELECT id_chave_tipo_token FROM tipos_tokens WHERE nome_tipo_token = 'indeterminado') LIMIT 1), (SELECT id_chave_tipo_token FROM tipos_tokens WHERE nome_tipo_token = "adjetivo" UNION (SELECT id_chave_tipo_token FROM tipos_tokens WHERE nome_tipo_token = 'indeterminado') LIMIT 1), @id_arquivo_var);
  INSERT IGNORE INTO tokens (nome_token, acentuada, id_tipo_token, id_tipo_token_spaCy, id_arquivo_fonte) VALUES ("cuidados", "cuidados", (SELECT id_tipo_token FROM classificacoes_tokens WHERE BINARY nome_token = "cuidados" UNION (SELECT id_chave_tipo_token FROM tipos_tokens WHERE nome_tipo_token = 'indeterminado') LIMIT 1), (SELECT id_chave_tipo_token FROM tipos_tokens WHERE nome_tipo_token = "substantivo" UNION (SELECT id_chave_tipo_token FROM tipos_tokens WHERE nome_tipo_token = 'indeterminado') LIMIT 1), @id_arquivo_var);
  INSERT IGNORE INTO tokens (nome_token, acentuada, id_tipo_token, id_tipo_token_spaCy, id_arquivo_fonte) VALUES ("curativos", "curativos", (SELECT id_tipo_token FROM classificacoes_tokens WHERE BINARY nome_token = "curativos" UNION (SELECT id_chave_tipo_token FROM tipos_tokens WHERE nome_tipo_token = 'indeterminado') LIMIT 1), (SELECT id_chave_tipo_token FROM tipos_tokens WHERE nome_tipo_token = "adjetivo" UNION (SELECT id_chave_tipo_token FROM tipos_tokens WHERE nome_tipo_token = 'indeterminado') LIMIT 1), @id_arquivo_var);
  INSERT IGNORE INTO tokens (nome_token, acentuada, id_tipo_token, id_tipo_token_spaCy, id_arquivo_fonte) VALUES ("assepsias", "assepsias", (SELECT id_tipo_token FROM classificacoes_tokens WHERE BINARY nome_token = "assepsias" UNION (SELECT id_chave_tipo_token FROM tipos_tokens WHERE nome_tipo_token = 'indeterminado') LIMIT 1), (SELECT id_chave_tipo_token FROM tipos_tokens WHERE nome_tipo_token = "substantivo" UNION (SELECT id_chave_tipo_token FROM tipos_tokens WHERE nome_tipo_token = 'indeterminado') LIMIT 1), @id_arquivo_var);
  INSERT IGNORE INTO tokens (nome_token, acentuada, id_tipo_token, id_tipo_token_spaCy, id_arquivo_fonte) VALUES ("feridas", "feridas", (SELECT id_tipo_token FROM classificacoes_tokens WHERE BINARY nome_token = "feridas" UNION (SELECT id_chave_tipo_token FROM tipos_tokens WHERE nome_tipo_token = 'indeterminado') LIMIT 1), (SELECT id_chave_tipo_token FROM tipos_tokens WHERE nome_tipo_token = "substantivo" UNION (SELECT id_chave_tipo_token FROM tipos_tokens WHERE nome_tipo_token = 'indeterminado') LIMIT 1), @id_arquivo_var);
  INSERT IGNORE INTO tokens (nome_token, acentuada, id_tipo_token, id_tipo_token_spaCy, id_arquivo_fonte) VALUES ("tratamentos", "tratamentos", (SELECT id_tipo_token FROM classificacoes_tokens WHERE BINARY nome_token = "tratamentos" UNION (SELECT id_chave_tipo_token FROM tipos_tokens WHERE nome_tipo_token = 'indeterminado') LIMIT 1), (SELECT id_chave_tipo_token FROM tipos_tokens WHERE nome_tipo_token = "substantivo" UNION (SELECT id_chave_tipo_token FROM tipos_tokens WHERE nome_tipo_token = 'indeterminado') LIMIT 1), @id_arquivo_var);
  INSERT IGNORE INTO classificacoes_tokens (nome_token, id_tipo_token, id_arquivo_fonte) VALUES ("979", (SELECT id_chave_tipo_token FROM tipos_tokens WHERE nome_tipo_token = "numeral"), @id_arquivo_var);
INSERT IGNORE INTO tokens (nome_token, acentuada, id_tipo_token, id_tipo_token_spaCy, id_arquivo_fonte) VALUES ("979", "979", (SELECT id_tipo_token FROM classificacoes_tokens WHERE BINARY nome_token = "979" UNION (SELECT id_chave_tipo_token FROM tipos_tokens WHERE nome_tipo_token = 'indeterminado') LIMIT 1), (SELECT id_chave_tipo_token FROM tipos_tokens WHERE nome_tipo_token = "numeral" UNION (SELECT id_chave_tipo_token FROM tipos_tokens WHERE nome_tipo_token = 'indeterminado') LIMIT 1), @id_arquivo_var);
  INSERT IGNORE INTO classificacoes_tokens (nome_token, id_tipo_token, id_arquivo_fonte) VALUES ("1822", (SELECT id_chave_tipo_token FROM tipos_tokens WHERE nome_tipo_token = "numeral"), @id_arquivo_var);
INSERT IGNORE INTO tokens (nome_token, acentuada, id_tipo_token, id_tipo_token_spaCy, id_arquivo_fonte) VALUES ("1822", "1822", (SELECT id_tipo_token FROM classificacoes_tokens WHERE BINARY nome_token = "1822" UNION (SELECT id_chave_tipo_token FROM tipos_tokens WHERE nome_tipo_token = 'indeterminado') LIMIT 1), (SELECT id_chave_tipo_token FROM tipos_tokens WHERE nome_tipo_token = "numeral" UNION (SELECT id_chave_tipo_token FROM tipos_tokens WHERE nome_tipo_token = 'indeterminado') LIMIT 1), @id_arquivo_var);
  INSERT IGNORE INTO tokens (nome_token, acentuada, id_tipo_token, id_tipo_token_spaCy, id_arquivo_fonte) VALUES ("humanizacao", "humanização", (SELECT id_tipo_token FROM classificacoes_tokens WHERE BINARY nome_token = "humanização" UNION (SELECT id_chave_tipo_token FROM tipos_tokens WHERE nome_tipo_token = 'indeterminado') LIMIT 1), (SELECT id_chave_tipo_token FROM tipos_tokens WHERE nome_tipo_token = "substantivo" UNION (SELECT id_chave_tipo_token FROM tipos_tokens WHERE nome_tipo_token = 'indeterminado') LIMIT 1), @id_arquivo_var);
  INSERT IGNORE INTO tokens (nome_token, acentuada, id_tipo_token, id_tipo_token_spaCy, id_arquivo_fonte) VALUES ("deficiencia", "deficiência", (SELECT id_tipo_token FROM classificacoes_tokens WHERE BINARY nome_token = "deficiência" UNION (SELECT id_chave_tipo_token FROM tipos_tokens WHERE nome_tipo_token = 'indeterminado') LIMIT 1), (SELECT id_chave_tipo_token FROM tipos_tokens WHERE nome_tipo_token = "substantivo" UNION (SELECT id_chave_tipo_token FROM tipos_tokens WHERE nome_tipo_token = 'indeterminado') LIMIT 1), @id_arquivo_var);
  INSERT IGNORE INTO tokens (nome_token, acentuada, id_tipo_token, id_tipo_token_spaCy, id_arquivo_fonte) VALUES ("turbinada", "turbinada", (SELECT id_tipo_token FROM classificacoes_tokens WHERE BINARY nome_token = "turbinada" UNION (SELECT id_chave_tipo_token FROM tipos_tokens WHERE nome_tipo_token = 'indeterminado') LIMIT 1), (SELECT id_chave_tipo_token FROM tipos_tokens WHERE nome_tipo_token = "verbo" UNION (SELECT id_chave_tipo_token FROM tipos_tokens WHERE nome_tipo_token = 'indeterminado') LIMIT 1), @id_arquivo_var);
  INSERT IGNORE INTO tokens (nome_token, acentuada, id_tipo_token, id_tipo_token_spaCy, id_arquivo_fonte) VALUES ("modeladora", "modeladora", (SELECT id_tipo_token FROM classificacoes_tokens WHERE BINARY nome_token = "modeladora" UNION (SELECT id_chave_tipo_token FROM tipos_tokens WHERE nome_tipo_token = 'indeterminado') LIMIT 1), (SELECT id_chave_tipo_token FROM tipos_tokens WHERE nome_tipo_token = "substantivo" UNION (SELECT id_chave_tipo_token FROM tipos_tokens WHERE nome_tipo_token = 'indeterminado') LIMIT 1), @id_arquivo_var);
  INSERT IGNORE INTO tokens (nome_token, acentuada, id_tipo_token, id_tipo_token_spaCy, id_arquivo_fonte) VALUES ("massagem", "massagem", (SELECT id_tipo_token FROM classificacoes_tokens WHERE BINARY nome_token = "massagem" UNION (SELECT id_chave_tipo_token FROM tipos_tokens WHERE nome_tipo_token = 'indeterminado') LIMIT 1), (SELECT id_chave_tipo_token FROM tipos_tokens WHERE nome_tipo_token = "verbo" UNION (SELECT id_chave_tipo_token FROM tipos_tokens WHERE nome_tipo_token = 'indeterminado') LIMIT 1), @id_arquivo_var);
  INSERT IGNORE INTO tokens (nome_token, acentuada, id_tipo_token, id_tipo_token_spaCy, id_arquivo_fonte) VALUES ("solo", "solo", (SELECT id_tipo_token FROM classificacoes_tokens WHERE BINARY nome_token = "solo" UNION (SELECT id_chave_tipo_token FROM tipos_tokens WHERE nome_tipo_token = 'indeterminado') LIMIT 1), (SELECT id_chave_tipo_token FROM tipos_tokens WHERE nome_tipo_token = "substantivo" UNION (SELECT id_chave_tipo_token FROM tipos_tokens WHERE nome_tipo_token = 'indeterminado') LIMIT 1), @id_arquivo_var);
  INSERT IGNORE INTO tokens (nome_token, acentuada, id_tipo_token, id_tipo_token_spaCy, id_arquivo_fonte) VALUES ("thai", "thai", (SELECT id_tipo_token FROM classificacoes_tokens WHERE BINARY nome_token = "thai" UNION (SELECT id_chave_tipo_token FROM tipos_tokens WHERE nome_tipo_token = 'indeterminado') LIMIT 1), (SELECT id_chave_tipo_token FROM tipos_tokens WHERE nome_tipo_token = "sigla" UNION (SELECT id_chave_tipo_token FROM tipos_tokens WHERE nome_tipo_token = 'indeterminado') LIMIT 1), @id_arquivo_var);
  INSERT IGNORE INTO tokens (nome_token, acentuada, id_tipo_token, id_tipo_token_spaCy, id_arquivo_fonte) VALUES ("na", "ná", (SELECT id_tipo_token FROM classificacoes_tokens WHERE BINARY nome_token = "ná" UNION (SELECT id_chave_tipo_token FROM tipos_tokens WHERE nome_tipo_token = 'indeterminado') LIMIT 1), (SELECT id_chave_tipo_token FROM tipos_tokens WHERE nome_tipo_token = "substantivo" UNION (SELECT id_chave_tipo_token FROM tipos_tokens WHERE nome_tipo_token = 'indeterminado') LIMIT 1), @id_arquivo_var);
  INSERT IGNORE INTO tokens (nome_token, acentuada, id_tipo_token, id_tipo_token_spaCy, id_arquivo_fonte) VALUES ("tui", "tui", (SELECT id_tipo_token FROM classificacoes_tokens WHERE BINARY nome_token = "tui" UNION (SELECT id_chave_tipo_token FROM tipos_tokens WHERE nome_tipo_token = 'indeterminado') LIMIT 1), (SELECT id_chave_tipo_token FROM tipos_tokens WHERE nome_tipo_token = "verbo" UNION (SELECT id_chave_tipo_token FROM tipos_tokens WHERE nome_tipo_token = 'indeterminado') LIMIT 1), @id_arquivo_var);
  INSERT IGNORE INTO tokens (nome_token, acentuada, id_tipo_token, id_tipo_token_spaCy, id_arquivo_fonte) VALUES ("cuidado", "cuidado", (SELECT id_tipo_token FROM classificacoes_tokens WHERE BINARY nome_token = "cuidado" UNION (SELECT id_chave_tipo_token FROM tipos_tokens WHERE nome_tipo_token = 'indeterminado') LIMIT 1), (SELECT id_chave_tipo_token FROM tipos_tokens WHERE nome_tipo_token = "substantivo" UNION (SELECT id_chave_tipo_token FROM tipos_tokens WHERE nome_tipo_token = 'indeterminado') LIMIT 1), @id_arquivo_var);
  INSERT IGNORE INTO tokens (nome_token, acentuada, id_tipo_token, id_tipo_token_spaCy, id_arquivo_fonte) VALUES ("aplicadas", "aplicadas", (SELECT id_tipo_token FROM classificacoes_tokens WHERE BINARY nome_token = "aplicadas" UNION (SELECT id_chave_tipo_token FROM tipos_tokens WHERE nome_tipo_token = 'indeterminado') LIMIT 1), (SELECT id_chave_tipo_token FROM tipos_tokens WHERE nome_tipo_token = "verbo" UNION (SELECT id_chave_tipo_token FROM tipos_tokens WHERE nome_tipo_token = 'indeterminado') LIMIT 1), @id_arquivo_var);
  INSERT IGNORE INTO tokens (nome_token, acentuada, id_tipo_token, id_tipo_token_spaCy, id_arquivo_fonte) VALUES ("novas", "novas", (SELECT id_tipo_token FROM classificacoes_tokens WHERE BINARY nome_token = "novas" UNION (SELECT id_chave_tipo_token FROM tipos_tokens WHERE nome_tipo_token = 'indeterminado') LIMIT 1), (SELECT id_chave_tipo_token FROM tipos_tokens WHERE nome_tipo_token = "adjetivo" UNION (SELECT id_chave_tipo_token FROM tipos_tokens WHERE nome_tipo_token = 'indeterminado') LIMIT 1), @id_arquivo_var);
  INSERT IGNORE INTO tokens (nome_token, acentuada, id_tipo_token, id_tipo_token_spaCy, id_arquivo_fonte) VALUES ("neonatologia", "neonatologia", (SELECT id_tipo_token FROM classificacoes_tokens WHERE BINARY nome_token = "neonatologia" UNION (SELECT id_chave_tipo_token FROM tipos_tokens WHERE nome_tipo_token = 'indeterminado') LIMIT 1), (SELECT id_chave_tipo_token FROM tipos_tokens WHERE nome_tipo_token = "substantivo" UNION (SELECT id_chave_tipo_token FROM tipos_tokens WHERE nome_tipo_token = 'indeterminado') LIMIT 1), @id_arquivo_var);
  INSERT IGNORE INTO classificacoes_tokens (nome_token, id_tipo_token, id_arquivo_fonte) VALUES ("1257", (SELECT id_chave_tipo_token FROM tipos_tokens WHERE nome_tipo_token = "numeral"), @id_arquivo_var);
INSERT IGNORE INTO tokens (nome_token, acentuada, id_tipo_token, id_tipo_token_spaCy, id_arquivo_fonte) VALUES ("1257", "1257", (SELECT id_tipo_token FROM classificacoes_tokens WHERE BINARY nome_token = "1257" UNION (SELECT id_chave_tipo_token FROM tipos_tokens WHERE nome_tipo_token = 'indeterminado') LIMIT 1), (SELECT id_chave_tipo_token FROM tipos_tokens WHERE nome_tipo_token = "numeral" UNION (SELECT id_chave_tipo_token FROM tipos_tokens WHERE nome_tipo_token = 'indeterminado') LIMIT 1), @id_arquivo_var);
  INSERT IGNORE INTO classificacoes_tokens (nome_token, id_tipo_token, id_arquivo_fonte) VALUES ("119", (SELECT id_chave_tipo_token FROM tipos_tokens WHERE nome_tipo_token = "numeral"), @id_arquivo_var);
INSERT IGNORE INTO tokens (nome_token, acentuada, id_tipo_token, id_tipo_token_spaCy, id_arquivo_fonte) VALUES ("119", "119", (SELECT id_tipo_token FROM classificacoes_tokens WHERE BINARY nome_token = "119" UNION (SELECT id_chave_tipo_token FROM tipos_tokens WHERE nome_tipo_token = 'indeterminado') LIMIT 1), (SELECT id_chave_tipo_token FROM tipos_tokens WHERE nome_tipo_token = "numeral" UNION (SELECT id_chave_tipo_token FROM tipos_tokens WHERE nome_tipo_token = 'indeterminado') LIMIT 1), @id_arquivo_var);
  INSERT IGNORE INTO tokens (nome_token, acentuada, id_tipo_token, id_tipo_token_spaCy, id_arquivo_fonte) VALUES ("paciente", "paciente", (SELECT id_tipo_token FROM classificacoes_tokens WHERE BINARY nome_token = "paciente" UNION (SELECT id_chave_tipo_token FROM tipos_tokens WHERE nome_tipo_token = 'indeterminado') LIMIT 1), (SELECT id_chave_tipo_token FROM tipos_tokens WHERE nome_tipo_token = "substantivo" UNION (SELECT id_chave_tipo_token FROM tipos_tokens WHERE nome_tipo_token = 'indeterminado') LIMIT 1), @id_arquivo_var);
  INSERT IGNORE INTO tokens (nome_token, acentuada, id_tipo_token, id_tipo_token_spaCy, id_arquivo_fonte) VALUES ("dispensacao", "dispensação", (SELECT id_tipo_token FROM classificacoes_tokens WHERE BINARY nome_token = "dispensação" UNION (SELECT id_chave_tipo_token FROM tipos_tokens WHERE nome_tipo_token = 'indeterminado') LIMIT 1), (SELECT id_chave_tipo_token FROM tipos_tokens WHERE nome_tipo_token = "substantivo" UNION (SELECT id_chave_tipo_token FROM tipos_tokens WHERE nome_tipo_token = 'indeterminado') LIMIT 1), @id_arquivo_var);
  INSERT IGNORE INTO tokens (nome_token, acentuada, id_tipo_token, id_tipo_token_spaCy, id_arquivo_fonte) VALUES ("farmacia", "farmácia", (SELECT id_tipo_token FROM classificacoes_tokens WHERE BINARY nome_token = "farmácia" UNION (SELECT id_chave_tipo_token FROM tipos_tokens WHERE nome_tipo_token = 'indeterminado') LIMIT 1), (SELECT id_chave_tipo_token FROM tipos_tokens WHERE nome_tipo_token = "verbo" UNION (SELECT id_chave_tipo_token FROM tipos_tokens WHERE nome_tipo_token = 'indeterminado') LIMIT 1), @id_arquivo_var);
  INSERT IGNORE INTO tokens (nome_token, acentuada, id_tipo_token, id_tipo_token_spaCy, id_arquivo_fonte) VALUES ("injetaveis", "injetáveis", (SELECT id_tipo_token FROM classificacoes_tokens WHERE BINARY nome_token = "injetáveis" UNION (SELECT id_chave_tipo_token FROM tipos_tokens WHERE nome_tipo_token = 'indeterminado') LIMIT 1), (SELECT id_chave_tipo_token FROM tipos_tokens WHERE nome_tipo_token = "adjetivo" UNION (SELECT id_chave_tipo_token FROM tipos_tokens WHERE nome_tipo_token = 'indeterminado') LIMIT 1), @id_arquivo_var);
  INSERT IGNORE INTO tokens (nome_token, acentuada, id_tipo_token, id_tipo_token_spaCy, id_arquivo_fonte) VALUES ("medicamentos", "medicamentos", (SELECT id_tipo_token FROM classificacoes_tokens WHERE BINARY nome_token = "medicamentos" UNION (SELECT id_chave_tipo_token FROM tipos_tokens WHERE nome_tipo_token = 'indeterminado') LIMIT 1), (SELECT id_chave_tipo_token FROM tipos_tokens WHERE nome_tipo_token = "substantivo" UNION (SELECT id_chave_tipo_token FROM tipos_tokens WHERE nome_tipo_token = 'indeterminado') LIMIT 1), @id_arquivo_var);
  INSERT IGNORE INTO tokens (nome_token, acentuada, id_tipo_token, id_tipo_token_spaCy, id_arquivo_fonte) VALUES ("aplicacao", "aplicação", (SELECT id_tipo_token FROM classificacoes_tokens WHERE BINARY nome_token = "aplicação" UNION (SELECT id_chave_tipo_token FROM tipos_tokens WHERE nome_tipo_token = 'indeterminado') LIMIT 1), (SELECT id_chave_tipo_token FROM tipos_tokens WHERE nome_tipo_token = "substantivo" UNION (SELECT id_chave_tipo_token FROM tipos_tokens WHERE nome_tipo_token = 'indeterminado') LIMIT 1), @id_arquivo_var);
  INSERT IGNORE INTO tokens (nome_token, acentuada, id_tipo_token, id_tipo_token_spaCy, id_arquivo_fonte) VALUES ("pantalas", "pantalas", (SELECT id_tipo_token FROM classificacoes_tokens WHERE BINARY nome_token = "pantalas" UNION (SELECT id_chave_tipo_token FROM tipos_tokens WHERE nome_tipo_token = 'indeterminado') LIMIT 1), (SELECT id_chave_tipo_token FROM tipos_tokens WHERE nome_tipo_token = "substantivo" UNION (SELECT id_chave_tipo_token FROM tipos_tokens WHERE nome_tipo_token = 'indeterminado') LIMIT 1), @id_arquivo_var);
  INSERT IGNORE INTO tokens (nome_token, acentuada, id_tipo_token, id_tipo_token_spaCy, id_arquivo_fonte) VALUES ("massagem", "massagem", (SELECT id_tipo_token FROM classificacoes_tokens WHERE BINARY nome_token = "massagem" UNION (SELECT id_chave_tipo_token FROM tipos_tokens WHERE nome_tipo_token = 'indeterminado') LIMIT 1), (SELECT id_chave_tipo_token FROM tipos_tokens WHERE nome_tipo_token = "substantivo" UNION (SELECT id_chave_tipo_token FROM tipos_tokens WHERE nome_tipo_token = 'indeterminado') LIMIT 1), @id_arquivo_var);
  INSERT IGNORE INTO tokens (nome_token, acentuada, id_tipo_token, id_tipo_token_spaCy, id_arquivo_fonte) VALUES ("adolescencia", "adolescência", (SELECT id_tipo_token FROM classificacoes_tokens WHERE BINARY nome_token = "adolescência" UNION (SELECT id_chave_tipo_token FROM tipos_tokens WHERE nome_tipo_token = 'indeterminado') LIMIT 1), (SELECT id_chave_tipo_token FROM tipos_tokens WHERE nome_tipo_token = "substantivo" UNION (SELECT id_chave_tipo_token FROM tipos_tokens WHERE nome_tipo_token = 'indeterminado') LIMIT 1), @id_arquivo_var);
  INSERT IGNORE INTO tokens (nome_token, acentuada, id_tipo_token, id_tipo_token_spaCy, id_arquivo_fonte) VALUES ("infancia", "infância", (SELECT id_tipo_token FROM classificacoes_tokens WHERE BINARY nome_token = "infância" UNION (SELECT id_chave_tipo_token FROM tipos_tokens WHERE nome_tipo_token = 'indeterminado') LIMIT 1), (SELECT id_chave_tipo_token FROM tipos_tokens WHERE nome_tipo_token = "substantivo" UNION (SELECT id_chave_tipo_token FROM tipos_tokens WHERE nome_tipo_token = 'indeterminado') LIMIT 1), @id_arquivo_var);
  INSERT IGNORE INTO tokens (nome_token, acentuada, id_tipo_token, id_tipo_token_spaCy, id_arquivo_fonte) VALUES ("comportamento", "comportamento", (SELECT id_tipo_token FROM classificacoes_tokens WHERE BINARY nome_token = "comportamento" UNION (SELECT id_chave_tipo_token FROM tipos_tokens WHERE nome_tipo_token = 'indeterminado') LIMIT 1), (SELECT id_chave_tipo_token FROM tipos_tokens WHERE nome_tipo_token = "substantivo" UNION (SELECT id_chave_tipo_token FROM tipos_tokens WHERE nome_tipo_token = 'indeterminado') LIMIT 1), @id_arquivo_var);
  INSERT IGNORE INTO classificacoes_tokens (nome_token, id_tipo_token, id_arquivo_fonte) VALUES ("908", (SELECT id_chave_tipo_token FROM tipos_tokens WHERE nome_tipo_token = "numeral"), @id_arquivo_var);
INSERT IGNORE INTO tokens (nome_token, acentuada, id_tipo_token, id_tipo_token_spaCy, id_arquivo_fonte) VALUES ("908", "908", (SELECT id_tipo_token FROM classificacoes_tokens WHERE BINARY nome_token = "908" UNION (SELECT id_chave_tipo_token FROM tipos_tokens WHERE nome_tipo_token = 'indeterminado') LIMIT 1), (SELECT id_chave_tipo_token FROM tipos_tokens WHERE nome_tipo_token = "numeral" UNION (SELECT id_chave_tipo_token FROM tipos_tokens WHERE nome_tipo_token = 'indeterminado') LIMIT 1), @id_arquivo_var);
  INSERT IGNORE INTO tokens (nome_token, acentuada, id_tipo_token, id_tipo_token_spaCy, id_arquivo_fonte) VALUES ("shiatsu", "shiatsu", (SELECT id_tipo_token FROM classificacoes_tokens WHERE BINARY nome_token = "shiatsu" UNION (SELECT id_chave_tipo_token FROM tipos_tokens WHERE nome_tipo_token = 'indeterminado') LIMIT 1), (SELECT id_chave_tipo_token FROM tipos_tokens WHERE nome_tipo_token = "sigla" UNION (SELECT id_chave_tipo_token FROM tipos_tokens WHERE nome_tipo_token = 'indeterminado') LIMIT 1), @id_arquivo_var);
  INSERT IGNORE INTO tokens (nome_token, acentuada, id_tipo_token, id_tipo_token_spaCy, id_arquivo_fonte) VALUES ("massagista", "massagista", (SELECT id_tipo_token FROM classificacoes_tokens WHERE BINARY nome_token = "massagista" UNION (SELECT id_chave_tipo_token FROM tipos_tokens WHERE nome_tipo_token = 'indeterminado') LIMIT 1), (SELECT id_chave_tipo_token FROM tipos_tokens WHERE nome_tipo_token = "substantivo" UNION (SELECT id_chave_tipo_token FROM tipos_tokens WHERE nome_tipo_token = 'indeterminado') LIMIT 1), @id_arquivo_var);
  INSERT IGNORE INTO tokens (nome_token, acentuada, id_tipo_token, id_tipo_token_spaCy, id_arquivo_fonte) VALUES ("capsulas", "cápsulas", (SELECT id_tipo_token FROM classificacoes_tokens WHERE BINARY nome_token = "cápsulas" UNION (SELECT id_chave_tipo_token FROM tipos_tokens WHERE nome_tipo_token = 'indeterminado') LIMIT 1), (SELECT id_chave_tipo_token FROM tipos_tokens WHERE nome_tipo_token = "substantivo" UNION (SELECT id_chave_tipo_token FROM tipos_tokens WHERE nome_tipo_token = 'indeterminado') LIMIT 1), @id_arquivo_var);
  INSERT IGNORE INTO tokens (nome_token, acentuada, id_tipo_token, id_tipo_token_spaCy, id_arquivo_fonte) VALUES ("care", "care", (SELECT id_tipo_token FROM classificacoes_tokens WHERE BINARY nome_token = "care" UNION (SELECT id_chave_tipo_token FROM tipos_tokens WHERE nome_tipo_token = 'indeterminado') LIMIT 1), (SELECT id_chave_tipo_token FROM tipos_tokens WHERE nome_tipo_token = "substantivo" UNION (SELECT id_chave_tipo_token FROM tipos_tokens WHERE nome_tipo_token = 'indeterminado') LIMIT 1), @id_arquivo_var);
  INSERT IGNORE INTO tokens (nome_token, acentuada, id_tipo_token, id_tipo_token_spaCy, id_arquivo_fonte) VALUES ("home", "home", (SELECT id_tipo_token FROM classificacoes_tokens WHERE BINARY nome_token = "home" UNION (SELECT id_chave_tipo_token FROM tipos_tokens WHERE nome_tipo_token = 'indeterminado') LIMIT 1), (SELECT id_chave_tipo_token FROM tipos_tokens WHERE nome_tipo_token = "substantivo" UNION (SELECT id_chave_tipo_token FROM tipos_tokens WHERE nome_tipo_token = 'indeterminado') LIMIT 1), @id_arquivo_var);
  INSERT IGNORE INTO tokens (nome_token, acentuada, id_tipo_token, id_tipo_token_spaCy, id_arquivo_fonte) VALUES ("mental", "mental", (SELECT id_tipo_token FROM classificacoes_tokens WHERE BINARY nome_token = "mental" UNION (SELECT id_chave_tipo_token FROM tipos_tokens WHERE nome_tipo_token = 'indeterminado') LIMIT 1), (SELECT id_chave_tipo_token FROM tipos_tokens WHERE nome_tipo_token = "adjetivo" UNION (SELECT id_chave_tipo_token FROM tipos_tokens WHERE nome_tipo_token = 'indeterminado') LIMIT 1), @id_arquivo_var);
  INSERT IGNORE INTO tokens (nome_token, acentuada, id_tipo_token, id_tipo_token_spaCy, id_arquivo_fonte) VALUES ("assistencia", "assistência", (SELECT id_tipo_token FROM classificacoes_tokens WHERE BINARY nome_token = "assistência" UNION (SELECT id_chave_tipo_token FROM tipos_tokens WHERE nome_tipo_token = 'indeterminado') LIMIT 1), (SELECT id_chave_tipo_token FROM tipos_tokens WHERE nome_tipo_token = "substantivo" UNION (SELECT id_chave_tipo_token FROM tipos_tokens WHERE nome_tipo_token = 'indeterminado') LIMIT 1), @id_arquivo_var);
  INSERT IGNORE INTO classificacoes_tokens (nome_token, id_tipo_token, id_arquivo_fonte) VALUES ("2317", (SELECT id_chave_tipo_token FROM tipos_tokens WHERE nome_tipo_token = "numeral"), @id_arquivo_var);
INSERT IGNORE INTO tokens (nome_token, acentuada, id_tipo_token, id_tipo_token_spaCy, id_arquivo_fonte) VALUES ("2317", "2317", (SELECT id_tipo_token FROM classificacoes_tokens WHERE BINARY nome_token = "2317" UNION (SELECT id_chave_tipo_token FROM tipos_tokens WHERE nome_tipo_token = 'indeterminado') LIMIT 1), (SELECT id_chave_tipo_token FROM tipos_tokens WHERE nome_tipo_token = "numeral" UNION (SELECT id_chave_tipo_token FROM tipos_tokens WHERE nome_tipo_token = 'indeterminado') LIMIT 1), @id_arquivo_var);
  INSERT IGNORE INTO tokens (nome_token, acentuada, id_tipo_token, id_tipo_token_spaCy, id_arquivo_fonte) VALUES ("comunitario", "comunitário", (SELECT id_tipo_token FROM classificacoes_tokens WHERE BINARY nome_token = "comunitário" UNION (SELECT id_chave_tipo_token FROM tipos_tokens WHERE nome_tipo_token = 'indeterminado') LIMIT 1), (SELECT id_chave_tipo_token FROM tipos_tokens WHERE nome_tipo_token = "adjetivo" UNION (SELECT id_chave_tipo_token FROM tipos_tokens WHERE nome_tipo_token = 'indeterminado') LIMIT 1), @id_arquivo_var);
  INSERT IGNORE INTO classificacoes_tokens (nome_token, id_tipo_token, id_arquivo_fonte) VALUES ("1710", (SELECT id_chave_tipo_token FROM tipos_tokens WHERE nome_tipo_token = "numeral"), @id_arquivo_var);
INSERT IGNORE INTO tokens (nome_token, acentuada, id_tipo_token, id_tipo_token_spaCy, id_arquivo_fonte) VALUES ("1710", "1710", (SELECT id_tipo_token FROM classificacoes_tokens WHERE BINARY nome_token = "1710" UNION (SELECT id_chave_tipo_token FROM tipos_tokens WHERE nome_tipo_token = 'indeterminado') LIMIT 1), (SELECT id_chave_tipo_token FROM tipos_tokens WHERE nome_tipo_token = "numeral" UNION (SELECT id_chave_tipo_token FROM tipos_tokens WHERE nome_tipo_token = 'indeterminado') LIMIT 1), @id_arquivo_var);
  INSERT IGNORE INTO tokens (nome_token, acentuada, id_tipo_token, id_tipo_token_spaCy, id_arquivo_fonte) VALUES ("enfermagem", "enfermagem", (SELECT id_tipo_token FROM classificacoes_tokens WHERE BINARY nome_token = "enfermagem" UNION (SELECT id_chave_tipo_token FROM tipos_tokens WHERE nome_tipo_token = 'indeterminado') LIMIT 1), (SELECT id_chave_tipo_token FROM tipos_tokens WHERE nome_tipo_token = "substantivo" UNION (SELECT id_chave_tipo_token FROM tipos_tokens WHERE nome_tipo_token = 'indeterminado') LIMIT 1), @id_arquivo_var);
  INSERT IGNORE INTO tokens (nome_token, acentuada, id_tipo_token, id_tipo_token_spaCy, id_arquivo_fonte) VALUES ("venosa", "venosa", (SELECT id_tipo_token FROM classificacoes_tokens WHERE BINARY nome_token = "venosa" UNION (SELECT id_chave_tipo_token FROM tipos_tokens WHERE nome_tipo_token = 'indeterminado') LIMIT 1), (SELECT id_chave_tipo_token FROM tipos_tokens WHERE nome_tipo_token = "adjetivo" UNION (SELECT id_chave_tipo_token FROM tipos_tokens WHERE nome_tipo_token = 'indeterminado') LIMIT 1), @id_arquivo_var);
  INSERT IGNORE INTO tokens (nome_token, acentuada, id_tipo_token, id_tipo_token_spaCy, id_arquivo_fonte) VALUES ("puncao", "punção", (SELECT id_tipo_token FROM classificacoes_tokens WHERE BINARY nome_token = "punção" UNION (SELECT id_chave_tipo_token FROM tipos_tokens WHERE nome_tipo_token = 'indeterminado') LIMIT 1), (SELECT id_chave_tipo_token FROM tipos_tokens WHERE nome_tipo_token = "substantivo" UNION (SELECT id_chave_tipo_token FROM tipos_tokens WHERE nome_tipo_token = 'indeterminado') LIMIT 1), @id_arquivo_var);
  INSERT IGNORE INTO tokens (nome_token, acentuada, id_tipo_token, id_tipo_token_spaCy, id_arquivo_fonte) VALUES ("aplicados", "aplicados", (SELECT id_tipo_token FROM classificacoes_tokens WHERE BINARY nome_token = "aplicados" UNION (SELECT id_chave_tipo_token FROM tipos_tokens WHERE nome_tipo_token = 'indeterminado') LIMIT 1), (SELECT id_chave_tipo_token FROM tipos_tokens WHERE nome_tipo_token = "verbo" UNION (SELECT id_chave_tipo_token FROM tipos_tokens WHERE nome_tipo_token = 'indeterminado') LIMIT 1), @id_arquivo_var);
  INSERT IGNORE INTO tokens (nome_token, acentuada, id_tipo_token, id_tipo_token_spaCy, id_arquivo_fonte) VALUES ("cirurgica", "cirúrgica", (SELECT id_tipo_token FROM classificacoes_tokens WHERE BINARY nome_token = "cirúrgica" UNION (SELECT id_chave_tipo_token FROM tipos_tokens WHERE nome_tipo_token = 'indeterminado') LIMIT 1), (SELECT id_chave_tipo_token FROM tipos_tokens WHERE nome_tipo_token = "adjetivo" UNION (SELECT id_chave_tipo_token FROM tipos_tokens WHERE nome_tipo_token = 'indeterminado') LIMIT 1), @id_arquivo_var);
  INSERT IGNORE INTO tokens (nome_token, acentuada, id_tipo_token, id_tipo_token_spaCy, id_arquivo_fonte) VALUES ("instrumentacao", "instrumentação", (SELECT id_tipo_token FROM classificacoes_tokens WHERE BINARY nome_token = "instrumentação" UNION (SELECT id_chave_tipo_token FROM tipos_tokens WHERE nome_tipo_token = 'indeterminado') LIMIT 1), (SELECT id_chave_tipo_token FROM tipos_tokens WHERE nome_tipo_token = "substantivo" UNION (SELECT id_chave_tipo_token FROM tipos_tokens WHERE nome_tipo_token = 'indeterminado') LIMIT 1), @id_arquivo_var);
  INSERT IGNORE INTO tokens (nome_token, acentuada, id_tipo_token, id_tipo_token_spaCy, id_arquivo_fonte) VALUES ("drogarias", "drogarias", (SELECT id_tipo_token FROM classificacoes_tokens WHERE BINARY nome_token = "drogarias" UNION (SELECT id_chave_tipo_token FROM tipos_tokens WHERE nome_tipo_token = 'indeterminado') LIMIT 1), (SELECT id_chave_tipo_token FROM tipos_tokens WHERE nome_tipo_token = "sigla" UNION (SELECT id_chave_tipo_token FROM tipos_tokens WHERE nome_tipo_token = 'indeterminado') LIMIT 1), @id_arquivo_var);
  INSERT IGNORE INTO tokens (nome_token, acentuada, id_tipo_token, id_tipo_token_spaCy, id_arquivo_fonte) VALUES ("farmacias", "farmácias", (SELECT id_tipo_token FROM classificacoes_tokens WHERE BINARY nome_token = "farmácias" UNION (SELECT id_chave_tipo_token FROM tipos_tokens WHERE nome_tipo_token = 'indeterminado') LIMIT 1), (SELECT id_chave_tipo_token FROM tipos_tokens WHERE nome_tipo_token = "substantivo" UNION (SELECT id_chave_tipo_token FROM tipos_tokens WHERE nome_tipo_token = 'indeterminado') LIMIT 1), @id_arquivo_var);
  INSERT IGNORE INTO classificacoes_tokens (nome_token, id_tipo_token, id_arquivo_fonte) VALUES ("2322", (SELECT id_chave_tipo_token FROM tipos_tokens WHERE nome_tipo_token = "numeral"), @id_arquivo_var);
INSERT IGNORE INTO tokens (nome_token, acentuada, id_tipo_token, id_tipo_token_spaCy, id_arquivo_fonte) VALUES ("2322", "2322", (SELECT id_tipo_token FROM classificacoes_tokens WHERE BINARY nome_token = "2322" UNION (SELECT id_chave_tipo_token FROM tipos_tokens WHERE nome_tipo_token = 'indeterminado') LIMIT 1), (SELECT id_chave_tipo_token FROM tipos_tokens WHERE nome_tipo_token = "numeral" UNION (SELECT id_chave_tipo_token FROM tipos_tokens WHERE nome_tipo_token = 'indeterminado') LIMIT 1), @id_arquivo_var);
  INSERT IGNORE INTO tokens (nome_token, acentuada, id_tipo_token, id_tipo_token_spaCy, id_arquivo_fonte) VALUES ("idoso", "idoso", (SELECT id_tipo_token FROM classificacoes_tokens WHERE BINARY nome_token = "idoso" UNION (SELECT id_chave_tipo_token FROM tipos_tokens WHERE nome_tipo_token = 'indeterminado') LIMIT 1), (SELECT id_chave_tipo_token FROM tipos_tokens WHERE nome_tipo_token = "adjetivo" UNION (SELECT id_chave_tipo_token FROM tipos_tokens WHERE nome_tipo_token = 'indeterminado') LIMIT 1), @id_arquivo_var);
  INSERT IGNORE INTO classificacoes_tokens (nome_token, id_tipo_token, id_arquivo_fonte) VALUES ("1553", (SELECT id_chave_tipo_token FROM tipos_tokens WHERE nome_tipo_token = "numeral"), @id_arquivo_var);
INSERT IGNORE INTO tokens (nome_token, acentuada, id_tipo_token, id_tipo_token_spaCy, id_arquivo_fonte) VALUES ("1553", "1553", (SELECT id_tipo_token FROM classificacoes_tokens WHERE BINARY nome_token = "1553" UNION (SELECT id_chave_tipo_token FROM tipos_tokens WHERE nome_tipo_token = 'indeterminado') LIMIT 1), (SELECT id_chave_tipo_token FROM tipos_tokens WHERE nome_tipo_token = "numeral" UNION (SELECT id_chave_tipo_token FROM tipos_tokens WHERE nome_tipo_token = 'indeterminado') LIMIT 1), @id_arquivo_var);
  INSERT IGNORE INTO tokens (nome_token, acentuada, id_tipo_token, id_tipo_token_spaCy, id_arquivo_fonte) VALUES ("endemias", "endemias", (SELECT id_tipo_token FROM classificacoes_tokens WHERE BINARY nome_token = "endemias" UNION (SELECT id_chave_tipo_token FROM tipos_tokens WHERE nome_tipo_token = 'indeterminado') LIMIT 1), (SELECT id_chave_tipo_token FROM tipos_tokens WHERE nome_tipo_token = "substantivo" UNION (SELECT id_chave_tipo_token FROM tipos_tokens WHERE nome_tipo_token = 'indeterminado') LIMIT 1), @id_arquivo_var);
  INSERT IGNORE INTO tokens (nome_token, acentuada, id_tipo_token, id_tipo_token_spaCy, id_arquivo_fonte) VALUES ("as", "às", (SELECT id_tipo_token FROM classificacoes_tokens WHERE BINARY nome_token = "às" UNION (SELECT id_chave_tipo_token FROM tipos_tokens WHERE nome_tipo_token = 'indeterminado') LIMIT 1), (SELECT id_chave_tipo_token FROM tipos_tokens WHERE nome_tipo_token = "preposicao" UNION (SELECT id_chave_tipo_token FROM tipos_tokens WHERE nome_tipo_token = 'indeterminado') LIMIT 1), @id_arquivo_var);
  INSERT IGNORE INTO tokens (nome_token, acentuada, id_tipo_token, id_tipo_token_spaCy, id_arquivo_fonte) VALUES ("combate", "combate", (SELECT id_tipo_token FROM classificacoes_tokens WHERE BINARY nome_token = "combate" UNION (SELECT id_chave_tipo_token FROM tipos_tokens WHERE nome_tipo_token = 'indeterminado') LIMIT 1), (SELECT id_chave_tipo_token FROM tipos_tokens WHERE nome_tipo_token = "substantivo" UNION (SELECT id_chave_tipo_token FROM tipos_tokens WHERE nome_tipo_token = 'indeterminado') LIMIT 1), @id_arquivo_var);
  INSERT IGNORE INTO classificacoes_tokens (nome_token, id_tipo_token, id_arquivo_fonte) VALUES ("2463", (SELECT id_chave_tipo_token FROM tipos_tokens WHERE nome_tipo_token = "numeral"), @id_arquivo_var);
INSERT IGNORE INTO tokens (nome_token, acentuada, id_tipo_token, id_tipo_token_spaCy, id_arquivo_fonte) VALUES ("2463", "2463", (SELECT id_tipo_token FROM classificacoes_tokens WHERE BINARY nome_token = "2463" UNION (SELECT id_chave_tipo_token FROM tipos_tokens WHERE nome_tipo_token = 'indeterminado') LIMIT 1), (SELECT id_chave_tipo_token FROM tipos_tokens WHERE nome_tipo_token = "numeral" UNION (SELECT id_chave_tipo_token FROM tipos_tokens WHERE nome_tipo_token = 'indeterminado') LIMIT 1), @id_arquivo_var);
  INSERT IGNORE INTO tokens (nome_token, acentuada, id_tipo_token, id_tipo_token_spaCy, id_arquivo_fonte) VALUES ("infantil", "infantil", (SELECT id_tipo_token FROM classificacoes_tokens WHERE BINARY nome_token = "infantil" UNION (SELECT id_chave_tipo_token FROM tipos_tokens WHERE nome_tipo_token = 'indeterminado') LIMIT 1), (SELECT id_chave_tipo_token FROM tipos_tokens WHERE nome_tipo_token = "adjetivo" UNION (SELECT id_chave_tipo_token FROM tipos_tokens WHERE nome_tipo_token = 'indeterminado') LIMIT 1), @id_arquivo_var);
  INSERT IGNORE INTO tokens (nome_token, acentuada, id_tipo_token, id_tipo_token_spaCy, id_arquivo_fonte) VALUES ("cuidador", "cuidador", (SELECT id_tipo_token FROM classificacoes_tokens WHERE BINARY nome_token = "cuidador" UNION (SELECT id_chave_tipo_token FROM tipos_tokens WHERE nome_tipo_token = 'indeterminado') LIMIT 1), (SELECT id_chave_tipo_token FROM tipos_tokens WHERE nome_tipo_token = "substantivo" UNION (SELECT id_chave_tipo_token FROM tipos_tokens WHERE nome_tipo_token = 'indeterminado') LIMIT 1), @id_arquivo_var);
  INSERT IGNORE INTO classificacoes_tokens (nome_token, id_tipo_token, id_arquivo_fonte) VALUES ("2464", (SELECT id_chave_tipo_token FROM tipos_tokens WHERE nome_tipo_token = "numeral"), @id_arquivo_var);
INSERT IGNORE INTO tokens (nome_token, acentuada, id_tipo_token, id_tipo_token_spaCy, id_arquivo_fonte) VALUES ("2464", "2464", (SELECT id_tipo_token FROM classificacoes_tokens WHERE BINARY nome_token = "2464" UNION (SELECT id_chave_tipo_token FROM tipos_tokens WHERE nome_tipo_token = 'indeterminado') LIMIT 1), (SELECT id_chave_tipo_token FROM tipos_tokens WHERE nome_tipo_token = "numeral" UNION (SELECT id_chave_tipo_token FROM tipos_tokens WHERE nome_tipo_token = 'indeterminado') LIMIT 1), @id_arquivo_var);
  INSERT IGNORE INTO tokens (nome_token, acentuada, id_tipo_token, id_tipo_token_spaCy, id_arquivo_fonte) VALUES ("dietetica", "dietética", (SELECT id_tipo_token FROM classificacoes_tokens WHERE BINARY nome_token = "dietética" UNION (SELECT id_chave_tipo_token FROM tipos_tokens WHERE nome_tipo_token = 'indeterminado') LIMIT 1), (SELECT id_chave_tipo_token FROM tipos_tokens WHERE nome_tipo_token = "adjetivo" UNION (SELECT id_chave_tipo_token FROM tipos_tokens WHERE nome_tipo_token = 'indeterminado') LIMIT 1), @id_arquivo_var);
  INSERT IGNORE INTO tokens (nome_token, acentuada, id_tipo_token, id_tipo_token_spaCy, id_arquivo_fonte) VALUES ("nutricao", "nutrição", (SELECT id_tipo_token FROM classificacoes_tokens WHERE BINARY nome_token = "nutrição" UNION (SELECT id_chave_tipo_token FROM tipos_tokens WHERE nome_tipo_token = 'indeterminado') LIMIT 1), (SELECT id_chave_tipo_token FROM tipos_tokens WHERE nome_tipo_token = "substantivo" UNION (SELECT id_chave_tipo_token FROM tipos_tokens WHERE nome_tipo_token = 'indeterminado') LIMIT 1), @id_arquivo_var);
  INSERT IGNORE INTO classificacoes_tokens (nome_token, id_tipo_token, id_arquivo_fonte) VALUES ("1025", (SELECT id_chave_tipo_token FROM tipos_tokens WHERE nome_tipo_token = "numeral"), @id_arquivo_var);
INSERT IGNORE INTO tokens (nome_token, acentuada, id_tipo_token, id_tipo_token_spaCy, id_arquivo_fonte) VALUES ("1025", "1025", (SELECT id_tipo_token FROM classificacoes_tokens WHERE BINARY nome_token = "1025" UNION (SELECT id_chave_tipo_token FROM tipos_tokens WHERE nome_tipo_token = 'indeterminado') LIMIT 1), (SELECT id_chave_tipo_token FROM tipos_tokens WHERE nome_tipo_token = "numeral" UNION (SELECT id_chave_tipo_token FROM tipos_tokens WHERE nome_tipo_token = 'indeterminado') LIMIT 1), @id_arquivo_var);
  INSERT IGNORE INTO tokens (nome_token, acentuada, id_tipo_token, id_tipo_token_spaCy, id_arquivo_fonte) VALUES ("opticos", "ópticos", (SELECT id_tipo_token FROM classificacoes_tokens WHERE BINARY nome_token = "ópticos" UNION (SELECT id_chave_tipo_token FROM tipos_tokens WHERE nome_tipo_token = 'indeterminado') LIMIT 1), (SELECT id_chave_tipo_token FROM tipos_tokens WHERE nome_tipo_token = "adjetivo" UNION (SELECT id_chave_tipo_token FROM tipos_tokens WHERE nome_tipo_token = 'indeterminado') LIMIT 1), @id_arquivo_var);
  INSERT IGNORE INTO classificacoes_tokens (nome_token, id_tipo_token, id_arquivo_fonte) VALUES ("1851", (SELECT id_chave_tipo_token FROM tipos_tokens WHERE nome_tipo_token = "numeral"), @id_arquivo_var);
INSERT IGNORE INTO tokens (nome_token, acentuada, id_tipo_token, id_tipo_token_spaCy, id_arquivo_fonte) VALUES ("1851", "1851", (SELECT id_tipo_token FROM classificacoes_tokens WHERE BINARY nome_token = "1851" UNION (SELECT id_chave_tipo_token FROM tipos_tokens WHERE nome_tipo_token = 'indeterminado') LIMIT 1), (SELECT id_chave_tipo_token FROM tipos_tokens WHERE nome_tipo_token = "numeral" UNION (SELECT id_chave_tipo_token FROM tipos_tokens WHERE nome_tipo_token = 'indeterminado') LIMIT 1), @id_arquivo_var);
  INSERT IGNORE INTO tokens (nome_token, acentuada, id_tipo_token, id_tipo_token_spaCy, id_arquivo_fonte) VALUES ("maqueiro", "maqueiro", (SELECT id_tipo_token FROM classificacoes_tokens WHERE BINARY nome_token = "maqueiro" UNION (SELECT id_chave_tipo_token FROM tipos_tokens WHERE nome_tipo_token = 'indeterminado') LIMIT 1), (SELECT id_chave_tipo_token FROM tipos_tokens WHERE nome_tipo_token = "substantivo" UNION (SELECT id_chave_tipo_token FROM tipos_tokens WHERE nome_tipo_token = 'indeterminado') LIMIT 1), @id_arquivo_var);
  INSERT IGNORE INTO classificacoes_tokens (nome_token, id_tipo_token, id_arquivo_fonte) VALUES ("2685", (SELECT id_chave_tipo_token FROM tipos_tokens WHERE nome_tipo_token = "numeral"), @id_arquivo_var);
INSERT IGNORE INTO tokens (nome_token, acentuada, id_tipo_token, id_tipo_token_spaCy, id_arquivo_fonte) VALUES ("2685", "2685", (SELECT id_tipo_token FROM classificacoes_tokens WHERE BINARY nome_token = "2685" UNION (SELECT id_chave_tipo_token FROM tipos_tokens WHERE nome_tipo_token = 'indeterminado') LIMIT 1), (SELECT id_chave_tipo_token FROM tipos_tokens WHERE nome_tipo_token = "numeral" UNION (SELECT id_chave_tipo_token FROM tipos_tokens WHERE nome_tipo_token = 'indeterminado') LIMIT 1), @id_arquivo_var);
  INSERT IGNORE INTO tokens (nome_token, acentuada, id_tipo_token, id_tipo_token_spaCy, id_arquivo_fonte) VALUES ("shiatsuterapeuta", "shiatsuterapeuta", (SELECT id_tipo_token FROM classificacoes_tokens WHERE BINARY nome_token = "shiatsuterapeuta" UNION (SELECT id_chave_tipo_token FROM tipos_tokens WHERE nome_tipo_token = 'indeterminado') LIMIT 1), (SELECT id_chave_tipo_token FROM tipos_tokens WHERE nome_tipo_token = "sigla" UNION (SELECT id_chave_tipo_token FROM tipos_tokens WHERE nome_tipo_token = 'indeterminado') LIMIT 1), @id_arquivo_var);
  INSERT IGNORE INTO tokens (nome_token, acentuada, id_tipo_token, id_tipo_token_spaCy, id_arquivo_fonte) VALUES ("domesticos", "domésticos", (SELECT id_tipo_token FROM classificacoes_tokens WHERE BINARY nome_token = "domésticos" UNION (SELECT id_chave_tipo_token FROM tipos_tokens WHERE nome_tipo_token = 'indeterminado') LIMIT 1), (SELECT id_chave_tipo_token FROM tipos_tokens WHERE nome_tipo_token = "adjetivo" UNION (SELECT id_chave_tipo_token FROM tipos_tokens WHERE nome_tipo_token = 'indeterminado') LIMIT 1), @id_arquivo_var);
  INSERT IGNORE INTO tokens (nome_token, acentuada, id_tipo_token, id_tipo_token_spaCy, id_arquivo_fonte) VALUES ("animais", "animais", (SELECT id_tipo_token FROM classificacoes_tokens WHERE BINARY nome_token = "animais" UNION (SELECT id_chave_tipo_token FROM tipos_tokens WHERE nome_tipo_token = 'indeterminado') LIMIT 1), (SELECT id_chave_tipo_token FROM tipos_tokens WHERE nome_tipo_token = "substantivo" UNION (SELECT id_chave_tipo_token FROM tipos_tokens WHERE nome_tipo_token = 'indeterminado') LIMIT 1), @id_arquivo_var);
  INSERT IGNORE INTO tokens (nome_token, acentuada, id_tipo_token, id_tipo_token_spaCy, id_arquivo_fonte) VALUES ("esteticista", "esteticista", (SELECT id_tipo_token FROM classificacoes_tokens WHERE BINARY nome_token = "esteticista" UNION (SELECT id_chave_tipo_token FROM tipos_tokens WHERE nome_tipo_token = 'indeterminado') LIMIT 1), (SELECT id_chave_tipo_token FROM tipos_tokens WHERE nome_tipo_token = "verbo" UNION (SELECT id_chave_tipo_token FROM tipos_tokens WHERE nome_tipo_token = 'indeterminado') LIMIT 1), @id_arquivo_var);
  INSERT IGNORE INTO classificacoes_tokens (nome_token, id_tipo_token, id_arquivo_fonte) VALUES ("2620", (SELECT id_chave_tipo_token FROM tipos_tokens WHERE nome_tipo_token = "numeral"), @id_arquivo_var);
INSERT IGNORE INTO tokens (nome_token, acentuada, id_tipo_token, id_tipo_token_spaCy, id_arquivo_fonte) VALUES ("2620", "2620", (SELECT id_tipo_token FROM classificacoes_tokens WHERE BINARY nome_token = "2620" UNION (SELECT id_chave_tipo_token FROM tipos_tokens WHERE nome_tipo_token = 'indeterminado') LIMIT 1), (SELECT id_chave_tipo_token FROM tipos_tokens WHERE nome_tipo_token = "numeral" UNION (SELECT id_chave_tipo_token FROM tipos_tokens WHERE nome_tipo_token = 'indeterminado') LIMIT 1), @id_arquivo_var);
  INSERT IGNORE INTO classificacoes_tokens (nome_token, id_tipo_token, id_arquivo_fonte) VALUES ("2588", (SELECT id_chave_tipo_token FROM tipos_tokens WHERE nome_tipo_token = "numeral"), @id_arquivo_var);
INSERT IGNORE INTO tokens (nome_token, acentuada, id_tipo_token, id_tipo_token_spaCy, id_arquivo_fonte) VALUES ("2588", "2588", (SELECT id_tipo_token FROM classificacoes_tokens WHERE BINARY nome_token = "2588" UNION (SELECT id_chave_tipo_token FROM tipos_tokens WHERE nome_tipo_token = 'indeterminado') LIMIT 1), (SELECT id_chave_tipo_token FROM tipos_tokens WHERE nome_tipo_token = "numeral" UNION (SELECT id_chave_tipo_token FROM tipos_tokens WHERE nome_tipo_token = 'indeterminado') LIMIT 1), @id_arquivo_var);
  INSERT IGNORE INTO tokens (nome_token, acentuada, id_tipo_token, id_tipo_token_spaCy, id_arquivo_fonte) VALUES ("socorrista", "socorrista", (SELECT id_tipo_token FROM classificacoes_tokens WHERE BINARY nome_token = "socorrista" UNION (SELECT id_chave_tipo_token FROM tipos_tokens WHERE nome_tipo_token = 'indeterminado') LIMIT 1), (SELECT id_chave_tipo_token FROM tipos_tokens WHERE nome_tipo_token = "adjetivo" UNION (SELECT id_chave_tipo_token FROM tipos_tokens WHERE nome_tipo_token = 'indeterminado') LIMIT 1), @id_arquivo_var);
  INSERT IGNORE INTO tokens (nome_token, acentuada, id_tipo_token, id_tipo_token_spaCy, id_arquivo_fonte) VALUES ("doula", "doula", (SELECT id_tipo_token FROM classificacoes_tokens WHERE BINARY nome_token = "doula" UNION (SELECT id_chave_tipo_token FROM tipos_tokens WHERE nome_tipo_token = 'indeterminado') LIMIT 1), (SELECT id_chave_tipo_token FROM tipos_tokens WHERE nome_tipo_token = "verbo" UNION (SELECT id_chave_tipo_token FROM tipos_tokens WHERE nome_tipo_token = 'indeterminado') LIMIT 1), @id_arquivo_var);
  INSERT IGNORE INTO classificacoes_tokens (nome_token, id_tipo_token, id_arquivo_fonte) VALUES ("2936", (SELECT id_chave_tipo_token FROM tipos_tokens WHERE nome_tipo_token = "numeral"), @id_arquivo_var);
INSERT IGNORE INTO tokens (nome_token, acentuada, id_tipo_token, id_tipo_token_spaCy, id_arquivo_fonte) VALUES ("2936", "2936", (SELECT id_tipo_token FROM classificacoes_tokens WHERE BINARY nome_token = "2936" UNION (SELECT id_chave_tipo_token FROM tipos_tokens WHERE nome_tipo_token = 'indeterminado') LIMIT 1), (SELECT id_chave_tipo_token FROM tipos_tokens WHERE nome_tipo_token = "numeral" UNION (SELECT id_chave_tipo_token FROM tipos_tokens WHERE nome_tipo_token = 'indeterminado') LIMIT 1), @id_arquivo_var);
  INSERT IGNORE INTO tokens (nome_token, acentuada, id_tipo_token, id_tipo_token_spaCy, id_arquivo_fonte) VALUES ("incendio", "incêndio", (SELECT id_tipo_token FROM classificacoes_tokens WHERE BINARY nome_token = "incêndio" UNION (SELECT id_chave_tipo_token FROM tipos_tokens WHERE nome_tipo_token = 'indeterminado') LIMIT 1), (SELECT id_chave_tipo_token FROM tipos_tokens WHERE nome_tipo_token = "substantivo" UNION (SELECT id_chave_tipo_token FROM tipos_tokens WHERE nome_tipo_token = 'indeterminado') LIMIT 1), @id_arquivo_var);
  INSERT IGNORE INTO tokens (nome_token, acentuada, id_tipo_token, id_tipo_token_spaCy, id_arquivo_fonte) VALUES ("brigada", "brigada", (SELECT id_tipo_token FROM classificacoes_tokens WHERE BINARY nome_token = "brigada" UNION (SELECT id_chave_tipo_token FROM tipos_tokens WHERE nome_tipo_token = 'indeterminado') LIMIT 1), (SELECT id_chave_tipo_token FROM tipos_tokens WHERE nome_tipo_token = "verbo" UNION (SELECT id_chave_tipo_token FROM tipos_tokens WHERE nome_tipo_token = 'indeterminado') LIMIT 1), @id_arquivo_var);
  INSERT IGNORE INTO tokens (nome_token, acentuada, id_tipo_token, id_tipo_token_spaCy, id_arquivo_fonte) VALUES ("socorros", "socorros", (SELECT id_tipo_token FROM classificacoes_tokens WHERE BINARY nome_token = "socorros" UNION (SELECT id_chave_tipo_token FROM tipos_tokens WHERE nome_tipo_token = 'indeterminado') LIMIT 1), (SELECT id_chave_tipo_token FROM tipos_tokens WHERE nome_tipo_token = "substantivo" UNION (SELECT id_chave_tipo_token FROM tipos_tokens WHERE nome_tipo_token = 'indeterminado') LIMIT 1), @id_arquivo_var);
  INSERT IGNORE INTO tokens (nome_token, acentuada, id_tipo_token, id_tipo_token_spaCy, id_arquivo_fonte) VALUES ("primeiros", "primeiros", (SELECT id_tipo_token FROM classificacoes_tokens WHERE BINARY nome_token = "primeiros" UNION (SELECT id_chave_tipo_token FROM tipos_tokens WHERE nome_tipo_token = 'indeterminado') LIMIT 1), (SELECT id_chave_tipo_token FROM tipos_tokens WHERE nome_tipo_token = "adjetivo" UNION (SELECT id_chave_tipo_token FROM tipos_tokens WHERE nome_tipo_token = 'indeterminado') LIMIT 1), @id_arquivo_var);
  INSERT IGNORE INTO classificacoes_tokens (nome_token, id_tipo_token, id_arquivo_fonte) VALUES ("409", (SELECT id_chave_tipo_token FROM tipos_tokens WHERE nome_tipo_token = "numeral"), @id_arquivo_var);
INSERT IGNORE INTO tokens (nome_token, acentuada, id_tipo_token, id_tipo_token_spaCy, id_arquivo_fonte) VALUES ("409", "409", (SELECT id_tipo_token FROM classificacoes_tokens WHERE BINARY nome_token = "409" UNION (SELECT id_chave_tipo_token FROM tipos_tokens WHERE nome_tipo_token = 'indeterminado') LIMIT 1), (SELECT id_chave_tipo_token FROM tipos_tokens WHERE nome_tipo_token = "numeral" UNION (SELECT id_chave_tipo_token FROM tipos_tokens WHERE nome_tipo_token = 'indeterminado') LIMIT 1), @id_arquivo_var);
  INSERT IGNORE INTO classificacoes_tokens (nome_token, id_tipo_token, id_arquivo_fonte) VALUES ("781", (SELECT id_chave_tipo_token FROM tipos_tokens WHERE nome_tipo_token = "numeral"), @id_arquivo_var);
INSERT IGNORE INTO tokens (nome_token, acentuada, id_tipo_token, id_tipo_token_spaCy, id_arquivo_fonte) VALUES ("781", "781", (SELECT id_tipo_token FROM classificacoes_tokens WHERE BINARY nome_token = "781" UNION (SELECT id_chave_tipo_token FROM tipos_tokens WHERE nome_tipo_token = 'indeterminado') LIMIT 1), (SELECT id_chave_tipo_token FROM tipos_tokens WHERE nome_tipo_token = "numeral" UNION (SELECT id_chave_tipo_token FROM tipos_tokens WHERE nome_tipo_token = 'indeterminado') LIMIT 1), @id_arquivo_var);
  INSERT IGNORE INTO classificacoes_tokens (nome_token, id_tipo_token, id_arquivo_fonte) VALUES ("400", (SELECT id_chave_tipo_token FROM tipos_tokens WHERE nome_tipo_token = "numeral"), @id_arquivo_var);
INSERT IGNORE INTO tokens (nome_token, acentuada, id_tipo_token, id_tipo_token_spaCy, id_arquivo_fonte) VALUES ("400", "400", (SELECT id_tipo_token FROM classificacoes_tokens WHERE BINARY nome_token = "400" UNION (SELECT id_chave_tipo_token FROM tipos_tokens WHERE nome_tipo_token = 'indeterminado') LIMIT 1), (SELECT id_chave_tipo_token FROM tipos_tokens WHERE nome_tipo_token = "numeral" UNION (SELECT id_chave_tipo_token FROM tipos_tokens WHERE nome_tipo_token = 'indeterminado') LIMIT 1), @id_arquivo_var);
  INSERT IGNORE INTO classificacoes_tokens (nome_token, id_tipo_token, id_arquivo_fonte) VALUES ("675", (SELECT id_chave_tipo_token FROM tipos_tokens WHERE nome_tipo_token = "numeral"), @id_arquivo_var);
INSERT IGNORE INTO tokens (nome_token, acentuada, id_tipo_token, id_tipo_token_spaCy, id_arquivo_fonte) VALUES ("675", "675", (SELECT id_tipo_token FROM classificacoes_tokens WHERE BINARY nome_token = "675" UNION (SELECT id_chave_tipo_token FROM tipos_tokens WHERE nome_tipo_token = 'indeterminado') LIMIT 1), (SELECT id_chave_tipo_token FROM tipos_tokens WHERE nome_tipo_token = "numeral" UNION (SELECT id_chave_tipo_token FROM tipos_tokens WHERE nome_tipo_token = 'indeterminado') LIMIT 1), @id_arquivo_var);
  INSERT IGNORE INTO classificacoes_tokens (nome_token, id_tipo_token, id_arquivo_fonte) VALUES ("1286", (SELECT id_chave_tipo_token FROM tipos_tokens WHERE nome_tipo_token = "numeral"), @id_arquivo_var);
INSERT IGNORE INTO tokens (nome_token, acentuada, id_tipo_token, id_tipo_token_spaCy, id_arquivo_fonte) VALUES ("1286", "1286", (SELECT id_tipo_token FROM classificacoes_tokens WHERE BINARY nome_token = "1286" UNION (SELECT id_chave_tipo_token FROM tipos_tokens WHERE nome_tipo_token = 'indeterminado') LIMIT 1), (SELECT id_chave_tipo_token FROM tipos_tokens WHERE nome_tipo_token = "numeral" UNION (SELECT id_chave_tipo_token FROM tipos_tokens WHERE nome_tipo_token = 'indeterminado') LIMIT 1), @id_arquivo_var);
  INSERT IGNORE INTO tokens (nome_token, acentuada, id_tipo_token, id_tipo_token_spaCy, id_arquivo_fonte) VALUES ("padaria", "padaria", (SELECT id_tipo_token FROM classificacoes_tokens WHERE BINARY nome_token = "padaria" UNION (SELECT id_chave_tipo_token FROM tipos_tokens WHERE nome_tipo_token = 'indeterminado') LIMIT 1), (SELECT id_chave_tipo_token FROM tipos_tokens WHERE nome_tipo_token = "substantivo" UNION (SELECT id_chave_tipo_token FROM tipos_tokens WHERE nome_tipo_token = 'indeterminado') LIMIT 1), @id_arquivo_var);
  INSERT IGNORE INTO classificacoes_tokens (nome_token, id_tipo_token, id_arquivo_fonte) VALUES ("811", (SELECT id_chave_tipo_token FROM tipos_tokens WHERE nome_tipo_token = "numeral"), @id_arquivo_var);
INSERT IGNORE INTO tokens (nome_token, acentuada, id_tipo_token, id_tipo_token_spaCy, id_arquivo_fonte) VALUES ("811", "811", (SELECT id_tipo_token FROM classificacoes_tokens WHERE BINARY nome_token = "811" UNION (SELECT id_chave_tipo_token FROM tipos_tokens WHERE nome_tipo_token = 'indeterminado') LIMIT 1), (SELECT id_chave_tipo_token FROM tipos_tokens WHERE nome_tipo_token = "numeral" UNION (SELECT id_chave_tipo_token FROM tipos_tokens WHERE nome_tipo_token = 'indeterminado') LIMIT 1), @id_arquivo_var);
  INSERT IGNORE INTO tokens (nome_token, acentuada, id_tipo_token, id_tipo_token_spaCy, id_arquivo_fonte) VALUES ("finos", "finos", (SELECT id_tipo_token FROM classificacoes_tokens WHERE BINARY nome_token = "finos" UNION (SELECT id_chave_tipo_token FROM tipos_tokens WHERE nome_tipo_token = 'indeterminado') LIMIT 1), (SELECT id_chave_tipo_token FROM tipos_tokens WHERE nome_tipo_token = "verbo" UNION (SELECT id_chave_tipo_token FROM tipos_tokens WHERE nome_tipo_token = 'indeterminado') LIMIT 1), @id_arquivo_var);
  INSERT IGNORE INTO classificacoes_tokens (nome_token, id_tipo_token, id_arquivo_fonte) VALUES ("261", (SELECT id_chave_tipo_token FROM tipos_tokens WHERE nome_tipo_token = "numeral"), @id_arquivo_var);
INSERT IGNORE INTO tokens (nome_token, acentuada, id_tipo_token, id_tipo_token_spaCy, id_arquivo_fonte) VALUES ("261", "261", (SELECT id_tipo_token FROM classificacoes_tokens WHERE BINARY nome_token = "261" UNION (SELECT id_chave_tipo_token FROM tipos_tokens WHERE nome_tipo_token = 'indeterminado') LIMIT 1), (SELECT id_chave_tipo_token FROM tipos_tokens WHERE nome_tipo_token = "numeral" UNION (SELECT id_chave_tipo_token FROM tipos_tokens WHERE nome_tipo_token = 'indeterminado') LIMIT 1), @id_arquivo_var);
  INSERT IGNORE INTO classificacoes_tokens (nome_token, id_tipo_token, id_arquivo_fonte) VALUES ("2449", (SELECT id_chave_tipo_token FROM tipos_tokens WHERE nome_tipo_token = "numeral"), @id_arquivo_var);
INSERT IGNORE INTO tokens (nome_token, acentuada, id_tipo_token, id_tipo_token_spaCy, id_arquivo_fonte) VALUES ("2449", "2449", (SELECT id_tipo_token FROM classificacoes_tokens WHERE BINARY nome_token = "2449" UNION (SELECT id_chave_tipo_token FROM tipos_tokens WHERE nome_tipo_token = 'indeterminado') LIMIT 1), (SELECT id_chave_tipo_token FROM tipos_tokens WHERE nome_tipo_token = "numeral" UNION (SELECT id_chave_tipo_token FROM tipos_tokens WHERE nome_tipo_token = 'indeterminado') LIMIT 1), @id_arquivo_var);
  INSERT IGNORE INTO classificacoes_tokens (nome_token, id_tipo_token, id_arquivo_fonte) VALUES ("2517", (SELECT id_chave_tipo_token FROM tipos_tokens WHERE nome_tipo_token = "numeral"), @id_arquivo_var);
INSERT IGNORE INTO tokens (nome_token, acentuada, id_tipo_token, id_tipo_token_spaCy, id_arquivo_fonte) VALUES ("2517", "2517", (SELECT id_tipo_token FROM classificacoes_tokens WHERE BINARY nome_token = "2517" UNION (SELECT id_chave_tipo_token FROM tipos_tokens WHERE nome_tipo_token = 'indeterminado') LIMIT 1), (SELECT id_chave_tipo_token FROM tipos_tokens WHERE nome_tipo_token = "numeral" UNION (SELECT id_chave_tipo_token FROM tipos_tokens WHERE nome_tipo_token = 'indeterminado') LIMIT 1), @id_arquivo_var);
  INSERT IGNORE INTO classificacoes_tokens (nome_token, id_tipo_token, id_arquivo_fonte) VALUES ("406", (SELECT id_chave_tipo_token FROM tipos_tokens WHERE nome_tipo_token = "numeral"), @id_arquivo_var);
INSERT IGNORE INTO tokens (nome_token, acentuada, id_tipo_token, id_tipo_token_spaCy, id_arquivo_fonte) VALUES ("406", "406", (SELECT id_tipo_token FROM classificacoes_tokens WHERE BINARY nome_token = "406" UNION (SELECT id_chave_tipo_token FROM tipos_tokens WHERE nome_tipo_token = 'indeterminado') LIMIT 1), (SELECT id_chave_tipo_token FROM tipos_tokens WHERE nome_tipo_token = "numeral" UNION (SELECT id_chave_tipo_token FROM tipos_tokens WHERE nome_tipo_token = 'indeterminado') LIMIT 1), @id_arquivo_var);
  INSERT IGNORE INTO tokens (nome_token, acentuada, id_tipo_token, id_tipo_token_spaCy, id_arquivo_fonte) VALUES ("recheadas", "recheadas", (SELECT id_tipo_token FROM classificacoes_tokens WHERE BINARY nome_token = "recheadas" UNION (SELECT id_chave_tipo_token FROM tipos_tokens WHERE nome_tipo_token = 'indeterminado') LIMIT 1), (SELECT id_chave_tipo_token FROM tipos_tokens WHERE nome_tipo_token = "substantivo" UNION (SELECT id_chave_tipo_token FROM tipos_tokens WHERE nome_tipo_token = 'indeterminado') LIMIT 1), @id_arquivo_var);
  INSERT IGNORE INTO tokens (nome_token, acentuada, id_tipo_token, id_tipo_token_spaCy, id_arquivo_fonte) VALUES ("frescas", "frescas", (SELECT id_tipo_token FROM classificacoes_tokens WHERE BINARY nome_token = "frescas" UNION (SELECT id_chave_tipo_token FROM tipos_tokens WHERE nome_tipo_token = 'indeterminado') LIMIT 1), (SELECT id_chave_tipo_token FROM tipos_tokens WHERE nome_tipo_token = "adjetivo" UNION (SELECT id_chave_tipo_token FROM tipos_tokens WHERE nome_tipo_token = 'indeterminado') LIMIT 1), @id_arquivo_var);
  INSERT IGNORE INTO classificacoes_tokens (nome_token, id_tipo_token, id_arquivo_fonte) VALUES ("428", (SELECT id_chave_tipo_token FROM tipos_tokens WHERE nome_tipo_token = "numeral"), @id_arquivo_var);
INSERT IGNORE INTO tokens (nome_token, acentuada, id_tipo_token, id_tipo_token_spaCy, id_arquivo_fonte) VALUES ("428", "428", (SELECT id_tipo_token FROM classificacoes_tokens WHERE BINARY nome_token = "428" UNION (SELECT id_chave_tipo_token FROM tipos_tokens WHERE nome_tipo_token = 'indeterminado') LIMIT 1), (SELECT id_chave_tipo_token FROM tipos_tokens WHERE nome_tipo_token = "numeral" UNION (SELECT id_chave_tipo_token FROM tipos_tokens WHERE nome_tipo_token = 'indeterminado') LIMIT 1), @id_arquivo_var);
  INSERT IGNORE INTO tokens (nome_token, acentuada, id_tipo_token, id_tipo_token_spaCy, id_arquivo_fonte) VALUES ("doceiro", "doceiro", (SELECT id_tipo_token FROM classificacoes_tokens WHERE BINARY nome_token = "doceiro" UNION (SELECT id_chave_tipo_token FROM tipos_tokens WHERE nome_tipo_token = 'indeterminado') LIMIT 1), (SELECT id_chave_tipo_token FROM tipos_tokens WHERE nome_tipo_token = "substantivo" UNION (SELECT id_chave_tipo_token FROM tipos_tokens WHERE nome_tipo_token = 'indeterminado') LIMIT 1), @id_arquivo_var);
  INSERT IGNORE INTO classificacoes_tokens (nome_token, id_tipo_token, id_arquivo_fonte) VALUES ("2438", (SELECT id_chave_tipo_token FROM tipos_tokens WHERE nome_tipo_token = "numeral"), @id_arquivo_var);
INSERT IGNORE INTO tokens (nome_token, acentuada, id_tipo_token, id_tipo_token_spaCy, id_arquivo_fonte) VALUES ("2438", "2438", (SELECT id_tipo_token FROM classificacoes_tokens WHERE BINARY nome_token = "2438" UNION (SELECT id_chave_tipo_token FROM tipos_tokens WHERE nome_tipo_token = 'indeterminado') LIMIT 1), (SELECT id_chave_tipo_token FROM tipos_tokens WHERE nome_tipo_token = "numeral" UNION (SELECT id_chave_tipo_token FROM tipos_tokens WHERE nome_tipo_token = 'indeterminado') LIMIT 1), @id_arquivo_var);
  INSERT IGNORE INTO tokens (nome_token, acentuada, id_tipo_token, id_tipo_token_spaCy, id_arquivo_fonte) VALUES ("artesanais", "artesanais", (SELECT id_tipo_token FROM classificacoes_tokens WHERE BINARY nome_token = "artesanais" UNION (SELECT id_chave_tipo_token FROM tipos_tokens WHERE nome_tipo_token = 'indeterminado') LIMIT 1), (SELECT id_chave_tipo_token FROM tipos_tokens WHERE nome_tipo_token = "adjetivo" UNION (SELECT id_chave_tipo_token FROM tipos_tokens WHERE nome_tipo_token = 'indeterminado') LIMIT 1), @id_arquivo_var);
  INSERT IGNORE INTO classificacoes_tokens (nome_token, id_tipo_token, id_arquivo_fonte) VALUES ("405", (SELECT id_chave_tipo_token FROM tipos_tokens WHERE nome_tipo_token = "numeral"), @id_arquivo_var);
INSERT IGNORE INTO tokens (nome_token, acentuada, id_tipo_token, id_tipo_token_spaCy, id_arquivo_fonte) VALUES ("405", "405", (SELECT id_tipo_token FROM classificacoes_tokens WHERE BINARY nome_token = "405" UNION (SELECT id_chave_tipo_token FROM tipos_tokens WHERE nome_tipo_token = 'indeterminado') LIMIT 1), (SELECT id_chave_tipo_token FROM tipos_tokens WHERE nome_tipo_token = "numeral" UNION (SELECT id_chave_tipo_token FROM tipos_tokens WHERE nome_tipo_token = 'indeterminado') LIMIT 1), @id_arquivo_var);
  INSERT IGNORE INTO classificacoes_tokens (nome_token, id_tipo_token, id_arquivo_fonte) VALUES ("319", (SELECT id_chave_tipo_token FROM tipos_tokens WHERE nome_tipo_token = "numeral"), @id_arquivo_var);
INSERT IGNORE INTO tokens (nome_token, acentuada, id_tipo_token, id_tipo_token_spaCy, id_arquivo_fonte) VALUES ("319", "319", (SELECT id_tipo_token FROM classificacoes_tokens WHERE BINARY nome_token = "319" UNION (SELECT id_chave_tipo_token FROM tipos_tokens WHERE nome_tipo_token = 'indeterminado') LIMIT 1), (SELECT id_chave_tipo_token FROM tipos_tokens WHERE nome_tipo_token = "numeral" UNION (SELECT id_chave_tipo_token FROM tipos_tokens WHERE nome_tipo_token = 'indeterminado') LIMIT 1), @id_arquivo_var);
  INSERT IGNORE INTO tokens (nome_token, acentuada, id_tipo_token, id_tipo_token_spaCy, id_arquivo_fonte) VALUES ("decorados", "decorados", (SELECT id_tipo_token FROM classificacoes_tokens WHERE BINARY nome_token = "decorados" UNION (SELECT id_chave_tipo_token FROM tipos_tokens WHERE nome_tipo_token = 'indeterminado') LIMIT 1), (SELECT id_chave_tipo_token FROM tipos_tokens WHERE nome_tipo_token = "verbo" UNION (SELECT id_chave_tipo_token FROM tipos_tokens WHERE nome_tipo_token = 'indeterminado') LIMIT 1), @id_arquivo_var);
  INSERT IGNORE INTO tokens (nome_token, acentuada, id_tipo_token, id_tipo_token_spaCy, id_arquivo_fonte) VALUES ("docinhos", "docinhos", (SELECT id_tipo_token FROM classificacoes_tokens WHERE BINARY nome_token = "docinhos" UNION (SELECT id_chave_tipo_token FROM tipos_tokens WHERE nome_tipo_token = 'indeterminado') LIMIT 1), (SELECT id_chave_tipo_token FROM tipos_tokens WHERE nome_tipo_token = "substantivo" UNION (SELECT id_chave_tipo_token FROM tipos_tokens WHERE nome_tipo_token = 'indeterminado') LIMIT 1), @id_arquivo_var);
  INSERT IGNORE INTO tokens (nome_token, acentuada, id_tipo_token, id_tipo_token_spaCy, id_arquivo_fonte) VALUES ("paes", "pães", (SELECT id_tipo_token FROM classificacoes_tokens WHERE BINARY nome_token = "pães" UNION (SELECT id_chave_tipo_token FROM tipos_tokens WHERE nome_tipo_token = 'indeterminado') LIMIT 1), (SELECT id_chave_tipo_token FROM tipos_tokens WHERE nome_tipo_token = "substantivo" UNION (SELECT id_chave_tipo_token FROM tipos_tokens WHERE nome_tipo_token = 'indeterminado') LIMIT 1), @id_arquivo_var);
  INSERT IGNORE INTO tokens (nome_token, acentuada, id_tipo_token, id_tipo_token_spaCy, id_arquivo_fonte) VALUES ("coberturas", "coberturas", (SELECT id_tipo_token FROM classificacoes_tokens WHERE BINARY nome_token = "coberturas" UNION (SELECT id_chave_tipo_token FROM tipos_tokens WHERE nome_tipo_token = 'indeterminado') LIMIT 1), (SELECT id_chave_tipo_token FROM tipos_tokens WHERE nome_tipo_token = "substantivo" UNION (SELECT id_chave_tipo_token FROM tipos_tokens WHERE nome_tipo_token = 'indeterminado') LIMIT 1), @id_arquivo_var);
  INSERT IGNORE INTO tokens (nome_token, acentuada, id_tipo_token, id_tipo_token_spaCy, id_arquivo_fonte) VALUES ("recheios", "recheios", (SELECT id_tipo_token FROM classificacoes_tokens WHERE BINARY nome_token = "recheios" UNION (SELECT id_chave_tipo_token FROM tipos_tokens WHERE nome_tipo_token = 'indeterminado') LIMIT 1), (SELECT id_chave_tipo_token FROM tipos_tokens WHERE nome_tipo_token = "substantivo" UNION (SELECT id_chave_tipo_token FROM tipos_tokens WHERE nome_tipo_token = 'indeterminado') LIMIT 1), @id_arquivo_var);
  INSERT IGNORE INTO classificacoes_tokens (nome_token, id_tipo_token, id_arquivo_fonte) VALUES ("277", (SELECT id_chave_tipo_token FROM tipos_tokens WHERE nome_tipo_token = "numeral"), @id_arquivo_var);
INSERT IGNORE INTO tokens (nome_token, acentuada, id_tipo_token, id_tipo_token_spaCy, id_arquivo_fonte) VALUES ("277", "277", (SELECT id_tipo_token FROM classificacoes_tokens WHERE BINARY nome_token = "277" UNION (SELECT id_chave_tipo_token FROM tipos_tokens WHERE nome_tipo_token = 'indeterminado') LIMIT 1), (SELECT id_chave_tipo_token FROM tipos_tokens WHERE nome_tipo_token = "numeral" UNION (SELECT id_chave_tipo_token FROM tipos_tokens WHERE nome_tipo_token = 'indeterminado') LIMIT 1), @id_arquivo_var);
  INSERT IGNORE INTO tokens (nome_token, acentuada, id_tipo_token, id_tipo_token_spaCy, id_arquivo_fonte) VALUES ("bolos", "bolos", (SELECT id_tipo_token FROM classificacoes_tokens WHERE BINARY nome_token = "bolos" UNION (SELECT id_chave_tipo_token FROM tipos_tokens WHERE nome_tipo_token = 'indeterminado') LIMIT 1), (SELECT id_chave_tipo_token FROM tipos_tokens WHERE nome_tipo_token = "substantivo" UNION (SELECT id_chave_tipo_token FROM tipos_tokens WHERE nome_tipo_token = 'indeterminado') LIMIT 1), @id_arquivo_var);
  INSERT IGNORE INTO classificacoes_tokens (nome_token, id_tipo_token, id_arquivo_fonte) VALUES ("2587", (SELECT id_chave_tipo_token FROM tipos_tokens WHERE nome_tipo_token = "numeral"), @id_arquivo_var);
INSERT IGNORE INTO tokens (nome_token, acentuada, id_tipo_token, id_tipo_token_spaCy, id_arquivo_fonte) VALUES ("2587", "2587", (SELECT id_tipo_token FROM classificacoes_tokens WHERE BINARY nome_token = "2587" UNION (SELECT id_chave_tipo_token FROM tipos_tokens WHERE nome_tipo_token = 'indeterminado') LIMIT 1), (SELECT id_chave_tipo_token FROM tipos_tokens WHERE nome_tipo_token = "numeral" UNION (SELECT id_chave_tipo_token FROM tipos_tokens WHERE nome_tipo_token = 'indeterminado') LIMIT 1), @id_arquivo_var);
  INSERT IGNORE INTO tokens (nome_token, acentuada, id_tipo_token, id_tipo_token_spaCy, id_arquivo_fonte) VALUES ("design", "design", (SELECT id_tipo_token FROM classificacoes_tokens WHERE BINARY nome_token = "design" UNION (SELECT id_chave_tipo_token FROM tipos_tokens WHERE nome_tipo_token = 'indeterminado') LIMIT 1), (SELECT id_chave_tipo_token FROM tipos_tokens WHERE nome_tipo_token = "adjetivo" UNION (SELECT id_chave_tipo_token FROM tipos_tokens WHERE nome_tipo_token = 'indeterminado') LIMIT 1), @id_arquivo_var);
  INSERT IGNORE INTO tokens (nome_token, acentuada, id_tipo_token, id_tipo_token_spaCy, id_arquivo_fonte) VALUES ("padeiro", "padeiro", (SELECT id_tipo_token FROM classificacoes_tokens WHERE BINARY nome_token = "padeiro" UNION (SELECT id_chave_tipo_token FROM tipos_tokens WHERE nome_tipo_token = 'indeterminado') LIMIT 1), (SELECT id_chave_tipo_token FROM tipos_tokens WHERE nome_tipo_token = "substantivo" UNION (SELECT id_chave_tipo_token FROM tipos_tokens WHERE nome_tipo_token = 'indeterminado') LIMIT 1), @id_arquivo_var);
  INSERT IGNORE INTO classificacoes_tokens (nome_token, id_tipo_token, id_arquivo_fonte) VALUES ("2539", (SELECT id_chave_tipo_token FROM tipos_tokens WHERE nome_tipo_token = "numeral"), @id_arquivo_var);
INSERT IGNORE INTO tokens (nome_token, acentuada, id_tipo_token, id_tipo_token_spaCy, id_arquivo_fonte) VALUES ("2539", "2539", (SELECT id_tipo_token FROM classificacoes_tokens WHERE BINARY nome_token = "2539" UNION (SELECT id_chave_tipo_token FROM tipos_tokens WHERE nome_tipo_token = 'indeterminado') LIMIT 1), (SELECT id_chave_tipo_token FROM tipos_tokens WHERE nome_tipo_token = "numeral" UNION (SELECT id_chave_tipo_token FROM tipos_tokens WHERE nome_tipo_token = 'indeterminado') LIMIT 1), @id_arquivo_var);
  INSERT IGNORE INTO tokens (nome_token, acentuada, id_tipo_token, id_tipo_token_spaCy, id_arquivo_fonte) VALUES ("tortas", "tortas", (SELECT id_tipo_token FROM classificacoes_tokens WHERE BINARY nome_token = "tortas" UNION (SELECT id_chave_tipo_token FROM tipos_tokens WHERE nome_tipo_token = 'indeterminado') LIMIT 1), (SELECT id_chave_tipo_token FROM tipos_tokens WHERE nome_tipo_token = "adjetivo" UNION (SELECT id_chave_tipo_token FROM tipos_tokens WHERE nome_tipo_token = 'indeterminado') LIMIT 1), @id_arquivo_var);
  INSERT IGNORE INTO tokens (nome_token, acentuada, id_tipo_token, id_tipo_token_spaCy, id_arquivo_fonte) VALUES ("bolos", "bolos", (SELECT id_tipo_token FROM classificacoes_tokens WHERE BINARY nome_token = "bolos" UNION (SELECT id_chave_tipo_token FROM tipos_tokens WHERE nome_tipo_token = 'indeterminado') LIMIT 1), (SELECT id_chave_tipo_token FROM tipos_tokens WHERE nome_tipo_token = "adjetivo" UNION (SELECT id_chave_tipo_token FROM tipos_tokens WHERE nome_tipo_token = 'indeterminado') LIMIT 1), @id_arquivo_var);
  INSERT IGNORE INTO classificacoes_tokens (nome_token, id_tipo_token, id_arquivo_fonte) VALUES ("243", (SELECT id_chave_tipo_token FROM tipos_tokens WHERE nome_tipo_token = "numeral"), @id_arquivo_var);
INSERT IGNORE INTO tokens (nome_token, acentuada, id_tipo_token, id_tipo_token_spaCy, id_arquivo_fonte) VALUES ("243", "243", (SELECT id_tipo_token FROM classificacoes_tokens WHERE BINARY nome_token = "243" UNION (SELECT id_chave_tipo_token FROM tipos_tokens WHERE nome_tipo_token = 'indeterminado') LIMIT 1), (SELECT id_chave_tipo_token FROM tipos_tokens WHERE nome_tipo_token = "numeral" UNION (SELECT id_chave_tipo_token FROM tipos_tokens WHERE nome_tipo_token = 'indeterminado') LIMIT 1), @id_arquivo_var);
  INSERT IGNORE INTO tokens (nome_token, acentuada, id_tipo_token, id_tipo_token_spaCy, id_arquivo_fonte) VALUES ("cake", "cake", (SELECT id_tipo_token FROM classificacoes_tokens WHERE BINARY nome_token = "cake" UNION (SELECT id_chave_tipo_token FROM tipos_tokens WHERE nome_tipo_token = 'indeterminado') LIMIT 1), (SELECT id_chave_tipo_token FROM tipos_tokens WHERE nome_tipo_token = "substantivo" UNION (SELECT id_chave_tipo_token FROM tipos_tokens WHERE nome_tipo_token = 'indeterminado') LIMIT 1), @id_arquivo_var);
  INSERT IGNORE INTO tokens (nome_token, acentuada, id_tipo_token, id_tipo_token_spaCy, id_arquivo_fonte) VALUES ("chocolataria", "chocolataria", (SELECT id_tipo_token FROM classificacoes_tokens WHERE BINARY nome_token = "chocolataria" UNION (SELECT id_chave_tipo_token FROM tipos_tokens WHERE nome_tipo_token = 'indeterminado') LIMIT 1), (SELECT id_chave_tipo_token FROM tipos_tokens WHERE nome_tipo_token = "substantivo" UNION (SELECT id_chave_tipo_token FROM tipos_tokens WHERE nome_tipo_token = 'indeterminado') LIMIT 1), @id_arquivo_var);
  INSERT IGNORE INTO tokens (nome_token, acentuada, id_tipo_token, id_tipo_token_spaCy, id_arquivo_fonte) VALUES ("masseiro", "masseiro", (SELECT id_tipo_token FROM classificacoes_tokens WHERE BINARY nome_token = "masseiro" UNION (SELECT id_chave_tipo_token FROM tipos_tokens WHERE nome_tipo_token = 'indeterminado') LIMIT 1), (SELECT id_chave_tipo_token FROM tipos_tokens WHERE nome_tipo_token = "substantivo" UNION (SELECT id_chave_tipo_token FROM tipos_tokens WHERE nome_tipo_token = 'indeterminado') LIMIT 1), @id_arquivo_var);
  INSERT IGNORE INTO classificacoes_tokens (nome_token, id_tipo_token, id_arquivo_fonte) VALUES ("2538", (SELECT id_chave_tipo_token FROM tipos_tokens WHERE nome_tipo_token = "numeral"), @id_arquivo_var);
INSERT IGNORE INTO tokens (nome_token, acentuada, id_tipo_token, id_tipo_token_spaCy, id_arquivo_fonte) VALUES ("2538", "2538", (SELECT id_tipo_token FROM classificacoes_tokens WHERE BINARY nome_token = "2538" UNION (SELECT id_chave_tipo_token FROM tipos_tokens WHERE nome_tipo_token = 'indeterminado') LIMIT 1), (SELECT id_chave_tipo_token FROM tipos_tokens WHERE nome_tipo_token = "numeral" UNION (SELECT id_chave_tipo_token FROM tipos_tokens WHERE nome_tipo_token = 'indeterminado') LIMIT 1), @id_arquivo_var);
  INSERT IGNORE INTO tokens (nome_token, acentuada, id_tipo_token, id_tipo_token_spaCy, id_arquivo_fonte) VALUES ("panificacao", "panificação", (SELECT id_tipo_token FROM classificacoes_tokens WHERE BINARY nome_token = "panificação" UNION (SELECT id_chave_tipo_token FROM tipos_tokens WHERE nome_tipo_token = 'indeterminado') LIMIT 1), (SELECT id_chave_tipo_token FROM tipos_tokens WHERE nome_tipo_token = "substantivo" UNION (SELECT id_chave_tipo_token FROM tipos_tokens WHERE nome_tipo_token = 'indeterminado') LIMIT 1), @id_arquivo_var);
  INSERT IGNORE INTO classificacoes_tokens (nome_token, id_tipo_token, id_arquivo_fonte) VALUES ("2314", (SELECT id_chave_tipo_token FROM tipos_tokens WHERE nome_tipo_token = "numeral"), @id_arquivo_var);
INSERT IGNORE INTO tokens (nome_token, acentuada, id_tipo_token, id_tipo_token_spaCy, id_arquivo_fonte) VALUES ("2314", "2314", (SELECT id_tipo_token FROM classificacoes_tokens WHERE BINARY nome_token = "2314" UNION (SELECT id_chave_tipo_token FROM tipos_tokens WHERE nome_tipo_token = 'indeterminado') LIMIT 1), (SELECT id_chave_tipo_token FROM tipos_tokens WHERE nome_tipo_token = "numeral" UNION (SELECT id_chave_tipo_token FROM tipos_tokens WHERE nome_tipo_token = 'indeterminado') LIMIT 1), @id_arquivo_var);
  INSERT IGNORE INTO tokens (nome_token, acentuada, id_tipo_token, id_tipo_token_spaCy, id_arquivo_fonte) VALUES ("pascoa", "páscoa", (SELECT id_tipo_token FROM classificacoes_tokens WHERE BINARY nome_token = "páscoa" UNION (SELECT id_chave_tipo_token FROM tipos_tokens WHERE nome_tipo_token = 'indeterminado') LIMIT 1), (SELECT id_chave_tipo_token FROM tipos_tokens WHERE nome_tipo_token = "substantivo" UNION (SELECT id_chave_tipo_token FROM tipos_tokens WHERE nome_tipo_token = 'indeterminado') LIMIT 1), @id_arquivo_var);
  INSERT IGNORE INTO tokens (nome_token, acentuada, id_tipo_token, id_tipo_token_spaCy, id_arquivo_fonte) VALUES ("finos", "finos", (SELECT id_tipo_token FROM classificacoes_tokens WHERE BINARY nome_token = "finos" UNION (SELECT id_chave_tipo_token FROM tipos_tokens WHERE nome_tipo_token = 'indeterminado') LIMIT 1), (SELECT id_chave_tipo_token FROM tipos_tokens WHERE nome_tipo_token = "adjetivo" UNION (SELECT id_chave_tipo_token FROM tipos_tokens WHERE nome_tipo_token = 'indeterminado') LIMIT 1), @id_arquivo_var);
  INSERT IGNORE INTO tokens (nome_token, acentuada, id_tipo_token, id_tipo_token_spaCy, id_arquivo_fonte) VALUES ("chocolates", "chocolates", (SELECT id_tipo_token FROM classificacoes_tokens WHERE BINARY nome_token = "chocolates" UNION (SELECT id_chave_tipo_token FROM tipos_tokens WHERE nome_tipo_token = 'indeterminado') LIMIT 1), (SELECT id_chave_tipo_token FROM tipos_tokens WHERE nome_tipo_token = "adjetivo" UNION (SELECT id_chave_tipo_token FROM tipos_tokens WHERE nome_tipo_token = 'indeterminado') LIMIT 1), @id_arquivo_var);
  INSERT IGNORE INTO classificacoes_tokens (nome_token, id_tipo_token, id_arquivo_fonte) VALUES ("231", (SELECT id_chave_tipo_token FROM tipos_tokens WHERE nome_tipo_token = "numeral"), @id_arquivo_var);
INSERT IGNORE INTO tokens (nome_token, acentuada, id_tipo_token, id_tipo_token_spaCy, id_arquivo_fonte) VALUES ("231", "231", (SELECT id_tipo_token FROM classificacoes_tokens WHERE BINARY nome_token = "231" UNION (SELECT id_chave_tipo_token FROM tipos_tokens WHERE nome_tipo_token = 'indeterminado') LIMIT 1), (SELECT id_chave_tipo_token FROM tipos_tokens WHERE nome_tipo_token = "numeral" UNION (SELECT id_chave_tipo_token FROM tipos_tokens WHERE nome_tipo_token = 'indeterminado') LIMIT 1), @id_arquivo_var);
  INSERT IGNORE INTO tokens (nome_token, acentuada, id_tipo_token, id_tipo_token_spaCy, id_arquivo_fonte) VALUES ("confeiteiro", "confeiteiro", (SELECT id_tipo_token FROM classificacoes_tokens WHERE BINARY nome_token = "confeiteiro" UNION (SELECT id_chave_tipo_token FROM tipos_tokens WHERE nome_tipo_token = 'indeterminado') LIMIT 1), (SELECT id_chave_tipo_token FROM tipos_tokens WHERE nome_tipo_token = "adjetivo" UNION (SELECT id_chave_tipo_token FROM tipos_tokens WHERE nome_tipo_token = 'indeterminado') LIMIT 1), @id_arquivo_var);
  INSERT IGNORE INTO classificacoes_tokens (nome_token, id_tipo_token, id_arquivo_fonte) VALUES ("1288", (SELECT id_chave_tipo_token FROM tipos_tokens WHERE nome_tipo_token = "numeral"), @id_arquivo_var);
INSERT IGNORE INTO tokens (nome_token, acentuada, id_tipo_token, id_tipo_token_spaCy, id_arquivo_fonte) VALUES ("1288", "1288", (SELECT id_tipo_token FROM classificacoes_tokens WHERE BINARY nome_token = "1288" UNION (SELECT id_chave_tipo_token FROM tipos_tokens WHERE nome_tipo_token = 'indeterminado') LIMIT 1), (SELECT id_chave_tipo_token FROM tipos_tokens WHERE nome_tipo_token = "numeral" UNION (SELECT id_chave_tipo_token FROM tipos_tokens WHERE nome_tipo_token = 'indeterminado') LIMIT 1), @id_arquivo_var);
  INSERT IGNORE INTO classificacoes_tokens (nome_token, id_tipo_token, id_arquivo_fonte) VALUES ("1426", (SELECT id_chave_tipo_token FROM tipos_tokens WHERE nome_tipo_token = "numeral"), @id_arquivo_var);
INSERT IGNORE INTO tokens (nome_token, acentuada, id_tipo_token, id_tipo_token_spaCy, id_arquivo_fonte) VALUES ("1426", "1426", (SELECT id_tipo_token FROM classificacoes_tokens WHERE BINARY nome_token = "1426" UNION (SELECT id_chave_tipo_token FROM tipos_tokens WHERE nome_tipo_token = 'indeterminado') LIMIT 1), (SELECT id_chave_tipo_token FROM tipos_tokens WHERE nome_tipo_token = "numeral" UNION (SELECT id_chave_tipo_token FROM tipos_tokens WHERE nome_tipo_token = 'indeterminado') LIMIT 1), @id_arquivo_var);
  INSERT IGNORE INTO tokens (nome_token, acentuada, id_tipo_token, id_tipo_token_spaCy, id_arquivo_fonte) VALUES ("padeiro", "padeiro", (SELECT id_tipo_token FROM classificacoes_tokens WHERE BINARY nome_token = "padeiro" UNION (SELECT id_chave_tipo_token FROM tipos_tokens WHERE nome_tipo_token = 'indeterminado') LIMIT 1), (SELECT id_chave_tipo_token FROM tipos_tokens WHERE nome_tipo_token = "adjetivo" UNION (SELECT id_chave_tipo_token FROM tipos_tokens WHERE nome_tipo_token = 'indeterminado') LIMIT 1), @id_arquivo_var);
  INSERT IGNORE INTO classificacoes_tokens (nome_token, id_tipo_token, id_arquivo_fonte) VALUES ("2437", (SELECT id_chave_tipo_token FROM tipos_tokens WHERE nome_tipo_token = "numeral"), @id_arquivo_var);
INSERT IGNORE INTO tokens (nome_token, acentuada, id_tipo_token, id_tipo_token_spaCy, id_arquivo_fonte) VALUES ("2437", "2437", (SELECT id_tipo_token FROM classificacoes_tokens WHERE BINARY nome_token = "2437" UNION (SELECT id_chave_tipo_token FROM tipos_tokens WHERE nome_tipo_token = 'indeterminado') LIMIT 1), (SELECT id_chave_tipo_token FROM tipos_tokens WHERE nome_tipo_token = "numeral" UNION (SELECT id_chave_tipo_token FROM tipos_tokens WHERE nome_tipo_token = 'indeterminado') LIMIT 1), @id_arquivo_var);
  INSERT IGNORE INTO tokens (nome_token, acentuada, id_tipo_token, id_tipo_token_spaCy, id_arquivo_fonte) VALUES ("acougueiro", "açougueiro", (SELECT id_tipo_token FROM classificacoes_tokens WHERE BINARY nome_token = "açougueiro" UNION (SELECT id_chave_tipo_token FROM tipos_tokens WHERE nome_tipo_token = 'indeterminado') LIMIT 1), (SELECT id_chave_tipo_token FROM tipos_tokens WHERE nome_tipo_token = "adjetivo" UNION (SELECT id_chave_tipo_token FROM tipos_tokens WHERE nome_tipo_token = 'indeterminado') LIMIT 1), @id_arquivo_var);
  INSERT IGNORE INTO classificacoes_tokens (nome_token, id_tipo_token, id_arquivo_fonte) VALUES ("1423", (SELECT id_chave_tipo_token FROM tipos_tokens WHERE nome_tipo_token = "numeral"), @id_arquivo_var);
INSERT IGNORE INTO tokens (nome_token, acentuada, id_tipo_token, id_tipo_token_spaCy, id_arquivo_fonte) VALUES ("1423", "1423", (SELECT id_tipo_token FROM classificacoes_tokens WHERE BINARY nome_token = "1423" UNION (SELECT id_chave_tipo_token FROM tipos_tokens WHERE nome_tipo_token = 'indeterminado') LIMIT 1), (SELECT id_chave_tipo_token FROM tipos_tokens WHERE nome_tipo_token = "numeral" UNION (SELECT id_chave_tipo_token FROM tipos_tokens WHERE nome_tipo_token = 'indeterminado') LIMIT 1), @id_arquivo_var);
  INSERT IGNORE INTO tokens (nome_token, acentuada, id_tipo_token, id_tipo_token_spaCy, id_arquivo_fonte) VALUES ("confeitaria", "confeitaria", (SELECT id_tipo_token FROM classificacoes_tokens WHERE BINARY nome_token = "confeitaria" UNION (SELECT id_chave_tipo_token FROM tipos_tokens WHERE nome_tipo_token = 'indeterminado') LIMIT 1), (SELECT id_chave_tipo_token FROM tipos_tokens WHERE nome_tipo_token = "substantivo" UNION (SELECT id_chave_tipo_token FROM tipos_tokens WHERE nome_tipo_token = 'indeterminado') LIMIT 1), @id_arquivo_var);
  INSERT IGNORE INTO classificacoes_tokens (nome_token, id_tipo_token, id_arquivo_fonte) VALUES ("315", (SELECT id_chave_tipo_token FROM tipos_tokens WHERE nome_tipo_token = "numeral"), @id_arquivo_var);
INSERT IGNORE INTO tokens (nome_token, acentuada, id_tipo_token, id_tipo_token_spaCy, id_arquivo_fonte) VALUES ("315", "315", (SELECT id_tipo_token FROM classificacoes_tokens WHERE BINARY nome_token = "315" UNION (SELECT id_chave_tipo_token FROM tipos_tokens WHERE nome_tipo_token = 'indeterminado') LIMIT 1), (SELECT id_chave_tipo_token FROM tipos_tokens WHERE nome_tipo_token = "numeral" UNION (SELECT id_chave_tipo_token FROM tipos_tokens WHERE nome_tipo_token = 'indeterminado') LIMIT 1), @id_arquivo_var);
  INSERT IGNORE INTO classificacoes_tokens (nome_token, id_tipo_token, id_arquivo_fonte) VALUES ("2457", (SELECT id_chave_tipo_token FROM tipos_tokens WHERE nome_tipo_token = "numeral"), @id_arquivo_var);
INSERT IGNORE INTO tokens (nome_token, acentuada, id_tipo_token, id_tipo_token_spaCy, id_arquivo_fonte) VALUES ("2457", "2457", (SELECT id_tipo_token FROM classificacoes_tokens WHERE BINARY nome_token = "2457" UNION (SELECT id_chave_tipo_token FROM tipos_tokens WHERE nome_tipo_token = 'indeterminado') LIMIT 1), (SELECT id_chave_tipo_token FROM tipos_tokens WHERE nome_tipo_token = "numeral" UNION (SELECT id_chave_tipo_token FROM tipos_tokens WHERE nome_tipo_token = 'indeterminado') LIMIT 1), @id_arquivo_var);
  INSERT IGNORE INTO classificacoes_tokens (nome_token, id_tipo_token, id_arquivo_fonte) VALUES ("311", (SELECT id_chave_tipo_token FROM tipos_tokens WHERE nome_tipo_token = "numeral"), @id_arquivo_var);
INSERT IGNORE INTO tokens (nome_token, acentuada, id_tipo_token, id_tipo_token_spaCy, id_arquivo_fonte) VALUES ("311", "311", (SELECT id_tipo_token FROM classificacoes_tokens WHERE BINARY nome_token = "311" UNION (SELECT id_chave_tipo_token FROM tipos_tokens WHERE nome_tipo_token = 'indeterminado') LIMIT 1), (SELECT id_chave_tipo_token FROM tipos_tokens WHERE nome_tipo_token = "numeral" UNION (SELECT id_chave_tipo_token FROM tipos_tokens WHERE nome_tipo_token = 'indeterminado') LIMIT 1), @id_arquivo_var);
  INSERT IGNORE INTO classificacoes_tokens (nome_token, id_tipo_token, id_arquivo_fonte) VALUES ("585", (SELECT id_chave_tipo_token FROM tipos_tokens WHERE nome_tipo_token = "numeral"), @id_arquivo_var);
INSERT IGNORE INTO tokens (nome_token, acentuada, id_tipo_token, id_tipo_token_spaCy, id_arquivo_fonte) VALUES ("585", "585", (SELECT id_tipo_token FROM classificacoes_tokens WHERE BINARY nome_token = "585" UNION (SELECT id_chave_tipo_token FROM tipos_tokens WHERE nome_tipo_token = 'indeterminado') LIMIT 1), (SELECT id_chave_tipo_token FROM tipos_tokens WHERE nome_tipo_token = "numeral" UNION (SELECT id_chave_tipo_token FROM tipos_tokens WHERE nome_tipo_token = 'indeterminado') LIMIT 1), @id_arquivo_var);
  INSERT IGNORE INTO classificacoes_tokens (nome_token, id_tipo_token, id_arquivo_fonte) VALUES ("1921", (SELECT id_chave_tipo_token FROM tipos_tokens WHERE nome_tipo_token = "numeral"), @id_arquivo_var);
INSERT IGNORE INTO tokens (nome_token, acentuada, id_tipo_token, id_tipo_token_spaCy, id_arquivo_fonte) VALUES ("1921", "1921", (SELECT id_tipo_token FROM classificacoes_tokens WHERE BINARY nome_token = "1921" UNION (SELECT id_chave_tipo_token FROM tipos_tokens WHERE nome_tipo_token = 'indeterminado') LIMIT 1), (SELECT id_chave_tipo_token FROM tipos_tokens WHERE nome_tipo_token = "numeral" UNION (SELECT id_chave_tipo_token FROM tipos_tokens WHERE nome_tipo_token = 'indeterminado') LIMIT 1), @id_arquivo_var);
  INSERT IGNORE INTO classificacoes_tokens (nome_token, id_tipo_token, id_arquivo_fonte) VALUES ("349", (SELECT id_chave_tipo_token FROM tipos_tokens WHERE nome_tipo_token = "numeral"), @id_arquivo_var);
INSERT IGNORE INTO tokens (nome_token, acentuada, id_tipo_token, id_tipo_token_spaCy, id_arquivo_fonte) VALUES ("349", "349", (SELECT id_tipo_token FROM classificacoes_tokens WHERE BINARY nome_token = "349" UNION (SELECT id_chave_tipo_token FROM tipos_tokens WHERE nome_tipo_token = 'indeterminado') LIMIT 1), (SELECT id_chave_tipo_token FROM tipos_tokens WHERE nome_tipo_token = "numeral" UNION (SELECT id_chave_tipo_token FROM tipos_tokens WHERE nome_tipo_token = 'indeterminado') LIMIT 1), @id_arquivo_var);
  INSERT IGNORE INTO classificacoes_tokens (nome_token, id_tipo_token, id_arquivo_fonte) VALUES ("340", (SELECT id_chave_tipo_token FROM tipos_tokens WHERE nome_tipo_token = "numeral"), @id_arquivo_var);
INSERT IGNORE INTO tokens (nome_token, acentuada, id_tipo_token, id_tipo_token_spaCy, id_arquivo_fonte) VALUES ("340", "340", (SELECT id_tipo_token FROM classificacoes_tokens WHERE BINARY nome_token = "340" UNION (SELECT id_chave_tipo_token FROM tipos_tokens WHERE nome_tipo_token = 'indeterminado') LIMIT 1), (SELECT id_chave_tipo_token FROM tipos_tokens WHERE nome_tipo_token = "numeral" UNION (SELECT id_chave_tipo_token FROM tipos_tokens WHERE nome_tipo_token = 'indeterminado') LIMIT 1), @id_arquivo_var);
  INSERT IGNORE INTO tokens (nome_token, acentuada, id_tipo_token, id_tipo_token_spaCy, id_arquivo_fonte) VALUES ("upcycling", "upcycling", (SELECT id_tipo_token FROM classificacoes_tokens WHERE BINARY nome_token = "upcycling" UNION (SELECT id_chave_tipo_token FROM tipos_tokens WHERE nome_tipo_token = 'indeterminado') LIMIT 1), (SELECT id_chave_tipo_token FROM tipos_tokens WHERE nome_tipo_token = "sigla" UNION (SELECT id_chave_tipo_token FROM tipos_tokens WHERE nome_tipo_token = 'indeterminado') LIMIT 1), @id_arquivo_var);
  INSERT IGNORE INTO tokens (nome_token, acentuada, id_tipo_token, id_tipo_token_spaCy, id_arquivo_fonte) VALUES ("produtos", "produtos", (SELECT id_tipo_token FROM classificacoes_tokens WHERE BINARY nome_token = "produtos" UNION (SELECT id_chave_tipo_token FROM tipos_tokens WHERE nome_tipo_token = 'indeterminado') LIMIT 1), (SELECT id_chave_tipo_token FROM tipos_tokens WHERE nome_tipo_token = "substantivo" UNION (SELECT id_chave_tipo_token FROM tipos_tokens WHERE nome_tipo_token = 'indeterminado') LIMIT 1), @id_arquivo_var);
  INSERT IGNORE INTO tokens (nome_token, acentuada, id_tipo_token, id_tipo_token_spaCy, id_arquivo_fonte) VALUES ("transformar", "transformar", (SELECT id_tipo_token FROM classificacoes_tokens WHERE BINARY nome_token = "transformar" UNION (SELECT id_chave_tipo_token FROM tipos_tokens WHERE nome_tipo_token = 'indeterminado') LIMIT 1), (SELECT id_chave_tipo_token FROM tipos_tokens WHERE nome_tipo_token = "verbo" UNION (SELECT id_chave_tipo_token FROM tipos_tokens WHERE nome_tipo_token = 'indeterminado') LIMIT 1), @id_arquivo_var);
  INSERT IGNORE INTO tokens (nome_token, acentuada, id_tipo_token, id_tipo_token_spaCy, id_arquivo_fonte) VALUES ("coloracao", "coloração", (SELECT id_tipo_token FROM classificacoes_tokens WHERE BINARY nome_token = "coloração" UNION (SELECT id_chave_tipo_token FROM tipos_tokens WHERE nome_tipo_token = 'indeterminado') LIMIT 1), (SELECT id_chave_tipo_token FROM tipos_tokens WHERE nome_tipo_token = "substantivo" UNION (SELECT id_chave_tipo_token FROM tipos_tokens WHERE nome_tipo_token = 'indeterminado') LIMIT 1), @id_arquivo_var);
  INSERT IGNORE INTO classificacoes_tokens (nome_token, id_tipo_token, id_arquivo_fonte) VALUES ("294", (SELECT id_chave_tipo_token FROM tipos_tokens WHERE nome_tipo_token = "numeral"), @id_arquivo_var);
INSERT IGNORE INTO tokens (nome_token, acentuada, id_tipo_token, id_tipo_token_spaCy, id_arquivo_fonte) VALUES ("294", "294", (SELECT id_tipo_token FROM classificacoes_tokens WHERE BINARY nome_token = "294" UNION (SELECT id_chave_tipo_token FROM tipos_tokens WHERE nome_tipo_token = 'indeterminado') LIMIT 1), (SELECT id_chave_tipo_token FROM tipos_tokens WHERE nome_tipo_token = "numeral" UNION (SELECT id_chave_tipo_token FROM tipos_tokens WHERE nome_tipo_token = 'indeterminado') LIMIT 1), @id_arquivo_var);
  INSERT IGNORE INTO classificacoes_tokens (nome_token, id_tipo_token, id_arquivo_fonte) VALUES ("1855", (SELECT id_chave_tipo_token FROM tipos_tokens WHERE nome_tipo_token = "numeral"), @id_arquivo_var);
INSERT IGNORE INTO tokens (nome_token, acentuada, id_tipo_token, id_tipo_token_spaCy, id_arquivo_fonte) VALUES ("1855", "1855", (SELECT id_tipo_token FROM classificacoes_tokens WHERE BINARY nome_token = "1855" UNION (SELECT id_chave_tipo_token FROM tipos_tokens WHERE nome_tipo_token = 'indeterminado') LIMIT 1), (SELECT id_chave_tipo_token FROM tipos_tokens WHERE nome_tipo_token = "numeral" UNION (SELECT id_chave_tipo_token FROM tipos_tokens WHERE nome_tipo_token = 'indeterminado') LIMIT 1), @id_arquivo_var);
  INSERT IGNORE INTO tokens (nome_token, acentuada, id_tipo_token, id_tipo_token_spaCy, id_arquivo_fonte) VALUES ("pet", "pet", (SELECT id_tipo_token FROM classificacoes_tokens WHERE BINARY nome_token = "pet" UNION (SELECT id_chave_tipo_token FROM tipos_tokens WHERE nome_tipo_token = 'indeterminado') LIMIT 1), (SELECT id_chave_tipo_token FROM tipos_tokens WHERE nome_tipo_token = "sigla" UNION (SELECT id_chave_tipo_token FROM tipos_tokens WHERE nome_tipo_token = 'indeterminado') LIMIT 1), @id_arquivo_var);
  INSERT IGNORE INTO tokens (nome_token, acentuada, id_tipo_token, id_tipo_token_spaCy, id_arquivo_fonte) VALUES ("vestuario", "vestuário", (SELECT id_tipo_token FROM classificacoes_tokens WHERE BINARY nome_token = "vestuário" UNION (SELECT id_chave_tipo_token FROM tipos_tokens WHERE nome_tipo_token = 'indeterminado') LIMIT 1), (SELECT id_chave_tipo_token FROM tipos_tokens WHERE nome_tipo_token = "adjetivo" UNION (SELECT id_chave_tipo_token FROM tipos_tokens WHERE nome_tipo_token = 'indeterminado') LIMIT 1), @id_arquivo_var);
  INSERT IGNORE INTO tokens (nome_token, acentuada, id_tipo_token, id_tipo_token_spaCy, id_arquivo_fonte) VALUES ("bolsas", "bolsas", (SELECT id_tipo_token FROM classificacoes_tokens WHERE BINARY nome_token = "bolsas" UNION (SELECT id_chave_tipo_token FROM tipos_tokens WHERE nome_tipo_token = 'indeterminado') LIMIT 1), (SELECT id_chave_tipo_token FROM tipos_tokens WHERE nome_tipo_token = "substantivo" UNION (SELECT id_chave_tipo_token FROM tipos_tokens WHERE nome_tipo_token = 'indeterminado') LIMIT 1), @id_arquivo_var);
  INSERT IGNORE INTO tokens (nome_token, acentuada, id_tipo_token, id_tipo_token_spaCy, id_arquivo_fonte) VALUES ("confeccao", "confecção", (SELECT id_tipo_token FROM classificacoes_tokens WHERE BINARY nome_token = "confecção" UNION (SELECT id_chave_tipo_token FROM tipos_tokens WHERE nome_tipo_token = 'indeterminado') LIMIT 1), (SELECT id_chave_tipo_token FROM tipos_tokens WHERE nome_tipo_token = "substantivo" UNION (SELECT id_chave_tipo_token FROM tipos_tokens WHERE nome_tipo_token = 'indeterminado') LIMIT 1), @id_arquivo_var);
  INSERT IGNORE INTO tokens (nome_token, acentuada, id_tipo_token, id_tipo_token_spaCy, id_arquivo_fonte) VALUES ("varejo", "varejo", (SELECT id_tipo_token FROM classificacoes_tokens WHERE BINARY nome_token = "varejo" UNION (SELECT id_chave_tipo_token FROM tipos_tokens WHERE nome_tipo_token = 'indeterminado') LIMIT 1), (SELECT id_chave_tipo_token FROM tipos_tokens WHERE nome_tipo_token = "substantivo" UNION (SELECT id_chave_tipo_token FROM tipos_tokens WHERE nome_tipo_token = 'indeterminado') LIMIT 1), @id_arquivo_var);
  INSERT IGNORE INTO tokens (nome_token, acentuada, id_tipo_token, id_tipo_token_spaCy, id_arquivo_fonte) VALUES ("vitrinismo", "vitrinismo", (SELECT id_tipo_token FROM classificacoes_tokens WHERE BINARY nome_token = "vitrinismo" UNION (SELECT id_chave_tipo_token FROM tipos_tokens WHERE nome_tipo_token = 'indeterminado') LIMIT 1), (SELECT id_chave_tipo_token FROM tipos_tokens WHERE nome_tipo_token = "substantivo" UNION (SELECT id_chave_tipo_token FROM tipos_tokens WHERE nome_tipo_token = 'indeterminado') LIMIT 1), @id_arquivo_var);
  INSERT IGNORE INTO tokens (nome_token, acentuada, id_tipo_token, id_tipo_token_spaCy, id_arquivo_fonte) VALUES ("banho", "banho", (SELECT id_tipo_token FROM classificacoes_tokens WHERE BINARY nome_token = "banho" UNION (SELECT id_chave_tipo_token FROM tipos_tokens WHERE nome_tipo_token = 'indeterminado') LIMIT 1), (SELECT id_chave_tipo_token FROM tipos_tokens WHERE nome_tipo_token = "adjetivo" UNION (SELECT id_chave_tipo_token FROM tipos_tokens WHERE nome_tipo_token = 'indeterminado') LIMIT 1), @id_arquivo_var);
  INSERT IGNORE INTO tokens (nome_token, acentuada, id_tipo_token, id_tipo_token_spaCy, id_arquivo_fonte) VALUES ("mesa", "mesa", (SELECT id_tipo_token FROM classificacoes_tokens WHERE BINARY nome_token = "mesa" UNION (SELECT id_chave_tipo_token FROM tipos_tokens WHERE nome_tipo_token = 'indeterminado') LIMIT 1), (SELECT id_chave_tipo_token FROM tipos_tokens WHERE nome_tipo_token = "substantivo" UNION (SELECT id_chave_tipo_token FROM tipos_tokens WHERE nome_tipo_token = 'indeterminado') LIMIT 1), @id_arquivo_var);
  INSERT IGNORE INTO tokens (nome_token, acentuada, id_tipo_token, id_tipo_token_spaCy, id_arquivo_fonte) VALUES ("cama", "cama", (SELECT id_tipo_token FROM classificacoes_tokens WHERE BINARY nome_token = "cama" UNION (SELECT id_chave_tipo_token FROM tipos_tokens WHERE nome_tipo_token = 'indeterminado') LIMIT 1), (SELECT id_chave_tipo_token FROM tipos_tokens WHERE nome_tipo_token = "substantivo" UNION (SELECT id_chave_tipo_token FROM tipos_tokens WHERE nome_tipo_token = 'indeterminado') LIMIT 1), @id_arquivo_var);
  INSERT IGNORE INTO tokens (nome_token, acentuada, id_tipo_token, id_tipo_token_spaCy, id_arquivo_fonte) VALUES ("costura", "costura", (SELECT id_tipo_token FROM classificacoes_tokens WHERE BINARY nome_token = "costura" UNION (SELECT id_chave_tipo_token FROM tipos_tokens WHERE nome_tipo_token = 'indeterminado') LIMIT 1), (SELECT id_chave_tipo_token FROM tipos_tokens WHERE nome_tipo_token = "substantivo" UNION (SELECT id_chave_tipo_token FROM tipos_tokens WHERE nome_tipo_token = 'indeterminado') LIMIT 1), @id_arquivo_var);
  INSERT IGNORE INTO tokens (nome_token, acentuada, id_tipo_token, id_tipo_token_spaCy, id_arquivo_fonte) VALUES ("styling", "styling", (SELECT id_tipo_token FROM classificacoes_tokens WHERE BINARY nome_token = "styling" UNION (SELECT id_chave_tipo_token FROM tipos_tokens WHERE nome_tipo_token = 'indeterminado') LIMIT 1), (SELECT id_chave_tipo_token FROM tipos_tokens WHERE nome_tipo_token = "sigla" UNION (SELECT id_chave_tipo_token FROM tipos_tokens WHERE nome_tipo_token = 'indeterminado') LIMIT 1), @id_arquivo_var);
  INSERT IGNORE INTO classificacoes_tokens (nome_token, id_tipo_token, id_arquivo_fonte) VALUES ("1780", (SELECT id_chave_tipo_token FROM tipos_tokens WHERE nome_tipo_token = "numeral"), @id_arquivo_var);
INSERT IGNORE INTO tokens (nome_token, acentuada, id_tipo_token, id_tipo_token_spaCy, id_arquivo_fonte) VALUES ("1780", "1780", (SELECT id_tipo_token FROM classificacoes_tokens WHERE BINARY nome_token = "1780" UNION (SELECT id_chave_tipo_token FROM tipos_tokens WHERE nome_tipo_token = 'indeterminado') LIMIT 1), (SELECT id_chave_tipo_token FROM tipos_tokens WHERE nome_tipo_token = "numeral" UNION (SELECT id_chave_tipo_token FROM tipos_tokens WHERE nome_tipo_token = 'indeterminado') LIMIT 1), @id_arquivo_var);
  INSERT IGNORE INTO classificacoes_tokens (nome_token, id_tipo_token, id_arquivo_fonte) VALUES ("378", (SELECT id_chave_tipo_token FROM tipos_tokens WHERE nome_tipo_token = "numeral"), @id_arquivo_var);
INSERT IGNORE INTO tokens (nome_token, acentuada, id_tipo_token, id_tipo_token_spaCy, id_arquivo_fonte) VALUES ("378", "378", (SELECT id_tipo_token FROM classificacoes_tokens WHERE BINARY nome_token = "378" UNION (SELECT id_chave_tipo_token FROM tipos_tokens WHERE nome_tipo_token = 'indeterminado') LIMIT 1), (SELECT id_chave_tipo_token FROM tipos_tokens WHERE nome_tipo_token = "numeral" UNION (SELECT id_chave_tipo_token FROM tipos_tokens WHERE nome_tipo_token = 'indeterminado') LIMIT 1), @id_arquivo_var);
  INSERT IGNORE INTO classificacoes_tokens (nome_token, id_tipo_token, id_arquivo_fonte) VALUES ("142", (SELECT id_chave_tipo_token FROM tipos_tokens WHERE nome_tipo_token = "numeral"), @id_arquivo_var);
INSERT IGNORE INTO tokens (nome_token, acentuada, id_tipo_token, id_tipo_token_spaCy, id_arquivo_fonte) VALUES ("142", "142", (SELECT id_tipo_token FROM classificacoes_tokens WHERE BINARY nome_token = "142" UNION (SELECT id_chave_tipo_token FROM tipos_tokens WHERE nome_tipo_token = 'indeterminado') LIMIT 1), (SELECT id_chave_tipo_token FROM tipos_tokens WHERE nome_tipo_token = "numeral" UNION (SELECT id_chave_tipo_token FROM tipos_tokens WHERE nome_tipo_token = 'indeterminado') LIMIT 1), @id_arquivo_var);
  INSERT IGNORE INTO tokens (nome_token, acentuada, id_tipo_token, id_tipo_token_spaCy, id_arquivo_fonte) VALUES ("consultoria", "consultoria", (SELECT id_tipo_token FROM classificacoes_tokens WHERE BINARY nome_token = "consultoria" UNION (SELECT id_chave_tipo_token FROM tipos_tokens WHERE nome_tipo_token = 'indeterminado') LIMIT 1), (SELECT id_chave_tipo_token FROM tipos_tokens WHERE nome_tipo_token = "verbo" UNION (SELECT id_chave_tipo_token FROM tipos_tokens WHERE nome_tipo_token = 'indeterminado') LIMIT 1), @id_arquivo_var);
  INSERT IGNORE INTO tokens (nome_token, acentuada, id_tipo_token, id_tipo_token_spaCy, id_arquivo_fonte) VALUES ("size", "size", (SELECT id_tipo_token FROM classificacoes_tokens WHERE BINARY nome_token = "size" UNION (SELECT id_chave_tipo_token FROM tipos_tokens WHERE nome_tipo_token = 'indeterminado') LIMIT 1), (SELECT id_chave_tipo_token FROM tipos_tokens WHERE nome_tipo_token = "substantivo" UNION (SELECT id_chave_tipo_token FROM tipos_tokens WHERE nome_tipo_token = 'indeterminado') LIMIT 1), @id_arquivo_var);
  INSERT IGNORE INTO tokens (nome_token, acentuada, id_tipo_token, id_tipo_token_spaCy, id_arquivo_fonte) VALUES ("plus", "plus", (SELECT id_tipo_token FROM classificacoes_tokens WHERE BINARY nome_token = "plus" UNION (SELECT id_chave_tipo_token FROM tipos_tokens WHERE nome_tipo_token = 'indeterminado') LIMIT 1), (SELECT id_chave_tipo_token FROM tipos_tokens WHERE nome_tipo_token = "substantivo" UNION (SELECT id_chave_tipo_token FROM tipos_tokens WHERE nome_tipo_token = 'indeterminado') LIMIT 1), @id_arquivo_var);
  INSERT IGNORE INTO classificacoes_tokens (nome_token, id_tipo_token, id_arquivo_fonte) VALUES ("384", (SELECT id_chave_tipo_token FROM tipos_tokens WHERE nome_tipo_token = "numeral"), @id_arquivo_var);
INSERT IGNORE INTO tokens (nome_token, acentuada, id_tipo_token, id_tipo_token_spaCy, id_arquivo_fonte) VALUES ("384", "384", (SELECT id_tipo_token FROM classificacoes_tokens WHERE BINARY nome_token = "384" UNION (SELECT id_chave_tipo_token FROM tipos_tokens WHERE nome_tipo_token = 'indeterminado') LIMIT 1), (SELECT id_chave_tipo_token FROM tipos_tokens WHERE nome_tipo_token = "numeral" UNION (SELECT id_chave_tipo_token FROM tipos_tokens WHERE nome_tipo_token = 'indeterminado') LIMIT 1), @id_arquivo_var);
  INSERT IGNORE INTO classificacoes_tokens (nome_token, id_tipo_token, id_arquivo_fonte) VALUES ("134", (SELECT id_chave_tipo_token FROM tipos_tokens WHERE nome_tipo_token = "numeral"), @id_arquivo_var);
INSERT IGNORE INTO tokens (nome_token, acentuada, id_tipo_token, id_tipo_token_spaCy, id_arquivo_fonte) VALUES ("134", "134", (SELECT id_tipo_token FROM classificacoes_tokens WHERE BINARY nome_token = "134" UNION (SELECT id_chave_tipo_token FROM tipos_tokens WHERE nome_tipo_token = 'indeterminado') LIMIT 1), (SELECT id_chave_tipo_token FROM tipos_tokens WHERE nome_tipo_token = "numeral" UNION (SELECT id_chave_tipo_token FROM tipos_tokens WHERE nome_tipo_token = 'indeterminado') LIMIT 1), @id_arquivo_var);
  INSERT IGNORE INTO tokens (nome_token, acentuada, id_tipo_token, id_tipo_token_spaCy, id_arquivo_fonte) VALUES ("vestuario", "vestuário", (SELECT id_tipo_token FROM classificacoes_tokens WHERE BINARY nome_token = "vestuário" UNION (SELECT id_chave_tipo_token FROM tipos_tokens WHERE nome_tipo_token = 'indeterminado') LIMIT 1), (SELECT id_chave_tipo_token FROM tipos_tokens WHERE nome_tipo_token = "substantivo" UNION (SELECT id_chave_tipo_token FROM tipos_tokens WHERE nome_tipo_token = 'indeterminado') LIMIT 1), @id_arquivo_var);
  INSERT IGNORE INTO tokens (nome_token, acentuada, id_tipo_token, id_tipo_token_spaCy, id_arquivo_fonte) VALUES ("reformas", "reformas", (SELECT id_tipo_token FROM classificacoes_tokens WHERE BINARY nome_token = "reformas" UNION (SELECT id_chave_tipo_token FROM tipos_tokens WHERE nome_tipo_token = 'indeterminado') LIMIT 1), (SELECT id_chave_tipo_token FROM tipos_tokens WHERE nome_tipo_token = "substantivo" UNION (SELECT id_chave_tipo_token FROM tipos_tokens WHERE nome_tipo_token = 'indeterminado') LIMIT 1), @id_arquivo_var);
  INSERT IGNORE INTO tokens (nome_token, acentuada, id_tipo_token, id_tipo_token_spaCy, id_arquivo_fonte) VALUES ("ajustes", "ajustes", (SELECT id_tipo_token FROM classificacoes_tokens WHERE BINARY nome_token = "ajustes" UNION (SELECT id_chave_tipo_token FROM tipos_tokens WHERE nome_tipo_token = 'indeterminado') LIMIT 1), (SELECT id_chave_tipo_token FROM tipos_tokens WHERE nome_tipo_token = "substantivo" UNION (SELECT id_chave_tipo_token FROM tipos_tokens WHERE nome_tipo_token = 'indeterminado') LIMIT 1), @id_arquivo_var);
  INSERT IGNORE INTO classificacoes_tokens (nome_token, id_tipo_token, id_arquivo_fonte) VALUES ("377", (SELECT id_chave_tipo_token FROM tipos_tokens WHERE nome_tipo_token = "numeral"), @id_arquivo_var);
INSERT IGNORE INTO tokens (nome_token, acentuada, id_tipo_token, id_tipo_token_spaCy, id_arquivo_fonte) VALUES ("377", "377", (SELECT id_tipo_token FROM classificacoes_tokens WHERE BINARY nome_token = "377" UNION (SELECT id_chave_tipo_token FROM tipos_tokens WHERE nome_tipo_token = 'indeterminado') LIMIT 1), (SELECT id_chave_tipo_token FROM tipos_tokens WHERE nome_tipo_token = "numeral" UNION (SELECT id_chave_tipo_token FROM tipos_tokens WHERE nome_tipo_token = 'indeterminado') LIMIT 1), @id_arquivo_var);
  INSERT IGNORE INTO classificacoes_tokens (nome_token, id_tipo_token, id_arquivo_fonte) VALUES ("2581", (SELECT id_chave_tipo_token FROM tipos_tokens WHERE nome_tipo_token = "numeral"), @id_arquivo_var);
INSERT IGNORE INTO tokens (nome_token, acentuada, id_tipo_token, id_tipo_token_spaCy, id_arquivo_fonte) VALUES ("2581", "2581", (SELECT id_tipo_token FROM classificacoes_tokens WHERE BINARY nome_token = "2581" UNION (SELECT id_chave_tipo_token FROM tipos_tokens WHERE nome_tipo_token = 'indeterminado') LIMIT 1), (SELECT id_chave_tipo_token FROM tipos_tokens WHERE nome_tipo_token = "numeral" UNION (SELECT id_chave_tipo_token FROM tipos_tokens WHERE nome_tipo_token = 'indeterminado') LIMIT 1), @id_arquivo_var);
  INSERT IGNORE INTO tokens (nome_token, acentuada, id_tipo_token, id_tipo_token_spaCy, id_arquivo_fonte) VALUES ("desenhista", "desenhista", (SELECT id_tipo_token FROM classificacoes_tokens WHERE BINARY nome_token = "desenhista" UNION (SELECT id_chave_tipo_token FROM tipos_tokens WHERE nome_tipo_token = 'indeterminado') LIMIT 1), (SELECT id_chave_tipo_token FROM tipos_tokens WHERE nome_tipo_token = "adjetivo" UNION (SELECT id_chave_tipo_token FROM tipos_tokens WHERE nome_tipo_token = 'indeterminado') LIMIT 1), @id_arquivo_var);
  INSERT IGNORE INTO tokens (nome_token, acentuada, id_tipo_token, id_tipo_token_spaCy, id_arquivo_fonte) VALUES ("brechos", "brechós", (SELECT id_tipo_token FROM classificacoes_tokens WHERE BINARY nome_token = "brechós" UNION (SELECT id_chave_tipo_token FROM tipos_tokens WHERE nome_tipo_token = 'indeterminado') LIMIT 1), (SELECT id_chave_tipo_token FROM tipos_tokens WHERE nome_tipo_token = "substantivo" UNION (SELECT id_chave_tipo_token FROM tipos_tokens WHERE nome_tipo_token = 'indeterminado') LIMIT 1), @id_arquivo_var);
  INSERT IGNORE INTO classificacoes_tokens (nome_token, id_tipo_token, id_arquivo_fonte) VALUES ("383", (SELECT id_chave_tipo_token FROM tipos_tokens WHERE nome_tipo_token = "numeral"), @id_arquivo_var);
INSERT IGNORE INTO tokens (nome_token, acentuada, id_tipo_token, id_tipo_token_spaCy, id_arquivo_fonte) VALUES ("383", "383", (SELECT id_tipo_token FROM classificacoes_tokens WHERE BINARY nome_token = "383" UNION (SELECT id_chave_tipo_token FROM tipos_tokens WHERE nome_tipo_token = 'indeterminado') LIMIT 1), (SELECT id_chave_tipo_token FROM tipos_tokens WHERE nome_tipo_token = "numeral" UNION (SELECT id_chave_tipo_token FROM tipos_tokens WHERE nome_tipo_token = 'indeterminado') LIMIT 1), @id_arquivo_var);
  INSERT IGNORE INTO classificacoes_tokens (nome_token, id_tipo_token, id_arquivo_fonte) VALUES ("1550", (SELECT id_chave_tipo_token FROM tipos_tokens WHERE nome_tipo_token = "numeral"), @id_arquivo_var);
INSERT IGNORE INTO tokens (nome_token, acentuada, id_tipo_token, id_tipo_token_spaCy, id_arquivo_fonte) VALUES ("1550", "1550", (SELECT id_tipo_token FROM classificacoes_tokens WHERE BINARY nome_token = "1550" UNION (SELECT id_chave_tipo_token FROM tipos_tokens WHERE nome_tipo_token = 'indeterminado') LIMIT 1), (SELECT id_chave_tipo_token FROM tipos_tokens WHERE nome_tipo_token = "numeral" UNION (SELECT id_chave_tipo_token FROM tipos_tokens WHERE nome_tipo_token = 'indeterminado') LIMIT 1), @id_arquivo_var);
  INSERT IGNORE INTO tokens (nome_token, acentuada, id_tipo_token, id_tipo_token_spaCy, id_arquivo_fonte) VALUES ("costureiro", "costureiro", (SELECT id_tipo_token FROM classificacoes_tokens WHERE BINARY nome_token = "costureiro" UNION (SELECT id_chave_tipo_token FROM tipos_tokens WHERE nome_tipo_token = 'indeterminado') LIMIT 1), (SELECT id_chave_tipo_token FROM tipos_tokens WHERE nome_tipo_token = "substantivo" UNION (SELECT id_chave_tipo_token FROM tipos_tokens WHERE nome_tipo_token = 'indeterminado') LIMIT 1), @id_arquivo_var);
  INSERT IGNORE INTO tokens (nome_token, acentuada, id_tipo_token, id_tipo_token_spaCy, id_arquivo_fonte) VALUES ("malharia", "malharia", (SELECT id_tipo_token FROM classificacoes_tokens WHERE BINARY nome_token = "malharia" UNION (SELECT id_chave_tipo_token FROM tipos_tokens WHERE nome_tipo_token = 'indeterminado') LIMIT 1), (SELECT id_chave_tipo_token FROM tipos_tokens WHERE nome_tipo_token = "substantivo" UNION (SELECT id_chave_tipo_token FROM tipos_tokens WHERE nome_tipo_token = 'indeterminado') LIMIT 1), @id_arquivo_var);
  INSERT IGNORE INTO tokens (nome_token, acentuada, id_tipo_token, id_tipo_token_spaCy, id_arquivo_fonte) VALUES ("modelista", "modelista", (SELECT id_tipo_token FROM classificacoes_tokens WHERE BINARY nome_token = "modelista" UNION (SELECT id_chave_tipo_token FROM tipos_tokens WHERE nome_tipo_token = 'indeterminado') LIMIT 1), (SELECT id_chave_tipo_token FROM tipos_tokens WHERE nome_tipo_token = "adjetivo" UNION (SELECT id_chave_tipo_token FROM tipos_tokens WHERE nome_tipo_token = 'indeterminado') LIMIT 1), @id_arquivo_var);
  INSERT IGNORE INTO classificacoes_tokens (nome_token, id_tipo_token, id_arquivo_fonte) VALUES ("1860", (SELECT id_chave_tipo_token FROM tipos_tokens WHERE nome_tipo_token = "numeral"), @id_arquivo_var);
INSERT IGNORE INTO tokens (nome_token, acentuada, id_tipo_token, id_tipo_token_spaCy, id_arquivo_fonte) VALUES ("1860", "1860", (SELECT id_tipo_token FROM classificacoes_tokens WHERE BINARY nome_token = "1860" UNION (SELECT id_chave_tipo_token FROM tipos_tokens WHERE nome_tipo_token = 'indeterminado') LIMIT 1), (SELECT id_chave_tipo_token FROM tipos_tokens WHERE nome_tipo_token = "numeral" UNION (SELECT id_chave_tipo_token FROM tipos_tokens WHERE nome_tipo_token = 'indeterminado') LIMIT 1), @id_arquivo_var);
  INSERT IGNORE INTO tokens (nome_token, acentuada, id_tipo_token, id_tipo_token_spaCy, id_arquivo_fonte) VALUES ("estilista", "estilista", (SELECT id_tipo_token FROM classificacoes_tokens WHERE BINARY nome_token = "estilista" UNION (SELECT id_chave_tipo_token FROM tipos_tokens WHERE nome_tipo_token = 'indeterminado') LIMIT 1), (SELECT id_chave_tipo_token FROM tipos_tokens WHERE nome_tipo_token = "substantivo" UNION (SELECT id_chave_tipo_token FROM tipos_tokens WHERE nome_tipo_token = 'indeterminado') LIMIT 1), @id_arquivo_var);
  INSERT IGNORE INTO classificacoes_tokens (nome_token, id_tipo_token, id_arquivo_fonte) VALUES ("2580", (SELECT id_chave_tipo_token FROM tipos_tokens WHERE nome_tipo_token = "numeral"), @id_arquivo_var);
INSERT IGNORE INTO tokens (nome_token, acentuada, id_tipo_token, id_tipo_token_spaCy, id_arquivo_fonte) VALUES ("2580", "2580", (SELECT id_tipo_token FROM classificacoes_tokens WHERE BINARY nome_token = "2580" UNION (SELECT id_chave_tipo_token FROM tipos_tokens WHERE nome_tipo_token = 'indeterminado') LIMIT 1), (SELECT id_chave_tipo_token FROM tipos_tokens WHERE nome_tipo_token = "numeral" UNION (SELECT id_chave_tipo_token FROM tipos_tokens WHERE nome_tipo_token = 'indeterminado') LIMIT 1), @id_arquivo_var);
  INSERT IGNORE INTO tokens (nome_token, acentuada, id_tipo_token, id_tipo_token_spaCy, id_arquivo_fonte) VALUES ("merchandising", "merchandising", (SELECT id_tipo_token FROM classificacoes_tokens WHERE BINARY nome_token = "merchandising" UNION (SELECT id_chave_tipo_token FROM tipos_tokens WHERE nome_tipo_token = 'indeterminado') LIMIT 1), (SELECT id_chave_tipo_token FROM tipos_tokens WHERE nome_tipo_token = "sigla" UNION (SELECT id_chave_tipo_token FROM tipos_tokens WHERE nome_tipo_token = 'indeterminado') LIMIT 1), @id_arquivo_var);
  INSERT IGNORE INTO classificacoes_tokens (nome_token, id_tipo_token, id_arquivo_fonte) VALUES ("2829", (SELECT id_chave_tipo_token FROM tipos_tokens WHERE nome_tipo_token = "numeral"), @id_arquivo_var);
INSERT IGNORE INTO tokens (nome_token, acentuada, id_tipo_token, id_tipo_token_spaCy, id_arquivo_fonte) VALUES ("2829", "2829", (SELECT id_tipo_token FROM classificacoes_tokens WHERE BINARY nome_token = "2829" UNION (SELECT id_chave_tipo_token FROM tipos_tokens WHERE nome_tipo_token = 'indeterminado') LIMIT 1), (SELECT id_chave_tipo_token FROM tipos_tokens WHERE nome_tipo_token = "numeral" UNION (SELECT id_chave_tipo_token FROM tipos_tokens WHERE nome_tipo_token = 'indeterminado') LIMIT 1), @id_arquivo_var);
  INSERT IGNORE INTO tokens (nome_token, acentuada, id_tipo_token, id_tipo_token_spaCy, id_arquivo_fonte) VALUES ("pesquisa", "pesquisa", (SELECT id_tipo_token FROM classificacoes_tokens WHERE BINARY nome_token = "pesquisa" UNION (SELECT id_chave_tipo_token FROM tipos_tokens WHERE nome_tipo_token = 'indeterminado') LIMIT 1), (SELECT id_chave_tipo_token FROM tipos_tokens WHERE nome_tipo_token = "substantivo" UNION (SELECT id_chave_tipo_token FROM tipos_tokens WHERE nome_tipo_token = 'indeterminado') LIMIT 1), @id_arquivo_var);
  INSERT IGNORE INTO classificacoes_tokens (nome_token, id_tipo_token, id_arquivo_fonte) VALUES ("2827", (SELECT id_chave_tipo_token FROM tipos_tokens WHERE nome_tipo_token = "numeral"), @id_arquivo_var);
INSERT IGNORE INTO tokens (nome_token, acentuada, id_tipo_token, id_tipo_token_spaCy, id_arquivo_fonte) VALUES ("2827", "2827", (SELECT id_tipo_token FROM classificacoes_tokens WHERE BINARY nome_token = "2827" UNION (SELECT id_chave_tipo_token FROM tipos_tokens WHERE nome_tipo_token = 'indeterminado') LIMIT 1), (SELECT id_chave_tipo_token FROM tipos_tokens WHERE nome_tipo_token = "numeral" UNION (SELECT id_chave_tipo_token FROM tipos_tokens WHERE nome_tipo_token = 'indeterminado') LIMIT 1), @id_arquivo_var);
  INSERT IGNORE INTO classificacoes_tokens (nome_token, id_tipo_token, id_arquivo_fonte) VALUES ("258", (SELECT id_chave_tipo_token FROM tipos_tokens WHERE nome_tipo_token = "numeral"), @id_arquivo_var);
INSERT IGNORE INTO tokens (nome_token, acentuada, id_tipo_token, id_tipo_token_spaCy, id_arquivo_fonte) VALUES ("258", "258", (SELECT id_tipo_token FROM classificacoes_tokens WHERE BINARY nome_token = "258" UNION (SELECT id_chave_tipo_token FROM tipos_tokens WHERE nome_tipo_token = 'indeterminado') LIMIT 1), (SELECT id_chave_tipo_token FROM tipos_tokens WHERE nome_tipo_token = "numeral" UNION (SELECT id_chave_tipo_token FROM tipos_tokens WHERE nome_tipo_token = 'indeterminado') LIMIT 1), @id_arquivo_var);
  INSERT IGNORE INTO tokens (nome_token, acentuada, id_tipo_token, id_tipo_token_spaCy, id_arquivo_fonte) VALUES ("sso", "sso", (SELECT id_tipo_token FROM classificacoes_tokens WHERE BINARY nome_token = "sso" UNION (SELECT id_chave_tipo_token FROM tipos_tokens WHERE nome_tipo_token = 'indeterminado') LIMIT 1), (SELECT id_chave_tipo_token FROM tipos_tokens WHERE nome_tipo_token = "substantivo" UNION (SELECT id_chave_tipo_token FROM tipos_tokens WHERE nome_tipo_token = 'indeterminado') LIMIT 1), @id_arquivo_var);
  INSERT IGNORE INTO tokens (nome_token, acentuada, id_tipo_token, id_tipo_token_spaCy, id_arquivo_fonte) VALUES ("ma", "ma", (SELECT id_tipo_token FROM classificacoes_tokens WHERE BINARY nome_token = "ma" UNION (SELECT id_chave_tipo_token FROM tipos_tokens WHERE nome_tipo_token = 'indeterminado') LIMIT 1), (SELECT id_chave_tipo_token FROM tipos_tokens WHERE nome_tipo_token = "substantivo" UNION (SELECT id_chave_tipo_token FROM tipos_tokens WHERE nome_tipo_token = 'indeterminado') LIMIT 1), @id_arquivo_var);
  INSERT IGNORE INTO tokens (nome_token, acentuada, id_tipo_token, id_tipo_token_spaCy, id_arquivo_fonte) VALUES ("auditoria", "auditoria", (SELECT id_tipo_token FROM classificacoes_tokens WHERE BINARY nome_token = "auditoria" UNION (SELECT id_chave_tipo_token FROM tipos_tokens WHERE nome_tipo_token = 'indeterminado') LIMIT 1), (SELECT id_chave_tipo_token FROM tipos_tokens WHERE nome_tipo_token = "substantivo" UNION (SELECT id_chave_tipo_token FROM tipos_tokens WHERE nome_tipo_token = 'indeterminado') LIMIT 1), @id_arquivo_var);
  INSERT IGNORE INTO classificacoes_tokens (nome_token, id_tipo_token, id_arquivo_fonte) VALUES ("512", (SELECT id_chave_tipo_token FROM tipos_tokens WHERE nome_tipo_token = "numeral"), @id_arquivo_var);
INSERT IGNORE INTO tokens (nome_token, acentuada, id_tipo_token, id_tipo_token_spaCy, id_arquivo_fonte) VALUES ("512", "512", (SELECT id_tipo_token FROM classificacoes_tokens WHERE BINARY nome_token = "512" UNION (SELECT id_chave_tipo_token FROM tipos_tokens WHERE nome_tipo_token = 'indeterminado') LIMIT 1), (SELECT id_chave_tipo_token FROM tipos_tokens WHERE nome_tipo_token = "numeral" UNION (SELECT id_chave_tipo_token FROM tipos_tokens WHERE nome_tipo_token = 'indeterminado') LIMIT 1), @id_arquivo_var);
  INSERT IGNORE INTO tokens (nome_token, acentuada, id_tipo_token, id_tipo_token_spaCy, id_arquivo_fonte) VALUES ("monitor", "monitor", (SELECT id_tipo_token FROM classificacoes_tokens WHERE BINARY nome_token = "monitor" UNION (SELECT id_chave_tipo_token FROM tipos_tokens WHERE nome_tipo_token = 'indeterminado') LIMIT 1), (SELECT id_chave_tipo_token FROM tipos_tokens WHERE nome_tipo_token = "substantivo" UNION (SELECT id_chave_tipo_token FROM tipos_tokens WHERE nome_tipo_token = 'indeterminado') LIMIT 1), @id_arquivo_var);
  INSERT IGNORE INTO classificacoes_tokens (nome_token, id_tipo_token, id_arquivo_fonte) VALUES ("14001", (SELECT id_chave_tipo_token FROM tipos_tokens WHERE nome_tipo_token = "numeral"), @id_arquivo_var);
INSERT IGNORE INTO tokens (nome_token, acentuada, id_tipo_token, id_tipo_token_spaCy, id_arquivo_fonte) VALUES ("14001", "14001", (SELECT id_tipo_token FROM classificacoes_tokens WHERE BINARY nome_token = "14001" UNION (SELECT id_chave_tipo_token FROM tipos_tokens WHERE nome_tipo_token = 'indeterminado') LIMIT 1), (SELECT id_chave_tipo_token FROM tipos_tokens WHERE nome_tipo_token = "numeral" UNION (SELECT id_chave_tipo_token FROM tipos_tokens WHERE nome_tipo_token = 'indeterminado') LIMIT 1), @id_arquivo_var);
  INSERT IGNORE INTO tokens (nome_token, acentuada, id_tipo_token, id_tipo_token_spaCy, id_arquivo_fonte) VALUES ("iso", "iso", (SELECT id_tipo_token FROM classificacoes_tokens WHERE BINARY nome_token = "iso" UNION (SELECT id_chave_tipo_token FROM tipos_tokens WHERE nome_tipo_token = 'indeterminado') LIMIT 1), (SELECT id_chave_tipo_token FROM tipos_tokens WHERE nome_tipo_token = "substantivo" UNION (SELECT id_chave_tipo_token FROM tipos_tokens WHERE nome_tipo_token = 'indeterminado') LIMIT 1), @id_arquivo_var);
  INSERT IGNORE INTO tokens (nome_token, acentuada, id_tipo_token, id_tipo_token_spaCy, id_arquivo_fonte) VALUES ("certificacao", "certificação", (SELECT id_tipo_token FROM classificacoes_tokens WHERE BINARY nome_token = "certificação" UNION (SELECT id_chave_tipo_token FROM tipos_tokens WHERE nome_tipo_token = 'indeterminado') LIMIT 1), (SELECT id_chave_tipo_token FROM tipos_tokens WHERE nome_tipo_token = "substantivo" UNION (SELECT id_chave_tipo_token FROM tipos_tokens WHERE nome_tipo_token = 'indeterminado') LIMIT 1), @id_arquivo_var);
  INSERT IGNORE INTO tokens (nome_token, acentuada, id_tipo_token, id_tipo_token_spaCy, id_arquivo_fonte) VALUES ("implementacao", "implementação", (SELECT id_tipo_token FROM classificacoes_tokens WHERE BINARY nome_token = "implementação" UNION (SELECT id_chave_tipo_token FROM tipos_tokens WHERE nome_tipo_token = 'indeterminado') LIMIT 1), (SELECT id_chave_tipo_token FROM tipos_tokens WHERE nome_tipo_token = "sigla" UNION (SELECT id_chave_tipo_token FROM tipos_tokens WHERE nome_tipo_token = 'indeterminado') LIMIT 1), @id_arquivo_var);
  INSERT IGNORE INTO tokens (nome_token, acentuada, id_tipo_token, id_tipo_token_spaCy, id_arquivo_fonte) VALUES ("ambiental", "ambiental", (SELECT id_tipo_token FROM classificacoes_tokens WHERE BINARY nome_token = "ambiental" UNION (SELECT id_chave_tipo_token FROM tipos_tokens WHERE nome_tipo_token = 'indeterminado') LIMIT 1), (SELECT id_chave_tipo_token FROM tipos_tokens WHERE nome_tipo_token = "adjetivo" UNION (SELECT id_chave_tipo_token FROM tipos_tokens WHERE nome_tipo_token = 'indeterminado') LIMIT 1), @id_arquivo_var);
  INSERT IGNORE INTO tokens (nome_token, acentuada, id_tipo_token, id_tipo_token_spaCy, id_arquivo_fonte) VALUES ("sistemas", "sistemas", (SELECT id_tipo_token FROM classificacoes_tokens WHERE BINARY nome_token = "sistemas" UNION (SELECT id_chave_tipo_token FROM tipos_tokens WHERE nome_tipo_token = 'indeterminado') LIMIT 1), (SELECT id_chave_tipo_token FROM tipos_tokens WHERE nome_tipo_token = "substantivo" UNION (SELECT id_chave_tipo_token FROM tipos_tokens WHERE nome_tipo_token = 'indeterminado') LIMIT 1), @id_arquivo_var);
  INSERT IGNORE INTO tokens (nome_token, acentuada, id_tipo_token, id_tipo_token_spaCy, id_arquivo_fonte) VALUES ("socioambiental", "socioambiental", (SELECT id_tipo_token FROM classificacoes_tokens WHERE BINARY nome_token = "socioambiental" UNION (SELECT id_chave_tipo_token FROM tipos_tokens WHERE nome_tipo_token = 'indeterminado') LIMIT 1), (SELECT id_chave_tipo_token FROM tipos_tokens WHERE nome_tipo_token = "adjetivo" UNION (SELECT id_chave_tipo_token FROM tipos_tokens WHERE nome_tipo_token = 'indeterminado') LIMIT 1), @id_arquivo_var);
  INSERT IGNORE INTO classificacoes_tokens (nome_token, id_tipo_token, id_arquivo_fonte) VALUES ("1910", (SELECT id_chave_tipo_token FROM tipos_tokens WHERE nome_tipo_token = "numeral"), @id_arquivo_var);
INSERT IGNORE INTO tokens (nome_token, acentuada, id_tipo_token, id_tipo_token_spaCy, id_arquivo_fonte) VALUES ("1910", "1910", (SELECT id_tipo_token FROM classificacoes_tokens WHERE BINARY nome_token = "1910" UNION (SELECT id_chave_tipo_token FROM tipos_tokens WHERE nome_tipo_token = 'indeterminado') LIMIT 1), (SELECT id_chave_tipo_token FROM tipos_tokens WHERE nome_tipo_token = "numeral" UNION (SELECT id_chave_tipo_token FROM tipos_tokens WHERE nome_tipo_token = 'indeterminado') LIMIT 1), @id_arquivo_var);
  INSERT IGNORE INTO tokens (nome_token, acentuada, id_tipo_token, id_tipo_token_spaCy, id_arquivo_fonte) VALUES ("solidos", "sólidos", (SELECT id_tipo_token FROM classificacoes_tokens WHERE BINARY nome_token = "sólidos" UNION (SELECT id_chave_tipo_token FROM tipos_tokens WHERE nome_tipo_token = 'indeterminado') LIMIT 1), (SELECT id_chave_tipo_token FROM tipos_tokens WHERE nome_tipo_token = "verbo" UNION (SELECT id_chave_tipo_token FROM tipos_tokens WHERE nome_tipo_token = 'indeterminado') LIMIT 1), @id_arquivo_var);
  INSERT IGNORE INTO tokens (nome_token, acentuada, id_tipo_token, id_tipo_token_spaCy, id_arquivo_fonte) VALUES ("residuos", "resíduos", (SELECT id_tipo_token FROM classificacoes_tokens WHERE BINARY nome_token = "resíduos" UNION (SELECT id_chave_tipo_token FROM tipos_tokens WHERE nome_tipo_token = 'indeterminado') LIMIT 1), (SELECT id_chave_tipo_token FROM tipos_tokens WHERE nome_tipo_token = "substantivo" UNION (SELECT id_chave_tipo_token FROM tipos_tokens WHERE nome_tipo_token = 'indeterminado') LIMIT 1), @id_arquivo_var);
  INSERT IGNORE INTO classificacoes_tokens (nome_token, id_tipo_token, id_arquivo_fonte) VALUES ("1708", (SELECT id_chave_tipo_token FROM tipos_tokens WHERE nome_tipo_token = "numeral"), @id_arquivo_var);
INSERT IGNORE INTO tokens (nome_token, acentuada, id_tipo_token, id_tipo_token_spaCy, id_arquivo_fonte) VALUES ("1708", "1708", (SELECT id_tipo_token FROM classificacoes_tokens WHERE BINARY nome_token = "1708" UNION (SELECT id_chave_tipo_token FROM tipos_tokens WHERE nome_tipo_token = 'indeterminado') LIMIT 1), (SELECT id_chave_tipo_token FROM tipos_tokens WHERE nome_tipo_token = "numeral" UNION (SELECT id_chave_tipo_token FROM tipos_tokens WHERE nome_tipo_token = 'indeterminado') LIMIT 1), @id_arquivo_var);
  INSERT IGNORE INTO tokens (nome_token, acentuada, id_tipo_token, id_tipo_token_spaCy, id_arquivo_fonte) VALUES ("saude", "saúde", (SELECT id_tipo_token FROM classificacoes_tokens WHERE BINARY nome_token = "saúde" UNION (SELECT id_chave_tipo_token FROM tipos_tokens WHERE nome_tipo_token = 'indeterminado') LIMIT 1), (SELECT id_chave_tipo_token FROM tipos_tokens WHERE nome_tipo_token = "substantivo" UNION (SELECT id_chave_tipo_token FROM tipos_tokens WHERE nome_tipo_token = 'indeterminado') LIMIT 1), @id_arquivo_var);
  INSERT IGNORE INTO tokens (nome_token, acentuada, id_tipo_token, id_tipo_token_spaCy, id_arquivo_fonte) VALUES ("meio", "meio", (SELECT id_tipo_token FROM classificacoes_tokens WHERE BINARY nome_token = "meio" UNION (SELECT id_chave_tipo_token FROM tipos_tokens WHERE nome_tipo_token = 'indeterminado') LIMIT 1), (SELECT id_chave_tipo_token FROM tipos_tokens WHERE nome_tipo_token = "adjetivo" UNION (SELECT id_chave_tipo_token FROM tipos_tokens WHERE nome_tipo_token = 'indeterminado') LIMIT 1), @id_arquivo_var);
  INSERT IGNORE INTO tokens (nome_token, acentuada, id_tipo_token, id_tipo_token_spaCy, id_arquivo_fonte) VALUES ("recreativas", "recreativas", (SELECT id_tipo_token FROM classificacoes_tokens WHERE BINARY nome_token = "recreativas" UNION (SELECT id_chave_tipo_token FROM tipos_tokens WHERE nome_tipo_token = 'indeterminado') LIMIT 1), (SELECT id_chave_tipo_token FROM tipos_tokens WHERE nome_tipo_token = "adjetivo" UNION (SELECT id_chave_tipo_token FROM tipos_tokens WHERE nome_tipo_token = 'indeterminado') LIMIT 1), @id_arquivo_var);
  INSERT IGNORE INTO classificacoes_tokens (nome_token, id_tipo_token, id_arquivo_fonte) VALUES ("2071", (SELECT id_chave_tipo_token FROM tipos_tokens WHERE nome_tipo_token = "numeral"), @id_arquivo_var);
INSERT IGNORE INTO tokens (nome_token, acentuada, id_tipo_token, id_tipo_token_spaCy, id_arquivo_fonte) VALUES ("2071", "2071", (SELECT id_tipo_token FROM classificacoes_tokens WHERE BINARY nome_token = "2071" UNION (SELECT id_chave_tipo_token FROM tipos_tokens WHERE nome_tipo_token = 'indeterminado') LIMIT 1), (SELECT id_chave_tipo_token FROM tipos_tokens WHERE nome_tipo_token = "numeral" UNION (SELECT id_chave_tipo_token FROM tipos_tokens WHERE nome_tipo_token = 'indeterminado') LIMIT 1), @id_arquivo_var);
  INSERT IGNORE INTO classificacoes_tokens (nome_token, id_tipo_token, id_arquivo_fonte) VALUES ("262", (SELECT id_chave_tipo_token FROM tipos_tokens WHERE nome_tipo_token = "numeral"), @id_arquivo_var);
INSERT IGNORE INTO tokens (nome_token, acentuada, id_tipo_token, id_tipo_token_spaCy, id_arquivo_fonte) VALUES ("262", "262", (SELECT id_tipo_token FROM classificacoes_tokens WHERE BINARY nome_token = "262" UNION (SELECT id_chave_tipo_token FROM tipos_tokens WHERE nome_tipo_token = 'indeterminado') LIMIT 1), (SELECT id_chave_tipo_token FROM tipos_tokens WHERE nome_tipo_token = "numeral" UNION (SELECT id_chave_tipo_token FROM tipos_tokens WHERE nome_tipo_token = 'indeterminado') LIMIT 1), @id_arquivo_var);
  INSERT IGNORE INTO classificacoes_tokens (nome_token, id_tipo_token, id_arquivo_fonte) VALUES ("1204", (SELECT id_chave_tipo_token FROM tipos_tokens WHERE nome_tipo_token = "numeral"), @id_arquivo_var);
INSERT IGNORE INTO tokens (nome_token, acentuada, id_tipo_token, id_tipo_token_spaCy, id_arquivo_fonte) VALUES ("1204", "1204", (SELECT id_tipo_token FROM classificacoes_tokens WHERE BINARY nome_token = "1204" UNION (SELECT id_chave_tipo_token FROM tipos_tokens WHERE nome_tipo_token = 'indeterminado') LIMIT 1), (SELECT id_chave_tipo_token FROM tipos_tokens WHERE nome_tipo_token = "numeral" UNION (SELECT id_chave_tipo_token FROM tipos_tokens WHERE nome_tipo_token = 'indeterminado') LIMIT 1), @id_arquivo_var);
  INSERT IGNORE INTO classificacoes_tokens (nome_token, id_tipo_token, id_arquivo_fonte) VALUES ("1832", (SELECT id_chave_tipo_token FROM tipos_tokens WHERE nome_tipo_token = "numeral"), @id_arquivo_var);
INSERT IGNORE INTO tokens (nome_token, acentuada, id_tipo_token, id_tipo_token_spaCy, id_arquivo_fonte) VALUES ("1832", "1832", (SELECT id_tipo_token FROM classificacoes_tokens WHERE BINARY nome_token = "1832" UNION (SELECT id_chave_tipo_token FROM tipos_tokens WHERE nome_tipo_token = 'indeterminado') LIMIT 1), (SELECT id_chave_tipo_token FROM tipos_tokens WHERE nome_tipo_token = "numeral" UNION (SELECT id_chave_tipo_token FROM tipos_tokens WHERE nome_tipo_token = 'indeterminado') LIMIT 1), @id_arquivo_var);
  INSERT IGNORE INTO tokens (nome_token, acentuada, id_tipo_token, id_tipo_token_spaCy, id_arquivo_fonte) VALUES ("recreador", "recreador", (SELECT id_tipo_token FROM classificacoes_tokens WHERE BINARY nome_token = "recreador" UNION (SELECT id_chave_tipo_token FROM tipos_tokens WHERE nome_tipo_token = 'indeterminado') LIMIT 1), (SELECT id_chave_tipo_token FROM tipos_tokens WHERE nome_tipo_token = "substantivo" UNION (SELECT id_chave_tipo_token FROM tipos_tokens WHERE nome_tipo_token = 'indeterminado') LIMIT 1), @id_arquivo_var);
  INSERT IGNORE INTO tokens (nome_token, acentuada, id_tipo_token, id_tipo_token_spaCy, id_arquivo_fonte) VALUES ("lazer", "lazer", (SELECT id_tipo_token FROM classificacoes_tokens WHERE BINARY nome_token = "lazer" UNION (SELECT id_chave_tipo_token FROM tipos_tokens WHERE nome_tipo_token = 'indeterminado') LIMIT 1), (SELECT id_chave_tipo_token FROM tipos_tokens WHERE nome_tipo_token = "substantivo" UNION (SELECT id_chave_tipo_token FROM tipos_tokens WHERE nome_tipo_token = 'indeterminado') LIMIT 1), @id_arquivo_var);
  INSERT IGNORE INTO tokens (nome_token, acentuada, id_tipo_token, id_tipo_token_spaCy, id_arquivo_fonte) VALUES ("tensao", "tensão", (SELECT id_tipo_token FROM classificacoes_tokens WHERE BINARY nome_token = "tensão" UNION (SELECT id_chave_tipo_token FROM tipos_tokens WHERE nome_tipo_token = 'indeterminado') LIMIT 1), (SELECT id_chave_tipo_token FROM tipos_tokens WHERE nome_tipo_token = "substantivo" UNION (SELECT id_chave_tipo_token FROM tipos_tokens WHERE nome_tipo_token = 'indeterminado') LIMIT 1), @id_arquivo_var);
  INSERT IGNORE INTO tokens (nome_token, acentuada, id_tipo_token, id_tipo_token_spaCy, id_arquivo_fonte) VALUES ("baixa", "baixa", (SELECT id_tipo_token FROM classificacoes_tokens WHERE BINARY nome_token = "baixa" UNION (SELECT id_chave_tipo_token FROM tipos_tokens WHERE nome_tipo_token = 'indeterminado') LIMIT 1), (SELECT id_chave_tipo_token FROM tipos_tokens WHERE nome_tipo_token = "adjetivo" UNION (SELECT id_chave_tipo_token FROM tipos_tokens WHERE nome_tipo_token = 'indeterminado') LIMIT 1), @id_arquivo_var);
  INSERT IGNORE INTO tokens (nome_token, acentuada, id_tipo_token, id_tipo_token_spaCy, id_arquivo_fonte) VALUES ("instalador", "instalador", (SELECT id_tipo_token FROM classificacoes_tokens WHERE BINARY nome_token = "instalador" UNION (SELECT id_chave_tipo_token FROM tipos_tokens WHERE nome_tipo_token = 'indeterminado') LIMIT 1), (SELECT id_chave_tipo_token FROM tipos_tokens WHERE nome_tipo_token = "substantivo" UNION (SELECT id_chave_tipo_token FROM tipos_tokens WHERE nome_tipo_token = 'indeterminado') LIMIT 1), @id_arquivo_var);
  INSERT IGNORE INTO tokens (nome_token, acentuada, id_tipo_token, id_tipo_token_spaCy, id_arquivo_fonte) VALUES ("eletricista", "eletricista", (SELECT id_tipo_token FROM classificacoes_tokens WHERE BINARY nome_token = "eletricista" UNION (SELECT id_chave_tipo_token FROM tipos_tokens WHERE nome_tipo_token = 'indeterminado') LIMIT 1), (SELECT id_chave_tipo_token FROM tipos_tokens WHERE nome_tipo_token = "adjetivo" UNION (SELECT id_chave_tipo_token FROM tipos_tokens WHERE nome_tipo_token = 'indeterminado') LIMIT 1), @id_arquivo_var);
  INSERT IGNORE INTO classificacoes_tokens (nome_token, id_tipo_token, id_arquivo_fonte) VALUES ("2207", (SELECT id_chave_tipo_token FROM tipos_tokens WHERE nome_tipo_token = "numeral"), @id_arquivo_var);
