-- Table structure for table `sub_grupos`
--

CREATE TABLE `sub_grupos` (
  `id_chave_sub_grupo` int NOT NULL AUTO_INCREMENT,
  `codigo_justaposto` varchar(10) COLLATE utf8mb4_general_ci DEFAULT NULL,
  `id_codigo_grande_grupo` int DEFAULT NULL,
  `id_codigo_sub_grupo_principal` int DEFAULT NULL,
  `codigo_sub_grupo` int DEFAULT NULL,
  `nome_sub_grupo` varchar(255) COLLATE utf8mb4_general_ci DEFAULT NULL,
  PRIMARY KEY (`id_chave_sub_grupo`),
  UNIQUE KEY `codigo_justaposto` (`codigo_justaposto`),
  UNIQUE KEY `nome_sub_grupo` (`nome_sub_grupo`),
  KEY `fk_grande_grupo_sub_principal` (`id_codigo_grande_grupo`),
  KEY `fk_sub_grupo_principal` (`id_codigo_sub_grupo_principal`),
  CONSTRAINT `fk_grande_grupo_sub_principal` FOREIGN KEY (`id_codigo_grande_grupo`) REFERENCES `grandes_grupos` (`id_chave_grande_grupo`),
  CONSTRAINT `fk_sub_grupo_principal` FOREIGN KEY (`id_codigo_sub_grupo_principal`) REFERENCES `sub_grupos_principais` (`id_chave_sub_grupo_principal`)
) ENGINE=InnoDB AUTO_INCREMENT=196 DEFAULT CHARSET=utf8mb4 COLLATE=utf8mb4_general_ci;

--
-- Dumping data for table `sub_grupos`
--

INSERT INTO `sub_grupos` VALUES (1,'010',1,1,0,'MEMBROS DAS FORÇAS ARMADAS'),(2,'020',1,2,0,'OFICIAIS DE POLÍCIA MILITAR'),(3,'021',1,2,1,'PRAÇAS DE POLÍCIA MILITAR'),(4,'030',1,3,0,'OFICIAIS DE BOMBEIRO MILITAR'),(5,'031',1,3,1,'PRAÇAS DE BOMBEIRO MILITAR'),(6,'111',2,4,1,'MEMBROS SUPERIORES DO PODER LEGISLATIVO, EXECUTIVO E JUDICIÁRIO'),(7,'113',2,4,3,'CHEFES DE PEQUENAS POPULAÇÕES'),(8,'114',2,4,4,'DIRIGENTES E ADMINISTRADORES DE ORGANIZAÇÃO DE INTERESSE PÚBLICO'),(9,'121',2,5,1,'DIRETORES GERAIS'),(10,'122',2,5,2,'DIRETORES DE PRODUÇÃO E OPERAÇÕES'),(11,'123',2,5,3,'DIRETORES DE ÁREAS DE APOIO'),(12,'131',2,6,1,'DIRETORES E GERENTES EM EMPRESA DE SERVIÇOS DE SAÚDE, DE EDUCAÇÃO, OU DE SERVIÇOS CULTURAIS, SOCIAIS OU PESSOAIS'),(13,'141',2,7,1,'GERENTES DE PRODUÇÃO E OPERAÇÕES'),(14,'142',2,7,2,'GERENTES DE ÁREAS DE APOIO'),(15,'201',3,8,1,'PROFISSIONAIS DA BIOTECNOLOGIA E METROLOGIA'),(16,'202',3,8,2,'PROFISSIONAIS DA ELETROMECÂNICA'),(17,'203',3,8,3,'PESQUISADORES'),(18,'204',3,8,4,'PROFISSIONAIS DE INVESTIGAÇÃO CRIMINAL'),(19,'211',3,9,1,'MATEMÁTICOS, ESTATÍSTICOS E AFINS'),(20,'212',3,9,2,'PROFISSIONAIS DA INFORMÁTICA'),(21,'213',3,9,3,'FÍSICOS, QUÍMICOS E AFINS'),(22,'214',3,9,4,'ENGENHEIROS, ARQUITETOS E AFINS'),(23,'215',3,9,5,'PROFISSIONAIS EM NAVEGAÇÃO AÉREA, MARÍTIMA E FLUVIAL'),(24,'221',3,10,1,'BIÓLOGOS E AFINS'),(25,'222',3,10,2,'AGRÔNOMOS E AFINS'),(26,'223',3,10,3,'PROFISSIONAIS DA MEDICINA, SAÚDE E AFINS'),(27,'224',3,10,4,'PROFISSIONAIS DA EDUCAÇÃO FÍSICA'),(28,'225',3,10,5,'PROFISSIONAIS DA MEDICINA'),(29,'226',3,10,6,'PROFISSIONAIS DE SAÚDE EM PRATICAS INTEGRATIVAS E COMPLEMENTARES'),(30,'231',3,11,1,'PROFESSORES DE NÍVEL SUPERIOR NA EDUCAÇÃO INFANTIL E NO ENSINO FUNDAMENTAL'),(31,'232',3,11,2,'PROFESSORES DO ENSINO MÉDIO'),(32,'233',3,11,3,'PROFESSORES E INSTRUTORES DO ENSINO PROFISSIONAL'),(33,'234',3,11,4,'PROFESSORES DO ENSINO SUPERIOR'),(34,'239',3,11,9,'OUTROS PROFISSIONAIS DO ENSINO NÃO CLASSIFICADOS ANTERIORMENTE'),(35,'241',3,12,1,'ADVOGADOS, PROCURADORES, TABELIÃES E AFINS'),(36,'242',3,12,2,'ADVOGADOS DO PODER JUDICIÁRIO E DA SEGURANÇA PÚBLICA'),(37,'251',3,13,1,'CIENTISTAS SOCIAIS, PSICÓLOGOS E AFINS'),(38,'252',3,13,2,'PROFISSIONAIS DE ORGANIZAÇÃO E ADMINISTRAÇÃO DE EMPRESAS E AFINS'),(39,'253',3,13,3,'PROFISSIONAIS DE RELAÇÕES PÚBLICAS, PUBLICIDADE, MARKETING E COMERCIALIZAÇÃO'),(40,'254',3,13,4,'AUDITORES FISCAIS PÚBLICOS'),(41,'261',3,14,1,'PROFISSIONAIS DA COMUNICAÇÃO E DA INFORMAÇÃO'),(42,'262',3,14,2,'PROFISSIONAIS DE ESPETÁCULOS E DAS ARTES'),(43,'263',3,14,3,'MEMBROS DE CULTOS RELIGIOSOS E AFINS'),(44,'271',3,15,1,'PROFISSIONAIS EM GASTRONOMIA E SERVIÇOS DE ALIMENTAÇÃO'),(45,'300',4,16,0,'TÉCNICOS MECATRÔNICOS E ELETROMECÂNICOS'),(46,'301',4,16,1,'TÉCNICOS EM LABORATÓRIO'),(47,'311',4,17,1,'TÉCNICO EM CIÊNCIAS FÍSICAS E QUÍMICAS'),(48,'312',4,17,2,'TÉCNICOS EM CONSTRUÇÃO CIVIL, DE EDIFICAÇÕES E OBRAS DE INFRAESTRUTURA'),(49,'313',4,17,3,'TÉCNICOS EM ELETROELETRÔNICA E FOTÔNICA'),(50,'314',4,17,4,'TÉCNICOS EM METALMECÂNICA'),(51,'316',4,17,6,'TÉCNICOS EM MINERALOGIA E GEOLOGIA'),(52,'317',4,17,7,'TÉCNICOS EM INFORMÁTICA'),(53,'318',4,17,8,'DESENHISTAS TÉCNICOS E MODELISTAS'),(54,'319',4,17,9,'OUTROS TÉCNICOS DE NÍVEL MÉDIO DAS CIÊNCIAS FÍSICAS, QUÍMICAS, ENGENHARIA E AFINS'),(55,'320',4,18,0,'TÉCNICOS EM BIOLOGIA'),(56,'321',4,18,1,'TÉCNICOS DA PRODUÇÃO AGROPECUÁRIA'),(57,'322',4,18,2,'TÉCNICOS DA CIÊNCIA DA SAÚDE HUMANA'),(58,'323',4,18,3,'TÉCNICOS DA CIÊNCIA DA SAÚDE ANIMAL'),(59,'324',4,18,4,'TÉCNICOS EM OPERAÇÃO DE EQUIPAMENTOS E INSTRUMENTOS DE DIAGNÓSTICO'),(60,'325',4,18,5,'TÉCNICOS DE BIOQUÍMICA E DA BIOTECNOLOGIA'),(61,'328',4,18,8,'TÉCNICOS EM NECRÓPSIA E TAXIDERMISTAS'),(62,'331',4,19,1,'PROFESSORES DE NÍVEL MÉDIO NA EDUCAÇÃO INFANTIL, NO ENSINO FUNDAMENTAL E NO PROFISSIONALIZANTE'),(63,'332',4,19,2,'PROFESSORES LEIGOS NO ENSINO FUNDAMENTAL E NO  PROFISSIONALIZANTE'),(64,'333',4,19,3,'INSTRUTORES E PROFESSORES DE ESCOLAS LIVRES'),(65,'334',4,19,4,'INSPETORES DE ALUNOS E AFINS'),(66,'341',4,20,1,'TÉCNICOS EM NAVEGAÇÃO AÉREA, MARÍTIMA E FLUVIAL'),(67,'342',4,20,2,'TÉCNICOS EM TRANSPORTES (LOGÍSTICA)'),(68,'351',4,21,1,'TÉCNICOS DAS CIÊNCIAS ADMINISTRATIVAS'),(69,'352',4,21,2,'TÉCNICOS DE INSPEÇÃO, FISCALIZAÇÃO E COORDENAÇÃO ADMINISTRATIVA'),(70,'353',4,21,3,'TÉCNICOS DE NÍVEL MÉDIO EM OPERAÇÕES FINANCEIRAS'),(71,'354',4,21,4,'TÉCNICOS DE NIVEL MÉDIO EM OPERAÇÕES COMERCIAIS'),(72,'371',4,22,1,'TÉCNICOS DE SERVIÇOS CULTURAIS'),(73,'372',4,22,2,'TÉCNICOS EM OPERAÇÃO DE CÂMARA FOTOGRÁFICA , CINEMA E DE TELEVISÃO'),(74,'373',4,22,3,'TÉCNICOS EM OPERAÇÃO DE EMISSORAS DE RÁDIO, SISTEMAS DE TELEVISÃO E DE PRODUTORAS DE VÍDEO'),(75,'374',4,22,4,'TÉCNICOS EM OPERAÇÃO DE APARELHOS DE SONORIZAÇÃO, CENOGRAFIA E PROJEÇÃO'),(76,'375',4,22,5,'DECORADORES E VITRINISTAS'),(77,'376',4,22,6,'ARTISTAS DE ARTES POPULARES E MODELOS'),(78,'377',4,22,7,'ATLETAS, DESPORTISTAS E AFINS'),(79,'391',4,23,1,'TÉCNICOS DE NIVEL MÉDIO EM OPERAÇÕES INDUSTRIAIS'),(80,'395',4,23,5,'TÉCNICOS DE APOIO EM PESQUISA E DESENVOLVIMENTO'),(81,'410',5,24,0,'SUPERVISORES DE SERVIÇOS ADMINISTRATIVOS (Exceto de atendimento ao público)'),(82,'411',5,24,1,'ESCRITURÁRIOS EM GERAL, AGENTES, ASSISTENTES E AUXILIARES ADMINISTRATIVOS'),(83,'412',5,24,2,'SECRETÁRIOS DE EXPEDIENTE E OPERADORES DE MÁQUINAS DE ESCRITÓRIOS'),(84,'413',5,24,3,'ESCRITURÁRIOS CONTÁBEIS E DE FINANÇAS'),(85,'414',5,24,4,'ESCRITURÁRIOS DE CONTROLE DE MATERIAIS E DE APOIO À PRODUÇÃO'),(86,'415',5,24,5,'AUXILIARES DE SERVIÇOS DE BIBLIOTECA, DOCUMENTAÇÃO E CORREIOS'),(87,'420',5,25,0,'SUPERVISORES DE ATENDIMENTO AO PÚBLICO'),(88,'421',5,25,1,'CAIXAS, BILHETEIROS E AFINS'),(89,'422',5,25,2,'TRABALHADORES DE INFORMAÇÕES AO PÚBLICO'),(90,'423',5,25,3,'DESPACHANTES'),(91,'424',5,25,4,'ENTREVISTADORES, RECENSEADORES E AFINS'),(92,'510',6,26,0,'SUPERVISORES DOS SERVIÇOS'),(93,'511',6,26,1,'TRABALHADORES DOS SERVIÇOS DE TRANSPORTE E TURISMO'),(94,'512',6,26,2,'TRABALHADORES DOS SERVIÇOS DOMÉSTICOS EM GERAL'),(95,'513',6,26,3,'TRABALHADORES DOS SERVIÇOS DE HOTELARIA E ALIMENTAÇÃO'),(96,'514',6,26,4,'TRABALHADORES NOS SERVIÇOS DE ADMINISTRAÇÃO, CONSERVAÇÃO E MANUTENÇÃO DE EDIFÍCIOS E LOGRADOUROS'),(97,'515',6,26,5,'TRABALHADORES DOS SERVIÇOS DE SAÚDE'),(98,'516',6,26,6,'TRABALHADORES NOS SERVIÇOS DE EMBELEZAMENTO E CUIDADOS PESSOAIS'),(99,'517',6,26,7,'TRABALHADORES NOS SERVIÇOS DE PROTEÇÃO E SEGURANÇA'),(100,'519',6,26,9,'OUTROS TRABALHADORES DE SERVIÇOS DIVERSOS'),(101,'520',6,27,0,'SUPERVISORES DE VENDAS E DE PRESTAÇÃO DE SERVIÇOS'),(102,'521',6,27,1,'VENDEDORES E DEMONSTRADORES'),(103,'522',6,27,2,'REPOSITORES E REMARCADORES DO COMÉRCIO'),(104,'523',6,27,3,'INSTALADORES DE PRODUTOS E ACESSÓRIOS'),(105,'524',6,27,4,'VENDEDORES A DOMICÍLIO, AMBULANTES E EM BANCAS'),(106,'611',7,28,1,'PRODUTORES AGROPECUÁRIOS EM GERAL'),(107,'612',7,28,2,'PRODUTORES AGRÍCOLAS'),(108,'613',7,28,3,'PRODUTORES EM PECUÁRIA'),(109,'620',7,29,0,'SUPERVISORES NA EXPLORAÇÃO AGROPECUÁRIA'),(110,'621',7,29,1,'TRABALHADORES NA EXPLORAÇÃO AGROPECUÁRIA EM GERAL'),(111,'622',7,29,2,'TRABALHADORES AGRÍCOLAS'),(112,'623',7,29,3,'TRABALHADORES NA PECUÁRIA'),(113,'630',7,30,0,'SUPERVISORES NA EXPLORAÇÃO FLORESTAL E PESCA'),(114,'631',7,30,1,'PESCADORES E CAÇADORES'),(115,'632',7,30,2,'EXTRATIVISTAS FLORESTAIS'),(116,'641',7,31,1,'TRABALHADORES DA MECANIZAÇÃO AGROPECUÁRIA'),(117,'642',7,31,2,'TRABALHADORES DA MECANIZAÇÃO FLORESTAL'),(118,'643',7,31,3,'TRABALHADORES DA IRRIGAÇÃO E DRENAGEM'),(119,'710',8,32,0,'SUPERVISORES DA EXTRAÇÃO MINERAL E DA CONSTRUÇÃO CIVIL'),(120,'711',8,32,1,'TRABALHADORES DA EXTRAÇÃO MINERAL'),(121,'712',8,32,2,'TRABALHADORES DE BENEFICIAMENTO DE MINÉRIOS E PEDRAS ORNAMENTAIS'),(122,'715',8,32,5,'TRABALHADORES DA CONSTRUÇÃO CIVIL E OBRAS PÚBLICAS'),(123,'716',8,32,6,'TRABALHADORES DE ACABAMENTO DE OBRAS'),(124,'717',8,32,7,'AJUDANTES DE OBRAS'),(125,'720',8,33,0,'SUPERVISORES DA TRANSFORMAÇÃO DE METAIS E DE COMPÓSITOS'),(126,'721',8,33,1,'TRABALHADORES DE USINAGEM DE METAIS E DE COMPÓSITOS'),(127,'722',8,33,2,'TRABALHADORES DE CONFORMAÇÃO DE METAIS E DE COMPÓSITOS'),(128,'723',8,33,3,'TRABALHADORES DE TRATAMENTO TÉRMICO E DE SUPERFÍCIES DE METAIS E DE COMPÓSITOS'),(129,'724',8,33,4,'TRABALHADORES DE MONTAGEM DE TUBULAÇÕES, ESTRUTURAS METÁLICAS E DE COMPÓSITOS'),(130,'725',8,33,5,'MONTADORES DE MÁQUINAS E APARELHOS MECÂNICOS'),(131,'730',8,34,0,'SUPERVISORES DE MONTAGENS E INSTALAÇÕES ELETROELETRÔNICAS'),(132,'731',8,34,1,'MONTADORES E INSTALADORES DE EQUIPAMENTOS ELETROELETRÔNICOS EM GERAL'),(133,'732',8,34,2,'INSTALADORES E REPARADORES DE LINHAS E CABOS ELÉTRICOS E DE COMUNICAÇÕES'),(134,'740',8,35,0,'SUPERVISORES DA MECÂNICA DE PRECISÃO E INSTRUMENTOS MUSICAIS'),(135,'741',8,35,1,'MONTADORES E AJUSTADORES DE INSTRUMENTOS DE PRECISÃO'),(136,'742',8,35,2,'MONTADORES E AJUSTADORES DE INSTRUMENTOS MUSICAIS'),(137,'750',8,36,0,'SUPERVISORES DE JOALHERIA, VIDRARIA, CERÂMICA E AFINS'),(138,'751',8,36,1,'JOALHEIROS E OURIVES'),(139,'752',8,36,2,'VIDREIROS, CERAMISTAS E AFINS'),(140,'760',8,37,0,'SUPERVISORES NAS INDÚSTRIAS TÊXTIL, DO CURTIMENTO, DO VESTUÁRIO E DAS ARTES GRÁFICAS'),(141,'761',8,37,1,'TRABALHADORES DAS INDUSTRIAS TÊXTEIS'),(142,'762',8,37,2,'TRABALHADORES DO TRATAMENTO DE COUROS E PELES'),(143,'763',8,37,3,'TRABALHADORES DA CONFECÇÃO DE ROUPAS'),(144,'764',8,37,4,'TRABALHADORES DA CONFECÇÃO DE CALÇADOS'),(145,'765',8,37,5,'TRABALHADORES DA CONFECÇÃO DE ARTEFATOS DE TECIDOS E COUROS'),(146,'766',8,37,6,'TRABALHADORES DA PRODUÇÃO GRÁFICA'),(147,'768',8,37,8,'TRABALHADORES ARTESANAIS DAS ATIVIDADES TÊXTEIS, DO VESTUÁRIO E DAS ARTES GRÁFICAS'),(148,'770',8,38,0,'SUPERVISORES EM INDÚSTRIA DE MADEIRA, MOBILIÁRIO E DA CARPINTARIA VEICULAR'),(149,'771',8,38,1,'MARCENEIROS E AFINS'),(150,'772',8,38,2,'TRABALHADORES DA PREPARAÇÃO DA MADEIRA'),(151,'773',8,38,3,'TRABALHADORES DA TRANSFORMAÇÃO DA MADEIRA E DA FABRICAÇÃO DO MOBILIÁRIO'),(152,'774',8,38,4,'TRABALHADORES DE MONTAGEM DE MÓVEIS E ARTEFATOS DE MADEIRA'),(153,'775',8,38,5,'TRABALHADORES EM ACABAMENTO DE MADEIRA E DE MOBILIÁRIO'),(154,'776',8,38,6,'TRABALHADORES ARTESANAIS DA MADEIRA E DO MOBILIÁRIO'),(155,'777',8,38,7,'TRABALHADORES DA CARPINTARIA VEICULAR'),(156,'780',8,39,0,'SUPERVISORES DE TRABALHADORES DE EMBALAGEM E ETIQUETAGEM'),(157,'781',8,39,1,'OPERADORES DE ROBÔS E EQUIPAMENTOS ESPECIAIS'),(158,'782',8,39,2,'CONDUTORES DE VEÍCULOS E OPERADORES DE EQUIPAMENTOS DE ELEVAÇÃO E DE MOVIMENTAÇÃO DE CARGAS'),(159,'783',8,39,3,'TRABALHADORES DE MANOBRAS SOBRE TRILHOS E MOVIMENTAÇÃO E CARGAS'),(160,'784',8,39,4,'EMBALADORES E ALIMENTADORES DE PRODUÇÃO'),(161,'791',8,40,1,'TRABALHADORES DO ARTESANATO URBANO E RURAL'),(162,'810',9,41,0,'SUPERVISORES DE PRODUÇÃO, EM INDÚSTRIAS QUÍMICAS, PETROQUÍMICAS E AFINS'),(163,'811',9,41,1,'OPERADORES DE INSTALAÇÕES EM INDÚSTRIAS QUÍMICAS, PETROQUÍMICAS E AFINS'),(164,'812',9,41,2,'TRABALHADORES DA FABRICAÇÃO DE MUNIÇÃO E EXPLOSIVOS QUÍMICOS'),(165,'813',9,41,3,'OPERADORES DE OUTRAS INSTALAÇÕES QUÍMICAS, PETROQUÍMICAS E AFINS'),(166,'818',9,41,8,'OPERADORES DE OPERAÇÃO UNITÁRIA DE LABORATÓRIO (TRANSVERSAL PARA TODA INDÚSTRIA DE PROCESSOS)'),(167,'820',9,42,0,'SUPERVISORES DE PRODUÇÃO EM INDÚSTRIAS SIDERÚRGICAS'),(168,'821',9,42,1,'OPERADORES DE INSTALAÇÕES E EQUIPAMENTOS DE PRODUÇÃO DE METAIS E LIGAS- PRIMEIRA FUSÃO'),(169,'822',9,42,2,'OPERADORES DE INSTALAÇÕES E EQUIPAMENTOS DE PRODUÇÃO DE METAIS E LIGAS- SEGUNDA FUSÃO'),(170,'823',9,42,3,'TRABALHADORES DE INSTALAÇÕES E EQUIPAMENTOS DE MATERIAL DE CONSTRUÇÃO, CERÂMICA E VIDRO'),(171,'828',9,42,8,'TRABALHADORES ARTESANAIS DA SIDERURGIA E DE MATERIAIS DE CONSTRUÇÃO'),(172,'830',9,43,0,'SUPERVISORES DA FABRICAÇÃO DE CELULOSE E PAPEL'),(173,'831',9,43,1,'TRABALHADORES DA PREPARAÇÃO DE PASTA DE PAPEL'),(174,'832',9,43,2,'TRABALHADORES DA FABRICAÇÃO DE PAPEL'),(175,'833',9,43,3,'CONFECCIONADORES DE PRODUTOS DE PAPEL E PAPELÃO'),(176,'840',9,44,0,'SUPERVISORES DA FABRICAÇÃO DE ALIMENTOS, BEBIDAS E FUMO'),(177,'841',9,44,1,'OPERADORES DE EQUIPAMENTOS NA PREPARAÇÃO DE ALIMENTOS E BEBIDAS'),(178,'842',9,44,2,'OPERADORES NA PREPARAÇÃO DE FUMO E NA FABRICAÇÃO DE CHARUTOS E CIGARROS'),(179,'848',9,44,8,'TRABALHADORES ARTESANAIS NA  AGROINDÚSTRIA, NA INDÚSTRIA DE ALIMENTOS E DO FUMO'),(180,'860',9,45,0,'SUPERVISORES DA PRODUÇÃO DE UTILIDADES'),(181,'861',9,45,1,'OPERADORES NA GERAÇÃO E DISTRIBUIÇÃO DE ENERGIA (CENTRAIS HIDRELÉTRICAS, TERMELÉTRICAS E NUCLEARES)'),(182,'862',9,45,2,'OPERADORES DE UTILIDADES'),(183,'871',9,46,1,'OPERADORES DE OUTRAS INSTALAÇÕES INDUSTRIAIS'),(184,'910',10,47,0,'SUPERVISORES EM SERVIÇOS DE REPARAÇÃO E MANUTENÇÃO MECÂNICA'),(185,'911',10,47,1,'MECÂNICOS DE MANUTENÇÃO DE MÁQUINAS E EQUIPAMENTOS INDUSTRIAIS, COMERCIAIS E RESIDENCIAIS'),(186,'913',10,47,3,'MECÂNICOS DE MANUTENÇÃO DE MÁQUINAS PESADAS E EQUIPAMENTOS AGRÍCOLAS'),(187,'914',10,47,4,'MECÂNICOS DE MANUTENÇÃO VEICULAR'),(188,'915',10,47,5,'REPARADORES DE INSTRUMENTOS E EQUIPAMENTOS DE PRECISÃO'),(189,'919',10,47,9,'OUTROS TRABALHADORES NA REPARAÇÃO E MANUTENÇÃO DE EQUIPAMENTOS'),(190,'950',10,48,0,'SUPERVISORES DE MANUTENÇÃO ELETROELETRÔNICA E ELETROMECÂNICA'),(191,'951',10,48,1,'ELETRICISTAS ELETRÔNICOS DE MANUTENÇÃO INDUSTRIAL, COMERCIAL E RESIDENCIAL'),(192,'953',10,48,3,'ELETRICISTAS ELETRÔNICOS DE MANUTENÇÃO VEICULAR'),(193,'954',10,48,4,'MANTENEDORES ELETROMECÂNICOS'),(194,'991',10,49,1,'OUTROS TRABALHADORES DA CONSERVAÇÃO E MANUTENÇÃO (EXCETO TRABALHADORES ELEMENTARES)'),(195,'992',10,49,2,'TRABALHADORES ELEMENTARES DA MANUTENÇÃO');

--
-- Table structure for table `sub_grupos_principais`
--

CREATE TABLE `sub_grupos_principais` (
  `id_chave_sub_grupo_principal` int NOT NULL AUTO_INCREMENT,
  `codigo_justaposto` varchar(10) COLLATE utf8mb4_general_ci DEFAULT NULL,
  `id_codigo_grande_grupo` int DEFAULT NULL,
  `codigo_sub_grupo_principal` int DEFAULT NULL,
  `nome_sub_grupo_principal` varchar(255) COLLATE utf8mb4_general_ci DEFAULT NULL,
  PRIMARY KEY (`id_chave_sub_grupo_principal`),
  UNIQUE KEY `codigo_justaposto` (`codigo_justaposto`),
  UNIQUE KEY `nome_sub_grupo_principal` (`nome_sub_grupo_principal`),
  KEY `fk_grande_grupo` (`id_codigo_grande_grupo`),
  CONSTRAINT `fk_grande_grupo` FOREIGN KEY (`id_codigo_grande_grupo`) REFERENCES `grandes_grupos` (`id_chave_grande_grupo`)
) ENGINE=InnoDB AUTO_INCREMENT=50 DEFAULT CHARSET=utf8mb4 COLLATE=utf8mb4_general_ci;

--
-- Dumping data for table `sub_grupos_principais`
--

INSERT INTO `sub_grupos_principais` VALUES (1,'01',1,1,'MEMBROS DAS FORÇAS ARMADAS'),(2,'02',1,2,'POLICIAIS MILITARES'),(3,'03',1,3,'BOMBEIROS MILITARES'),(4,'11',2,1,'MEMBROS SUPERIORES E DIRIGENTES DO PODER PÚBLICO'),(5,'12',2,2,'DIRIGENTES DE EMPRESAS E ORGANIZAÇÕES (EXCETO DE INTERESSE PÚBLICO)'),(6,'13',2,3,'DIRETORES E GERENTES EM EMPRESA DE SERVIÇOS DE SAÚDE, DA EDUCAÇÃO, OU DE SERVIÇOS CULTURAIS, SOCIAIS OU PESSOAIS'),(7,'14',2,4,'GERENTES'),(8,'20',3,0,'PESQUISADORES E PROFISSIONAIS POLICIENTÍFICOS'),(9,'21',3,1,'PROFISSIONAIS DAS CIÊNCIAS EXATAS, FÍSICAS E DA ENGENHARIA'),(10,'22',3,2,'PROFISSIONAIS DAS CIÊNCIAS BIOLÓGICAS, DA SAÚDE E AFINS'),(11,'23',3,3,'PROFISSIONAIS DO ENSINO'),(12,'24',3,4,'PROFISSIONAIS DAS CIÊNCIAS JURÍDICAS'),(13,'25',3,5,'PROFISSIONAIS DAS CIÊNCIAS SOCIAIS E HUMANAS'),(14,'26',3,6,'COMUNICADORES, ARTISTAS E RELIGIOSOS'),(15,'27',3,7,'PROFISSIONAIS EM GASTRONOMIA'),(16,'30',4,0,'TÉCNICOS POLIVALENTES'),(17,'31',4,1,'TÉCNICOS DE NÍVEL MÉDIO DAS CIÊNCIAS FÍSICAS, QUÍMICAS, ENGENHARIA E AFINS'),(18,'32',4,2,'TÉCNICOS DE NÍVEL MÉDIO DAS CIÊNCIAS BIOLÓGICAS, BIOQUÍMICAS, DA SAÚDE E AFINS'),(19,'33',4,3,'PROFESSORES LEIGOS E DE NÍVEL MÉDIO'),(20,'34',4,4,'TÉCNICOS DE NÍVEL MÉDIO EM SERVIÇOS DE TRANSPORTES'),(21,'35',4,5,'TÉCNICOS DE NIVEL MÉDIO NAS CIÊNCIAS ADMINISTRATIVAS'),(22,'37',4,7,'TÉCNICOS EM NIVEL MÉDIO DOS SERVIÇOS CULTURAIS, DAS COMUNICAÇÕES E DOS DESPORTOS'),(23,'39',4,9,'OUTROS TÉCNICOS DE NÍVEL MÉDIO'),(24,'41',5,1,'ESCRITURÁRIOS'),(25,'42',5,2,'TRABALHADORES DE ATENDIMENTO AO PÚBLICO'),(26,'51',6,1,'TRABALHADORES DOS SERVIÇOS'),(27,'52',6,2,'VENDEDORES E PRESTADORES DE SERVIÇOS DO COMÉRCIO'),(28,'61',7,1,'PRODUTORES NA EXPLORAÇÃO AGROPECUÁRIA'),(29,'62',7,2,'TRABALHADORES NA EXPLORAÇÃO AGROPECUÁRIA'),(30,'63',7,3,'PESCADORES E EXTRATIVISTAS FLORESTAIS'),(31,'64',7,4,'TRABALHADORES DA MECANIZAÇÃO AGROPECUÁRIA E FLORESTAL'),(32,'71',8,1,'TRABALHADORES DA INDÚSTRIA EXTRATIVA E DA CONSTRUÇÃO CIVIL'),(33,'72',8,2,'TRABALHADORES DA TRANSFORMAÇÃO DE METAIS E DE COMPÓSITOS'),(34,'73',8,3,'TRABALHADORES DA FABRICAÇÃO E INSTALAÇÃO ELETROELETRÔNICA'),(35,'74',8,4,'MONTADORES DE APARELHOS E INSTRUMENTOS DE PRECISÃO E MUSICAIS'),(36,'75',8,5,'JOALHEIROS, VIDREIROS, CERAMISTAS E AFINS'),(37,'76',8,6,'TRABALHADORES NAS INDÚSTRIAS TÊXTIL, DO CURTIMENTO, DO VESTÚARIO E DAS ARTES GRÁFICAS'),(38,'77',8,7,'TRABALHADORES DAS INDÚSTRIAS DE MADEIRA E DO MOBILIÁRIO'),(39,'78',8,8,'TRABALHADORES DE FUNÇÕES TRANSVERSAIS'),(40,'79',8,9,'TRABALHADORES DO ARTESANATO'),(41,'81',9,1,'TRABALHADORES EM INDÚSTRIAS DE PROCESSOS CONTÍNUOS E OUTRAS INDÚSTRIAS'),(42,'82',9,2,'TRABALHADORES DE INSTALAÇÕES SIDERÚRGICAS E DE MATERIAIS DE CONSTRUÇÃO'),(43,'83',9,3,'TRABALHADORES DE INSTALAÇÕES E MÁQUINAS DE FABRICAÇÃO DE CELULOSE E PAPEL'),(44,'84',9,4,'TRABALHADORES DA FABRICAÇÃO DE ALIMENTOS, BEBIDAS E FUMO'),(45,'86',9,6,'OPERADORES DE PRODUÇÃO, CAPTAÇÃO, TRATAMENTO E DISTRIBUIÇÃO (ENERGIA, ÁGUA E UTILIDADES)'),(46,'87',9,7,'OPERADORES DE OUTRAS INSTALAÇÕES INDUSTRIAIS'),(47,'91',10,1,'TRABALHADORES EM SERVIÇOS DE REPARAÇÃO E MANUTENÇÃO MECÂNICA'),(48,'95',10,5,'POLIMANTENEDORES'),(49,'99',10,9,'OUTROS TRABALHADORES DA CONSERVAÇÃO, MANUTENÇÃO E REPARAÇÃO');

--
-- Table structure for table `tipos_arquivos`
--

CREATE TABLE `tipos_arquivos` (
  `id_chave_tipo_arquivo` int NOT NULL AUTO_INCREMENT,
  `nome_tipo_arquivo` varchar(255) COLLATE utf8mb4_general_ci NOT NULL,
  `extensao` varchar(10) COLLATE utf8mb4_general_ci DEFAULT NULL,
  `descricao` text COLLATE utf8mb4_general_ci,
  `data_insercao` timestamp NULL DEFAULT CURRENT_TIMESTAMP,
  PRIMARY KEY (`id_chave_tipo_arquivo`),
  UNIQUE KEY `nome_tipo_arquivo` (`nome_tipo_arquivo`)
) ENGINE=InnoDB AUTO_INCREMENT=15 DEFAULT CHARSET=utf8mb4 COLLATE=utf8mb4_general_ci;

--
-- Dumping data for table `tipos_arquivos`
--

INSERT INTO `tipos_arquivos` VALUES (1,'Imagem JPEG','jpg','image/jpeg','2025-03-28 20:18:13'),(2,'Imagem PNG','png','image/png','2025-03-28 20:18:13'),(3,'Imagem SVG','svg','image/svg+xml','2025-03-28 20:18:13'),(4,'Imagem WebP','webp','image/webp','2025-03-28 20:18:13'),(5,'Arquivo PDF','pdf','application/pdf','2025-03-28 20:18:13'),(6,'HTML','html','text/html; charset=UTF-8','2025-03-28 20:18:13'),(7,'Texto simples','txt','text/plain','2025-03-28 20:18:13'),(8,'JSON','json','application/json','2025-03-28 20:18:13'),(9,'XML','xml','application/xml ou text/xml','2025-03-28 20:18:13'),(10,'Arquivo ZIP','zip','application/zip','2025-03-28 20:18:13'),(11,'Arquivo JavaScript','js','application/javascript','2025-03-28 20:18:13'),(12,'Arquivo CSS','css','text/css','2025-03-28 20:18:13'),(13,'MP3','mp3','audio/mpeg','2025-03-28 20:18:13'),(14,'MP4','mp4','video/mp4','2025-03-28 20:18:13');

--
-- Table structure for table `tipos_classificacoes`
--

CREATE TABLE `tipos_classificacoes` (
  `id_chave_tipo_classificacao` int NOT NULL AUTO_INCREMENT,
  `nome_tipo_classificacao` varchar(200) CHARACTER SET utf8mb4 COLLATE utf8mb4_general_ci DEFAULT NULL,
  `acentuada` varchar(200) CHARACTER SET utf8mb4 COLLATE utf8mb4_general_ci DEFAULT NULL,
  `ordem` int DEFAULT '1',
  `caption_substituto` varchar(200) CHARACTER SET utf8mb4 COLLATE utf8mb4_general_ci DEFAULT NULL,
  `serve_para_busca` varchar(3) CHARACTER SET utf8mb4 COLLATE utf8mb4_general_ci DEFAULT 'sim',
  `mostra_caption` varchar(3) CHARACTER SET utf8mb4 COLLATE utf8mb4_general_ci DEFAULT 'sim',
  `mostra_valor` varchar(3) CHARACTER SET utf8mb4 COLLATE utf8mb4_general_ci DEFAULT 'sim',
  `verso` varchar(3) CHARACTER SET utf8mb4 COLLATE utf8mb4_general_ci DEFAULT 'nao',
  `mostra_caption_tamanho` varchar(15) CHARACTER SET utf8mb4 COLLATE utf8mb4_general_ci DEFAULT '16px',
  `mostra_valor_tamanho` varchar(15) CHARACTER SET utf8mb4 COLLATE utf8mb4_general_ci DEFAULT '16px',
  `bold_valor` varchar(20) CHARACTER SET utf8mb4 COLLATE utf8mb4_general_ci DEFAULT 'normal',
  `color_valor` varchar(50) CHARACTER SET utf8mb4 COLLATE utf8mb4_general_ci DEFAULT 'white',
  `border_valor` varchar(50) CHARACTER SET utf8mb4 COLLATE utf8mb4_general_ci DEFAULT 'none',
  `border_radius_valor` varchar(50) CHARACTER SET utf8mb4 COLLATE utf8mb4_general_ci DEFAULT '0px',
  `background_valor` varchar(50) CHARACTER SET utf8mb4 COLLATE utf8mb4_general_ci DEFAULT 'none',
  `isolamento_valor` varchar(400) CHARACTER SET utf8mb4 COLLATE utf8mb4_general_ci DEFAULT '',
  `padding_left_valor` varchar(50) CHARACTER SET utf8mb4 COLLATE utf8mb4_general_ci DEFAULT '0px',
  `padding_right_valor` varchar(50) CHARACTER SET utf8mb4 COLLATE utf8mb4_general_ci DEFAULT '0px',
  `padding_top_valor` varchar(50) CHARACTER SET utf8mb4 COLLATE utf8mb4_general_ci DEFAULT '0px',
  `padding_bottom_valor` varchar(50) CHARACTER SET utf8mb4 COLLATE utf8mb4_general_ci DEFAULT '0px',
  `margin_left_valor` varchar(50) CHARACTER SET utf8mb4 COLLATE utf8mb4_general_ci DEFAULT '0px',
  `margin_right_valor` varchar(50) CHARACTER SET utf8mb4 COLLATE utf8mb4_general_ci DEFAULT '0px',
  `margin_top_valor` varchar(50) CHARACTER SET utf8mb4 COLLATE utf8mb4_general_ci DEFAULT '0px',
  `margin_bottom_valor` varchar(50) CHARACTER SET utf8mb4 COLLATE utf8mb4_general_ci DEFAULT '0px',
  `caracter_depois_valor` varchar(50) CHARACTER SET utf8mb4 COLLATE utf8mb4_general_ci DEFAULT '',
  `forca_quebra_linha` varchar(50) CHARACTER SET utf8mb4 COLLATE utf8mb4_general_ci DEFAULT 'nao',
  `junta_caption_valor` varchar(50) CHARACTER SET utf8mb4 COLLATE utf8mb4_general_ci DEFAULT 'nao',
  `limita_largura` varchar(50) CHARACTER SET utf8mb4 COLLATE utf8mb4_general_ci DEFAULT 'nao_limita',
  `id_arquivo_fonte` int DEFAULT NULL,
  `data_insercao` timestamp NOT NULL DEFAULT CURRENT_TIMESTAMP ON UPDATE CURRENT_TIMESTAMP,
  PRIMARY KEY (`id_chave_tipo_classificacao`),
  UNIQUE KEY `tipos_classificacoes_csv` (`nome_tipo_classificacao`,`id_arquivo_fonte`),
  KEY `idx_nome_tipo_classificacao` (`nome_tipo_classificacao`),
  KEY `tipos_classificacoes_ibfk_1` (`id_arquivo_fonte`),
  CONSTRAINT `tipos_classificacoes_ibfk_1` FOREIGN KEY (`id_arquivo_fonte`) REFERENCES `arquivos_fonte` (`id_chave_arquivo_fonte`)
) ENGINE=InnoDB AUTO_INCREMENT=22 DEFAULT CHARSET=utf8mb4 COLLATE=utf8mb4_general_ci;

--
-- Dumping data for table `tipos_classificacoes`
--

INSERT INTO `tipos_classificacoes` VALUES (1,'tipo_de_curso',NULL,1,NULL,'sim','sim','sim','nao','16px','16px','normal','white','none','0px','none','','0px','0px','0px','0px','0px','0px','0px','0px','','nao','nao','nao_limita',1,'2025-03-28 20:21:07'),(2,'campus',NULL,2,NULL,'sim','sim','sim','nao','16px','16px','normal','white','none','0px','none','','0px','0px','0px','0px','0px','0px','0px','0px','','nao','nao','nao_limita',1,'2025-03-28 20:21:07'),(3,'estado',NULL,3,NULL,'sim','sim','sim','nao','16px','16px','normal','white','none','0px','none','','0px','0px','0px','0px','0px','0px','0px','0px','','nao','nao','nao_limita',1,'2025-03-28 20:21:07'),(4,'cidade',NULL,4,NULL,'sim','sim','sim','nao','16px','16px','normal','white','none','0px','none','','0px','0px','0px','0px','0px','0px','0px','0px','','nao','nao','nao_limita',1,'2025-03-28 20:21:07'),(5,'titulo_do_curso',NULL,5,NULL,'sim','sim','sim','nao','16px','16px','normal','white','none','0px','none','','0px','0px','0px','0px','0px','0px','0px','0px','','nao','nao','nao_limita',1,'2025-03-28 20:21:07'),(6,'periodo',NULL,6,NULL,'sim','sim','sim','nao','16px','16px','normal','white','none','0px','none','','0px','0px','0px','0px','0px','0px','0px','0px','','nao','nao','nao_limita',1,'2025-03-28 20:21:07'),(7,'vagas',NULL,7,NULL,'sim','sim','sim','nao','16px','16px','normal','white','none','0px','none','','0px','0px','0px','0px','0px','0px','0px','0px','','nao','nao','nao_limita',1,'2025-03-28 20:21:08'),(8,'duracao',NULL,8,NULL,'sim','sim','sim','nao','16px','16px','normal','white','none','0px','none','','0px','0px','0px','0px','0px','0px','0px','0px','','nao','nao','nao_limita',1,'2025-03-28 20:21:08'),(9,'tipo_de_curso',NULL,1,'teste','sim','sim','sim','nao','16px','16px','normal','white','none','0px','none','','0px','0px','0px','0px','0px','0px','0px','0px','','nao','nao','nao_limita',2,'2025-03-28 22:21:22'),(10,'campus',NULL,2,'','sim','sim','sim','nao','16px','16px','normal','white','none','0px','none','','0px','0px','0px','0px','0px','0px','0px','0px','','nao','nao','nao_limita',2,'2025-03-28 22:20:47'),(11,'estado',NULL,3,NULL,'sim','sim','sim','nao','16px','16px','normal','white','none','0px','none','','0px','0px','0px','0px','0px','0px','0px','0px','','nao','nao','nao_limita',2,'2025-03-28 20:21:14'),(12,'cidade',NULL,4,NULL,'sim','sim','sim','nao','16px','16px','normal','white','none','0px','none','','0px','0px','0px','0px','0px','0px','0px','0px','','nao','nao','nao_limita',2,'2025-03-28 20:21:14'),(13,'titulo_do_curso',NULL,5,NULL,'sim','sim','sim','nao','16px','16px','normal','white','none','0px','none','','0px','0px','0px','0px','0px','0px','0px','0px','','nao','nao','nao_limita',2,'2025-03-28 20:21:14'),(14,'tipo_de_tecnico',NULL,6,NULL,'sim','sim','sim','nao','16px','16px','normal','white','none','0px','none','','0px','0px','0px','0px','0px','0px','0px','0px','','nao','nao','nao_limita',2,'2025-03-28 20:21:14'),(15,'quantidade_de_vagas',NULL,7,NULL,'sim','sim','sim','nao','16px','16px','normal','white','none','0px','none','','0px','0px','0px','0px','0px','0px','0px','0px','','nao','nao','nao_limita',2,'2025-03-28 20:21:14'),(16,'turno',NULL,8,NULL,'sim','sim','sim','nao','16px','16px','normal','white','none','0px','none','','0px','0px','0px','0px','0px','0px','0px','0px','','nao','nao','nao_limita',2,'2025-03-28 20:21:14'),(17,'modalidade_de_oferta',NULL,9,NULL,'sim','sim','sim','nao','16px','16px','normal','white','none','0px','none','','0px','0px','0px','0px','0px','0px','0px','0px','','nao','nao','nao_limita',2,'2025-03-28 20:21:14'),(18,'cbo',NULL,10,NULL,'sim','sim','sim','nao','16px','16px','normal','white','none','0px','none','','0px','0px','0px','0px','0px','0px','0px','0px','','nao','nao','nao_limita',2,'2025-03-28 20:21:14'),(19,'regime_de_matricula',NULL,11,NULL,'sim','sim','sim','nao','16px','16px','normal','white','none','0px','none','','0px','0px','0px','0px','0px','0px','0px','0px','','nao','nao','nao_limita',2,'2025-03-28 20:21:14'),(20,'eixo_tecnologico',NULL,12,NULL,'sim','sim','sim','nao','16px','16px','normal','white','none','0px','none','','0px','0px','0px','0px','0px','0px','0px','0px','','nao','nao','nao_limita',2,'2025-03-28 20:21:14'),(21,'carga_horaria',NULL,13,NULL,'sim','sim','sim','nao','16px','16px','normal','white','none','0px','none','','0px','0px','0px','0px','0px','0px','0px','0px','','nao','nao','nao_limita',2,'2025-03-28 20:21:14');

--
-- Table structure for table `tipos_cursos`
--

CREATE TABLE `tipos_cursos` (
  `id_chave_tipo_curso` int NOT NULL AUTO_INCREMENT,
  `nome_tipo_curso` varchar(250) CHARACTER SET utf8mb4 COLLATE utf8mb4_general_ci NOT NULL,
  `id_arquivo_fonte` int DEFAULT NULL,
  `data_insercao` timestamp NULL DEFAULT CURRENT_TIMESTAMP,
  PRIMARY KEY (`id_chave_tipo_curso`),
  UNIQUE KEY `nome_tipo_curso` (`nome_tipo_curso`),
  KEY `tipos_cursos_ibfk_1` (`id_arquivo_fonte`),
  CONSTRAINT `tipos_cursos_ibfk_1` FOREIGN KEY (`id_arquivo_fonte`) REFERENCES `arquivos_fonte` (`id_chave_arquivo_fonte`)
) ENGINE=InnoDB AUTO_INCREMENT=3 DEFAULT CHARSET=utf8mb4 COLLATE=utf8mb4_general_ci;

--
-- Dumping data for table `tipos_cursos`
--

INSERT INTO `tipos_cursos` VALUES (1,'curso_de_graduação',1,'2025-03-28 20:21:09'),(2,'curso_técnico',2,'2025-03-28 20:21:16');

--
-- Table structure for table `tipos_elementos_sintaticos`
--

CREATE TABLE `tipos_elementos_sintaticos` (
  `id_chave_tipo_elemento_sintatico` int NOT NULL AUTO_INCREMENT,
  `nome_tipo_elemento_sintatico` varchar(255) COLLATE utf8mb4_general_ci NOT NULL,
  `descricao` text COLLATE utf8mb4_general_ci NOT NULL,
  `data_insercao` timestamp NULL DEFAULT CURRENT_TIMESTAMP,
  PRIMARY KEY (`id_chave_tipo_elemento_sintatico`)
) ENGINE=InnoDB AUTO_INCREMENT=16 DEFAULT CHARSET=utf8mb4 COLLATE=utf8mb4_general_ci;

--
-- Dumping data for table `tipos_elementos_sintaticos`
--

INSERT INTO `tipos_elementos_sintaticos` VALUES (1,'entrega infinitivo','Entrega padrão constituída por um verbo que indica a ação realizada sobre um objeto. Esse tipo de sentença não tem sujeito porque o verbo está no infinitivo.','2025-03-28 20:18:17'),(2,'entrega com sujeito','Entrega padrão constituída por um verbo que indica a ação realizada por um sujeito sobre um objeto. Esse tipo de sentença tem sujeito.','2025-03-28 20:18:17'),(3,'sujeito','É o sujeito a quem se refere o predicado.','2025-03-28 20:18:17'),(4,'determinantes_do_sujeito','Fazem parte do sujeito as palavras que antecedem o núcleo do sujeito, como artigo, pronomes, numerais, etc.','2025-03-28 20:18:17'),(5,'nucleo_sujeito','É o núcleo do sujeito a quem se refere o predicado.','2025-03-28 20:18:17'),(6,'modificadores_do_sujeito','É parte do sujeito, são palavras que sucedem o sujeito para modificá-lo, como adjetivos.','2025-03-28 20:18:17'),(7,'predicado','É o predicado da sentença, que pode ser predicado verbal, nominal ou verbo-nominal.','2025-03-28 20:18:17'),(8,'verbo_do_predicado','É parte do predicado, elemento central que denota uma ação do sujeito.','2025-03-28 20:18:17'),(9,'objeto_do_predicado','É o predicado da sentença, que pode ser predicado verbal, nominal ou verbo-nominal.','2025-03-28 20:18:17'),(10,'objeto_direto','É o objeto direto do verbo.','2025-03-28 20:18:17'),(11,'objeto_indireto','É o objeto indireto do verbo.','2025-03-28 20:18:17'),(12,'Lixeira','Lixeira padrão para jogar elementos descartados.','2025-03-28 20:18:17'),(13,'entrega com substantivação','Entrega padrão constituída por um verbo que indica a ação realizada por um sujeito sobre um objeto, com substantivação.','2025-03-28 20:18:17'),(14,'entrega no passado','Entrega descrita na primeira pessoa do singular no pretérito perfeito.','2025-03-28 20:18:17'),(15,'locucao substantiva','Locução substantiva para formar títulos de cursos, ou outros títulos.','2025-03-28 20:18:17');

--
-- Table structure for table `tipos_flexoes`
--

CREATE TABLE `tipos_flexoes` (
  `id_chave_tipo_flexao` int NOT NULL AUTO_INCREMENT,
  `nome_tipo_flexao` varchar(200) CHARACTER SET utf8mb4 COLLATE utf8mb4_general_ci DEFAULT NULL,
  `acentuada` varchar(200) CHARACTER SET utf8mb4 COLLATE utf8mb4_general_ci DEFAULT NULL,
  `data_insercao` timestamp(6) NOT NULL DEFAULT CURRENT_TIMESTAMP(6) ON UPDATE CURRENT_TIMESTAMP(6),
  PRIMARY KEY (`id_chave_tipo_flexao`),
  UNIQUE KEY `nome_tipo_flexao` (`nome_tipo_flexao`),
  UNIQUE KEY `acentuada` (`acentuada`)
) ENGINE=InnoDB AUTO_INCREMENT=27 DEFAULT CHARSET=utf8mb4 COLLATE=utf8mb4_general_ci;

--
-- Dumping data for table `tipos_flexoes`
--

INSERT INTO `tipos_flexoes` VALUES (1,'radical','radical','2025-03-28 20:18:17.316973'),(2,'singular_feminino','singular_feminino','2025-03-28 20:18:17.316973'),(3,'singular_masculino','singular_masculino','2025-03-28 20:18:17.316973'),(4,'singular_neutro','singular_neutro','2025-03-28 20:18:17.316973'),(5,'singular_comum','singular_comum','2025-03-28 20:18:17.316973'),(6,'plural_feminino','plural_feminino','2025-03-28 20:18:17.316973'),(7,'plural_masculino','plural_masculino','2025-03-28 20:18:17.316973'),(8,'plural_neutro','plural_neutro','2025-03-28 20:18:17.316973'),(9,'plural_comum','plural_comum','2025-03-28 20:18:17.316973'),(10,'substantivacao','substantivação','2025-03-28 20:18:17.316973'),(11,'agentivacao','agentivação','2025-03-28 20:18:17.316973'),(12,'nominalizacao','nominalização','2025-03-28 20:18:17.316973'),(13,'infinitivo','infinitivo','2025-03-28 20:18:17.316973'),(14,'passado','passado','2025-03-28 20:18:17.316973'),(15,'presente','presente','2025-03-28 20:18:17.316973'),(16,'participio','particípio','2025-03-28 20:18:17.316973'),(17,'gerundio','gerúndio','2025-03-28 20:18:17.331107'),(18,'locucao_adjetiva_plural_feminina','locução adjetiva plural feminina','2025-03-28 20:18:17.341948'),(19,'locucao_adjetiva_plural_masculina','locução adjetiva plural masculina','2025-03-28 20:18:17.352825'),(20,'locucao_adjetiva_singular_feminina','locução adjetiva singular feminina','2025-03-28 20:18:17.361970'),(21,'locucao_adjetiva_singular_masculina','locução adjetiva singular masculina','2025-03-28 20:18:17.377940'),(22,'locucao_substantiva_plural_feminina','locução substantiva plural feminina','2025-03-28 20:18:17.389257'),(23,'locucao_substantiva_plural_masculina','locução substantiva plural masculina','2025-03-28 20:18:17.401323'),(24,'locucao_substantiva_singular_feminina','locução substantiva singular feminina','2025-03-28 20:18:17.412670'),(25,'locucao_substantiva_singular_masculina','locução substantiva singular masculina','2025-03-28 20:18:17.424874'),(26,'modo','modo','2025-03-28 20:18:17.438901');

--
-- Table structure for table `tipos_instituicoes`
--

CREATE TABLE `tipos_instituicoes` (
  `id_chave_tipo_instituicao` int NOT NULL AUTO_INCREMENT,
  `nome_tipo_instituicao` varchar(255) COLLATE utf8mb4_general_ci NOT NULL,
  `descricao` text COLLATE utf8mb4_general_ci,
  `data_insercao` timestamp NULL DEFAULT CURRENT_TIMESTAMP,
  `id_esfera_institucional` int DEFAULT NULL,
  PRIMARY KEY (`id_chave_tipo_instituicao`),
  UNIQUE KEY `nome_tipo_instituicao` (`nome_tipo_instituicao`),
  KEY `id_esfera_institucional` (`id_esfera_institucional`),
  CONSTRAINT `tipos_instituicoes_ibfk_1` FOREIGN KEY (`id_esfera_institucional`) REFERENCES `esferas_institucionais` (`id_chave_esfera_institucional`)
) ENGINE=InnoDB AUTO_INCREMENT=41 DEFAULT CHARSET=utf8mb4 COLLATE=utf8mb4_general_ci;

--
-- Dumping data for table `tipos_instituicoes`
--

INSERT INTO `tipos_instituicoes` VALUES (1,'Pesquisa e Desenvolvimento - Federal','Instituições de pesquisa e inovação em âmbito federal.','2024-09-19 03:30:41',1),(2,'Saúde - Federal','Instituições federais que prestam serviços de saúde pública.','2024-09-19 03:30:41',1),(3,'Educação - Federal','Instituições de ensino federais, como universidades e institutos federais.','2024-09-19 03:30:41',1),(4,'Justiça - Federal','Instituições que integram o sistema de justiça em âmbito federal.','2024-09-19 03:30:41',1),(5,'Órgãos de Controle - Federal','Instituições federais responsáveis pela fiscalização e controle.','2024-09-19 03:30:41',1),(6,'Apoio Social - Federal','Instituições federais voltadas para programas de assistência social.','2024-09-19 03:30:41',1),(7,'Ministeriais - Federal','Ministérios e órgãos subordinados do governo federal.','2024-09-19 03:30:41',1),(8,'Legislativo - Federal','Instituições federais do poder legislativo, como o Congresso Nacional.','2024-09-19 03:30:41',1),(9,'Saúde - Estadual','Instituições estaduais que prestam serviços de saúde pública.','2024-09-19 03:30:41',2),(10,'Educação - Estadual','Instituições de ensino estaduais, como escolas e universidades estaduais.','2024-09-19 03:30:41',2),(11,'Justiça - Estadual','Instituições que integram o sistema de justiça em âmbito estadual.','2024-09-19 03:30:41',2),(12,'Órgãos de Controle - Estadual','Instituições estaduais responsáveis pela fiscalização e controle.','2024-09-19 03:30:41',2),(13,'Apoio Social - Estadual','Instituições estaduais voltadas para programas de assistência social.','2024-09-19 03:30:41',2),(14,'Saúde - Municipal','Instituições municipais que prestam serviços de saúde pública.','2024-09-19 03:30:41',3),(15,'Educação - Municipal','Instituições de ensino municipais, como escolas públicas municipais.','2024-09-19 03:30:41',3),(16,'Justiça - Municipal','Instituições que integram o sistema de justiça em âmbito municipal.','2024-09-19 03:30:41',3),(17,'Órgãos de Controle - Municipal','Instituições municipais responsáveis pela fiscalização e controle.','2024-09-19 03:30:41',3),(18,'Apoio Social - Municipal','Instituições municipais voltadas para programas de assistência social.','2024-09-19 03:30:41',3),(19,'ONGs - Privada','Organizações não governamentais, voltadas para causas sociais.','2024-09-19 03:30:41',4),(20,'Associações - Privada','Associações privadas de caráter comunitário, cultural, ou esportivo.','2024-09-19 03:30:41',4),(21,'Sindicatos de Empregados - Privada','Organizações que representam trabalhadores de diferentes setores.','2024-09-19 03:30:41',4),(22,'Sindicatos Patronais - Privada','Organizações que representam empregadores de diferentes setores.','2024-09-19 03:30:41',4),(23,'Sistema S - Privada','Instituições do Sistema S, como SENAI, SESI, SEBRAE, entre outros.','2024-09-19 03:30:41',4),(24,'Clericais - Privada','Instituições religiosas que atuam em causas sociais e comunitárias.','2024-09-19 03:30:41',4),(25,'Governos Estrangeiros - Privada','Representações de governos estrangeiros em território nacional.','2024-09-19 03:30:41',4),(26,'Empresas - Privada','Empresas privadas de diferentes setores e indústrias.','2024-09-19 03:30:41',4),(27,'Instituições Financeiras - Privada','Bancos, corretoras, seguradoras e outras instituições financeiras.','2024-09-19 03:30:41',4),(28,'Comércio - Privada','Empresas do setor de comércio, como lojas, supermercados e shopping centers.','2024-09-19 03:30:41',4),(29,'Indústria - Privada','Empresas do setor industrial, como fábricas e indústrias.','2024-09-19 03:30:41',4),(30,'Agricultura - Privada','Empresas do setor agrícola, como fazendas e cooperativas.','2024-09-19 03:30:41',4),(31,'Tecnologia - Privada','Empresas do setor de tecnologia, como startups e empresas de software.','2024-09-19 03:30:41',4),(32,'Comunicação - Privada','Empresas do setor de comunicação, como emissoras de rádio e TV.','2024-09-19 03:30:41',4),(33,'Turismo - Privada','Empresas do setor de turismo, como hotéis, agências de viagem e companhias aéreas.','2024-09-19 03:30:41',4),(34,'Transporte - Privada','Empresas do setor de transporte, como companhias aéreas, rodoviárias e ferroviárias.','2024-09-19 03:30:41',4),(35,'Serviços - Privada','Empresas do setor de serviços, como consultorias, escritórios de advocacia e contabilidade.','2024-09-19 03:30:41',4),(36,'Saúde - Privada','Instituições privadas que prestam serviços de saúde, como hospitais e clínicas.','2024-09-19 03:30:41',4),(37,'Educação - Privada','Instituições de ensino privadas, como escolas, faculdades e universidades particulares.','2024-09-19 03:30:41',4),(38,'Justiça - Privada','Instituições privadas que prestam serviços jurídicos, como escritórios de advocacia.','2024-09-19 03:30:41',4),(39,'Órgãos de Controle - Privada','Instituições privadas responsáveis pela fiscalização e controle, como auditorias e consultorias.','2024-09-19 03:30:41',4),(40,'Apoio Social - Privada','Instituições privadas voltadas para programas de assistência social, como ONGs e fundações.','2024-09-19 03:30:41',4);

--
-- Table structure for table `tipos_tokens`
--

CREATE TABLE `tipos_tokens` (
  `id_chave_tipo_token` int NOT NULL AUTO_INCREMENT,
  `nome_tipo_token` varchar(200) CHARACTER SET utf8mb4 COLLATE utf8mb4_general_ci DEFAULT NULL,
  `acentuada` varchar(200) CHARACTER SET utf8mb4 COLLATE utf8mb4_general_ci DEFAULT NULL,
  `tipo_token_pai` varchar(200) CHARACTER SET utf8mb4 COLLATE utf8mb4_general_ci DEFAULT NULL,
  `data_insercao` timestamp(6) NOT NULL DEFAULT CURRENT_TIMESTAMP(6) ON UPDATE CURRENT_TIMESTAMP(6),
  PRIMARY KEY (`id_chave_tipo_token`),
  UNIQUE KEY `nome_tipo_token` (`nome_tipo_token`),
  KEY `tipo_token_pai` (`tipo_token_pai`),
  CONSTRAINT `tipos_tokens_ibfk_1` FOREIGN KEY (`tipo_token_pai`) REFERENCES `tipos_tokens` (`nome_tipo_token`)
) ENGINE=InnoDB AUTO_INCREMENT=25 DEFAULT CHARSET=utf8mb4 COLLATE=utf8mb4_general_ci;

--
-- Dumping data for table `tipos_tokens`
--

INSERT INTO `tipos_tokens` VALUES (1,'verbo','verbo','verbo','2025-03-28 20:18:17.168242'),(2,'verbo_flexao_definida','verbo com flexão definida','verbo','2025-03-28 20:18:17.168242'),(3,'substantivo','substantivo','substantivo','2025-03-28 20:18:17.168242'),(4,'substantivo_flexao_definida','substantivo com flexão definida','substantivo','2025-03-28 20:18:17.168242'),(5,'preposicao','preposição','preposicao','2025-03-28 20:18:17.168242'),(6,'preposicao_fixa','preposição instanciada num valor fixo','preposicao','2025-03-28 20:18:17.168242'),(7,'adjetivo','adjetivo','adjetivo','2025-03-28 20:18:17.168242'),(8,'pronome','pronome','pronome','2025-03-28 20:18:17.168242'),(9,'artigo','artigo','artigo','2025-03-28 20:18:17.168242'),(10,'conjuncao','conjunção','conjuncao','2025-03-28 20:18:17.168242'),(11,'interjeicao','interjeição','interjeicao','2025-03-28 20:18:17.168242'),(12,'numeral','numeral','numeral','2025-03-28 20:18:17.168242'),(13,'adverbio','advérbio','adverbio','2025-03-28 20:18:17.168242'),(14,'locucao_adjetiva','locução adjetiva','adjetivo','2025-03-28 20:18:17.181577'),(15,'locucao_adverbial','locução adjverbial','adverbio','2025-03-28 20:18:17.193058'),(16,'locucao_substantiva','locução substantiva','substantivo','2025-03-28 20:18:17.202908'),(17,'locucao_verbal','locução verbal','verbo','2025-03-28 20:18:17.214264'),(18,'pontuacao','pontuação','pontuacao','2025-03-28 20:18:17.231024'),(19,'prefixo','prefixo','prefixo','2025-03-28 20:18:17.246005'),(20,'sigla','sigla','sigla','2025-03-28 20:18:17.262705'),(21,'hora','hora','hora','2025-03-28 20:18:17.277432'),(22,'codigo','código','codigo','2025-03-28 20:18:17.287553'),(23,'indeterminado','indeterminado','indeterminado','2025-03-28 20:18:17.296831'),(24,'nao_atribuido','nao_atribuido','nao_atribuido','2025-03-28 20:18:17.307031');

--
-- Table structure for table `titulos`
--

CREATE TABLE `titulos` (
  `id_chave_titulo` int NOT NULL AUTO_INCREMENT,
  `nome_titulo` varchar(255) COLLATE utf8mb4_general_ci NOT NULL,
  `id_tipo_elemento_sintatico` int DEFAULT NULL,
  `id_arquivo_fonte` int DEFAULT NULL,
  `data_insercao` timestamp NULL DEFAULT CURRENT_TIMESTAMP,
  PRIMARY KEY (`id_chave_titulo`),
  UNIQUE KEY `nome_titulo` (`nome_titulo`),
  KEY `titulos_ibfk_2` (`id_tipo_elemento_sintatico`),
  KEY `titulos_ibfk_3` (`id_arquivo_fonte`),
  CONSTRAINT `titulos_ibfk_2` FOREIGN KEY (`id_tipo_elemento_sintatico`) REFERENCES `tipos_elementos_sintaticos` (`id_chave_tipo_elemento_sintatico`),
  CONSTRAINT `titulos_ibfk_3` FOREIGN KEY (`id_arquivo_fonte`) REFERENCES `arquivos_fonte` (`id_chave_arquivo_fonte`)
) ENGINE=InnoDB AUTO_INCREMENT=124 DEFAULT CHARSET=utf8mb4 COLLATE=utf8mb4_general_ci;

--
-- Dumping data for table `titulos`
--

INSERT INTO `titulos` VALUES (1,'sp',15,1,'2025-03-28 20:21:10'),(2,'campinas',15,1,'2025-03-28 20:21:10'),(3,'vespertino',15,1,'2025-03-28 20:21:10'),(4,'40',15,1,'2025-03-28 20:21:10'),(5,'curso_de_graduação',15,1,'2025-03-28 20:21:10'),(6,'tecnologia_em_análise_e_desenvolvimento_de_sistemas',15,1,'2025-03-28 20:21:10'),(7,'noturno',15,1,'2025-03-28 20:21:10'),(8,'6_semestres',15,1,'2025-03-28 20:21:10'),(9,'bragança_paulista',15,1,'2025-03-28 20:21:10'),(10,'bra',15,1,'2025-03-28 20:21:10'),(11,'cmp',15,1,'2025-03-28 20:21:10'),(12,'cjo',15,1,'2025-03-28 20:21:10'),(13,'campos_do_jordão',15,1,'2025-03-28 20:21:10'),(14,'gru',15,1,'2025-03-28 20:21:10'),(15,'guarulhos',15,1,'2025-03-28 20:21:10'),(16,'licenciatura_em_matemÁtica',15,1,'2025-03-28 20:21:10'),(17,'8_semestres',15,1,'2025-03-28 20:21:10'),(18,'jcr',15,1,'2025-03-28 20:21:10'),(19,'licenciatura_em_letras_(_habilitação_português_/_inglês_)',15,1,'2025-03-28 20:21:10'),(20,'pep',15,1,'2025-03-28 20:21:10'),(21,'presidente_epitácio',15,1,'2025-03-28 20:21:10'),(22,'jacareí',15,1,'2025-03-28 20:21:10'),(23,'licenciatura_em_pedagogia',15,1,'2025-03-28 20:21:10'),(24,'slt',15,1,'2025-03-28 20:21:10'),(25,'salto',15,1,'2025-03-28 20:21:10'),(26,'5_semestres',15,1,'2025-03-28 20:21:10'),(27,'scl',15,1,'2025-03-28 20:21:10'),(28,'são_carlos',15,1,'2025-03-28 20:21:10'),(29,'tecnologia_em_processos_gerenciais',15,1,'2025-03-28 20:21:10'),(30,'tecnologia_em_anÁlise_e_desenvolvimento_de_sistemas_,',15,1,'2025-03-28 20:21:10'),(31,'são_paulo',15,1,'2025-03-28 20:21:10'),(32,'spo',15,1,'2025-03-28 20:21:10'),(33,'engenharia_de_produÇÃo',15,1,'2025-03-28 20:21:10'),(34,'integral',15,1,'2025-03-28 20:21:10'),(35,'10_semestres',15,1,'2025-03-28 20:21:10'),(36,'engenharia_eletrÔnica',15,1,'2025-03-28 20:21:10'),(37,'licenciatura_em_fÍsica',15,1,'2025-03-28 20:21:10'),(38,'licenciatura_em_geografia',15,1,'2025-03-28 20:21:10'),(39,'licenciatura_em_letras',15,1,'2025-03-28 20:21:10'),(41,'tecnologia_em_automaÇÃo_industrial',15,1,'2025-03-28 20:21:10'),(42,'tecnologia_em_gestÃo_da_produÇÃo_industrial',15,1,'2025-03-28 20:21:10'),(43,'tecnologia_em_gestÃo_de_turismo',15,1,'2025-03-28 20:21:10'),(44,'tecnologia_em_sistemas_elÉtricos',15,1,'2025-03-28 20:21:10'),(45,'curso_técnico',15,2,'2025-03-28 20:21:16'),(46,'anual',15,2,'2025-03-28 20:21:16'),(47,'3120',15,2,'2025-03-28 20:21:16'),(48,'brasília',15,2,'2025-03-28 20:21:16'),(49,'técnico_em_eventos',15,2,'2025-03-28 20:21:16'),(50,'integrado_ao_ensino_médio',15,2,'2025-03-28 20:21:16'),(51,'60',15,2,'2025-03-28 20:21:16'),(53,'presencial',15,2,'2025-03-28 20:21:16'),(54,'recepcionista_de_evento_/_organizador_de_eventos',15,2,'2025-03-28 20:21:16'),(55,'df',15,2,'2025-03-28 20:21:16'),(56,'turismo_,_hospitalidade_e_lazer',15,2,'2025-03-28 20:21:16'),(57,'técnico_em_informática',15,2,'2025-03-28 20:21:16'),(59,'técnico_em_informática_/_tdsa_/_tomc',15,2,'2025-03-28 20:21:16'),(60,'informação_e_comunicação',15,2,'2025-03-28 20:21:16'),(61,'ceilândia',15,2,'2025-03-28 20:21:16'),(62,'3670',15,2,'2025-03-28 20:21:16'),(63,'técnico_em_eletrônica',15,2,'2025-03-28 20:21:16'),(64,'eletrônica',15,2,'2025-03-28 20:21:16'),(65,'80',15,2,'2025-03-28 20:21:16'),(66,'técnico_em_segurança_do_trabalho',15,2,'2025-03-28 20:21:16'),(67,'subsequente',15,2,'2025-03-28 20:21:16'),(68,'3200',15,2,'2025-03-28 20:21:16'),(70,'ead',15,2,'2025-03-28 20:21:16'),(71,'máx_._8_semestres',15,2,'2025-03-28 20:21:16'),(72,'segurança',15,2,'2025-03-28 20:21:16'),(73,'3516_-_05',15,2,'2025-03-28 20:21:16'),(74,'1200',15,2,'2025-03-28 20:21:16'),(75,'estrutural',15,2,'2025-03-28 20:21:16'),(76,'técnico_em_manutenção_automotiva',15,2,'2025-03-28 20:21:16'),(77,'controle_e_processos_industriais',15,2,'2025-03-28 20:21:16'),(78,'3143_-_05_/_9144_-_05_/_7254_-_15_/_9531_-_15',15,2,'2025-03-28 20:21:16'),(79,'4232',15,2,'2025-03-28 20:21:16'),(80,'não_declarado',15,2,'2025-03-28 20:21:16'),(82,'técnico_em_meio_ambiente',15,2,'2025-03-28 20:21:16'),(83,'meio_ambiente_e_saúde',15,2,'2025-03-28 20:21:16'),(84,'gama',15,2,'2025-03-28 20:21:16'),(85,'30',15,2,'2025-03-28 20:21:16'),(86,'produção_alimentícia',15,2,'2025-03-28 20:21:16'),(87,'1667',15,2,'2025-03-28 20:21:16'),(88,'técnico_em_alimentos',15,2,'2025-03-28 20:21:16'),(89,'técnico_em_química',15,2,'2025-03-28 20:21:16'),(90,'produção_industrial',15,2,'2025-03-28 20:21:16'),(91,'3633',15,2,'2025-03-28 20:21:16'),(92,'planaltina',15,2,'2025-03-28 20:21:17'),(93,'técnico_em_agropecuária',15,2,'2025-03-28 20:21:17'),(94,'agropecuária',15,2,'2025-03-28 20:21:17'),(95,'recanto_das_emas',15,2,'2025-03-28 20:21:17'),(96,'3600',15,2,'2025-03-28 20:21:17'),(97,'técnico_em_produção_de_Áudio_e_vídeo',15,2,'2025-03-28 20:21:17'),(98,'produção_cultural_e_design',15,2,'2025-03-28 20:21:17'),(99,'4240',15,2,'2025-03-28 20:21:17'),(100,'riacho_fundo',15,2,'2025-03-28 20:21:17'),(101,'técnico_em_cozinha',15,2,'2025-03-28 20:21:17'),(102,'3632',15,2,'2025-03-28 20:21:17'),(103,'hospitalidade_e_lazer',15,2,'2025-03-28 20:21:17'),(104,'técnico_em_hospedagem',15,2,'2025-03-28 20:21:17'),(105,'3066',15,2,'2025-03-28 20:21:17'),(106,'samambaia',15,2,'2025-03-28 20:21:17'),(107,'técnico_em_controle_ambiental',15,2,'2025-03-28 20:21:17'),(108,'técnico_em_design_de_móveis',15,2,'2025-03-28 20:21:17'),(109,'3550',15,2,'2025-03-28 20:21:17'),(110,'desenhista_técnico_/_projetista_de_móveis_/_maquetista_na_marcenaria',15,2,'2025-03-28 20:21:17'),(111,'3679',15,2,'2025-03-28 20:21:17'),(112,'são_sebastião',15,2,'2025-03-28 20:21:17'),(113,'técnico_em_administração',15,2,'2025-03-28 20:21:17'),(114,'32',15,2,'2025-03-28 20:21:17'),(115,'3266',15,2,'2025-03-28 20:21:17'),(116,'gestão_e_negócios',15,2,'2025-03-28 20:21:17'),(117,'técnico_em_desenvolvimento_de_sistemas_educacionais',15,2,'2025-03-28 20:21:17'),(118,'desenvolvimento_educacional_e_social',15,2,'2025-03-28 20:21:17'),(119,'3283',15,2,'2025-03-28 20:21:17'),(120,'taguatinga',15,2,'2025-03-28 20:21:17'),(121,'técnico_em_eletromecânica',15,2,'2025-03-28 20:21:17'),(122,'técnico_em_eletromecânica_/_agente_fiscal_de_qualidade',15,2,'2025-03-28 20:21:17'),(123,'3500',15,2,'2025-03-28 20:21:17');

--
-- Table structure for table `tokens`
--

CREATE TABLE `tokens` (
  `id_chave_token` int NOT NULL AUTO_INCREMENT,
  `nome_token` varchar(200) COLLATE utf8mb4_general_ci NOT NULL,
  `acentuada` varchar(200) CHARACTER SET utf8mb4 COLLATE utf8mb4_bin NOT NULL,
  `id_tipo_token` int DEFAULT NULL,
  `id_tipo_token_spaCy` int DEFAULT NULL,
  `id_raiz` int DEFAULT NULL,
  `id_tipo_flexao` int DEFAULT NULL,
  `data_insercao` timestamp NOT NULL DEFAULT CURRENT_TIMESTAMP ON UPDATE CURRENT_TIMESTAMP,
  `caracter_antes` varchar(10) CHARACTER SET utf8mb4 COLLATE utf8mb4_general_ci DEFAULT '',
  `caracter_depois` varchar(10) CHARACTER SET utf8mb4 COLLATE utf8mb4_general_ci DEFAULT ' ',
  `id_arquivo_fonte` int DEFAULT NULL,
  PRIMARY KEY (`id_chave_token`),
  UNIQUE KEY `acentuada` (`acentuada`,`id_tipo_token_spaCy`),
  KEY `id_tipo_token` (`id_tipo_token`),
  KEY `id_raiz` (`id_raiz`),
  KEY `id_tipo_flexao` (`id_tipo_flexao`),
  KEY `fk_tipo_token_spacy` (`id_tipo_token_spaCy`),
  KEY `fk_arquivo_fonte` (`id_arquivo_fonte`),
  CONSTRAINT `fk_arquivo_fonte` FOREIGN KEY (`id_arquivo_fonte`) REFERENCES `arquivos_fonte` (`id_chave_arquivo_fonte`),
  CONSTRAINT `fk_raiz_token` FOREIGN KEY (`id_raiz`) REFERENCES `tokens` (`id_chave_token`),
  CONSTRAINT `fk_tipo_flexao` FOREIGN KEY (`id_tipo_flexao`) REFERENCES `tipos_flexoes` (`id_chave_tipo_flexao`),
  CONSTRAINT `fk_tipo_token` FOREIGN KEY (`id_tipo_token`) REFERENCES `tipos_tokens` (`id_chave_tipo_token`),
  CONSTRAINT `fk_tipo_token_spacy` FOREIGN KEY (`id_tipo_token_spaCy`) REFERENCES `tipos_tokens` (`id_chave_tipo_token`)
) ENGINE=InnoDB AUTO_INCREMENT=2898 DEFAULT CHARSET=utf8mb4 COLLATE=utf8mb4_general_ci;

--
-- Dumping data for table `tokens`
--

INSERT INTO `tokens` VALUES (1,'eletricos','elétricos',7,7,NULL,NULL,'2025-03-28 20:21:08','',' ',1),(2,'turismo','turismo',3,3,NULL,NULL,'2025-03-28 20:21:08','',' ',1),(3,'da','da',5,5,NULL,NULL,'2025-03-28 20:21:08','',' ',1),(4,'gestao','gestão',3,3,NULL,NULL,'2025-03-28 20:21:08','',' ',1),(5,'industrial','industrial',7,7,NULL,NULL,'2025-03-28 20:21:08','',' ',1),(6,'automacao','automação',3,3,NULL,NULL,'2025-03-28 20:21:08','',' ',1),(7,'geografia','geografia',3,3,NULL,NULL,'2025-03-28 20:21:08','',' ',1),(8,'licenciatura','licenciatura',3,1,NULL,NULL,'2025-03-28 20:21:08','',' ',1),(9,'fisica','física',7,3,NULL,NULL,'2025-03-28 20:21:08','',' ',1),(10,'eletronica','eletrônica',3,7,NULL,NULL,'2025-03-28 20:21:08','',' ',1),(11,'10','10',12,12,NULL,NULL,'2025-03-28 20:21:08','',' ',1),(12,'integral','integral',7,3,NULL,NULL,'2025-03-28 20:21:08','',' ',1),(13,'producao','produção',3,3,NULL,NULL,'2025-03-28 20:21:08','',' ',1),(14,'engenharia','engenharia',3,3,NULL,NULL,'2025-03-28 20:21:08','',' ',1),(15,'spo','spo',20,20,NULL,NULL,'2025-03-28 20:21:08','',' ',1),(16,'paulo','paulo',3,3,NULL,NULL,'2025-03-28 20:21:08','',' ',1),(17,'sao','são',1,3,NULL,NULL,'2025-03-28 20:21:08','',' ',1),(18,',',',',23,18,NULL,NULL,'2025-03-28 20:21:09','',' ',1),(19,'gerenciais','gerenciais',7,7,NULL,NULL,'2025-03-28 20:21:09','',' ',1),(20,'processos','processos',3,3,NULL,NULL,'2025-03-28 20:21:09','',' ',1),(21,'carlos','carlos',3,3,NULL,NULL,'2025-03-28 20:21:09','',' ',1),(22,'sao','são',1,1,NULL,NULL,'2025-03-28 20:21:09','',' ',1),(23,'scl','scl',20,20,NULL,NULL,'2025-03-28 20:21:09','',' ',1),(24,'5','5',12,12,NULL,NULL,'2025-03-28 20:21:09','',' ',1),(25,'salto','salto',3,3,NULL,NULL,'2025-03-28 20:21:09','',' ',1),(26,'slt','slt',20,20,NULL,NULL,'2025-03-28 20:21:09','',' ',1),(27,'pedagogia','pedagogia',3,3,NULL,NULL,'2025-03-28 20:21:09','',' ',1),(28,'jacarei','jacareí',3,7,NULL,NULL,'2025-03-28 20:21:09','',' ',1),(29,'epitacio','epitácio',3,7,NULL,NULL,'2025-03-28 20:21:09','',' ',1),(30,'presidente','presidente',3,3,NULL,NULL,'2025-03-28 20:21:09','',' ',1),(31,'pep','pep',20,20,NULL,NULL,'2025-03-28 20:21:09','',' ',1),(32,')',')',18,18,NULL,NULL,'2025-03-28 20:21:24','',' ',1),(33,'ingles','inglês',3,3,NULL,NULL,'2025-03-28 20:21:09','',' ',1),(34,'/','/',18,18,NULL,NULL,'2025-03-28 20:21:24','','',1),(35,'portugues','português',3,3,NULL,NULL,'2025-03-28 20:21:09','',' ',1),(36,'habilitacao','habilitação',3,3,NULL,NULL,'2025-03-28 20:21:09','',' ',1),(37,'(','(',18,18,NULL,NULL,'2025-03-28 20:21:24','','',1),(38,'letras','letras',3,3,NULL,NULL,'2025-03-28 20:21:09','',' ',1),(39,'jcr','jcr',20,20,NULL,NULL,'2025-03-28 20:21:09','',' ',1),(40,'8','8',12,12,NULL,NULL,'2025-03-28 20:21:09','',' ',1),(41,'matematica','matemática',3,3,NULL,NULL,'2025-03-28 20:21:09','',' ',1),(42,'licenciatura','licenciatura',3,3,NULL,NULL,'2025-03-28 20:21:09','',' ',1),(43,'guarulhos','guarulhos',3,3,NULL,NULL,'2025-03-28 20:21:09','',' ',1),(44,'gru','gru',20,3,NULL,NULL,'2025-03-28 20:21:09','',' ',1),(45,'jordao','jordão',3,3,NULL,NULL,'2025-03-28 20:21:09','',' ',1),(46,'do','do',5,5,NULL,NULL,'2025-03-28 20:21:09','',' ',1),(47,'campos','campos',3,3,NULL,NULL,'2025-03-28 20:21:09','',' ',1),(48,'cjo','cjo',20,20,NULL,NULL,'2025-03-28 20:21:09','',' ',1),(49,'cmp','cmp',20,20,NULL,NULL,'2025-03-28 20:21:09','',' ',1),(50,'bra','bra',20,3,NULL,NULL,'2025-03-28 20:21:09','',' ',1),(51,'paulista','paulista',3,7,NULL,NULL,'2025-03-28 20:21:09','',' ',1),(52,'braganca','bragança',3,3,NULL,NULL,'2025-03-28 20:21:09','',' ',1),(53,'semestres','semestres',3,3,NULL,NULL,'2025-03-28 20:21:09','',' ',1),(54,'6','6',12,12,NULL,NULL,'2025-03-28 20:21:09','',' ',1),(55,'noturno','noturno',7,7,NULL,NULL,'2025-03-28 20:21:09','',' ',1),(56,'sistemas','sistemas',3,3,NULL,NULL,'2025-03-28 20:21:09','',' ',1),(57,'desenvolvimento','desenvolvimento',3,3,NULL,NULL,'2025-03-28 20:21:09','',' ',1),(58,'e','e',20,3,NULL,NULL,'2025-03-28 20:21:09','',' ',1),(59,'analise','análise',3,3,NULL,NULL,'2025-03-28 20:21:09','',' ',1),(60,'em','em',5,5,NULL,NULL,'2025-03-28 20:21:09','',' ',1),(61,'tecnologia','tecnologia',3,3,NULL,NULL,'2025-03-28 20:21:09','',' ',1),(62,'graduacao','graduação',3,3,NULL,NULL,'2025-03-28 20:21:09','',' ',1),(63,'de','de',5,5,NULL,NULL,'2025-03-28 20:21:09','',' ',1),(64,'curso','curso',3,3,NULL,NULL,'2025-03-28 20:21:09','',' ',1),(65,'40','40',12,12,NULL,NULL,'2025-03-28 20:21:09','',' ',1),(66,'vespertino','vespertino',7,3,NULL,NULL,'2025-03-28 20:21:09','',' ',1),(67,'campinas','campinas',3,3,NULL,NULL,'2025-03-28 20:21:09','',' ',1),(68,'sp','sp',20,20,NULL,NULL,'2025-03-28 20:21:09','',' ',1),(69,'3500','3500',12,12,NULL,NULL,'2025-03-28 20:21:14','',' ',2),(70,'qualidade','qualidade',3,3,NULL,NULL,'2025-03-28 20:21:14','',' ',2),(71,'fiscal','fiscal',7,7,NULL,NULL,'2025-03-28 20:21:14','',' ',2),(72,'agente','agente',3,3,NULL,NULL,'2025-03-28 20:21:14','',' ',2),(73,'eletromecanica','eletromecânica',3,3,NULL,NULL,'2025-03-28 20:21:14','',' ',2),(74,'taguatinga','taguatinga',3,3,NULL,NULL,'2025-03-28 20:21:14','',' ',2),(75,'3283','3283',12,12,NULL,NULL,'2025-03-28 20:21:14','',' ',2),(76,'social','social',7,7,NULL,NULL,'2025-03-28 20:21:14','',' ',2),(77,'educacional','educacional',7,7,NULL,NULL,'2025-03-28 20:21:14','',' ',2),(78,'educacionais','educacionais',7,7,NULL,NULL,'2025-03-28 20:21:14','',' ',2),(81,'negocios','negócios',3,3,NULL,NULL,'2025-03-28 20:21:14','',' ',2),(83,'3266','3266',12,12,NULL,NULL,'2025-03-28 20:21:14','',' ',2),(84,'32','32',12,12,NULL,NULL,'2025-03-28 20:21:14','',' ',2),(85,'administracao','administração',3,3,NULL,NULL,'2025-03-28 20:21:14','',' ',2),(86,'sebastiao','sebastião',3,3,NULL,NULL,'2025-03-28 20:21:14','',' ',2),(88,'3679','3679',12,12,NULL,NULL,'2025-03-28 20:21:14','',' ',2),(89,'marcenaria','marcenaria',3,3,NULL,NULL,'2025-03-28 20:21:14','',' ',2),(90,'na','na',5,5,NULL,NULL,'2025-03-28 20:21:14','',' ',2),(91,'maquetista','maquetista',3,3,NULL,NULL,'2025-03-28 20:21:14','',' ',2),(92,'projetista','projetista',3,3,NULL,NULL,'2025-03-28 20:21:14','',' ',2),(93,'desenhista','desenhista',3,3,NULL,NULL,'2025-03-28 20:21:14','',' ',2),(94,'3550','3550',12,12,NULL,NULL,'2025-03-28 20:21:14','',' ',2),(95,'moveis','móveis',3,3,NULL,NULL,'2025-03-28 20:21:14','',' ',2),(96,'ambiental','ambiental',7,7,NULL,NULL,'2025-03-28 20:21:14','',' ',2),(97,'samambaia','samambaia',3,3,NULL,NULL,'2025-03-28 20:21:14','',' ',2),(98,'3066','3066',12,12,NULL,NULL,'2025-03-28 20:21:14','',' ',2),(99,'hospedagem','hospedagem',3,3,NULL,NULL,'2025-03-28 20:21:14','',' ',2),(100,'3632','3632',12,12,NULL,NULL,'2025-03-28 20:21:14','',' ',2),(101,'cozinha','cozinha',3,3,NULL,NULL,'2025-03-28 20:21:14','',' ',2),(102,'fundo','fundo',3,13,NULL,NULL,'2025-03-28 20:21:14','',' ',2),(103,'riacho','riacho',3,3,NULL,NULL,'2025-03-28 20:21:14','',' ',2),(104,'4240','4240',12,12,NULL,NULL,'2025-03-28 20:21:15','',' ',2),(105,'design','design',3,3,NULL,NULL,'2025-03-28 20:21:15','',' ',2),(106,'cultural','cultural',7,7,NULL,NULL,'2025-03-28 20:21:15','',' ',2),(107,'video','vídeo',3,3,NULL,NULL,'2025-03-28 20:21:15','',' ',2),(108,'audio','áudio',3,3,NULL,NULL,'2025-03-28 20:21:15','',' ',2),(109,'3600','3600',12,12,NULL,NULL,'2025-03-28 20:21:15','',' ',2),(110,'emas','emas',3,3,NULL,NULL,'2025-03-28 20:21:15','',' ',2),(111,'das','das',5,5,NULL,NULL,'2025-03-28 20:21:15','',' ',2),(112,'recanto','recanto',3,3,NULL,NULL,'2025-03-28 20:21:15','',' ',2),(113,'agropecuaria','agropecuária',3,3,NULL,NULL,'2025-03-28 20:21:15','',' ',2),(114,'planaltina','planaltina',3,1,NULL,NULL,'2025-03-28 20:21:15','',' ',2),(115,'3633','3633',12,12,NULL,NULL,'2025-03-28 20:21:15','',' ',2),(117,'quimica','química',20,3,NULL,NULL,'2025-03-28 20:21:15','',' ',2),(118,'alimentos','alimentos',3,3,NULL,NULL,'2025-03-28 20:21:15','',' ',2),(119,'1667','1667',12,12,NULL,NULL,'2025-03-28 20:21:15','',' ',2),(120,'alimenticia','alimentícia',7,7,NULL,NULL,'2025-03-28 20:21:15','',' ',2),(122,'30','30',12,12,NULL,NULL,'2025-03-28 20:21:15','',' ',2),(123,'gama','gama',3,7,NULL,NULL,'2025-03-28 20:21:15','',' ',2),(124,'saude','saúde',3,3,NULL,NULL,'2025-03-28 20:21:15','',' ',2),(125,'meio','meio',3,3,NULL,NULL,'2025-03-28 20:21:15','',' ',2),(126,'ambiente','ambiente',3,3,NULL,NULL,'2025-03-28 20:21:15','',' ',2),(127,'meio','meio',3,7,NULL,NULL,'2025-03-28 20:21:15','',' ',2),(129,'declarado','declarado',1,1,NULL,NULL,'2025-03-28 20:21:15','',' ',2),(130,'nao','não',13,13,NULL,NULL,'2025-03-28 20:21:15','',' ',2),(131,'4232','4232',12,12,NULL,NULL,'2025-03-28 20:21:15','',' ',2),(132,'9531','9531',12,12,NULL,NULL,'2025-03-28 20:21:15','',' ',2),(133,'15','15',12,12,NULL,NULL,'2025-03-28 20:21:15','',' ',2),(134,'7254','7254',12,12,NULL,NULL,'2025-03-28 20:21:15','',' ',2),(135,'9144','9144',12,12,NULL,NULL,'2025-03-28 20:21:15','',' ',2),(136,'3143','3143',12,12,NULL,NULL,'2025-03-28 20:21:15','',' ',2),(137,'industriais','industriais',7,7,NULL,NULL,'2025-03-28 20:21:15','',' ',2),(139,'controle','controle',3,3,NULL,NULL,'2025-03-28 20:21:15','',' ',2),(140,'automotiva','automotiva',7,7,NULL,NULL,'2025-03-28 20:21:15','',' ',2),(141,'manutencao','manutenção',3,3,NULL,NULL,'2025-03-28 20:21:15','',' ',2),(142,'estrutural','estrutural',3,3,NULL,NULL,'2025-03-28 20:21:15','',' ',2),(143,'1200','1200',12,12,NULL,NULL,'2025-03-28 20:21:15','',' ',2),(144,'05','05',12,12,NULL,NULL,'2025-03-28 20:21:15','',' ',2),(145,'-','-',18,18,NULL,NULL,'2025-03-28 20:21:24','','',2),(146,'3516','3516',12,12,NULL,NULL,'2025-03-28 20:21:15','',' ',2),(149,'.','.',18,18,NULL,NULL,'2025-03-28 20:21:24','','',2),(150,'max','máx',3,11,NULL,NULL,'2025-03-28 20:21:15','',' ',2),(151,'ead','ead',20,20,NULL,NULL,'2025-03-28 20:21:15','',' ',2),(153,'3200','3200',12,12,NULL,NULL,'2025-03-28 20:21:15','',' ',2),(154,'subsequente','subsequente',7,13,NULL,NULL,'2025-03-28 20:21:15','',' ',2),(155,'trabalho','trabalho',3,3,NULL,NULL,'2025-03-28 20:21:15','',' ',2),(157,'seguranca','segurança',3,3,NULL,NULL,'2025-03-28 20:21:15','',' ',2),(158,'80','80',12,12,NULL,NULL,'2025-03-28 20:21:15','',' ',2),(160,'eletronica','eletrônica',3,3,NULL,NULL,'2025-03-28 20:21:15','',' ',2),(161,'3670','3670',12,12,NULL,NULL,'2025-03-28 20:21:15','',' ',2),(162,'ceilandia','ceilândia',3,3,NULL,NULL,'2025-03-28 20:21:15','',' ',2),(163,'comunicacao','comunicação',3,3,NULL,NULL,'2025-03-28 20:21:15','',' ',2),(164,'informacao','informação',3,3,NULL,NULL,'2025-03-28 20:21:15','',' ',2),(165,'tomc','tomc',20,20,NULL,NULL,'2025-03-28 20:21:15','',' ',2),(166,'tdsa','tdsa',20,20,NULL,NULL,'2025-03-28 20:21:15','',' ',2),(168,'informatica','informática',3,3,NULL,NULL,'2025-03-28 20:21:15','',' ',2),(169,'lazer','lazer',3,3,NULL,NULL,'2025-03-28 20:21:15','',' ',2),(171,'hospitalidade','hospitalidade',3,3,NULL,NULL,'2025-03-28 20:21:15','',' ',2),(174,'df','df',20,20,NULL,NULL,'2025-03-28 20:21:15','',' ',2),(175,'organizador','organizador',3,3,NULL,NULL,'2025-03-28 20:21:15','',' ',2),(177,'evento','evento',3,3,NULL,NULL,'2025-03-28 20:21:15','',' ',2),(179,'recepcionista','recepcionista',3,7,NULL,NULL,'2025-03-28 20:21:15','',' ',2),(180,'presencial','presencial',7,7,NULL,NULL,'2025-03-28 20:21:16','',' ',2),(182,'60','60',12,12,NULL,NULL,'2025-03-28 20:21:16','',' ',2),(183,'medio','médio',7,7,NULL,NULL,'2025-03-28 20:21:16','',' ',2),(184,'ensino','ensino',3,3,NULL,NULL,'2025-03-28 20:21:16','',' ',2),(185,'ao','ao',5,5,NULL,NULL,'2025-03-28 20:21:16','',' ',2),(186,'integrado','integrado',7,1,NULL,NULL,'2025-03-28 20:21:16','',' ',2),(187,'eventos','eventos',3,3,NULL,NULL,'2025-03-28 20:21:16','',' ',2),(189,'brasilia','brasília',3,1,NULL,NULL,'2025-03-28 20:21:16','',' ',2),(190,'3120','3120',12,12,NULL,NULL,'2025-03-28 20:21:16','',' ',2),(191,'anual','anual',7,7,NULL,NULL,'2025-03-28 20:21:16','',' ',2),(192,'tecnico','técnico',7,7,NULL,NULL,'2025-03-28 20:21:16','',' ',2),(194,'televisao','televisão',3,3,NULL,NULL,'2025-03-28 20:58:05','',' ',NULL),(195,'geofisica','geofísica',3,3,NULL,NULL,'2025-03-28 20:58:05','',' ',NULL),(196,'carvoeiro','carvoeiro',3,3,NULL,NULL,'2025-03-28 20:58:05','',' ',NULL),(197,'tecnica','técnica',7,7,NULL,NULL,'2025-03-28 20:58:05','',' ',NULL),(198,'tracador','traçador',3,3,NULL,NULL,'2025-03-28 20:58:05','',' ',NULL),(199,'censitario','censitário',7,7,NULL,NULL,'2025-03-28 20:58:05','',' ',NULL),(200,'poluicao','poluição',3,3,NULL,NULL,'2025-03-28 20:58:05','',' ',NULL),(201,'raizeiro','raizeiro',13,13,NULL,NULL,'2025-03-28 20:58:05','',' ',NULL),(202,'passageiros','passageiros',3,3,NULL,NULL,'2025-03-28 20:58:05','',' ',NULL),(203,'consultorio','consultório',3,3,NULL,NULL,'2025-03-28 20:58:05','',' ',NULL),(204,'comerciais','comerciais',7,7,NULL,NULL,'2025-03-28 20:58:05','',' ',NULL),(205,'pessoal','pessoal',7,7,NULL,NULL,'2025-03-28 20:58:05','',' ',NULL),(206,'equipamentos','equipamentos',3,3,NULL,NULL,'2025-03-28 20:58:05','',' ',NULL),(207,'fixo','fixo',7,7,NULL,NULL,'2025-03-28 20:58:05','',' ',NULL),(208,'reparos','reparos',3,3,NULL,NULL,'2025-03-28 20:58:05','',' ',NULL),(209,'balanceador','balanceador',3,3,NULL,NULL,'2025-03-28 20:58:05','',' ',NULL),(210,'adestrador','adestrador',3,3,NULL,NULL,'2025-03-28 20:58:05','',' ',NULL),(211,'farmaceutico','farmacêutico',3,3,NULL,NULL,'2025-03-28 20:58:06','',' ',NULL),(212,'placas','placas',3,3,NULL,NULL,'2025-03-28 20:58:06','',' ',NULL),(213,'patologista','patologista',7,7,NULL,NULL,'2025-03-28 20:58:06','',' ',NULL),(214,'odontologia','odontologia',3,3,NULL,NULL,'2025-03-28 20:58:06','',' ',NULL),(215,'politico','político',7,7,NULL,NULL,'2025-03-28 20:58:06','',' ',NULL),(216,'cientifica','científica',7,7,NULL,NULL,'2025-03-28 20:58:06','',' ',NULL),(217,'acusticos','acústicos',7,7,NULL,NULL,'2025-03-28 20:58:06','',' ',NULL),(218,'fundos','fundos',3,3,NULL,NULL,'2025-03-28 20:58:06','',' ',NULL),(219,'queijeiro','queijeiro',3,3,NULL,NULL,'2025-03-28 20:58:06','',' ',NULL),(220,'fonoaudiologia','fonoaudiologia',3,3,NULL,NULL,'2025-03-28 20:58:06','',' ',NULL),(221,'regente','regente',7,7,NULL,NULL,'2025-03-28 20:58:06','',' ',NULL),(222,'quiropraxista','quiropraxista',7,7,NULL,NULL,'2025-03-28 20:58:06','',' ',NULL),(223,'legal','legal',7,7,NULL,NULL,'2025-03-28 20:58:06','',' ',NULL),(224,'bailarino','bailarino',3,3,NULL,NULL,'2025-03-28 20:58:06','',' ',NULL),(225,'residuos','resíduos',3,3,NULL,NULL,'2025-03-28 20:58:06','',' ',NULL),(226,'intensiva','intensiva',7,7,NULL,NULL,'2025-03-28 20:58:06','',' ',NULL),(227,'artistica','artística',7,7,NULL,NULL,'2025-03-28 20:58:06','',' ',NULL),(228,'mariscos','mariscos',3,3,NULL,NULL,'2025-03-28 20:58:06','',' ',NULL),(229,'investidores','investidores',3,3,NULL,NULL,'2025-03-28 20:58:06','',' ',NULL),(231,'organizer','organizer',3,3,NULL,NULL,'2025-03-28 20:58:06','',' ',NULL),(232,'caixa','caixa',3,3,NULL,NULL,'2025-03-28 20:58:06','',' ',NULL),(234,'aromat','aromát',7,7,NULL,NULL,'2025-03-28 20:58:06','',' ',NULL),(235,'parasitas','parasitas',3,3,NULL,NULL,'2025-03-28 20:58:06','',' ',NULL),(236,'quimicos','químicos',7,7,NULL,NULL,'2025-03-28 20:58:06','',' ',NULL),(237,'ferroviarios','ferroviários',7,7,NULL,NULL,'2025-03-28 20:58:06','',' ',NULL),(238,'praticas','práticas',3,3,NULL,NULL,'2025-03-28 20:58:06','',' ',NULL),(239,'mancais','mancais',3,3,NULL,NULL,'2025-03-28 20:58:06','',' ',NULL),(240,'neuropsicopedagogo','neuropsicopedagogo',13,13,NULL,NULL,'2025-03-28 20:58:06','',' ',NULL),(241,'naturologo','naturólogo',3,3,NULL,NULL,'2025-03-28 20:58:06','',' ',NULL),(242,'esoterico','esotérico',3,3,NULL,NULL,'2025-03-28 20:58:06','',' ',NULL),(244,'enfermeiro','enfermeiro',3,3,NULL,NULL,'2025-03-28 20:58:06','',' ',NULL),(245,'histologia','histologia',3,3,NULL,NULL,'2025-03-28 20:58:06','',' ',NULL),(246,'higiene','higiene',3,3,NULL,NULL,'2025-03-28 20:58:06','',' ',NULL),(247,'suinos','suínos',3,3,NULL,NULL,'2025-03-28 20:58:06','',' ',NULL),(248,'holistico','holístico',7,7,NULL,NULL,'2025-03-28 20:58:06','',' ',NULL),(249,'brigada','brigada',3,3,NULL,NULL,'2025-03-28 20:58:06','',' ',NULL),(250,'tecnologo','tecnólogo',3,3,NULL,NULL,'2025-03-28 20:58:06','',' ',NULL),(251,'portico','pórtico',3,3,NULL,NULL,'2025-03-28 20:58:06','',' ',NULL),(252,'armazem','armazém',3,3,NULL,NULL,'2025-03-28 20:58:06','',' ',NULL),(253,'partido','partido',3,3,NULL,NULL,'2025-03-28 20:58:06','',' ',NULL),(254,'refinacao','refinação',3,3,NULL,NULL,'2025-03-28 20:58:06','',' ',NULL),(255,'desembaraco','desembaraço',3,3,NULL,NULL,'2025-03-28 20:58:06','',' ',NULL),(256,'paleontologo','paleontólogo',3,3,NULL,NULL,'2025-03-28 20:58:06','',' ',NULL),(257,'marceneiro','marceneiro',3,3,NULL,NULL,'2025-03-28 20:58:06','',' ',NULL),(258,'alfaiate','alfaiate',3,3,NULL,NULL,'2025-03-28 20:58:06','',' ',NULL),(259,'cenografo','cenógrafo',3,3,NULL,NULL,'2025-03-28 20:58:06','',' ',NULL),(260,'condensada','condensada',1,1,NULL,NULL,'2025-03-28 20:58:06','',' ',NULL),(261,'biomedico','biomédico',3,3,NULL,NULL,'2025-03-28 20:58:06','',' ',NULL),(262,'metalurgia','metalurgia',3,3,NULL,NULL,'2025-03-28 20:58:06','',' ',NULL),(263,'teoria','teoria',3,3,NULL,NULL,'2025-03-28 20:58:06','',' ',NULL),(264,'pupunha','pupunha',3,3,NULL,NULL,'2025-03-28 20:58:06','',' ',NULL),(265,'joalheria','joalheria',3,3,NULL,NULL,'2025-03-28 20:58:06','',' ',NULL),(267,'moderna','moderna',7,7,NULL,NULL,'2025-03-28 20:58:06','',' ',NULL),(268,'piscinas','piscinas',3,3,NULL,NULL,'2025-03-28 20:58:06','',' ',NULL),(269,'bibliotecario','bibliotecário',3,3,NULL,NULL,'2025-03-28 20:58:06','',' ',NULL),(270,'cancerologista','cancerologista',7,7,NULL,NULL,'2025-03-28 20:58:06','',' ',NULL),(271,'tropeiro','tropeiro',3,3,NULL,NULL,'2025-03-28 20:58:06','',' ',NULL),(272,'balconista','balconista',3,3,NULL,NULL,'2025-03-28 20:58:06','',' ',NULL),(273,'ginecologista','ginecologista',7,7,NULL,NULL,'2025-03-28 20:58:06','',' ',NULL),(274,'solas','solas',3,3,NULL,NULL,'2025-03-28 20:58:06','',' ',NULL),(275,'almoxarifado','almoxarifado',3,3,NULL,NULL,'2025-03-28 20:58:06','',' ',NULL),(276,'logistica','logística',3,3,NULL,NULL,'2025-03-28 20:58:06','',' ',NULL),(277,'flexiveis','flexíveis',7,7,NULL,NULL,'2025-03-28 20:58:06','',' ',NULL),(278,'especiais','especiais',7,7,NULL,NULL,'2025-03-28 20:58:06','',' ',NULL),(279,'esporte','esporte',3,3,NULL,NULL,'2025-03-28 20:58:06','',' ',NULL),(280,'luta','luta',3,3,NULL,NULL,'2025-03-28 20:58:06','',' ',NULL),(281,'acabados','acabados',1,1,NULL,NULL,'2025-03-28 20:58:06','',' ',NULL),(282,'sulcroalcooleira','sulcroalcooleira',7,7,NULL,NULL,'2025-03-28 20:58:06','',' ',NULL),(283,'matriz','matriz',3,3,NULL,NULL,'2025-03-28 20:58:06','',' ',NULL),(284,'biomedico','biomédico',7,7,NULL,NULL,'2025-03-28 20:58:06','',' ',NULL),(285,'oficial','oficial',7,7,NULL,NULL,'2025-03-28 20:58:06','',' ',NULL),(286,'superior','superior',7,7,NULL,NULL,'2025-03-28 20:58:06','',' ',NULL),(287,'psiquiatrica','psiquiátrica',7,7,NULL,NULL,'2025-03-28 20:58:06','',' ',NULL),(288,'recuperador','recuperador',3,3,NULL,NULL,'2025-03-28 20:58:06','',' ',NULL),(289,'eletroerosao','eletroerosão',3,3,NULL,NULL,'2025-03-28 20:58:06','',' ',NULL),(290,'flotacao','flotação',3,3,NULL,NULL,'2025-03-28 20:58:06','',' ',NULL),(291,'orientacao','orientação',3,3,NULL,NULL,'2025-03-28 20:58:06','',' ',NULL),(292,'estacao','estação',3,3,NULL,NULL,'2025-03-28 20:58:06','',' ',NULL),(293,'ensaiador','ensaiador',3,3,NULL,NULL,'2025-03-28 20:58:06','',' ',NULL),(294,'folheador','folheador',3,3,NULL,NULL,'2025-03-28 20:58:06','',' ',NULL),(295,'estradas','estradas',3,3,NULL,NULL,'2025-03-28 20:58:06','',' ',NULL),(296,'cartazeiro','cartazeiro',3,3,NULL,NULL,'2025-03-28 20:58:06','',' ',NULL),(297,'barras','barras',3,3,NULL,NULL,'2025-03-28 20:58:06','',' ',NULL),(298,'oficial','oficial',3,3,NULL,NULL,'2025-03-28 20:58:06','',' ',NULL),(299,'lixador','lixador',3,3,NULL,NULL,'2025-03-28 20:58:06','',' ',NULL),(300,'reator','reator',3,3,NULL,NULL,'2025-03-28 20:58:06','',' ',NULL),(301,'bancada','bancada',3,3,NULL,NULL,'2025-03-28 20:58:06','',' ',NULL),(302,'prensa','prensa',3,3,NULL,NULL,'2025-03-28 20:58:06','',' ',NULL),(303,'caes','cães',3,3,NULL,NULL,'2025-03-28 20:58:06','',' ',NULL),(304,'biologicas','biológicas',7,7,NULL,NULL,'2025-03-28 20:58:06','',' ',NULL),(305,'biodanca','biodança',3,3,NULL,NULL,'2025-03-28 20:58:06','',' ',NULL),(306,'selecao','seleção',3,3,NULL,NULL,'2025-03-28 20:58:06','',' ',NULL),(307,'telemarketing','telemarketing',3,3,NULL,NULL,'2025-03-28 20:58:06','',' ',NULL),(308,'trem','trem',3,3,NULL,NULL,'2025-03-28 20:58:06','',' ',NULL),(309,'juta','juta',9,9,NULL,NULL,'2025-03-28 20:58:06','',' ',NULL),(310,'computacao','computação',3,3,NULL,NULL,'2025-03-28 20:58:06','',' ',NULL),(311,'danca','dança',3,3,NULL,NULL,'2025-03-28 20:58:06','',' ',NULL),(312,'libras','libras',3,3,NULL,NULL,'2025-03-28 20:58:06','',' ',NULL),(313,'banca','banca',3,3,NULL,NULL,'2025-03-28 20:58:06','',' ',NULL),(314,'clinica','clínica',3,3,NULL,NULL,'2025-03-28 20:58:06','',' ',NULL),(315,'financeira','financeira',7,7,NULL,NULL,'2025-03-28 20:58:06','',' ',NULL),(316,'reatores','reatores',3,3,NULL,NULL,'2025-03-28 20:58:06','',' ',NULL),(317,'auxiliar','auxiliar',7,7,NULL,NULL,'2025-03-28 20:58:06','',' ',NULL),(318,'referencia','referência',3,3,NULL,NULL,'2025-03-28 20:58:07','',' ',NULL),(319,'importacao','importação',3,3,NULL,NULL,'2025-03-28 20:58:07','',' ',NULL),(320,'gas','gás',3,3,NULL,NULL,'2025-03-28 20:58:07','',' ',NULL),(321,'confeccionador','confeccionador',7,7,NULL,NULL,'2025-03-28 20:58:07','',' ',NULL),(322,'coletivo','coletivo',7,7,NULL,NULL,'2025-03-28 20:58:07','',' ',NULL),(323,'veterinaria','veterinária',7,7,NULL,NULL,'2025-03-28 20:58:07','',' ',NULL),(324,'comunitario','comunitário',7,7,NULL,NULL,'2025-03-28 20:58:07','',' ',NULL),(325,'perfuracao','perfuração',3,3,NULL,NULL,'2025-03-28 20:58:07','',' ',NULL),(326,'fisico-quimicas','físico-químicas',7,7,NULL,NULL,'2025-03-28 20:58:07','',' ',NULL),(327,'guardador','guardador',3,3,NULL,NULL,'2025-03-28 20:58:07','',' ',NULL),(328,'maquinista','maquinista',3,3,NULL,NULL,'2025-03-28 20:58:07','',' ',NULL),(329,'mecatronico','mecatrônico',7,7,NULL,NULL,'2025-03-28 20:58:07','',' ',NULL),(330,'torno','torno',3,3,NULL,NULL,'2025-03-28 20:58:07','',' ',NULL),(331,'assessor','assessor',3,3,NULL,NULL,'2025-03-28 20:58:07','',' ',NULL),(332,'impregnador','impregnador',3,3,NULL,NULL,'2025-03-28 20:58:07','',' ',NULL),(333,'ferreas','férreas',7,7,NULL,NULL,'2025-03-28 20:58:07','',' ',NULL),(334,'julgador','julgador',7,7,NULL,NULL,'2025-03-28 20:58:07','',' ',NULL),(335,'pesquisas','pesquisas',3,3,NULL,NULL,'2025-03-28 20:58:07','',' ',NULL),(336,'praca','praça',3,3,NULL,NULL,'2025-03-28 20:58:07','',' ',NULL),(337,'ortopedica','ortopédica',7,7,NULL,NULL,'2025-03-28 20:58:07','',' ',NULL),(338,'artista','artista',3,3,NULL,NULL,'2025-03-28 20:58:07','',' ',NULL),(339,'urbano','urbano',7,7,NULL,NULL,'2025-03-28 20:58:07','',' ',NULL),(340,'pintor','pintor',3,3,NULL,NULL,'2025-03-28 20:58:07','',' ',NULL),(341,'radiologia','radiologia',3,3,NULL,NULL,'2025-03-28 20:58:07','',' ',NULL),(342,'eletrodomesticos','eletrodomésticos',7,7,NULL,NULL,'2025-03-28 20:58:07','',' ',NULL),(343,'trolebus','trólebus',3,3,NULL,NULL,'2025-03-28 20:58:07','',' ',NULL),(344,'microorganismos','microorganismos',3,3,NULL,NULL,'2025-03-28 20:58:07','',' ',NULL),(345,'chapeleiro','chapeleiro',3,3,NULL,NULL,'2025-03-28 20:58:07','',' ',NULL),(346,'medic','medic',3,3,NULL,NULL,'2025-03-28 20:58:07','',' ',NULL),(347,'faxineiro','faxineiro',3,3,NULL,NULL,'2025-03-28 20:58:07','',' ',NULL),(348,'terapia','terapia',3,3,NULL,NULL,'2025-03-28 20:58:07','',' ',NULL),(349,'quiropraxia','quiropraxia',3,3,NULL,NULL,'2025-03-28 20:58:07','',' ',NULL),(350,'fazenda','fazenda',3,3,NULL,NULL,'2025-03-28 20:58:07','',' ',NULL),(351,'orcamento','orçamento',3,3,NULL,NULL,'2025-03-28 20:58:07','',' ',NULL),(352,'rapida','rápida',7,7,NULL,NULL,'2025-03-28 20:58:07','',' ',NULL),(353,'utilidades','utilidades',3,3,NULL,NULL,'2025-03-28 20:58:07','',' ',NULL),(355,'central','central',3,3,NULL,NULL,'2025-03-28 20:58:07','',' ',NULL),(356,'cartonageiro','cartonageiro',3,3,NULL,NULL,'2025-03-28 20:58:07','',' ',NULL),(357,'pinceis','pincéis',3,3,NULL,NULL,'2025-03-28 20:58:07','',' ',NULL),(358,'ciencias','ciências',3,3,NULL,NULL,'2025-03-28 20:58:07','',' ',NULL),(359,'turbinas','turbinas',3,3,NULL,NULL,'2025-03-28 20:58:07','',' ',NULL),(360,'confeitaria','confeitaria',3,3,NULL,NULL,'2025-03-28 20:58:07','',' ',NULL),(361,'operacional','operacional',7,7,NULL,NULL,'2025-03-28 20:58:07','',' ',NULL),(362,'pesqueiras','pesqueiras',7,7,NULL,NULL,'2025-03-28 20:58:07','',' ',NULL),(363,'elaboracao','elaboração',3,3,NULL,NULL,'2025-03-28 20:58:07','',' ',NULL),(364,'edificio','edifício',3,3,NULL,NULL,'2025-03-28 20:58:07','',' ',NULL),(365,'automotivo','automotivo',7,7,NULL,NULL,'2025-03-28 20:58:07','',' ',NULL),(366,'major','major',3,3,NULL,NULL,'2025-03-28 20:58:07','',' ',NULL),(367,'chapas','chapas',3,3,NULL,NULL,'2025-03-28 20:58:07','',' ',NULL),(368,'geriatra','geriatra',3,3,NULL,NULL,'2025-03-28 20:58:07','',' ',NULL),(369,'psicologia','psicologia',3,3,NULL,NULL,'2025-03-28 20:58:07','',' ',NULL),(370,'tapetes','tapetes',3,3,NULL,NULL,'2025-03-28 20:58:07','',' ',NULL),(371,'cinema','cinema',3,3,NULL,NULL,'2025-03-28 20:58:07','',' ',NULL),(372,'entidade','entidade',3,3,NULL,NULL,'2025-03-28 20:58:07','',' ',NULL),(373,'experience','experience',3,3,NULL,NULL,'2025-03-28 20:58:07','',' ',NULL),(374,'retratista','retratista',7,7,NULL,NULL,'2025-03-28 20:58:07','',' ',NULL),(375,'fotovoltaicos','fotovoltaicos',7,7,NULL,NULL,'2025-03-28 20:58:07','',' ',NULL),(376,'minerais','minerais',3,3,NULL,NULL,'2025-03-28 20:58:07','',' ',NULL),(377,'cosmologia','cosmologia',3,3,NULL,NULL,'2025-03-28 20:58:07','',' ',NULL),(378,'escavadeira','escavadeira',3,3,NULL,NULL,'2025-03-28 20:58:07','',' ',NULL),(379,'ator','ator',3,3,NULL,NULL,'2025-03-28 20:58:07','',' ',NULL),(380,'assistente','assistente',3,3,NULL,NULL,'2025-03-28 20:58:07','',' ',NULL),(381,'biotecnologia','biotecnologia',3,3,NULL,NULL,'2025-03-28 20:58:07','',' ',NULL),(383,'tecnicos','técnicos',7,7,NULL,NULL,'2025-03-28 20:58:07','',' ',NULL),(384,'cunicultura','cunicultura',3,3,NULL,NULL,'2025-03-28 20:58:07','',' ',NULL),(385,'geografo','geógrafo',3,3,NULL,NULL,'2025-03-28 20:58:07','',' ',NULL),(386,'odontogeriatra','odontogeriatra',3,3,NULL,NULL,'2025-03-28 20:58:07','',' ',NULL),(387,'garimpeiro','garimpeiro',3,3,NULL,NULL,'2025-03-28 20:58:07','',' ',NULL),(388,'enologo','enólogo',3,3,NULL,NULL,'2025-03-28 20:58:07','',' ',NULL),(389,'vigilantes','vigilantes',3,3,NULL,NULL,'2025-03-28 20:58:07','',' ',NULL),(390,'concreto','concreto',3,3,NULL,NULL,'2025-03-28 20:58:07','',' ',NULL),(391,'estofador','estofador',3,3,NULL,NULL,'2025-03-28 20:58:07','',' ',NULL),(392,'filtro','filtro',3,3,NULL,NULL,'2025-03-28 20:58:07','',' ',NULL),(394,'trabalhador','trabalhador',3,3,NULL,NULL,'2025-03-28 20:58:07','',' ',NULL),(395,'agricultura','agricultura',3,3,NULL,NULL,'2025-03-28 20:58:07','',' ',NULL),(396,'continua','contínua',7,7,NULL,NULL,'2025-03-28 20:58:07','',' ',NULL),(397,'laboratorial','laboratorial',7,7,NULL,NULL,'2025-03-28 20:58:07','',' ',NULL),(398,'outros','outros',8,8,NULL,NULL,'2025-03-28 20:58:07','',' ',NULL),(399,'funerario','funerário',7,7,NULL,NULL,'2025-03-28 20:58:07','',' ',NULL),(400,'ferramentaria','ferramentaria',3,3,NULL,NULL,'2025-03-28 20:58:07','',' ',NULL),(401,'extracao','extração',3,3,NULL,NULL,'2025-03-28 20:58:07','',' ',NULL),(402,'coque','coque',3,3,NULL,NULL,'2025-03-28 20:58:07','',' ',NULL),(403,'topografo','topógrafo',3,3,NULL,NULL,'2025-03-28 20:58:07','',' ',NULL),(404,'arquivista','arquivista',3,3,NULL,NULL,'2025-03-28 20:58:07','',' ',NULL),(405,'maquina','maquina',3,3,NULL,NULL,'2025-03-28 20:58:07','',' ',NULL),(406,'bobinador','bobinador',3,3,NULL,NULL,'2025-03-28 20:58:07','',' ',NULL),(408,'cilindrar','cilindrar',1,1,NULL,NULL,'2025-03-28 20:58:07','',' ',NULL),(409,'kardexista','kardexista',3,3,NULL,NULL,'2025-03-28 20:58:07','',' ',NULL),(410,'instrumentacao','instrumentação',3,3,NULL,NULL,'2025-03-28 20:58:07','',' ',NULL),(411,'bioengenharia','bioengenharia',3,3,NULL,NULL,'2025-03-28 20:58:07','',' ',NULL),(412,'auditor-fiscal','auditor-fiscal',3,3,NULL,NULL,'2025-03-28 20:58:07','',' ',NULL),(413,'alto-mar','alto-mar',3,3,NULL,NULL,'2025-03-28 20:58:07','',' ',NULL),(414,'tanantes','tanantes',7,7,NULL,NULL,'2025-03-28 20:58:07','',' ',NULL),(415,'nacional','nacional',7,7,NULL,NULL,'2025-03-28 20:58:07','',' ',NULL),(416,'refratario','refratário',7,7,NULL,NULL,'2025-03-28 20:58:07','',' ',NULL),(417,'sociologo','sociólogo',3,3,NULL,NULL,'2025-03-28 20:58:07','',' ',NULL),(418,'hidrologia','hidrologia',3,3,NULL,NULL,'2025-03-28 20:58:07','',' ',NULL),(419,'canalizacao','canalização',3,3,NULL,NULL,'2025-03-28 20:58:07','',' ',NULL),(420,'viadutos','viadutos',3,3,NULL,NULL,'2025-03-28 20:58:07','',' ',NULL),(421,'pedagogo','pedagogo',3,3,NULL,NULL,'2025-03-28 20:58:07','',' ',NULL),(423,'criminal','criminal',7,7,NULL,NULL,'2025-03-28 20:58:07','',' ',NULL),(424,'pele','pele',3,3,NULL,NULL,'2025-03-28 20:58:07','',' ',NULL),(425,'fachadas','fachadas',3,3,NULL,NULL,'2025-03-28 20:58:07','',' ',NULL),(426,'obstetra','obstetra',3,3,NULL,NULL,'2025-03-28 20:58:07','',' ',NULL),(427,'destilacao','destilação',3,3,NULL,NULL,'2025-03-28 20:58:07','',' ',NULL),(428,'cenarios','cenários',3,3,NULL,NULL,'2025-03-28 20:58:07','',' ',NULL),(429,'cerveja','cerveja',3,3,NULL,NULL,'2025-03-28 20:58:07','',' ',NULL),(430,'lagostas','lagostas',3,3,NULL,NULL,'2025-03-28 20:58:07','',' ',NULL),(431,'eletrolitico','eletrolítico',7,7,NULL,NULL,'2025-03-28 20:58:07','',' ',NULL),(432,'estenotipista','estenotipista',3,3,NULL,NULL,'2025-03-28 20:58:07','',' ',NULL),(433,'bate-folha','bate-folha',3,3,NULL,NULL,'2025-03-28 20:58:07','',' ',NULL),(434,'reacao','reação',3,3,NULL,NULL,'2025-03-28 20:58:07','',' ',NULL),(435,'atomica','atômica',7,7,NULL,NULL,'2025-03-28 20:58:07','',' ',NULL),(436,'alergista','alergista',7,7,NULL,NULL,'2025-03-28 20:58:08','',' ',NULL),(437,'costura','costura',3,3,NULL,NULL,'2025-03-28 20:58:08','',' ',NULL),(438,'fundicao','fundição',3,3,NULL,NULL,'2025-03-28 20:58:08','',' ',NULL),(439,'bubalinos','bubalinos',3,3,NULL,NULL,'2025-03-28 20:58:08','',' ',NULL),(440,'protetico','protético',3,3,NULL,NULL,'2025-03-28 20:58:08','',' ',NULL),(441,'pcp','pcp',3,3,NULL,NULL,'2025-03-28 20:58:08','',' ',NULL),(442,'recenseadores','recenseadores',7,7,NULL,NULL,'2025-03-28 20:58:08','',' ',NULL),(443,'enfermagem','enfermagem',3,3,NULL,NULL,'2025-03-28 20:58:08','',' ',NULL),(444,'laboratorio','laboratório',3,3,NULL,NULL,'2025-03-28 20:58:08','',' ',NULL),(445,'nivel','nível',3,3,NULL,NULL,'2025-03-28 20:58:08','',' ',NULL),(446,'urbanas','urbanas',7,7,NULL,NULL,'2025-03-28 20:58:08','',' ',NULL),(447,'metodos','métodos',3,3,NULL,NULL,'2025-03-28 20:58:08','',' ',NULL),(448,'cubador','cubador',3,3,NULL,NULL,'2025-03-28 20:58:08','',' ',NULL),(449,'veiculo','veículo',3,3,NULL,NULL,'2025-03-28 20:58:08','',' ',NULL),(450,'grama','grama',3,3,NULL,NULL,'2025-03-28 20:58:08','',' ',NULL),(451,'forno','forno',3,3,NULL,NULL,'2025-03-28 20:58:08','',' ',NULL),(452,'endemias','endemias',3,3,NULL,NULL,'2025-03-28 20:58:08','',' ',NULL),(453,'engraxate','engraxate',3,3,NULL,NULL,'2025-03-28 20:58:08','',' ',NULL),(455,'sinaleiro','sinaleiro',3,3,NULL,NULL,'2025-03-28 20:58:08','',' ',NULL),(456,'investimento','investimento',3,3,NULL,NULL,'2025-03-28 20:58:08','',' ',NULL),(457,'agricolas','agrícolas',7,7,NULL,NULL,'2025-03-28 20:58:08','',' ',NULL),(458,'muares','muares',3,3,NULL,NULL,'2025-03-28 20:58:08','',' ',NULL),(459,'geofisico','geofísico',3,3,NULL,NULL,'2025-03-28 20:58:08','',' ',NULL),(460,'estacoes','estações',3,3,NULL,NULL,'2025-03-28 20:58:08','',' ',NULL),(461,'infraestrutura','infraestrutura',3,3,NULL,NULL,'2025-03-28 20:58:08','',' ',NULL),(462,'pagamento','pagamento',3,3,NULL,NULL,'2025-03-28 20:58:08','',' ',NULL),(463,'cursos','cursos',3,3,NULL,NULL,'2025-03-28 20:58:08','',' ',NULL),(464,'neonatologista','neonatologista',7,7,NULL,NULL,'2025-03-28 20:58:08','',' ',NULL),(465,'metal','metal',3,3,NULL,NULL,'2025-03-28 20:58:08','',' ',NULL),(466,'tingidor','tingidor',3,3,NULL,NULL,'2025-03-28 20:58:08','',' ',NULL),(467,'operacionais','operacionais',7,7,NULL,NULL,'2025-03-28 20:58:08','',' ',NULL),(469,'varejista','varejista',7,7,NULL,NULL,'2025-03-28 20:58:08','',' ',NULL),(470,'bilingue','bilíngüe',7,7,NULL,NULL,'2025-03-28 20:58:08','',' ',NULL),(471,'traumato-ortopedica','traumato-ortopédica',3,3,NULL,NULL,'2025-03-28 20:58:08','',' ',NULL),(472,'taxi','táxi',3,3,NULL,NULL,'2025-03-28 20:58:08','',' ',NULL),(473,'compositor','compositor',3,3,NULL,NULL,'2025-03-28 20:58:08','',' ',NULL),(474,'trafego','tráfego',3,3,NULL,NULL,'2025-03-28 20:58:08','',' ',NULL),(475,'unhas','unhas',3,3,NULL,NULL,'2025-03-28 20:58:08','',' ',NULL),(476,'andaimes','andaimes',3,3,NULL,NULL,'2025-03-28 20:58:08','',' ',NULL),(477,'onibus','ônibus',3,3,NULL,NULL,'2025-03-28 20:58:08','',' ',NULL),(478,'curaua','curauá',3,3,NULL,NULL,'2025-03-28 20:58:08','',' ',NULL),(479,'musico','músico',3,3,NULL,NULL,'2025-03-28 20:58:08','',' ',NULL),(480,'desporto','desporto',3,3,NULL,NULL,'2025-03-28 20:58:08','',' ',NULL),(481,'mecanica','mecânica',7,7,NULL,NULL,'2025-03-28 20:58:08','',' ',NULL),(482,'comando','comando',3,3,NULL,NULL,'2025-03-28 20:58:08','',' ',NULL),(483,'frutiferas','frutíferas',7,7,NULL,NULL,'2025-03-28 20:58:08','',' ',NULL),(484,'mamona','mamona',3,3,NULL,NULL,'2025-03-28 20:58:08','',' ',NULL),(485,'chamines','chaminés',3,3,NULL,NULL,'2025-03-28 20:58:08','',' ',NULL),(486,'cancer','câncer',3,3,NULL,NULL,'2025-03-28 20:58:08','',' ',NULL),(487,'comunidade','comunidade',3,3,NULL,NULL,'2025-03-28 20:58:08','',' ',NULL),(488,'graos','grãos',3,3,NULL,NULL,'2025-03-28 20:58:08','',' ',NULL),(489,'serra','serra',3,3,NULL,NULL,'2025-03-28 20:58:08','',' ',NULL),(490,'carrocerias','carrocerias',3,3,NULL,NULL,'2025-03-28 20:58:08','',' ',NULL),(491,'personal','personal',7,7,NULL,NULL,'2025-03-28 20:58:08','',' ',NULL),(492,'inseminador','inseminador',3,3,NULL,NULL,'2025-03-28 20:58:08','',' ',NULL),(493,'hangar','hangar',3,3,NULL,NULL,'2025-03-28 20:58:08','',' ',NULL),(494,'investigador','investigador',3,3,NULL,NULL,'2025-03-28 20:58:08','',' ',NULL),(495,'geologia','geologia',3,3,NULL,NULL,'2025-03-28 20:58:08','',' ',NULL),(496,'colorista','colorista',3,3,NULL,NULL,'2025-03-28 20:58:08','',' ',NULL),(497,'docagem','docagem',3,3,NULL,NULL,'2025-03-28 20:58:08','',' ',NULL),(498,'body','body',3,3,NULL,NULL,'2025-03-28 20:58:08','',' ',NULL),(499,'missionario','missionário',3,3,NULL,NULL,'2025-03-28 20:58:08','',' ',NULL),(500,'judicial','judicial',7,7,NULL,NULL,'2025-03-28 20:58:08','',' ',NULL),(501,'teleferico','teleférico',3,3,NULL,NULL,'2025-03-28 20:58:08','',' ',NULL),(502,'voo','vôo',3,3,NULL,NULL,'2025-03-28 20:58:08','',' ',NULL),(503,'protecao','proteção',3,3,NULL,NULL,'2025-03-28 20:58:08','',' ',NULL),(504,'relacoes','relações',3,3,NULL,NULL,'2025-03-28 20:58:08','',' ',NULL),(505,'tubulacoes','tubulações',3,3,NULL,NULL,'2025-03-28 20:58:08','',' ',NULL),(506,'generalista','generalista',7,7,NULL,NULL,'2025-03-28 20:58:08','',' ',NULL),(507,'tensao','tensão',3,3,NULL,NULL,'2025-03-28 20:58:08','',' ',NULL),(508,'inglesa','inglesa',7,7,NULL,NULL,'2025-03-28 20:58:08','',' ',NULL),(509,'d´agua','d´água',7,7,NULL,NULL,'2025-03-28 20:58:08','',' ',NULL),(510,'bucal','bucal',7,7,NULL,NULL,'2025-03-28 20:58:08','',' ',NULL),(511,'umida','úmida',7,7,NULL,NULL,'2025-03-28 20:58:08','',' ',NULL),(512,'galvanoplastia','galvanoplastia',3,3,NULL,NULL,'2025-03-28 20:58:08','',' ',NULL),(513,'logistica','logistica',3,3,NULL,NULL,'2025-03-28 20:58:08','',' ',NULL),(514,'empilhador','empilhador',3,3,NULL,NULL,'2025-03-28 20:58:08','',' ',NULL),(515,'recursos','recursos',3,3,NULL,NULL,'2025-03-28 20:58:08','',' ',NULL),(516,'xaropeiro','xaropeiro',13,13,NULL,NULL,'2025-03-28 20:58:08','',' ',NULL),(517,'murumuru','murumuru',3,3,NULL,NULL,'2025-03-28 20:58:08','',' ',NULL),(518,'estrangeira','estrangeira',7,7,NULL,NULL,'2025-03-28 20:58:08','',' ',NULL),(519,'computadores','computadores',3,3,NULL,NULL,'2025-03-28 20:58:08','',' ',NULL),(520,'vitrines','vitrines',3,3,NULL,NULL,'2025-03-28 20:58:08','',' ',NULL),(521,'terraplenagem','terraplenagem',3,3,NULL,NULL,'2025-03-28 20:58:08','',' ',NULL),(522,'propagandista','propagandista',3,3,NULL,NULL,'2025-03-28 20:58:08','',' ',NULL),(523,'coletiva','coletiva',7,7,NULL,NULL,'2025-03-28 20:58:08','',' ',NULL),(524,'ranicultura','ranicultura',3,3,NULL,NULL,'2025-03-28 20:58:08','',' ',NULL),(525,'barbotina','barbotina',3,3,NULL,NULL,'2025-03-28 20:58:08','',' ',NULL),(526,'internacionais','internacionais',7,7,NULL,NULL,'2025-03-28 20:58:08','',' ',NULL),(527,'misturadeira','misturadeira',3,3,NULL,NULL,'2025-03-28 20:58:08','',' ',NULL),(528,'macheiro','macheiro',3,3,NULL,NULL,'2025-03-28 20:58:08','',' ',NULL),(529,'instalacao','instalação',3,3,NULL,NULL,'2025-03-28 20:58:08','',' ',NULL),(530,'puericultor','puericultor',7,7,NULL,NULL,'2025-03-28 20:58:08','',' ',NULL),(531,'ferramenta','ferramenta',3,3,NULL,NULL,'2025-03-28 20:58:08','',' ',NULL),(532,'iluminador','iluminador',3,3,NULL,NULL,'2025-03-28 20:58:08','',' ',NULL),(533,'extrusora','extrusora',7,7,NULL,NULL,'2025-03-28 20:58:08','',' ',NULL),(534,'calcinacao','calcinação',3,3,NULL,NULL,'2025-03-28 20:58:08','',' ',NULL),(535,'arquivologia','arquivologia',3,3,NULL,NULL,'2025-03-28 20:58:08','',' ',NULL),(537,'volante','volante',7,7,NULL,NULL,'2025-03-28 20:58:08','',' ',NULL),(538,'permanentes','permanentes',7,7,NULL,NULL,'2025-03-28 20:58:08','',' ',NULL),(539,'contabilidade','contabilidade',3,3,NULL,NULL,'2025-03-28 20:58:08','',' ',NULL),(540,'tripuladas','tripuladas',1,1,NULL,NULL,'2025-03-28 20:58:08','',' ',NULL),(541,'mercante','mercante',7,7,NULL,NULL,'2025-03-28 20:58:08','',' ',NULL),(542,'rua','rua',3,3,NULL,NULL,'2025-03-28 20:58:08','',' ',NULL),(543,'boxe','boxe',3,3,NULL,NULL,'2025-03-28 20:58:08','',' ',NULL),(544,'regionais','regionais',7,7,NULL,NULL,'2025-03-28 20:58:08','',' ',NULL),(545,'boiadeiro','boiadeiro',3,3,NULL,NULL,'2025-03-28 20:58:08','',' ',NULL),(546,'hidraulica','hidráulica',7,7,NULL,NULL,'2025-03-28 20:58:08','',' ',NULL),(547,'beneficiamento','beneficiamento',3,3,NULL,NULL,'2025-03-28 20:58:08','',' ',NULL),(548,'hidreletrica','hidrelétrica',7,7,NULL,NULL,'2025-03-28 20:58:09','',' ',NULL),(549,'urbanista','urbanista',3,3,NULL,NULL,'2025-03-28 20:58:09','',' ',NULL),(550,'similares','similares',7,7,NULL,NULL,'2025-03-28 20:58:09','',' ',NULL),(552,'petroquimicos','petroquímicos',7,7,NULL,NULL,'2025-03-28 20:58:09','',' ',NULL),(553,'aeroportos','aeroportos',3,3,NULL,NULL,'2025-03-28 20:58:09','',' ',NULL),(554,'comercio','comércio',3,3,NULL,NULL,'2025-03-28 20:58:09','',' ',NULL),(555,'conferente-expedidor','conferente-expedidor',3,3,NULL,NULL,'2025-03-28 20:58:09','',' ',NULL),(556,'guarda-roupeiro','guarda-roupeiro',3,3,NULL,NULL,'2025-03-28 20:58:09','',' ',NULL),(557,'casas','casas',3,3,NULL,NULL,'2025-03-28 20:58:09','',' ',NULL),(558,'varejista','varejista',3,3,NULL,NULL,'2025-03-28 20:58:09','',' ',NULL),(559,'nutricionista','nutricionista',3,3,NULL,NULL,'2025-03-28 20:58:09','',' ',NULL),(560,'desportivo','desportivo',7,7,NULL,NULL,'2025-03-28 20:58:09','',' ',NULL),(561,'motores','motores',3,3,NULL,NULL,'2025-03-28 20:58:09','',' ',NULL),(562,'desenvolvedor','desenvolvedor',3,3,NULL,NULL,'2025-03-28 20:58:09','',' ',NULL),(563,'arranjador','arranjador',7,7,NULL,NULL,'2025-03-28 20:58:09','',' ',NULL),(564,'metalicos','metálicos',7,7,NULL,NULL,'2025-03-28 20:58:09','',' ',NULL),(565,'conservador','conservador',3,3,NULL,NULL,'2025-03-28 20:58:09','',' ',NULL),(566,'administrativo-','administrativo-',3,3,NULL,NULL,'2025-03-28 20:58:09','',' ',NULL),(567,'forjaria','forjaria',3,3,NULL,NULL,'2025-03-28 20:58:09','',' ',NULL),(568,'museologo','museólogo',3,3,NULL,NULL,'2025-03-28 20:58:09','',' ',NULL),(569,'rotativa','rotativa',7,7,NULL,NULL,'2025-03-28 20:58:09','',' ',NULL),(570,'torneiro','torneiro',3,3,NULL,NULL,'2025-03-28 20:58:09','',' ',NULL),(571,'provas','provas',3,3,NULL,NULL,'2025-03-28 20:58:09','',' ',NULL),(572,'sexo','sexo',3,3,NULL,NULL,'2025-03-28 20:58:09','',' ',NULL),(573,'drenagem','drenagem',3,3,NULL,NULL,'2025-03-28 20:58:09','',' ',NULL),(574,'direta','direta',7,7,NULL,NULL,'2025-03-28 20:58:09','',' ',NULL),(575,'precos','preços',3,3,NULL,NULL,'2025-03-28 20:58:09','',' ',NULL),(576,'despachante','despachante',3,3,NULL,NULL,'2025-03-28 20:58:09','',' ',NULL),(577,'dpo','dpo',3,3,NULL,NULL,'2025-03-28 20:58:09','',' ',NULL),(578,'reabilitador','reabilitador',3,3,NULL,NULL,'2025-03-28 20:58:09','',' ',NULL),(579,'corporate','corporate',3,3,NULL,NULL,'2025-03-28 20:58:09','',' ',NULL),(580,'contadores','contadores',3,3,NULL,NULL,'2025-03-28 20:58:09','',' ',NULL),(581,'dimensional','dimensional',7,7,NULL,NULL,'2025-03-28 20:58:09','',' ',NULL),(582,'odontologista','odontologista',3,3,NULL,NULL,'2025-03-28 20:58:09','',' ',NULL),(583,'valores','valores',3,3,NULL,NULL,'2025-03-28 20:58:09','',' ',NULL),(584,'exercito','exército',3,3,NULL,NULL,'2025-03-28 20:58:09','',' ',NULL),(585,'institucional','institucional',7,7,NULL,NULL,'2025-03-28 20:58:09','',' ',NULL),(587,'pesados','pesados',1,1,NULL,NULL,'2025-03-28 20:58:09','',' ',NULL),(588,'garcom','garçom',3,3,NULL,NULL,'2025-03-28 20:58:09','',' ',NULL),(589,'armador','armador',3,3,NULL,NULL,'2025-03-28 20:58:09','',' ',NULL),(590,'sorvete','sorvete',3,3,NULL,NULL,'2025-03-28 20:58:09','',' ',NULL),(591,'corretor','corretor',3,3,NULL,NULL,'2025-03-28 20:58:09','',' ',NULL),(592,'tenis','tênis',3,3,NULL,NULL,'2025-03-28 20:58:09','',' ',NULL),(593,'success','success',3,3,NULL,NULL,'2025-03-28 20:58:09','',' ',NULL),(594,'turfe','turfe',3,3,NULL,NULL,'2025-03-28 20:58:09','',' ',NULL),(595,'perito','perito',3,3,NULL,NULL,'2025-03-28 20:58:09','',' ',NULL),(596,'carne','carne',3,3,NULL,NULL,'2025-03-28 20:58:09','',' ',NULL),(597,'extrusora','extrusora',3,3,NULL,NULL,'2025-03-28 20:58:09','',' ',NULL),(598,'trilingue','trilíngüe',3,3,NULL,NULL,'2025-03-28 20:58:09','',' ',NULL),(599,'moleiro','moleiro',3,3,NULL,NULL,'2025-03-28 20:58:09','',' ',NULL),(600,'massas','massas',3,3,NULL,NULL,'2025-03-28 20:58:09','',' ',NULL),(601,'avioes','aviões',3,3,NULL,NULL,'2025-03-28 20:58:09','',' ',NULL),(603,'senador','senador',3,3,NULL,NULL,'2025-03-28 20:58:09','',' ',NULL),(604,'jardineiro','jardineiro',3,3,NULL,NULL,'2025-03-28 20:58:09','',' ',NULL),(605,'permissionario','permissionário',3,3,NULL,NULL,'2025-03-28 20:58:09','',' ',NULL),(606,'aeronaves','aeronaves',3,3,NULL,NULL,'2025-03-28 20:58:09','',' ',NULL),(607,'combate','combate',3,3,NULL,NULL,'2025-03-28 20:58:09','',' ',NULL),(608,'culto','culto',3,3,NULL,NULL,'2025-03-28 20:58:09','',' ',NULL),(609,'curtimento','curtimento',3,3,NULL,NULL,'2025-03-28 20:58:09','',' ',NULL),(610,'fios','fios',3,3,NULL,NULL,'2025-03-28 20:58:09','',' ',NULL),(611,'titeriteiro','titeriteiro',13,13,NULL,NULL,'2025-03-28 20:58:09','',' ',NULL),(612,'regional','regional',7,7,NULL,NULL,'2025-03-28 20:58:09','',' ',NULL),(613,'pescados','pescados',3,3,NULL,NULL,'2025-03-28 20:58:09','',' ',NULL),(614,'porteiro','porteiro',3,3,NULL,NULL,'2025-03-28 20:58:09','',' ',NULL),(615,'pre-fabricados','pré-fabricados',3,3,NULL,NULL,'2025-03-28 20:58:09','',' ',NULL),(616,'sabonete','sabonete',3,3,NULL,NULL,'2025-03-28 20:58:09','',' ',NULL),(617,'transito','trânsito',3,3,NULL,NULL,'2025-03-28 20:58:09','',' ',NULL),(618,'secar','secar',1,1,NULL,NULL,'2025-03-28 20:58:09','',' ',NULL),(619,'direcao','direção',3,3,NULL,NULL,'2025-03-28 20:58:09','',' ',NULL),(620,'guincheiro','guincheiro',3,3,NULL,NULL,'2025-03-28 20:58:09','',' ',NULL),(621,'animal','animal',7,7,NULL,NULL,'2025-03-28 20:58:09','',' ',NULL),(622,'serie','série',3,3,NULL,NULL,'2025-03-28 20:58:09','',' ',NULL),(623,'motofretista','motofretista',3,3,NULL,NULL,'2025-03-28 20:58:09','',' ',NULL),(624,'gordura','gordura',3,3,NULL,NULL,'2025-03-28 20:58:09','',' ',NULL),(625,'movel','móvel',7,7,NULL,NULL,'2025-03-28 20:58:09','',' ',NULL),(626,'neurofisiologista','neurofisiologista',3,3,NULL,NULL,'2025-03-28 20:58:09','',' ',NULL),(627,'gases','gases',3,3,NULL,NULL,'2025-03-28 20:58:09','',' ',NULL),(628,'reiki','reiki',7,7,NULL,NULL,'2025-03-28 20:58:09','',' ',NULL),(629,'intervencionista','intervencionista',7,7,NULL,NULL,'2025-03-28 20:58:09','',' ',NULL),(630,'mate','mate',1,1,NULL,NULL,'2025-03-28 20:58:09','',' ',NULL),(631,'matizador','matizador',3,3,NULL,NULL,'2025-03-28 20:58:09','',' ',NULL),(632,'fotografico','fotográfico',7,7,NULL,NULL,'2025-03-28 20:58:09','',' ',NULL),(633,'embarcacoes','embarcações',3,3,NULL,NULL,'2025-03-28 20:58:09','',' ',NULL),(634,'combustivel','combustível',7,7,NULL,NULL,'2025-03-28 20:58:09','',' ',NULL),(635,'aeroporto','aeroporto',3,3,NULL,NULL,'2025-03-28 20:58:09','',' ',NULL),(636,'anos','anos',3,3,NULL,NULL,'2025-03-28 20:58:09','',' ',NULL),(637,'riscador','riscador',3,3,NULL,NULL,'2025-03-28 20:58:09','',' ',NULL),(638,'central','central',7,7,NULL,NULL,'2025-03-28 20:58:09','',' ',NULL),(639,'alta','alta',3,3,NULL,NULL,'2025-03-28 20:58:09','',' ',NULL),(640,'charuteiro','charuteiro',3,3,NULL,NULL,'2025-03-28 20:58:09','',' ',NULL),(641,'coberturas','coberturas',3,3,NULL,NULL,'2025-03-28 20:58:09','',' ',NULL),(642,'auxiliares','auxiliares',7,7,NULL,NULL,'2025-03-28 20:58:09','',' ',NULL),(643,'domador','domador',3,3,NULL,NULL,'2025-03-28 20:58:09','',' ',NULL),(644,'apo','apo',3,3,NULL,NULL,'2025-03-28 20:58:09','',' ',NULL),(645,'museologia','museologia',3,3,NULL,NULL,'2025-03-28 20:58:09','',' ',NULL),(646,'schutthecar','schutthecar',3,3,NULL,NULL,'2025-03-28 20:58:09','',' ',NULL),(647,'motorneiro','motorneiro',3,3,NULL,NULL,'2025-03-28 20:58:09','',' ',NULL),(648,'triticale','triticale',1,1,NULL,NULL,'2025-03-28 20:58:09','',' ',NULL),(649,'ouvidor','ouvidor',3,3,NULL,NULL,'2025-03-28 20:58:09','',' ',NULL),(650,'semi-automatico','semi-automático',7,7,NULL,NULL,'2025-03-28 20:58:09','',' ',NULL),(651,'telecomunicacoes','telecomunicações',3,3,NULL,NULL,'2025-03-28 20:58:09','',' ',NULL),(652,'petroleo','petróleo',3,3,NULL,NULL,'2025-03-28 20:58:09','',' ',NULL),(653,'hidrojatista','hidrojatista',3,3,NULL,NULL,'2025-03-28 20:58:09','',' ',NULL),(654,'golfe','golfe',3,3,NULL,NULL,'2025-03-28 20:58:09','',' ',NULL),(655,'escolhedor','escolhedor',3,3,NULL,NULL,'2025-03-28 20:58:09','',' ',NULL),(656,'penal','penal',7,7,NULL,NULL,'2025-03-28 20:58:09','',' ',NULL),(657,'clientes','clientes',3,3,NULL,NULL,'2025-03-28 20:58:09','',' ',NULL),(658,'mae','mãe',3,3,NULL,NULL,'2025-03-28 20:58:09','',' ',NULL),(659,'culturais','culturais',7,7,NULL,NULL,'2025-03-28 20:58:09','',' ',NULL),(660,'identificador','identificador',3,3,NULL,NULL,'2025-03-28 20:58:09','',' ',NULL),(661,'carretas','carretas',3,3,NULL,NULL,'2025-03-28 20:58:09','',' ',NULL),(662,'projetista','projetista',7,7,NULL,NULL,'2025-03-28 20:58:10','',' ',NULL),(663,'plaina','plaina',3,3,NULL,NULL,'2025-03-28 20:58:10','',' ',NULL),(664,'carimbos','carimbos',3,3,NULL,NULL,'2025-03-28 20:58:10','',' ',NULL),(665,'carcinicultura','carcinicultura',3,3,NULL,NULL,'2025-03-28 20:58:10','',' ',NULL),(666,'navegaveis','navegáveis',7,7,NULL,NULL,'2025-03-28 20:58:10','',' ',NULL),(667,'assoalhador','assoalhador',3,3,NULL,NULL,'2025-03-28 20:58:10','',' ',NULL),(668,'aereos','aéreos',7,7,NULL,NULL,'2025-03-28 20:58:10','',' ',NULL),(669,'linguica','lingüiça',3,3,NULL,NULL,'2025-03-28 20:58:10','',' ',NULL),(670,'caldeiraria','caldeiraria',3,3,NULL,NULL,'2025-03-28 20:58:10','',' ',NULL),(671,'municipio','município',3,3,NULL,NULL,'2025-03-28 20:58:10','',' ',NULL),(672,'siderurgico','siderúrgico',7,7,NULL,NULL,'2025-03-28 20:58:10','',' ',NULL),(673,'multimidia','multimídia',3,3,NULL,NULL,'2025-03-28 20:58:10','',' ',NULL),(674,'periodontista','periodontista',3,3,NULL,NULL,'2025-03-28 20:58:10','',' ',NULL),(675,'teleatendimento','teleatendimento',3,3,NULL,NULL,'2025-03-28 20:58:10','',' ',NULL),(676,'risco','risco',3,3,NULL,NULL,'2025-03-28 20:58:10','',' ',NULL),(677,'suprimentos','suprimentos',3,3,NULL,NULL,'2025-03-28 20:58:10','',' ',NULL),(678,'judiciario','judiciário',3,3,NULL,NULL,'2025-03-28 20:58:10','',' ',NULL),(679,'militar','militar',7,7,NULL,NULL,'2025-03-28 20:58:10','',' ',NULL),(680,'circuitos','circuitos',3,3,NULL,NULL,'2025-03-28 20:58:10','',' ',NULL),(681,'bordador','bordador',3,3,NULL,NULL,'2025-03-28 20:58:10','',' ',NULL),(682,'armado','armado',1,1,NULL,NULL,'2025-03-28 20:58:10','',' ',NULL),(683,'compressores','compressores',3,3,NULL,NULL,'2025-03-28 20:58:10','',' ',NULL),(684,'termico','térmico',7,7,NULL,NULL,'2025-03-28 20:58:10','',' ',NULL),(685,'borracha','borracha',3,3,NULL,NULL,'2025-03-28 20:58:10','',' ',NULL),(686,'infectologista','infectologista',7,7,NULL,NULL,'2025-03-28 20:58:10','',' ',NULL),(687,'repositor','repositor',3,3,NULL,NULL,'2025-03-28 20:58:10','',' ',NULL),(688,'tuneis','túneis',3,3,NULL,NULL,'2025-03-28 20:58:10','',' ',NULL),(689,'fundacional','fundacional',7,7,NULL,NULL,'2025-03-28 20:58:10','',' ',NULL),(690,'angiologista','angiologista',7,7,NULL,NULL,'2025-03-28 20:58:10','',' ',NULL),(691,'cuidador','cuidador',3,3,NULL,NULL,'2025-03-28 20:58:10','',' ',NULL),(692,'paina','pãina',3,3,NULL,NULL,'2025-03-28 20:58:10','',' ',NULL),(693,'vigilante','vigilante',3,3,NULL,NULL,'2025-03-28 20:58:10','',' ',NULL),(694,'agroindustrial','agroindustrial',7,7,NULL,NULL,'2025-03-28 20:58:10','',' ',NULL),(695,'sinais','sinais',3,3,NULL,NULL,'2025-03-28 20:58:10','',' ',NULL),(696,'folha','folha',3,3,NULL,NULL,'2025-03-28 20:58:10','',' ',NULL),(697,'epiv','epiv',3,3,NULL,NULL,'2025-03-28 20:58:10','',' ',NULL),(698,'maquetes','maquetes',3,3,NULL,NULL,'2025-03-28 20:58:10','',' ',NULL),(699,'vidros','vidros',3,3,NULL,NULL,'2025-03-28 20:58:10','',' ',NULL),(700,'guarana','guaraná',3,3,NULL,NULL,'2025-03-28 20:58:10','',' ',NULL),(701,'recarga','recarga',3,3,NULL,NULL,'2025-03-28 20:58:10','',' ',NULL),(702,'fotolito','fotolito',3,3,NULL,NULL,'2025-03-28 20:58:10','',' ',NULL),(704,'camaroes','camarões',3,3,NULL,NULL,'2025-03-28 20:58:10','',' ',NULL),(705,'biojoias','biojóias',3,3,NULL,NULL,'2025-03-28 20:58:10','',' ',NULL),(706,'enxugador','enxugador',3,3,NULL,NULL,'2025-03-28 20:58:10','',' ',NULL),(707,'eppgg','eppgg',7,7,NULL,NULL,'2025-03-28 20:58:10','',' ',NULL),(708,'sinterizar','sinterizar',1,1,NULL,NULL,'2025-03-28 20:58:10','',' ',NULL),(709,'datilografo','datilógrafo',3,3,NULL,NULL,'2025-03-28 20:58:10','',' ',NULL),(710,'rural','rural',7,7,NULL,NULL,'2025-03-28 20:58:10','',' ',NULL),(711,'localizador','localizador',3,3,NULL,NULL,'2025-03-28 20:58:10','',' ',NULL),(712,'destrutivos','destrutivos',7,7,NULL,NULL,'2025-03-28 20:58:10','',' ',NULL),(713,'bombeiros','bombeiros',3,3,NULL,NULL,'2025-03-28 20:58:10','',' ',NULL),(714,'cambio','câmbio',3,3,NULL,NULL,'2025-03-28 20:58:10','',' ',NULL),(715,'higienista','higienista',3,3,NULL,NULL,'2025-03-28 20:58:10','',' ',NULL),(717,'colhedor','colhedor',3,3,NULL,NULL,'2025-03-28 20:58:10','',' ',NULL),(718,'corpo','corpo',3,3,NULL,NULL,'2025-03-28 20:58:10','',' ',NULL),(719,'incineracao','incineração',3,3,NULL,NULL,'2025-03-28 20:58:10','',' ',NULL),(720,'ferramenteiro','ferramenteiro',3,3,NULL,NULL,'2025-03-28 20:58:10','',' ',NULL),(721,'alcool','álcool',3,3,NULL,NULL,'2025-03-28 20:58:10','',' ',NULL),(722,'buriti','buriti',3,3,NULL,NULL,'2025-03-28 20:58:10','',' ',NULL),(723,'paranormal','paranormal',3,3,NULL,NULL,'2025-03-28 20:58:10','',' ',NULL),(724,'jornal','jornal',3,3,NULL,NULL,'2025-03-28 20:58:10','',' ',NULL),(725,'dirigente','dirigente',3,3,NULL,NULL,'2025-03-28 20:58:10','',' ',NULL),(726,'conferente','conferente',3,3,NULL,NULL,'2025-03-28 20:58:10','',' ',NULL),(727,'elevadores','elevadores',3,3,NULL,NULL,'2025-03-28 20:58:10','',' ',NULL),(728,'general','general',3,3,NULL,NULL,'2025-03-28 20:58:10','',' ',NULL),(729,'escrivao','escrivão',3,3,NULL,NULL,'2025-03-28 20:58:10','',' ',NULL),(730,'servico','serviço',3,3,NULL,NULL,'2025-03-28 20:58:10','',' ',NULL),(731,'podologo','podólogo',3,3,NULL,NULL,'2025-03-28 20:58:10','',' ',NULL),(732,'coco-da-baia','coco-da-baía',3,3,NULL,NULL,'2025-03-28 20:58:10','',' ',NULL),(733,'padeiro','padeiro',3,3,NULL,NULL,'2025-03-28 20:58:10','',' ',NULL),(734,'mestre','mestre',3,3,NULL,NULL,'2025-03-28 20:58:10','',' ',NULL),(736,'piscicultura','piscicultura',3,3,NULL,NULL,'2025-03-28 20:58:10','',' ',NULL),(737,'sucata','sucata',3,3,NULL,NULL,'2025-03-28 20:58:10','',' ',NULL),(738,'programador','programador',3,3,NULL,NULL,'2025-03-28 20:58:10','',' ',NULL),(739,'artesao','artesão',3,3,NULL,NULL,'2025-03-28 20:58:10','',' ',NULL),(740,'refratarios','refratários',7,7,NULL,NULL,'2025-03-28 20:58:10','',' ',NULL),(741,'linguista','lingüista',3,3,NULL,NULL,'2025-03-28 20:58:10','',' ',NULL),(742,'metrologicas','metrológicas',7,7,NULL,NULL,'2025-03-28 20:58:10','',' ',NULL),(743,'logisticos','logisticos',7,7,NULL,NULL,'2025-03-28 20:58:10','',' ',NULL),(744,'maritimo','marítimo',7,7,NULL,NULL,'2025-03-28 20:58:10','',' ',NULL),(745,'molecular','molecular',3,3,NULL,NULL,'2025-03-28 20:58:10','',' ',NULL),(746,'comercial','comercial',3,3,NULL,NULL,'2025-03-28 20:58:10','',' ',NULL),(747,'passagens','passagens',3,3,NULL,NULL,'2025-03-28 20:58:10','',' ',NULL),(748,'geotecnia','geotécnia',3,3,NULL,NULL,'2025-03-28 20:58:10','',' ',NULL),(749,'rebobinadeira','rebobinadeira',3,3,NULL,NULL,'2025-03-28 20:58:10','',' ',NULL),(750,'hotel','hotel',3,3,NULL,NULL,'2025-03-28 20:58:10','',' ',NULL),(751,'cimento-amianto','cimento-amianto',3,3,NULL,NULL,'2025-03-28 20:58:10','',' ',NULL),(752,'rodoferroviaria','rodoferroviária',7,7,NULL,NULL,'2025-03-28 20:58:10','',' ',NULL),(753,'analista','analista',3,3,NULL,NULL,'2025-03-28 20:58:10','',' ',NULL),(754,'gerente','gerente',3,3,NULL,NULL,'2025-03-28 20:58:10','',' ',NULL),(755,'finalizador','finalizador',3,3,NULL,NULL,'2025-03-28 20:58:10','',' ',NULL),(756,'esmaltes','esmaltes',3,3,NULL,NULL,'2025-03-28 20:58:10','',' ',NULL),(757,'rolo','rolo',3,3,NULL,NULL,'2025-03-28 20:58:10','',' ',NULL),(758,'papelao','papelão',3,3,NULL,NULL,'2025-03-28 20:58:10','',' ',NULL),(759,'corpos','corpos',3,3,NULL,NULL,'2025-03-28 20:58:10','',' ',NULL),(760,'perfusionista','perfusionista',3,3,NULL,NULL,'2025-03-28 20:58:10','',' ',NULL),(761,'privada','privada',7,7,NULL,NULL,'2025-03-28 20:58:10','',' ',NULL),(762,'aglomerantes','aglomerantes',3,3,NULL,NULL,'2025-03-28 20:58:10','',' ',NULL),(763,'pessoa','pessoa',3,3,NULL,NULL,'2025-03-28 20:58:10','',' ',NULL),(764,'policial','policial',3,3,NULL,NULL,'2025-03-28 20:58:10','',' ',NULL),(765,'maquiador','maquiador',3,3,NULL,NULL,'2025-03-28 20:58:10','',' ',NULL),(766,'crocheteiro','crocheteiro',3,3,NULL,NULL,'2025-03-28 20:58:10','',' ',NULL),(767,'postura','postura',3,3,NULL,NULL,'2025-03-28 20:58:10','',' ',NULL),(768,'confeiteiro','confeiteiro',3,3,NULL,NULL,'2025-03-28 20:58:10','',' ',NULL),(769,'modelista','modelista',3,3,NULL,NULL,'2025-03-28 20:58:10','',' ',NULL),(770,'biomedicos','biomédicos',7,7,NULL,NULL,'2025-03-28 20:58:10','',' ',NULL),(771,'aduaneiro','aduaneiro',3,3,NULL,NULL,'2025-03-28 20:58:10','',' ',NULL),(772,'jovens','jovens',3,3,NULL,NULL,'2025-03-28 20:58:10','',' ',NULL),(773,'chefe','chefe',3,3,NULL,NULL,'2025-03-28 20:58:10','',' ',NULL),(774,'chapeador','chapeador',3,3,NULL,NULL,'2025-03-28 20:58:11','',' ',NULL),(775,'vaqueador','vaqueador',3,3,NULL,NULL,'2025-03-28 20:58:11','',' ',NULL),(776,'documentalista','documentalista',7,7,NULL,NULL,'2025-03-28 20:58:11','',' ',NULL),(777,'retificadora','retificadora',3,3,NULL,NULL,'2025-03-28 20:58:11','',' ',NULL),(778,'soldagem','soldagem',3,3,NULL,NULL,'2025-03-28 20:58:11','',' ',NULL),(779,'joquei','jóquei',3,3,NULL,NULL,'2025-03-28 20:58:11','',' ',NULL),(780,'calefacao','calefação',3,3,NULL,NULL,'2025-03-28 20:58:11','',' ',NULL),(781,'palha','palha',3,3,NULL,NULL,'2025-03-28 20:58:11','',' ',NULL),(782,'familia','família',3,3,NULL,NULL,'2025-03-28 20:58:11','',' ',NULL),(784,'redeiro','redeiro',3,3,NULL,NULL,'2025-03-28 20:58:11','',' ',NULL),(785,'fisico','físico',7,7,NULL,NULL,'2025-03-28 20:58:11','',' ',NULL),(786,'leite','leite',3,3,NULL,NULL,'2025-03-28 20:58:11','',' ',NULL),(787,'caminhoneiro','caminhoneiro',3,3,NULL,NULL,'2025-03-28 20:58:11','',' ',NULL),(788,'condutor','condutor',3,3,NULL,NULL,'2025-03-28 20:58:11','',' ',NULL),(789,'brasileira','brasileira',7,7,NULL,NULL,'2025-03-28 20:58:11','',' ',NULL),(790,'digital','digital',7,7,NULL,NULL,'2025-03-28 20:58:11','',' ',NULL),(791,'copista','copista',7,7,NULL,NULL,'2025-03-28 20:58:11','',' ',NULL),(792,'isolante','isolante',7,7,NULL,NULL,'2025-03-28 20:58:11','',' ',NULL),(793,'acantonamento','acantonamento',3,3,NULL,NULL,'2025-03-28 20:58:11','',' ',NULL),(794,'leite','leite',7,7,NULL,NULL,'2025-03-28 20:58:11','',' ',NULL),(795,'peixes','peixes',3,3,NULL,NULL,'2025-03-28 20:58:11','',' ',NULL),(796,'cirurgiao','cirurgião',3,3,NULL,NULL,'2025-03-28 20:58:11','',' ',NULL),(797,'confeccionador','confeccionador',3,3,NULL,NULL,'2025-03-28 20:58:11','',' ',NULL),(798,'remetedor','remetedor',3,3,NULL,NULL,'2025-03-28 20:58:11','',' ',NULL),(799,'legislativo','legislativo',7,7,NULL,NULL,'2025-03-28 20:58:11','',' ',NULL),(800,'audiodescritor','audiodescritor',3,3,NULL,NULL,'2025-03-28 20:58:11','',' ',NULL),(801,'acupunturista','acupunturista',7,7,NULL,NULL,'2025-03-28 20:58:11','',' ',NULL),(802,'especialista','especialista',3,3,NULL,NULL,'2025-03-28 20:58:11','',' ',NULL),(803,'algodao','algodão',3,3,NULL,NULL,'2025-03-28 20:58:11','',' ',NULL),(804,'artifice','artífice',3,3,NULL,NULL,'2025-03-28 20:58:11','',' ',NULL),(805,'agricola','agrícola',7,7,NULL,NULL,'2025-03-28 20:58:11','',' ',NULL),(806,'texteis','têxteis',7,7,NULL,NULL,'2025-03-28 20:58:11','',' ',NULL),(807,'modernas','modernas',7,7,NULL,NULL,'2025-03-28 20:58:11','',' ',NULL),(808,'estadual','estadual',7,7,NULL,NULL,'2025-03-28 20:58:11','',' ',NULL),(809,'sanitario','sanitário',7,7,NULL,NULL,'2025-03-28 20:58:11','',' ',NULL),(810,'robotizados','robotizados',1,1,NULL,NULL,'2025-03-28 20:58:11','',' ',NULL),(811,'fotografica','fotográfica',7,7,NULL,NULL,'2025-03-28 20:58:11','',' ',NULL),(812,'navegacao','navegação',3,3,NULL,NULL,'2025-03-28 20:58:11','',' ',NULL),(813,'soluvel','solúvel',7,7,NULL,NULL,'2025-03-28 20:58:11','',' ',NULL),(814,'merchandiser','merchandiser',3,3,NULL,NULL,'2025-03-28 20:58:11','',' ',NULL),(815,'embalsamador','embalsamador',3,3,NULL,NULL,'2025-03-28 20:58:11','',' ',NULL),(816,'cardas','cardas',3,3,NULL,NULL,'2025-03-28 20:58:11','',' ',NULL),(817,'conversor','conversor',3,3,NULL,NULL,'2025-03-28 20:58:11','',' ',NULL),(818,'tintas','tintas',3,3,NULL,NULL,'2025-03-28 20:58:11','',' ',NULL),(819,'leiturista','leiturista',3,3,NULL,NULL,'2025-03-28 20:58:11','',' ',NULL),(820,'transmissao','transmissão',3,3,NULL,NULL,'2025-03-28 20:58:11','',' ',NULL),(821,'francesa','francesa',7,7,NULL,NULL,'2025-03-28 20:58:11','',' ',NULL),(822,'sal','sal',3,3,NULL,NULL,'2025-03-28 20:58:11','',' ',NULL),(823,'bobinadeira','bobinadeira',3,3,NULL,NULL,'2025-03-28 20:58:11','',' ',NULL),(824,'recebimento','recebimento',3,3,NULL,NULL,'2025-03-28 20:58:11','',' ',NULL),(825,'aduaneiro','aduaneiro',7,7,NULL,NULL,'2025-03-28 20:58:11','',' ',NULL),(826,'secagem','secagem',3,3,NULL,NULL,'2025-03-28 20:58:11','',' ',NULL),(827,'interno','interno',7,7,NULL,NULL,'2025-03-28 20:58:11','',' ',NULL),(828,'quimico','químico',3,3,NULL,NULL,'2025-03-28 20:58:11','',' ',NULL),(829,'fita','fita',3,3,NULL,NULL,'2025-03-28 20:58:11','',' ',NULL),(830,'subestacao','subestação',3,3,NULL,NULL,'2025-03-28 20:58:11','',' ',NULL),(831,'calandra','calandra',3,3,NULL,NULL,'2025-03-28 20:58:11','',' ',NULL),(832,'governamentais','governamentais',7,7,NULL,NULL,'2025-03-28 20:58:11','',' ',NULL),(833,'materia','matéria',3,3,NULL,NULL,'2025-03-28 20:58:11','',' ',NULL),(834,'critica','crítica',3,3,NULL,NULL,'2025-03-28 20:58:11','',' ',NULL),(835,'radio-chamada','rádio-chamada',3,3,NULL,NULL,'2025-03-28 20:58:11','',' ',NULL),(836,'pecas','peças',3,3,NULL,NULL,'2025-03-28 20:58:11','',' ',NULL),(837,'soprar','soprar',1,1,NULL,NULL,'2025-03-28 20:58:11','',' ',NULL),(838,'forrageiras','forrageiras',7,7,NULL,NULL,'2025-03-28 20:58:11','',' ',NULL),(839,'metrologia','metrologia',3,3,NULL,NULL,'2025-03-28 20:58:11','',' ',NULL),(840,'desossador','desossador',3,3,NULL,NULL,'2025-03-28 20:58:11','',' ',NULL),(841,'correias','correias',3,3,NULL,NULL,'2025-03-28 20:58:11','',' ',NULL),(842,'movimentos','movimentos',3,3,NULL,NULL,'2025-03-28 20:58:11','',' ',NULL),(844,'recepcionista','recepcionista',3,3,NULL,NULL,'2025-03-28 20:58:11','',' ',NULL),(845,'cardiologia','cardiologia',3,3,NULL,NULL,'2025-03-28 20:58:11','',' ',NULL),(847,'meditacao','meditação',3,3,NULL,NULL,'2025-03-28 20:58:11','',' ',NULL),(848,'similar','similar',7,7,NULL,NULL,'2025-03-28 20:58:11','',' ',NULL),(849,'cargas','cargas',3,3,NULL,NULL,'2025-03-28 20:58:11','',' ',NULL),(850,'filmes','filmes',3,3,NULL,NULL,'2025-03-28 20:58:11','',' ',NULL),(851,'celofanista','celofanista',7,7,NULL,NULL,'2025-03-28 20:58:11','',' ',NULL),(852,'colecionador','colecionador',3,3,NULL,NULL,'2025-03-28 20:58:11','',' ',NULL),(853,'cableador','cableador',3,3,NULL,NULL,'2025-03-28 20:58:11','',' ',NULL),(854,'ceu','céu',3,3,NULL,NULL,'2025-03-28 20:58:11','',' ',NULL),(855,'banco','banco',3,3,NULL,NULL,'2025-03-28 20:58:11','',' ',NULL),(856,'chocolates','chocolates',3,3,NULL,NULL,'2025-03-28 20:58:11','',' ',NULL),(857,'pescador','pescador',3,3,NULL,NULL,'2025-03-28 20:58:11','',' ',NULL),(858,'instrumentos','instrumentos',3,3,NULL,NULL,'2025-03-28 20:58:11','',' ',NULL),(859,'cozinhador','cozinhador',3,3,NULL,NULL,'2025-03-28 20:58:11','',' ',NULL),(860,'calibracao','calibração',3,3,NULL,NULL,'2025-03-28 20:58:11','',' ',NULL),(861,'graficas','gráficas',7,7,NULL,NULL,'2025-03-28 20:58:11','',' ',NULL),(862,'manobra','manobra',3,3,NULL,NULL,'2025-03-28 20:58:11','',' ',NULL),(863,'cardiologista','cardiologista',7,7,NULL,NULL,'2025-03-28 20:58:11','',' ',NULL),(864,'fotografo','fotógrafo',3,3,NULL,NULL,'2025-03-28 20:58:11','',' ',NULL),(865,'secador','secador',3,3,NULL,NULL,'2025-03-28 20:58:11','',' ',NULL),(867,'arvores','árvores',3,3,NULL,NULL,'2025-03-28 20:58:11','',' ',NULL),(868,'metalurgico','metalúrgico',7,7,NULL,NULL,'2025-03-28 20:58:11','',' ',NULL),(869,'armazenamento','armazenamento',3,3,NULL,NULL,'2025-03-28 20:58:11','',' ',NULL),(870,'cliente','cliente',3,3,NULL,NULL,'2025-03-28 20:58:11','',' ',NULL),(871,'corda','corda',3,3,NULL,NULL,'2025-03-28 20:58:11','',' ',NULL),(872,'ocupacional','ocupacional',3,3,NULL,NULL,'2025-03-28 20:58:11','',' ',NULL),(873,'amostrais','amostrais',7,7,NULL,NULL,'2025-03-28 20:58:11','',' ',NULL),(874,'cilindrista','cilindrista',3,3,NULL,NULL,'2025-03-28 20:58:11','',' ',NULL),(875,'soprador','soprador',3,3,NULL,NULL,'2025-03-28 20:58:11','',' ',NULL),(876,'pesquisador','pesquisador',3,3,NULL,NULL,'2025-03-28 20:58:11','',' ',NULL),(877,'carregador','carregador',3,3,NULL,NULL,'2025-03-28 20:58:11','',' ',NULL),(878,'cobranca','cobrança',3,3,NULL,NULL,'2025-03-28 20:58:11','',' ',NULL),(880,'piano','piano',3,3,NULL,NULL,'2025-03-28 20:58:11','',' ',NULL),(881,'rotas','rotas',3,3,NULL,NULL,'2025-03-28 20:58:11','',' ',NULL),(882,'rachador','rachador',3,3,NULL,NULL,'2025-03-28 20:58:11','',' ',NULL),(883,'escovas','escovas',3,3,NULL,NULL,'2025-03-28 20:58:11','',' ',NULL),(884,'dj','dj',3,3,NULL,NULL,'2025-03-28 20:58:11','',' ',NULL),(885,'esportivo','esportivo',7,7,NULL,NULL,'2025-03-28 20:58:11','',' ',NULL),(886,'dependente','dependente',7,7,NULL,NULL,'2025-03-28 20:58:11','',' ',NULL),(887,'telefonicos','telefônicos',7,7,NULL,NULL,'2025-03-28 20:58:11','',' ',NULL),(888,'psiquiatra','psiquiatra',7,7,NULL,NULL,'2025-03-28 20:58:11','',' ',NULL),(890,'acougueiro','açougueiro',3,3,NULL,NULL,'2025-03-28 20:58:12','',' ',NULL),(891,'monitor','monitor',3,3,NULL,NULL,'2025-03-28 20:58:12','',' ',NULL),(892,'transformador','transformador',3,3,NULL,NULL,'2025-03-28 20:58:12','',' ',NULL),(893,'preparador','preparador',3,3,NULL,NULL,'2025-03-28 20:58:12','',' ',NULL),(894,'gerontologo','gerontólogo',3,3,NULL,NULL,'2025-03-28 20:58:12','',' ',NULL),(895,'metrovias','metrovias',7,7,NULL,NULL,'2025-03-28 20:58:12','',' ',NULL),(896,'cardiovascular','cardiovascular',7,7,NULL,NULL,'2025-03-28 20:58:12','',' ',NULL),(897,'esmeril','esmeril',3,3,NULL,NULL,'2025-03-28 20:58:12','',' ',NULL),(898,'grafica','gráfica',3,3,NULL,NULL,'2025-03-28 20:58:12','',' ',NULL),(899,'lavar','lavar',1,1,NULL,NULL,'2025-03-28 20:58:12','',' ',NULL),(900,'hemoterapeuta','hemoterapeuta',7,7,NULL,NULL,'2025-03-28 20:58:12','',' ',NULL),(901,'impressor','impressor',3,3,NULL,NULL,'2025-03-28 20:58:12','',' ',NULL),(902,'tampografico','tampográfico',3,3,NULL,NULL,'2025-03-28 20:58:12','',' ',NULL),(903,'filtro-esteira','filtro-esteira',3,3,NULL,NULL,'2025-03-28 20:58:12','',' ',NULL),(904,'supervisor','supervisor',3,3,NULL,NULL,'2025-03-28 20:58:12','',' ',NULL),(905,'marinheiro','marinheiro',3,3,NULL,NULL,'2025-03-28 20:58:12','',' ',NULL),(906,'open-end','open-end',1,1,NULL,NULL,'2025-03-28 20:58:12','',' ',NULL),(907,'absorvente','absorvente',7,7,NULL,NULL,'2025-03-28 20:58:12','',' ',NULL),(908,'lavagem','lavagem',3,3,NULL,NULL,'2025-03-28 20:58:12','',' ',NULL),(909,'automaticas','automáticas',7,7,NULL,NULL,'2025-03-28 20:58:12','',' ',NULL),(910,'secretario','secretário',3,3,NULL,NULL,'2025-03-28 20:58:12','',' ',NULL),(911,'fundidas','fundidas',1,1,NULL,NULL,'2025-03-28 20:58:12','',' ',NULL),(912,'linotipista','linotipista',3,3,NULL,NULL,'2025-03-28 20:58:12','',' ',NULL),(913,'agroflorestal','agroflorestal',7,7,NULL,NULL,'2025-03-28 20:58:12','',' ',NULL),(914,'autoadesivo','autoadesivo',7,7,NULL,NULL,'2025-03-28 20:58:12','',' ',NULL),(915,'interior','interior',7,7,NULL,NULL,'2025-03-28 20:58:12','',' ',NULL),(916,'construcao','construção',3,3,NULL,NULL,'2025-03-28 20:58:12','',' ',NULL),(917,'ras','rãs',3,3,NULL,NULL,'2025-03-28 20:58:12','',' ',NULL),(918,'bar','bar',3,3,NULL,NULL,'2025-03-28 20:58:12','',' ',NULL),(919,'camaras','câmaras',3,3,NULL,NULL,'2025-03-28 20:58:12','',' ',NULL),(920,'linha','linha',3,3,NULL,NULL,'2025-03-28 20:58:12','',' ',NULL),(921,'costureiro','costureiro',3,3,NULL,NULL,'2025-03-28 20:58:12','',' ',NULL),(923,'geoquimico','geoquímico',3,3,NULL,NULL,'2025-03-28 20:58:12','',' ',NULL),(924,'micropigmentador','micropigmentador',3,3,NULL,NULL,'2025-03-28 20:58:12','',' ',NULL),(925,'restaurante','restaurante',3,3,NULL,NULL,'2025-03-28 20:58:12','',' ',NULL),(926,'compensador','compensador',3,3,NULL,NULL,'2025-03-28 20:58:12','',' ',NULL),(928,'britador','britador',3,3,NULL,NULL,'2025-03-28 20:58:12','',' ',NULL),(929,'perfumista','perfumista',3,3,NULL,NULL,'2025-03-28 20:58:12','',' ',NULL),(931,'escolar','escolar',7,7,NULL,NULL,'2025-03-28 20:58:12','',' ',NULL),(932,'gandula','gandula',3,3,NULL,NULL,'2025-03-28 20:58:12','',' ',NULL),(933,'aeronautico','aeronáutico',7,7,NULL,NULL,'2025-03-28 20:58:12','',' ',NULL),(934,'furgao','furgão',3,3,NULL,NULL,'2025-03-28 20:58:12','',' ',NULL),(935,'escarfador','escarfador',3,3,NULL,NULL,'2025-03-28 20:58:12','',' ',NULL),(936,'publico','público',7,7,NULL,NULL,'2025-03-28 20:58:12','',' ',NULL),(937,'injecao','injeção',3,3,NULL,NULL,'2025-03-28 20:58:12','',' ',NULL),(938,'cevada','cevada',1,1,NULL,NULL,'2025-03-28 20:58:12','',' ',NULL),(939,'municao','munição',3,3,NULL,NULL,'2025-03-28 20:58:12','',' ',NULL),(940,'clinico','clínico',7,7,NULL,NULL,'2025-03-28 20:58:12','',' ',NULL),(941,'manual','manual',7,7,NULL,NULL,'2025-03-28 20:58:12','',' ',NULL),(942,'cabeca','cabeça',3,3,NULL,NULL,'2025-03-28 20:58:12','',' ',NULL),(943,'empilhadeiras','empilhadeiras',3,3,NULL,NULL,'2025-03-28 20:58:12','',' ',NULL),(944,'geologo','geólogo',3,3,NULL,NULL,'2025-03-28 20:58:12','',' ',NULL),(945,'poder','poder',3,3,NULL,NULL,'2025-03-28 20:58:12','',' ',NULL),(946,'banhista','banhista',3,3,NULL,NULL,'2025-03-28 20:58:12','',' ',NULL),(947,'asfalto','asfalto',3,3,NULL,NULL,'2025-03-28 20:58:12','',' ',NULL),(948,'massa','massa',3,3,NULL,NULL,'2025-03-28 20:58:12','',' ',NULL),(949,'predial','predial',7,7,NULL,NULL,'2025-03-28 20:58:12','',' ',NULL),(951,'arte','arte',3,3,NULL,NULL,'2025-03-28 20:58:12','',' ',NULL),(952,'carnavalesco','carnavalesco',7,7,NULL,NULL,'2025-03-28 20:58:12','',' ',NULL),(953,'entrevistador','entrevistador',3,3,NULL,NULL,'2025-03-28 20:58:12','',' ',NULL),(954,'peles','peles',3,3,NULL,NULL,'2025-03-28 20:58:12','',' ',NULL),(955,'demonstrador','demonstrador',3,3,NULL,NULL,'2025-03-28 20:58:12','',' ',NULL),(956,'acabador','acabador',3,3,NULL,NULL,'2025-03-28 20:58:12','',' ',NULL),(957,'gastronomia','gastronomia',3,3,NULL,NULL,'2025-03-28 20:58:12','',' ',NULL),(958,'recreador','recreador',3,3,NULL,NULL,'2025-03-28 20:58:12','',' ',NULL),(959,'feirante','feirante',3,3,NULL,NULL,'2025-03-28 20:58:12','',' ',NULL),(960,'carnauba','carnaúba',3,3,NULL,NULL,'2025-03-28 20:58:12','',' ',NULL),(961,'publica','pública',7,7,NULL,NULL,'2025-03-28 20:58:12','',' ',NULL),(962,'passador','passador',3,3,NULL,NULL,'2025-03-28 20:58:12','',' ',NULL),(963,'literatura','literatura',3,3,NULL,NULL,'2025-03-28 20:58:12','',' ',NULL),(964,'distrito','distrito',3,3,NULL,NULL,'2025-03-28 20:58:12','',' ',NULL),(965,'oleo','óleo',3,3,NULL,NULL,'2025-03-28 20:58:12','',' ',NULL),(966,'acucar','açúcar',3,3,NULL,NULL,'2025-03-28 20:58:12','',' ',NULL),(967,'biblioteca','biblioteca',3,3,NULL,NULL,'2025-03-28 20:58:12','',' ',NULL),(968,'dietista','dietista',3,3,NULL,NULL,'2025-03-28 20:58:12','',' ',NULL),(969,'notas','notas',3,3,NULL,NULL,'2025-03-28 20:58:12','',' ',NULL),(970,'paginador','paginador',3,3,NULL,NULL,'2025-03-28 20:58:12','',' ',NULL),(971,'acupuntura','acupuntura',3,3,NULL,NULL,'2025-03-28 20:58:12','',' ',NULL),(972,'protesiologo','protesiólogo',3,3,NULL,NULL,'2025-03-28 20:58:12','',' ',NULL),(973,'radiologista','radiologista',3,3,NULL,NULL,'2025-03-28 20:58:12','',' ',NULL),(974,'geoquimica','geoquímica',3,3,NULL,NULL,'2025-03-28 20:58:12','',' ',NULL),(975,'experiencia','experiência',3,3,NULL,NULL,'2025-03-28 20:58:12','',' ',NULL),(976,'pedras','pedras',3,3,NULL,NULL,'2025-03-28 20:58:12','',' ',NULL),(978,'imunobiologicos','imunobiológicos',3,3,NULL,NULL,'2025-03-28 20:58:12','',' ',NULL),(979,'eletronicos','eletrônicos',7,7,NULL,NULL,'2025-03-28 20:58:12','',' ',NULL),(980,'compressao','compressão',3,3,NULL,NULL,'2025-03-28 20:58:12','',' ',NULL),(981,'intermediacao','intermediação',3,3,NULL,NULL,'2025-03-28 20:58:12','',' ',NULL),(982,'normalizador','normalizador',3,3,NULL,NULL,'2025-03-28 20:58:12','',' ',NULL),(983,'motorista','motorista',3,3,NULL,NULL,'2025-03-28 20:58:12','',' ',NULL),(984,'vigia','vigia',3,3,NULL,NULL,'2025-03-28 20:58:12','',' ',NULL),(985,'lamina','lâmina',3,3,NULL,NULL,'2025-03-28 20:58:12','',' ',NULL),(986,'bombeiro','bombeiro',3,3,NULL,NULL,'2025-03-28 20:58:12','',' ',NULL),(987,'corrida','corrida',3,3,NULL,NULL,'2025-03-28 20:58:12','',' ',NULL),(988,'amianto','amianto',7,7,NULL,NULL,'2025-03-28 20:58:12','',' ',NULL),(989,'voz','voz',3,3,NULL,NULL,'2025-03-28 20:58:12','',' ',NULL),(990,'cortadora','cortadora',7,7,NULL,NULL,'2025-03-28 20:58:12','',' ',NULL),(991,'metalizador','metalizador',3,3,NULL,NULL,'2025-03-28 20:58:12','',' ',NULL),(992,'pensao','pensão',3,3,NULL,NULL,'2025-03-28 20:58:12','',' ',NULL),(993,'compras','compras',3,3,NULL,NULL,'2025-03-28 20:58:12','',' ',NULL),(994,'lavanderias','lavanderias',3,3,NULL,NULL,'2025-03-28 20:58:12','',' ',NULL),(995,'moedor','moedor',3,3,NULL,NULL,'2025-03-28 20:58:12','',' ',NULL),(996,'ferro','ferro',3,3,NULL,NULL,'2025-03-28 20:58:12','',' ',NULL),(997,'exaustor','exaustor',3,3,NULL,NULL,'2025-03-28 20:58:12','',' ',NULL),(998,'programas','programas',3,3,NULL,NULL,'2025-03-28 20:58:12','',' ',NULL),(999,'abrasivos','abrasivos',3,3,NULL,NULL,'2025-03-28 20:58:12','',' ',NULL),(1000,'receita','receita',3,3,NULL,NULL,'2025-03-28 20:58:12','',' ',NULL),(1001,'cinematografico','cinematográfico',7,7,NULL,NULL,'2025-03-28 20:58:12','',' ',NULL),(1002,'dispositivos','dispositivos',3,3,NULL,NULL,'2025-03-28 20:58:12','',' ',NULL),(1003,'caicara','caiçara',7,7,NULL,NULL,'2025-03-28 20:58:12','',' ',NULL),(1004,'barracas','barracas',3,3,NULL,NULL,'2025-03-28 20:58:12','',' ',NULL),(1005,'ambulancia','ambulância',3,3,NULL,NULL,'2025-03-28 20:58:12','',' ',NULL),(1006,'grupos','grupos',3,3,NULL,NULL,'2025-03-28 20:58:12','',' ',NULL),(1007,'vereador','vereador',3,3,NULL,NULL,'2025-03-28 20:58:13','',' ',NULL),(1008,'leigo','leigo',7,7,NULL,NULL,'2025-03-28 20:58:13','',' ',NULL),(1009,'estatistico','estatístico',3,3,NULL,NULL,'2025-03-28 20:58:13','',' ',NULL),(1010,'calcografico','calcográfico',7,7,NULL,NULL,'2025-03-28 20:58:13','',' ',NULL),(1011,'picotador','picotador',3,3,NULL,NULL,'2025-03-28 20:58:13','',' ',NULL),(1012,'polo','poló',3,3,NULL,NULL,'2025-03-28 20:58:13','',' ',NULL),(1013,'distrital','distrital',7,7,NULL,NULL,'2025-03-28 20:58:13','',' ',NULL),(1015,'usinagem','usinagem',3,3,NULL,NULL,'2025-03-28 20:58:13','',' ',NULL),(1016,'filologo','filólogo',3,3,NULL,NULL,'2025-03-28 20:58:13','',' ',NULL),(1017,'desdobramento','desdobramento',3,3,NULL,NULL,'2025-03-28 20:58:13','',' ',NULL),(1018,'fotograficos','fotográficos',7,7,NULL,NULL,'2025-03-28 20:58:13','',' ',NULL),(1019,'imoveis','imóveis',3,3,NULL,NULL,'2025-03-28 20:58:13','',' ',NULL),(1020,'abrasivo','abrasivo',7,7,NULL,NULL,'2025-03-28 20:58:13','',' ',NULL),(1021,'soldador','soldador',3,3,NULL,NULL,'2025-03-28 20:58:13','',' ',NULL),(1022,'digestivo','digestivo',7,7,NULL,NULL,'2025-03-28 20:58:13','',' ',NULL),(1023,'profissonal','profissonal',3,3,NULL,NULL,'2025-03-28 20:58:13','',' ',NULL),(1024,'comissario','comissário',3,3,NULL,NULL,'2025-03-28 20:58:13','',' ',NULL),(1025,'bate-estacas','bate-estacas',3,3,NULL,NULL,'2025-03-28 20:58:13','',' ',NULL),(1026,'apostas','apostas',3,3,NULL,NULL,'2025-03-28 20:58:13','',' ',NULL),(1027,'frio','frio',3,3,NULL,NULL,'2025-03-28 20:58:13','',' ',NULL),(1028,'competicao','competição',3,3,NULL,NULL,'2025-03-28 20:58:13','',' ',NULL),(1029,'karate','karatê',3,3,NULL,NULL,'2025-03-28 20:58:13','',' ',NULL),(1030,'geneticista','geneticista',7,7,NULL,NULL,'2025-03-28 20:58:13','',' ',NULL),(1031,'colchoes','colchões',3,3,NULL,NULL,'2025-03-28 20:58:13','',' ',NULL),(1032,'visuais','visuais',7,7,NULL,NULL,'2025-03-28 20:58:13','',' ',NULL),(1033,'forjador','forjador',3,3,NULL,NULL,'2025-03-28 20:58:13','',' ',NULL),(1034,'pescado','pescado',3,3,NULL,NULL,'2025-03-28 20:58:13','',' ',NULL),(1035,'bordas','bordas',3,3,NULL,NULL,'2025-03-28 20:58:13','',' ',NULL),(1036,'pessoal','pessoal',3,3,NULL,NULL,'2025-03-28 20:58:13','',' ',NULL),(1037,'eletrograficos','eletrográficos',7,7,NULL,NULL,'2025-03-28 20:58:13','',' ',NULL),(1038,'emendador','emendador',3,3,NULL,NULL,'2025-03-28 20:58:13','',' ',NULL),(1039,'folhagens','folhagens',3,3,NULL,NULL,'2025-03-28 20:58:13','',' ',NULL),(1040,'aventura','aventura',3,3,NULL,NULL,'2025-03-28 20:58:13','',' ',NULL),(1041,'subterranea','subterrânea',7,7,NULL,NULL,'2025-03-28 20:58:13','',' ',NULL),(1042,'fio-maquina','fio-máquina',3,3,NULL,NULL,'2025-03-28 20:58:13','',' ',NULL),(1043,'disciplinas','disciplinas',3,3,NULL,NULL,'2025-03-28 20:58:13','',' ',NULL),(1044,'fosfatizador','fosfatizador',3,3,NULL,NULL,'2025-03-28 20:58:13','',' ',NULL),(1045,'representante','representante',3,3,NULL,NULL,'2025-03-28 20:58:13','',' ',NULL),(1046,'executivo','executivo',7,7,NULL,NULL,'2025-03-28 20:58:13','',' ',NULL),(1047,'cabotagem','cabotagem',3,3,NULL,NULL,'2025-03-28 20:58:13','',' ',NULL),(1048,'recrutamento','recrutamento',3,3,NULL,NULL,'2025-03-28 20:58:13','',' ',NULL),(1049,'estrategico','estratégico',7,7,NULL,NULL,'2025-03-28 20:58:13','',' ',NULL),(1050,'laminacao','laminação',3,3,NULL,NULL,'2025-03-28 20:58:13','',' ',NULL),(1051,'chamuscadeira','chamuscadeira',3,3,NULL,NULL,'2025-03-28 20:58:13','',' ',NULL),(1052,'bordador','bordador',7,7,NULL,NULL,'2025-03-28 20:58:13','',' ',NULL),(1053,'celofane','celofane',3,3,NULL,NULL,'2025-03-28 20:58:13','',' ',NULL),(1054,'audiovisuais','audiovisuais',7,7,NULL,NULL,'2025-03-28 20:58:13','',' ',NULL),(1055,'melado','melado',1,1,NULL,NULL,'2025-03-28 20:58:13','',' ',NULL),(1056,'porcelanatos','porcelanatos',3,3,NULL,NULL,'2025-03-28 20:58:13','',' ',NULL),(1057,'limpador','limpador',3,3,NULL,NULL,'2025-03-28 20:58:13','',' ',NULL),(1058,'testes','testes',3,3,NULL,NULL,'2025-03-28 20:58:13','',' ',NULL),(1059,'ar-condicionado','ar-condicionado',3,3,NULL,NULL,'2025-03-28 20:58:13','',' ',NULL),(1060,'sexador','sexador',3,3,NULL,NULL,'2025-03-28 20:58:13','',' ',NULL),(1061,'lacos','laços',3,3,NULL,NULL,'2025-03-28 20:58:13','',' ',NULL),(1062,'serras','serras',3,3,NULL,NULL,'2025-03-28 20:58:13','',' ',NULL),(1064,'instituicoes','instituições',3,3,NULL,NULL,'2025-03-28 20:58:13','',' ',NULL),(1065,'serralheiro','serralheiro',7,7,NULL,NULL,'2025-03-28 20:58:13','',' ',NULL),(1066,'vime','vime',3,3,NULL,NULL,'2025-03-28 20:58:13','',' ',NULL),(1067,'manufatura','manufatura',3,3,NULL,NULL,'2025-03-28 20:58:13','',' ',NULL),(1068,'medicos','médicos',3,3,NULL,NULL,'2025-03-28 20:58:13','',' ',NULL),(1069,'facilitador','facilitador',3,3,NULL,NULL,'2025-03-28 20:58:13','',' ',NULL),(1070,'civis','civis',7,7,NULL,NULL,'2025-03-28 20:58:13','',' ',NULL),(1071,'modalidades','modalidades',3,3,NULL,NULL,'2025-03-28 20:58:13','',' ',NULL),(1072,'reparacoes','reparações',3,3,NULL,NULL,'2025-03-28 20:58:13','',' ',NULL),(1073,'estocagem','estocagem',3,3,NULL,NULL,'2025-03-28 20:58:13','',' ',NULL),(1075,'ajustador','ajustador',3,3,NULL,NULL,'2025-03-28 20:58:13','',' ',NULL),(1076,'pocos','poços',3,3,NULL,NULL,'2025-03-28 20:58:13','',' ',NULL),(1077,'tributos','tributos',3,3,NULL,NULL,'2025-03-28 20:58:13','',' ',NULL),(1078,'criador','criador',3,3,NULL,NULL,'2025-03-28 20:58:13','',' ',NULL),(1079,'carregadeira','carregadeira',7,7,NULL,NULL,'2025-03-28 20:58:13','',' ',NULL),(1080,'petroquimicas','petroquímicas',7,7,NULL,NULL,'2025-03-28 20:58:13','',' ',NULL),(1081,'detergente','detergente',3,3,NULL,NULL,'2025-03-28 20:58:13','',' ',NULL),(1082,'medico','médico',7,7,NULL,NULL,'2025-03-28 20:58:13','',' ',NULL),(1083,'tabeliao','tabelião',3,3,NULL,NULL,'2025-03-28 20:58:13','',' ',NULL),(1084,'antroposofico','antroposófico',7,7,NULL,NULL,'2025-03-28 20:58:13','',' ',NULL),(1085,'mobilidade','mobilidade',3,3,NULL,NULL,'2025-03-28 20:58:13','',' ',NULL),(1086,'transferencia','transferência',3,3,NULL,NULL,'2025-03-28 20:58:13','',' ',NULL),(1087,'rede','rede',3,3,NULL,NULL,'2025-03-28 20:58:13','',' ',NULL),(1088,'transformadores','transformadores',7,7,NULL,NULL,'2025-03-28 20:58:13','',' ',NULL),(1089,'hospital','hospital',3,3,NULL,NULL,'2025-03-28 20:58:13','',' ',NULL),(1090,'maquinas','máquinas',3,3,NULL,NULL,'2025-03-28 20:58:13','',' ',NULL),(1091,'permanente','permanente',7,7,NULL,NULL,'2025-03-28 20:58:13','',' ',NULL),(1092,'otorrinolaringologista','otorrinolaringologista',7,7,NULL,NULL,'2025-03-28 20:58:13','',' ',NULL),(1093,'racoes','rações',3,3,NULL,NULL,'2025-03-28 20:58:13','',' ',NULL),(1094,'guindaste','guindaste',3,3,NULL,NULL,'2025-03-28 20:58:13','',' ',NULL),(1095,'pistola','pistola',3,3,NULL,NULL,'2025-03-28 20:58:13','',' ',NULL),(1096,'area','área',3,3,NULL,NULL,'2025-03-28 20:58:13','',' ',NULL),(1097,'fusao','fusão',3,3,NULL,NULL,'2025-03-28 20:58:13','',' ',NULL),(1098,'arame','arame',3,3,NULL,NULL,'2025-03-28 20:58:13','',' ',NULL),(1099,'aquaviario','aquaviário',3,3,NULL,NULL,'2025-03-28 20:58:13','',' ',NULL),(1100,'filosofia','filosofia',3,3,NULL,NULL,'2025-03-28 20:58:13','',' ',NULL),(1101,'moldar','moldar',1,1,NULL,NULL,'2025-03-28 20:58:13','',' ',NULL),(1102,'impermeabilizante','impermeabilizante',7,7,NULL,NULL,'2025-03-28 20:58:13','',' ',NULL),(1103,'tupia','tupia',3,3,NULL,NULL,'2025-03-28 20:58:13','',' ',NULL),(1104,'ferroviarias','ferroviárias',3,3,NULL,NULL,'2025-03-28 20:58:13','',' ',NULL),(1106,'moda','moda',3,3,NULL,NULL,'2025-03-28 20:58:13','',' ',NULL),(1107,'lavadeiro','lavadeiro',3,3,NULL,NULL,'2025-03-28 20:58:13','',' ',NULL),(1108,'cobrador','cobrador',3,3,NULL,NULL,'2025-03-28 20:58:13','',' ',NULL),(1109,'colheitadeira','colheitadeira',3,3,NULL,NULL,'2025-03-28 20:58:13','',' ',NULL),(1110,'branco','branco',7,7,NULL,NULL,'2025-03-28 20:58:13','',' ',NULL),(1111,'geneticista','geneticista',3,3,NULL,NULL,'2025-03-28 20:58:13','',' ',NULL),(1112,'espirometria','espirometria',3,3,NULL,NULL,'2025-03-28 20:58:13','',' ',NULL),(1113,'postal','postal',7,7,NULL,NULL,'2025-03-28 20:58:13','',' ',NULL),(1114,'explosao','explosão',3,3,NULL,NULL,'2025-03-28 20:58:13','',' ',NULL),(1116,'cafeicultor','cafeicultor',3,3,NULL,NULL,'2025-03-28 20:58:13','',' ',NULL),(1117,'talha','talha',3,3,NULL,NULL,'2025-03-28 20:58:13','',' ',NULL),(1118,'rodovias','rodovias',3,3,NULL,NULL,'2025-03-28 20:58:13','',' ',NULL),(1119,'clinico','clínico',3,3,NULL,NULL,'2025-03-28 20:58:13','',' ',NULL),(1120,'quimica','química',7,7,NULL,NULL,'2025-03-28 20:58:13','',' ',NULL),(1121,'fluidos','fluidos',3,3,NULL,NULL,'2025-03-28 20:58:13','',' ',NULL),(1122,'plastico','plástico',3,3,NULL,NULL,'2025-03-28 20:58:13','',' ',NULL),(1123,'analogico','analógico',7,7,NULL,NULL,'2025-03-28 20:58:14','',' ',NULL),(1124,'publicitario','publicitário',7,7,NULL,NULL,'2025-03-28 20:58:14','',' ',NULL),(1125,'canola','canola',3,3,NULL,NULL,'2025-03-28 20:58:14','',' ',NULL),(1126,'oleiro','oleiro',3,3,NULL,NULL,'2025-03-28 20:58:14','',' ',NULL),(1127,'meias','meias',3,3,NULL,NULL,'2025-03-28 20:58:14','',' ',NULL),(1128,'variavel','variável',7,7,NULL,NULL,'2025-03-28 20:58:14','',' ',NULL),(1129,'dende','dendê',3,3,NULL,NULL,'2025-03-28 20:58:14','',' ',NULL),(1130,'federal','federal',7,7,NULL,NULL,'2025-03-28 20:58:14','',' ',NULL),(1131,'abrasivos','abrasivos',7,7,NULL,NULL,'2025-03-28 20:58:14','',' ',NULL),(1132,'meteorologia','meteorologia',3,3,NULL,NULL,'2025-03-28 20:58:14','',' ',NULL),(1133,'minerios','minérios',3,3,NULL,NULL,'2025-03-28 20:58:14','',' ',NULL),(1134,'escola','escola',3,3,NULL,NULL,'2025-03-28 20:58:14','',' ',NULL),(1135,'bioquimica','bioquímica',7,7,NULL,NULL,'2025-03-28 20:58:14','',' ',NULL),(1136,'bombeamento','bombeamento',3,3,NULL,NULL,'2025-03-28 20:58:14','',' ',NULL),(1137,'festas','festas',3,3,NULL,NULL,'2025-03-28 20:58:14','',' ',NULL),(1138,'edificios','edifícios',3,3,NULL,NULL,'2025-03-28 20:58:14','',' ',NULL),(1139,'hidrogenador','hidrogenador',3,3,NULL,NULL,'2025-03-28 20:58:14','',' ',NULL),(1140,'eletromecanico','eletromecânico',7,7,NULL,NULL,'2025-03-28 20:58:14','',' ',NULL),(1142,'afretador','afretador',3,3,NULL,NULL,'2025-03-28 20:58:14','',' ',NULL),(1143,'tuberculos','tubérculos',3,3,NULL,NULL,'2025-03-28 20:58:14','',' ',NULL),(1144,'xadrez','xadrez',3,3,NULL,NULL,'2025-03-28 20:58:14','',' ',NULL),(1145,'citopatologista','citopatologista',7,7,NULL,NULL,'2025-03-28 20:58:14','',' ',NULL),(1146,'laminador','laminador',3,3,NULL,NULL,'2025-03-28 20:58:14','',' ',NULL),(1147,'fac','fac',3,3,NULL,NULL,'2025-03-28 20:58:14','',' ',NULL),(1148,'maquinas-ferramenta','máquinas-ferramenta',3,3,NULL,NULL,'2025-03-28 20:58:14','',' ',NULL),(1149,'cortadoras','cortadoras',7,7,NULL,NULL,'2025-03-28 20:58:14','',' ',NULL),(1150,'telhador','telhador',3,3,NULL,NULL,'2025-03-28 20:58:14','',' ',NULL),(1151,'vinil','vinil',3,3,NULL,NULL,'2025-03-28 20:58:14','',' ',NULL),(1152,'assentador','assentador',3,3,NULL,NULL,'2025-03-28 20:58:14','',' ',NULL),(1153,'nefrologista','nefrologista',7,7,NULL,NULL,'2025-03-28 20:58:14','',' ',NULL),(1154,'bovinos','bovinos',3,3,NULL,NULL,'2025-03-28 20:58:14','',' ',NULL),(1155,'veterinario','veterinário',3,3,NULL,NULL,'2025-03-28 20:58:14','',' ',NULL),(1156,'arrematadeira','arrematadeira',3,3,NULL,NULL,'2025-03-28 20:58:14','',' ',NULL),(1158,'radiotelegrafista','radiotelegrafista',3,3,NULL,NULL,'2025-03-28 20:58:14','',' ',NULL),(1159,'cortador','cortador',3,3,NULL,NULL,'2025-03-28 20:58:14','',' ',NULL),(1160,'confeccao','confecção',3,3,NULL,NULL,'2025-03-28 20:58:14','',' ',NULL),(1161,'espanhola','espanhola',7,7,NULL,NULL,'2025-03-28 20:58:14','',' ',NULL),(1162,'sorgo','sorgo',3,3,NULL,NULL,'2025-03-28 20:58:14','',' ',NULL),(1163,'tratamento','tratamento',3,3,NULL,NULL,'2025-03-28 20:58:14','',' ',NULL),(1165,'linguistica','lingüística',7,7,NULL,NULL,'2025-03-28 20:58:14','',' ',NULL),(1166,'ar','ar',3,3,NULL,NULL,'2025-03-28 20:58:14','',' ',NULL),(1167,'orofacial','orofacial',7,7,NULL,NULL,'2025-03-28 20:58:14','',' ',NULL),(1168,'martelo','martelo',3,3,NULL,NULL,'2025-03-28 20:58:14','',' ',NULL),(1169,'automotores','automotores',7,7,NULL,NULL,'2025-03-28 20:58:14','',' ',NULL),(1170,'retilinea','retilínea',7,7,NULL,NULL,'2025-03-28 20:58:14','',' ',NULL),(1171,'madeira','madeira',3,3,NULL,NULL,'2025-03-28 20:58:14','',' ',NULL),(1172,'tenente-coronel','tenente-coronel',3,3,NULL,NULL,'2025-03-28 20:58:14','',' ',NULL),(1173,'telhas','telhas',3,3,NULL,NULL,'2025-03-28 20:58:14','',' ',NULL),(1174,'basica','básica',7,7,NULL,NULL,'2025-03-28 20:58:14','',' ',NULL),(1175,'veiculos','veículos',3,3,NULL,NULL,'2025-03-28 20:58:14','',' ',NULL),(1176,'fio','fio',3,3,NULL,NULL,'2025-03-28 20:58:14','',' ',NULL),(1177,'automotores','automotores',3,3,NULL,NULL,'2025-03-28 20:58:14','',' ',NULL),(1178,'armazenagem','armazenagem',3,3,NULL,NULL,'2025-03-28 20:58:14','',' ',NULL),(1179,'mercado','mercado',3,3,NULL,NULL,'2025-03-28 20:58:14','',' ',NULL),(1180,'bucomaxilofacial','bucomaxilofacial',7,7,NULL,NULL,'2025-03-28 20:58:14','',' ',NULL),(1181,'restaurador','restaurador',3,3,NULL,NULL,'2025-03-28 20:58:14','',' ',NULL),(1183,'helicoptero','helicóptero',3,3,NULL,NULL,'2025-03-28 20:58:14','',' ',NULL),(1184,'cerimonialista','cerimonialista',3,3,NULL,NULL,'2025-03-28 20:58:14','',' ',NULL),(1185,'mineracao','mineração',3,3,NULL,NULL,'2025-03-28 20:58:14','',' ',NULL),(1186,'profundo','profundo',7,7,NULL,NULL,'2025-03-28 20:58:14','',' ',NULL),(1187,'pessoais','pessoais',7,7,NULL,NULL,'2025-03-28 20:58:14','',' ',NULL),(1188,'comparada','comparada',1,1,NULL,NULL,'2025-03-28 20:58:14','',' ',NULL),(1189,'hidrografia','hidrografia',3,3,NULL,NULL,'2025-03-28 20:58:14','',' ',NULL),(1190,'casqueador','casqueador',3,3,NULL,NULL,'2025-03-28 20:58:14','',' ',NULL),(1191,'doula','doula',3,3,NULL,NULL,'2025-03-28 20:58:14','',' ',NULL),(1192,'jacquard','jacquard',3,3,NULL,NULL,'2025-03-28 20:58:14','',' ',NULL),(1193,'informatica','informática',7,7,NULL,NULL,'2025-03-28 20:58:14','',' ',NULL),(1194,'cosmeticos','cosméticos',3,3,NULL,NULL,'2025-03-28 20:58:14','',' ',NULL),(1195,'teatral','teatral',7,7,NULL,NULL,'2025-03-28 20:58:14','',' ',NULL),(1196,'cortina','cortina',3,3,NULL,NULL,'2025-03-28 20:58:14','',' ',NULL),(1197,'examinador','examinador',3,3,NULL,NULL,'2025-03-28 20:58:14','',' ',NULL),(1198,'subprocurador','subprocurador',3,3,NULL,NULL,'2025-03-28 20:58:14','',' ',NULL),(1199,'rotativa','rotativa',3,3,NULL,NULL,'2025-03-28 20:58:14','',' ',NULL),(1200,'agua-forte','água-forte',3,3,NULL,NULL,'2025-03-28 20:58:14','',' ',NULL),(1201,'zootecnia','zootecnia',3,3,NULL,NULL,'2025-03-28 20:58:14','',' ',NULL),(1202,'ferrovia','ferrovia',3,3,NULL,NULL,'2025-03-28 20:58:14','',' ',NULL),(1203,'estado','estado',3,3,NULL,NULL,'2025-03-28 20:58:14','',' ',NULL),(1204,'arteterapeuta','arteterapeuta',3,3,NULL,NULL,'2025-03-28 20:58:14','',' ',NULL),(1205,'patrimonial','patrimonial',7,7,NULL,NULL,'2025-03-28 20:58:14','',' ',NULL),(1206,'marinha','marinha',3,3,NULL,NULL,'2025-03-28 20:58:14','',' ',NULL),(1207,'mercadorias','mercadorias',3,3,NULL,NULL,'2025-03-28 20:58:14','',' ',NULL),(1208,'policial','policial',7,7,NULL,NULL,'2025-03-28 20:58:14','',' ',NULL),(1209,'jacares','jacarés',3,3,NULL,NULL,'2025-03-28 20:58:14','',' ',NULL),(1210,'governanta','governanta',3,3,NULL,NULL,'2025-03-28 20:58:14','',' ',NULL),(1211,'carro','carro',3,3,NULL,NULL,'2025-03-28 20:58:14','',' ',NULL),(1212,'audiovisual','audiovisual',7,7,NULL,NULL,'2025-03-28 20:58:14','',' ',NULL),(1213,'capatazia','capatazia',3,3,NULL,NULL,'2025-03-28 20:58:14','',' ',NULL),(1214,'pa','pá',3,3,NULL,NULL,'2025-03-28 20:58:14','',' ',NULL),(1215,'monta-cargas','monta-cargas',3,3,NULL,NULL,'2025-03-28 20:58:14','',' ',NULL),(1216,'leves','leves',7,7,NULL,NULL,'2025-03-28 20:58:14','',' ',NULL),(1217,'materias','materias',3,3,NULL,NULL,'2025-03-28 20:58:14','',' ',NULL),(1218,'aspersao','aspersão',3,3,NULL,NULL,'2025-03-28 20:58:14','',' ',NULL),(1219,'churrasqueiro','churrasqueiro',3,3,NULL,NULL,'2025-03-28 20:58:14','',' ',NULL),(1220,'auxiliar','auxiliar',3,3,NULL,NULL,'2025-03-28 20:58:14','',' ',NULL),(1221,'metrologico','metrológico',7,7,NULL,NULL,'2025-03-28 20:58:14','',' ',NULL),(1222,'musicais','musicais',7,7,NULL,NULL,'2025-03-28 20:58:14','',' ',NULL),(1223,'leiloeiro','leiloeiro',3,3,NULL,NULL,'2025-03-28 20:58:14','',' ',NULL),(1224,'exclusive','exclusive',13,13,NULL,NULL,'2025-03-28 20:58:14','',' ',NULL),(1225,'prata','prata',3,3,NULL,NULL,'2025-03-28 20:58:14','',' ',NULL),(1226,'pneumologista','pneumologista',7,7,NULL,NULL,'2025-03-28 20:58:14','',' ',NULL),(1227,'aplicado','aplicado',1,1,NULL,NULL,'2025-03-28 20:58:14','',' ',NULL),(1228,'aluminotermico','aluminotérmico',3,3,NULL,NULL,'2025-03-28 20:58:14','',' ',NULL),(1229,'patologista','patologista',3,3,NULL,NULL,'2025-03-28 20:58:14','',' ',NULL),(1230,'bilheteiros','bilheteiros',3,3,NULL,NULL,'2025-03-28 20:58:14','',' ',NULL),(1231,'aveia','aveia',3,3,NULL,NULL,'2025-03-28 20:58:14','',' ',NULL),(1232,'agropecuarias','agropecuárias',7,7,NULL,NULL,'2025-03-28 20:58:14','',' ',NULL),(1233,'confeccionadas','confeccionadas',1,1,NULL,NULL,'2025-03-28 20:58:14','',' ',NULL),(1234,'escorador','escorador',3,3,NULL,NULL,'2025-03-28 20:58:14','',' ',NULL),(1235,'baiana','baiana',3,3,NULL,NULL,'2025-03-28 20:58:15','',' ',NULL),(1236,'minhocultura','minhocultura',3,3,NULL,NULL,'2025-03-28 20:58:15','',' ',NULL),(1237,'protestos','protestos',3,3,NULL,NULL,'2025-03-28 20:58:15','',' ',NULL),(1238,'retorcedeira','retorcedeira',3,3,NULL,NULL,'2025-03-28 20:58:15','',' ',NULL),(1239,'lagareiro','lagareiro',3,3,NULL,NULL,'2025-03-28 20:58:15','',' ',NULL),(1240,'biologia','biologia',3,3,NULL,NULL,'2025-03-28 20:58:15','',' ',NULL),(1241,'coco-da-baia','coco-da-baia',3,3,NULL,NULL,'2025-03-28 20:58:15','',' ',NULL),(1242,'rejuntador','rejuntador',3,3,NULL,NULL,'2025-03-28 20:58:15','',' ',NULL),(1243,'camareiro','camareiro',3,3,NULL,NULL,'2025-03-28 20:58:15','',' ',NULL),(1244,'ufologo','ufólogo',3,3,NULL,NULL,'2025-03-28 20:58:15','',' ',NULL),(1245,'corte','corte',3,3,NULL,NULL,'2025-03-28 20:58:15','',' ',NULL),(1246,'solucoes','soluções',3,3,NULL,NULL,'2025-03-28 20:58:15','',' ',NULL),(1248,'oncologista','oncologista',7,7,NULL,NULL,'2025-03-28 20:58:15','',' ',NULL),(1249,'tapeceiro','tapeceiro',3,3,NULL,NULL,'2025-03-28 20:58:15','',' ',NULL),(1250,'laticinios','laticínios',3,3,NULL,NULL,'2025-03-28 20:58:15','',' ',NULL),(1251,'embalagens','embalagens',3,3,NULL,NULL,'2025-03-28 20:58:15','',' ',NULL),(1252,'intercaladora','intercaladora',7,7,NULL,NULL,'2025-03-28 20:58:15','',' ',NULL),(1253,'projeto','projeto',3,3,NULL,NULL,'2025-03-28 20:58:15','',' ',NULL),(1254,'textos','textos',3,3,NULL,NULL,'2025-03-28 20:58:15','',' ',NULL),(1255,'toxicologista','toxicologista',3,3,NULL,NULL,'2025-03-28 20:58:15','',' ',NULL),(1257,'epidemiologista','epidemiologista',3,3,NULL,NULL,'2025-03-28 20:58:15','',' ',NULL),(1258,'destilador','destilador',3,3,NULL,NULL,'2025-03-28 20:58:15','',' ',NULL),(1259,'operador-mantenedor','operador-mantenedor',3,3,NULL,NULL,'2025-03-28 20:58:15','',' ',NULL),(1260,'guilhotina','guilhotina',3,3,NULL,NULL,'2025-03-28 20:58:15','',' ',NULL),(1261,'exatas','exatas',7,7,NULL,NULL,'2025-03-28 20:58:15','',' ',NULL),(1262,'tradutor','tradutor',3,3,NULL,NULL,'2025-03-28 20:58:15','',' ',NULL),(1263,'dados','dados',3,3,NULL,NULL,'2025-03-28 20:58:15','',' ',NULL),(1264,'motoniveladora','motoniveladora',3,3,NULL,NULL,'2025-03-28 20:58:15','',' ',NULL),(1265,'educacao','educação',3,3,NULL,NULL,'2025-03-28 20:58:15','',' ',NULL),(1266,'aco','aço',3,3,NULL,NULL,'2025-03-28 20:58:15','',' ',NULL),(1267,'produtos','produtos',3,3,NULL,NULL,'2025-03-28 20:58:15','',' ',NULL),(1268,'cerimonias','cerimonias',3,3,NULL,NULL,'2025-03-28 20:58:15','',' ',NULL),(1269,'titulos','títulos',3,3,NULL,NULL,'2025-03-28 20:58:15','',' ',NULL),(1270,'fresadora','fresadora',3,3,NULL,NULL,'2025-03-28 20:58:15','',' ',NULL),(1271,'polissonografia','polissonografia',3,3,NULL,NULL,'2025-03-28 20:58:15','',' ',NULL),(1272,'sericultor','sericultor',3,3,NULL,NULL,'2025-03-28 20:58:15','',' ',NULL),(1273,'fonoaudiologo','fonoaudiólogo',3,3,NULL,NULL,'2025-03-28 20:58:15','',' ',NULL),(1274,'integrativas','integrativas',7,7,NULL,NULL,'2025-03-28 20:58:15','',' ',NULL),(1275,'imobiliario','imobiliário',7,7,NULL,NULL,'2025-03-28 20:58:15','',' ',NULL),(1276,'e-commerce','e-commerce',3,3,NULL,NULL,'2025-03-28 20:58:15','',' ',NULL),(1277,'nutricao','nutrição',3,3,NULL,NULL,'2025-03-28 20:58:15','',' ',NULL),(1279,'criatorios','criatórios',3,3,NULL,NULL,'2025-03-28 20:58:15','',' ',NULL),(1282,'milho','milho',3,3,NULL,NULL,'2025-03-28 20:58:15','',' ',NULL),(1283,'transportes','transportes',3,3,NULL,NULL,'2025-03-28 20:58:15','',' ',NULL),(1284,'preparacao','preparação',3,3,NULL,NULL,'2025-03-28 20:58:15','',' ',NULL),(1285,'betoneira','betoneira',3,3,NULL,NULL,'2025-03-28 20:58:15','',' ',NULL),(1286,'fixas','fixas',7,7,NULL,NULL,'2025-03-28 20:58:15','',' ',NULL),(1287,'fisica','física',7,7,NULL,NULL,'2025-03-28 20:58:15','',' ',NULL),(1288,'rolantes','rolantes',7,7,NULL,NULL,'2025-03-28 20:58:15','',' ',NULL),(1289,'ruas','ruas',3,3,NULL,NULL,'2025-03-28 20:58:15','',' ',NULL),(1290,'abatedor','abatedor',3,3,NULL,NULL,'2025-03-28 20:58:15','',' ',NULL),(1291,'tubos','tubos',3,3,NULL,NULL,'2025-03-28 20:58:15','',' ',NULL),(1292,'lojas','lojas',3,3,NULL,NULL,'2025-03-28 20:58:15','',' ',NULL),(1293,'oftalmico','oftálmico',7,7,NULL,NULL,'2025-03-28 20:58:15','',' ',NULL),(1294,'pavimentadora','pavimentadora',3,3,NULL,NULL,'2025-03-28 20:58:15','',' ',NULL),(1295,'percussao','percussão',3,3,NULL,NULL,'2025-03-28 20:58:15','',' ',NULL),(1296,'ceramista','ceramista',7,7,NULL,NULL,'2025-03-28 20:58:15','',' ',NULL),(1297,'loja','loja',3,3,NULL,NULL,'2025-03-28 20:58:15','',' ',NULL),(1298,'calculo','cálculo',3,3,NULL,NULL,'2025-03-28 20:58:15','',' ',NULL),(1299,'pugilista','pugilista',3,3,NULL,NULL,'2025-03-28 20:58:15','',' ',NULL),(1300,'reparo','reparo',3,3,NULL,NULL,'2025-03-28 20:58:15','',' ',NULL),(1301,'reciclado','reciclado',1,1,NULL,NULL,'2025-03-28 20:58:15','',' ',NULL),(1302,'numerologo','numerólogo',3,3,NULL,NULL,'2025-03-28 20:58:15','',' ',NULL),(1303,'calafetador','calafetador',3,3,NULL,NULL,'2025-03-28 20:58:15','',' ',NULL),(1304,'portuarias','portuárias',7,7,NULL,NULL,'2025-03-28 20:58:15','',' ',NULL),(1305,'fuloneiro','fuloneiro',13,13,NULL,NULL,'2025-03-28 20:58:15','',' ',NULL),(1306,'embalador','embalador',3,3,NULL,NULL,'2025-03-28 20:58:15','',' ',NULL),(1307,'desgaseificacao','desgaseificação',3,3,NULL,NULL,'2025-03-28 20:58:15','',' ',NULL),(1308,'fundamental','fundamental',7,7,NULL,NULL,'2025-03-28 20:58:15','',' ',NULL),(1309,'palhaco','palhaço',3,3,NULL,NULL,'2025-03-28 20:58:15','',' ',NULL),(1310,'analises','análises',3,3,NULL,NULL,'2025-03-28 20:58:15','',' ',NULL),(1311,'sociais','sociais',7,7,NULL,NULL,'2025-03-28 20:58:15','',' ',NULL),(1313,'letterset','letterset',3,3,NULL,NULL,'2025-03-28 20:58:15','',' ',NULL),(1314,'bens','bens',3,3,NULL,NULL,'2025-03-28 20:58:15','',' ',NULL),(1315,'futebol','futebol',3,3,NULL,NULL,'2025-03-28 20:58:15','',' ',NULL),(1316,'encanador','encanador',3,3,NULL,NULL,'2025-03-28 20:58:15','',' ',NULL),(1317,'patronal','patronal',7,7,NULL,NULL,'2025-03-28 20:58:15','',' ',NULL),(1318,'pesqueira','pesqueira',7,7,NULL,NULL,'2025-03-28 20:58:15','',' ',NULL),(1319,'estamparia','estamparia',3,3,NULL,NULL,'2025-03-28 20:58:15','',' ',NULL),(1320,'calibradores','calibradores',3,3,NULL,NULL,'2025-03-28 20:58:15','',' ',NULL),(1321,'madeiras','madeiras',3,3,NULL,NULL,'2025-03-28 20:58:15','',' ',NULL),(1322,'funcional','funcional',7,7,NULL,NULL,'2025-03-28 20:58:15','',' ',NULL),(1323,'palecionador','palecionador',3,3,NULL,NULL,'2025-03-28 20:58:15','',' ',NULL),(1324,'ecojoias','ecojóias',3,3,NULL,NULL,'2025-03-28 20:58:15','',' ',NULL),(1325,'tricoteiro','tricoteiro',3,3,NULL,NULL,'2025-03-28 20:58:15','',' ',NULL),(1326,'locomotivas','locomotivas',3,3,NULL,NULL,'2025-03-28 20:58:15','',' ',NULL),(1327,'brigadista','brigadista',3,3,NULL,NULL,'2025-03-28 20:58:15','',' ',NULL),(1328,'vidraceiro','vidraceiro',3,3,NULL,NULL,'2025-03-28 20:58:15','',' ',NULL),(1329,'agropecuario','agropecuário',7,7,NULL,NULL,'2025-03-28 20:58:15','',' ',NULL),(1330,'vinhos','vinhos',3,3,NULL,NULL,'2025-03-28 20:58:15','',' ',NULL),(1331,'neuropsicologo','neuropsicólogo',3,3,NULL,NULL,'2025-03-28 20:58:15','',' ',NULL),(1332,'quadro','quadro',3,3,NULL,NULL,'2025-03-28 20:58:15','',' ',NULL),(1333,'contador','contador',3,3,NULL,NULL,'2025-03-28 20:58:15','',' ',NULL),(1334,'cnc','cnc',3,3,NULL,NULL,'2025-03-28 20:58:15','',' ',NULL),(1335,'petrografo','petrógrafo',3,3,NULL,NULL,'2025-03-28 20:58:15','',' ',NULL),(1336,'ceramica','cerâmica',3,3,NULL,NULL,'2025-03-28 20:58:15','',' ',NULL),(1337,'fisioterapeuta','fisioterapeuta',3,3,NULL,NULL,'2025-03-28 20:58:15','',' ',NULL),(1338,'vegetal','vegetal',7,7,NULL,NULL,'2025-03-28 20:58:15','',' ',NULL),(1339,'instrumentista','instrumentista',7,7,NULL,NULL,'2025-03-28 20:58:15','',' ',NULL),(1340,'atleta','atleta',3,3,NULL,NULL,'2025-03-28 20:58:15','',' ',NULL),(1342,'trilhos','trilhos',3,3,NULL,NULL,'2025-03-28 20:58:15','',' ',NULL),(1343,'desincrustador','desincrustador',3,3,NULL,NULL,'2025-03-28 20:58:15','',' ',NULL),(1344,'primeira','primeira',7,7,NULL,NULL,'2025-03-28 20:58:15','',' ',NULL),(1345,'biotecnologista','biotecnologista',3,3,NULL,NULL,'2025-03-28 20:58:15','',' ',NULL),(1346,'bacaba','bacaba',3,3,NULL,NULL,'2025-03-28 20:58:15','',' ',NULL),(1347,'restauracao','restauração',3,3,NULL,NULL,'2025-03-28 20:58:15','',' ',NULL),(1348,'alvejador','alvejador',3,3,NULL,NULL,'2025-03-28 20:58:15','',' ',NULL),(1349,'castanha','castanha',3,3,NULL,NULL,'2025-03-28 20:58:15','',' ',NULL),(1350,'dinamos','dínamos',1,1,NULL,NULL,'2025-03-28 20:58:15','',' ',NULL),(1351,'montador','montador',3,3,NULL,NULL,'2025-03-28 20:58:15','',' ',NULL),(1352,'optica','óptica',3,3,NULL,NULL,'2025-03-28 20:58:15','',' ',NULL),(1353,'brinquedista','brinquedista',3,3,NULL,NULL,'2025-03-28 20:58:15','',' ',NULL),(1354,'engastador','engastador',3,3,NULL,NULL,'2025-03-28 20:58:15','',' ',NULL),(1355,'aromista','aromista',3,3,NULL,NULL,'2025-03-28 20:58:16','',' ',NULL),(1356,'forense','forense',7,7,NULL,NULL,'2025-03-28 20:58:16','',' ',NULL),(1357,'legista','legista',7,7,NULL,NULL,'2025-03-28 20:58:16','',' ',NULL),(1358,'resfriamento','resfriamento',3,3,NULL,NULL,'2025-03-28 20:58:16','',' ',NULL),(1359,'flexografico','flexográfico',7,7,NULL,NULL,'2025-03-28 20:58:16','',' ',NULL),(1360,'flutuacao','flutuação',3,3,NULL,NULL,'2025-03-28 20:58:16','',' ',NULL),(1361,'caldeira','caldeira',3,3,NULL,NULL,'2025-03-28 20:58:16','',' ',NULL),(1362,'teorico','teórico',7,7,NULL,NULL,'2025-03-28 20:58:16','',' ',NULL),(1363,'licores','licores',3,3,NULL,NULL,'2025-03-28 20:58:16','',' ',NULL),(1364,'animais','animais',3,3,NULL,NULL,'2025-03-28 20:58:16','',' ',NULL),(1365,'automobilistica','automobilística',7,7,NULL,NULL,'2025-03-28 20:58:16','',' ',NULL),(1366,'orientador','orientador',3,3,NULL,NULL,'2025-03-28 20:58:16','',' ',NULL),(1367,'fluviario','fluviário',7,7,NULL,NULL,'2025-03-28 20:58:16','',' ',NULL),(1368,'refrigeracao','refrigeração',3,3,NULL,NULL,'2025-03-28 20:58:16','',' ',NULL),(1369,'ostras','ostras',3,3,NULL,NULL,'2025-03-28 20:58:16','',' ',NULL),(1370,'arrumador','arrumador',7,7,NULL,NULL,'2025-03-28 20:58:16','',' ',NULL),(1371,'arbustos','arbustos',3,3,NULL,NULL,'2025-03-28 20:58:16','',' ',NULL),(1372,'mandris','mandris',3,3,NULL,NULL,'2025-03-28 20:58:16','',' ',NULL),(1373,'produto','produto',3,3,NULL,NULL,'2025-03-28 20:58:16','',' ',NULL),(1374,'conflitos','conflitos',3,3,NULL,NULL,'2025-03-28 20:58:16','',' ',NULL),(1375,'refino','refino',3,3,NULL,NULL,'2025-03-28 20:58:16','',' ',NULL),(1376,'lapidador','lapidador',3,3,NULL,NULL,'2025-03-28 20:58:16','',' ',NULL),(1377,'aquaviario','aquaviario',7,7,NULL,NULL,'2025-03-28 20:58:16','',' ',NULL),(1378,'registro','registro',3,3,NULL,NULL,'2025-03-28 20:58:16','',' ',NULL),(1379,'especializado','especializado',1,1,NULL,NULL,'2025-03-28 20:58:16','',' ',NULL),(1380,'marketing','marketing',3,3,NULL,NULL,'2025-03-28 20:58:16','',' ',NULL),(1382,'antropologia','antropologia',3,3,NULL,NULL,'2025-03-28 20:58:16','',' ',NULL),(1384,'joias','jóias',3,3,NULL,NULL,'2025-03-28 20:58:16','',' ',NULL),(1385,'portuaria','portuária',7,7,NULL,NULL,'2025-03-28 20:58:16','',' ',NULL),(1386,'guarda','guarda',3,3,NULL,NULL,'2025-03-28 20:58:16','',' ',NULL),(1387,'embutir','embutir',1,1,NULL,NULL,'2025-03-28 20:58:16','',' ',NULL),(1388,'manobras','manobras',3,3,NULL,NULL,'2025-03-28 20:58:16','',' ',NULL),(1389,'cientista','cientista',3,3,NULL,NULL,'2025-03-28 20:58:16','',' ',NULL),(1390,'emissor','emissor',3,3,NULL,NULL,'2025-03-28 20:58:16','',' ',NULL),(1391,'vidro','vidro',3,3,NULL,NULL,'2025-03-28 20:58:16','',' ',NULL),(1393,'ciclista','ciclista',3,3,NULL,NULL,'2025-03-28 20:58:16','',' ',NULL),(1394,'eletrica','elétrica',7,7,NULL,NULL,'2025-03-28 20:58:16','',' ',NULL),(1395,'ovinocultura','ovinocultura',3,3,NULL,NULL,'2025-03-28 20:58:16','',' ',NULL),(1396,'toxicas','tóxicas',7,7,NULL,NULL,'2025-03-28 20:58:16','',' ',NULL),(1397,'textual','textual',7,7,NULL,NULL,'2025-03-28 20:58:16','',' ',NULL),(1398,'tecelao','tecelão',3,3,NULL,NULL,'2025-03-28 20:58:16','',' ',NULL),(1399,'forjador','forjador',13,13,NULL,NULL,'2025-03-28 20:58:16','',' ',NULL),(1400,'indigena','indígena',7,7,NULL,NULL,'2025-03-28 20:58:16','',' ',NULL),(1401,'metropolitano','metropolitano',7,7,NULL,NULL,'2025-03-28 20:58:16','',' ',NULL),(1402,'frutas','frutas',3,3,NULL,NULL,'2025-03-28 20:58:16','',' ',NULL),(1403,'chapa','chapa',3,3,NULL,NULL,'2025-03-28 20:58:16','',' ',NULL),(1405,'varredor','varredor',3,3,NULL,NULL,'2025-03-28 20:58:16','',' ',NULL),(1406,'telefonista','telefonista',3,3,NULL,NULL,'2025-03-28 20:58:16','',' ',NULL),(1407,'inspetor','inspetor',3,3,NULL,NULL,'2025-03-28 20:58:16','',' ',NULL),(1408,'ovinos','ovinos',3,3,NULL,NULL,'2025-03-28 20:58:16','',' ',NULL),(1409,'aereo','aéreo',7,7,NULL,NULL,'2025-03-28 20:58:16','',' ',NULL),(1410,'laboratorista','laboratorista',3,3,NULL,NULL,'2025-03-28 20:58:16','',' ',NULL),(1411,'domestico','doméstico',7,7,NULL,NULL,'2025-03-28 20:58:16','',' ',NULL),(1412,'materiais','materiais',3,3,NULL,NULL,'2025-03-28 20:58:16','',' ',NULL),(1413,'modelador','modelador',3,3,NULL,NULL,'2025-03-28 20:58:16','',' ',NULL),(1414,'aerea','aérea',7,7,NULL,NULL,'2025-03-28 20:58:16','',' ',NULL),(1415,'medida','medida',3,3,NULL,NULL,'2025-03-28 20:58:16','',' ',NULL),(1416,'sushiman','sushiman',3,3,NULL,NULL,'2025-03-28 20:58:16','',' ',NULL),(1417,'tenente','tenente',3,3,NULL,NULL,'2025-03-28 20:58:16','',' ',NULL),(1418,'metalicas','metálicas',7,7,NULL,NULL,'2025-03-28 20:58:16','',' ',NULL),(1419,'motosserras','motosserras',3,3,NULL,NULL,'2025-03-28 20:58:16','',' ',NULL),(1420,'empregado','empregado',1,1,NULL,NULL,'2025-03-28 20:58:16','',' ',NULL),(1421,'fabricar','fabricar',1,1,NULL,NULL,'2025-03-28 20:58:16','',' ',NULL),(1422,'taifeiro','taifeiro',3,3,NULL,NULL,'2025-03-28 20:58:16','',' ',NULL),(1424,'pecuaria','pecuária',3,3,NULL,NULL,'2025-03-28 20:58:16','',' ',NULL),(1425,'autorais','autorais',7,7,NULL,NULL,'2025-03-28 20:58:16','',' ',NULL),(1426,'propelido','propelido',3,3,NULL,NULL,'2025-03-28 20:58:16','',' ',NULL),(1427,'paes','pães',3,3,NULL,NULL,'2025-03-28 20:58:16','',' ',NULL),(1428,'maquina','máquina',3,3,NULL,NULL,'2025-03-28 20:58:16','',' ',NULL),(1430,'esmaltadeira','esmaltadeira',5,5,NULL,NULL,'2025-03-28 20:58:16','',' ',NULL),(1431,'meios','meios',3,3,NULL,NULL,'2025-03-28 20:58:16','',' ',NULL),(1432,'pedicure','pedicure',3,3,NULL,NULL,'2025-03-28 20:58:16','',' ',NULL),(1433,'rolante','rolante',7,7,NULL,NULL,'2025-03-28 20:58:16','',' ',NULL),(1434,'babacu','babaçu',3,3,NULL,NULL,'2025-03-28 20:58:16','',' ',NULL),(1435,'convertedor','convertedor',3,3,NULL,NULL,'2025-03-28 20:58:16','',' ',NULL),(1436,'sapatos','sapatos',3,3,NULL,NULL,'2025-03-28 20:58:16','',' ',NULL),(1437,'mobiliario','mobiliário',3,3,NULL,NULL,'2025-03-28 20:58:16','',' ',NULL),(1439,'convencional','convencional',7,7,NULL,NULL,'2025-03-28 20:58:16','',' ',NULL),(1440,'vistoriador','vistoriador',3,3,NULL,NULL,'2025-03-28 20:58:16','',' ',NULL),(1441,'lactarista','lactarista',3,3,NULL,NULL,'2025-03-28 20:58:16','',' ',NULL),(1442,'moveleiro','moveleiro',3,3,NULL,NULL,'2025-03-28 20:58:16','',' ',NULL),(1443,'lixo','lixo',3,3,NULL,NULL,'2025-03-28 20:58:16','',' ',NULL),(1444,'juridicos','jurídicos',7,7,NULL,NULL,'2025-03-28 20:58:16','',' ',NULL),(1445,'afiador','afiador',3,3,NULL,NULL,'2025-03-28 20:58:16','',' ',NULL),(1446,'subprodutos','subprodutos',3,3,NULL,NULL,'2025-03-28 20:58:16','',' ',NULL),(1447,'neurofuncional','neurofuncional',7,7,NULL,NULL,'2025-03-28 20:58:16','',' ',NULL),(1449,'caixas','caixas',3,3,NULL,NULL,'2025-03-28 20:58:16','',' ',NULL),(1450,'policia','polícia',3,3,NULL,NULL,'2025-03-28 20:58:16','',' ',NULL),(1451,'cartografia','cartografia',3,3,NULL,NULL,'2025-03-28 20:58:16','',' ',NULL),(1452,'minhocultor','minhocultor',3,3,NULL,NULL,'2025-03-28 20:58:16','',' ',NULL),(1453,'exame','exame',3,3,NULL,NULL,'2025-03-28 20:58:16','',' ',NULL),(1454,'circense','circense',3,3,NULL,NULL,'2025-03-28 20:58:16','',' ',NULL),(1455,'mecanicos','mecânicos',7,7,NULL,NULL,'2025-03-28 20:58:16','',' ',NULL),(1457,'baba','babá',3,3,NULL,NULL,'2025-03-28 20:58:16','',' ',NULL),(1458,'superficie','superfície',3,3,NULL,NULL,'2025-03-28 20:58:16','',' ',NULL),(1459,'tosador','tosador',3,3,NULL,NULL,'2025-03-28 20:58:16','',' ',NULL),(1460,'avicultor','avicultor',3,3,NULL,NULL,'2025-03-28 20:58:16','',' ',NULL),(1462,'equoterapeuta','equoterapeuta',3,3,NULL,NULL,'2025-03-28 20:58:16','',' ',NULL),(1463,'juiz','juiz',3,3,NULL,NULL,'2025-03-28 20:58:16','',' ',NULL),(1464,'transporte','transporte',3,3,NULL,NULL,'2025-03-28 20:58:16','',' ',NULL),(1465,'urdume','urdume',3,3,NULL,NULL,'2025-03-28 20:58:16','',' ',NULL),(1466,'rebaixador','rebaixador',3,3,NULL,NULL,'2025-03-28 20:58:16','',' ',NULL),(1467,'obstetriz','obstetriz',11,11,NULL,NULL,'2025-03-28 20:58:16','',' ',NULL),(1468,'matematico','matemático',3,3,NULL,NULL,'2025-03-28 20:58:16','',' ',NULL),(1469,'amostrador','amostrador',3,3,NULL,NULL,'2025-03-28 20:58:16','',' ',NULL),(1470,'farmaceutica','farmacêutica',7,7,NULL,NULL,'2025-03-28 20:58:16','',' ',NULL),(1471,'brinquedos','brinquedos',3,3,NULL,NULL,'2025-03-28 20:58:16','',' ',NULL),(1472,'costurador','costurador',3,3,NULL,NULL,'2025-03-28 20:58:17','',' ',NULL),(1473,'envasar','envasar',1,1,NULL,NULL,'2025-03-28 20:58:17','',' ',NULL),(1474,'ambulante','ambulante',7,7,NULL,NULL,'2025-03-28 20:58:17','',' ',NULL),(1475,'sericicultura','sericicultura',3,3,NULL,NULL,'2025-03-28 20:58:17','',' ',NULL),(1476,'customer','customer',3,3,NULL,NULL,'2025-03-28 20:58:17','',' ',NULL),(1477,'afins','afins',7,7,NULL,NULL,'2025-03-28 20:58:17','',' ',NULL),(1478,'laticinio','laticínio',3,3,NULL,NULL,'2025-03-28 20:58:17','',' ',NULL),(1479,'teatro','teatro',3,3,NULL,NULL,'2025-03-28 20:58:17','',' ',NULL),(1480,'sanfonadas','sanfonadas',1,1,NULL,NULL,'2025-03-28 20:58:17','',' ',NULL),(1481,'profissionalizante','profissionalizante',7,7,NULL,NULL,'2025-03-28 20:58:17','',' ',NULL),(1482,'naval','naval',3,3,NULL,NULL,'2025-03-28 20:58:17','',' ',NULL),(1483,'musica','música',3,3,NULL,NULL,'2025-03-28 20:58:17','',' ',NULL),(1484,'comprador','comprador',3,3,NULL,NULL,'2025-03-28 20:58:17','',' ',NULL),(1485,'carteiro','carteiro',3,3,NULL,NULL,'2025-03-28 20:58:17','',' ',NULL),(1486,'governador','governador',3,3,NULL,NULL,'2025-03-28 20:58:17','',' ',NULL),(1487,'fumo','fumo',3,3,NULL,NULL,'2025-03-28 20:58:17','',' ',NULL),(1488,'alimentacao','alimentação',3,3,NULL,NULL,'2025-03-28 20:58:17','',' ',NULL),(1489,'arqueologo','arqueólogo',3,3,NULL,NULL,'2025-03-28 20:58:17','',' ',NULL),(1491,'bancaria','bancária',7,7,NULL,NULL,'2025-03-28 20:58:17','',' ',NULL),(1492,'especiarias','especiarias',3,3,NULL,NULL,'2025-03-28 20:58:17','',' ',NULL),(1493,'cerzidor','cerzidor',3,3,NULL,NULL,'2025-03-28 20:58:17','',' ',NULL),(1494,'portas','portas',3,3,NULL,NULL,'2025-03-28 20:58:17','',' ',NULL),(1495,'imagens','imagens',3,3,NULL,NULL,'2025-03-28 20:58:17','',' ',NULL),(1496,'recebedor','recebedor',3,3,NULL,NULL,'2025-03-28 20:58:17','',' ',NULL),(1497,'sacristao','sacristão',3,3,NULL,NULL,'2025-03-28 20:58:17','',' ',NULL),(1498,'industria','indústria',3,3,NULL,NULL,'2025-03-28 20:58:17','',' ',NULL),(1499,'empresa','empresa',3,3,NULL,NULL,'2025-03-28 20:58:17','',' ',NULL),(1500,'descarnador','descarnador',3,3,NULL,NULL,'2025-03-28 20:58:17','',' ',NULL),(1501,'efluentes','efluentes',3,3,NULL,NULL,'2025-03-28 20:58:17','',' ',NULL),(1502,'livres','livres',7,7,NULL,NULL,'2025-03-28 20:58:17','',' ',NULL),(1503,'matrizes','matrizes',3,3,NULL,NULL,'2025-03-28 20:58:17','',' ',NULL),(1504,'salsicheiro','salsicheiro',3,3,NULL,NULL,'2025-03-28 20:58:17','',' ',NULL),(1505,'computador','computador',3,3,NULL,NULL,'2025-03-28 20:58:17','',' ',NULL),(1506,'bordo','bordo',3,3,NULL,NULL,'2025-03-28 20:58:17','',' ',NULL),(1507,'fitotecario','fitotecário',3,3,NULL,NULL,'2025-03-28 20:58:17','',' ',NULL),(1508,'pastilheiro','pastilheiro',3,3,NULL,NULL,'2025-03-28 20:58:17','',' ',NULL),(1509,'terminal','terminal',3,3,NULL,NULL,'2025-03-28 20:58:17','',' ',NULL),(1510,'biodiversidade','biodiversidade',3,3,NULL,NULL,'2025-03-28 20:58:17','',' ',NULL),(1511,'pratico','prático',3,3,NULL,NULL,'2025-03-28 20:58:17','',' ',NULL),(1512,'curtidor','curtidor',3,3,NULL,NULL,'2025-03-28 20:58:17','',' ',NULL),(1513,'artisticas','artísticas',7,7,NULL,NULL,'2025-03-28 20:58:17','',' ',NULL),(1514,'rebarbador','rebarbador',3,3,NULL,NULL,'2025-03-28 20:58:17','',' ',NULL),(1515,'organizacao','organização',3,3,NULL,NULL,'2025-03-28 20:58:17','',' ',NULL),(1516,'toracico','torácico',7,7,NULL,NULL,'2025-03-28 20:58:17','',' ',NULL),(1517,'coordenador','coordenador',3,3,NULL,NULL,'2025-03-28 20:58:17','',' ',NULL),(1518,'estirador','estirador',3,3,NULL,NULL,'2025-03-28 20:58:17','',' ',NULL),(1519,'farmaceuticos','farmacêuticos',7,7,NULL,NULL,'2025-03-28 20:58:17','',' ',NULL),(1520,'abrir','abrir',1,1,NULL,NULL,'2025-03-28 20:58:17','',' ',NULL),(1521,'classificador','classificador',3,3,NULL,NULL,'2025-03-28 20:58:17','',' ',NULL),(1522,'revestimentos','revestimentos',3,3,NULL,NULL,'2025-03-28 20:58:17','',' ',NULL),(1524,'pinhao','pinhão',3,3,NULL,NULL,'2025-03-28 20:58:17','',' ',NULL),(1525,'balanceiro','balanceiro',3,3,NULL,NULL,'2025-03-28 20:58:17','',' ',NULL),(1526,'flexografia','flexografia',3,3,NULL,NULL,'2025-03-28 20:58:17','',' ',NULL),(1527,'enfornamento','enfornamento',3,3,NULL,NULL,'2025-03-28 20:58:17','',' ',NULL),(1528,'projetos','projetos',3,3,NULL,NULL,'2025-03-28 20:58:17','',' ',NULL),(1529,'lixadeira','lixadeira',3,3,NULL,NULL,'2025-03-28 20:58:17','',' ',NULL),(1530,'interiores','interiores',3,3,NULL,NULL,'2025-03-28 20:58:17','',' ',NULL),(1531,'midia','mídia',3,3,NULL,NULL,'2025-03-28 20:58:17','',' ',NULL),(1533,'planejista','planejista',3,3,NULL,NULL,'2025-03-28 20:58:17','',' ',NULL),(1534,'extra','extra',7,7,NULL,NULL,'2025-03-28 20:58:17','',' ',NULL),(1535,'jig','jig',3,3,NULL,NULL,'2025-03-28 20:58:17','',' ',NULL),(1536,'folhas','folhas',3,3,NULL,NULL,'2025-03-28 20:58:17','',' ',NULL),(1537,'comerciante','comerciante',3,3,NULL,NULL,'2025-03-28 20:58:17','',' ',NULL),(1538,'pescoco','pescoço',3,3,NULL,NULL,'2025-03-28 20:58:17','',' ',NULL),(1539,'laminadeira','laminadeira',3,3,NULL,NULL,'2025-03-28 20:58:17','',' ',NULL),(1540,'funileiro','funileiro',3,3,NULL,NULL,'2025-03-28 20:58:17','',' ',NULL),(1541,'advogado','advogado',3,3,NULL,NULL,'2025-03-28 20:58:17','',' ',NULL),(1542,'mixagem','mixagem',3,3,NULL,NULL,'2025-03-28 20:58:17','',' ',NULL),(1544,'bilheteiro','bilheteiro',13,13,NULL,NULL,'2025-03-28 20:58:17','',' ',NULL),(1545,'pintura','pintura',3,3,NULL,NULL,'2025-03-28 20:58:17','',' ',NULL),(1546,'pedra','pedra',3,3,NULL,NULL,'2025-03-28 20:58:17','',' ',NULL),(1547,'entalhador','entalhador',3,3,NULL,NULL,'2025-03-28 20:58:17','',' ',NULL),(1548,'recuperacao','recuperação',3,3,NULL,NULL,'2025-03-28 20:58:17','',' ',NULL),(1549,'mitilicultura','mitilicultura',3,3,NULL,NULL,'2025-03-28 20:58:17','',' ',NULL),(1550,'suporte','suporte',3,3,NULL,NULL,'2025-03-28 20:58:17','',' ',NULL),(1551,'estrategia','estratégia',3,3,NULL,NULL,'2025-03-28 20:58:17','',' ',NULL),(1552,'viagem','viagem',3,3,NULL,NULL,'2025-03-28 20:58:17','',' ',NULL),(1553,'psicomotricista','psicomotricista',3,3,NULL,NULL,'2025-03-28 20:58:17','',' ',NULL),(1554,'departamento','departamento',3,3,NULL,NULL,'2025-03-28 20:58:17','',' ',NULL),(1555,'selecionador','selecionador',3,3,NULL,NULL,'2025-03-28 20:58:17','',' ',NULL),(1556,'manteigueiro','manteigueiro',3,3,NULL,NULL,'2025-03-28 20:58:17','',' ',NULL),(1557,'malharia','malharia',3,3,NULL,NULL,'2025-03-28 20:58:17','',' ',NULL),(1558,'medicinais','medicinais',7,7,NULL,NULL,'2025-03-28 20:58:17','',' ',NULL),(1559,'guarda-civil','guarda-civil',3,3,NULL,NULL,'2025-03-28 20:58:17','',' ',NULL),(1560,'batelada','batelada',1,1,NULL,NULL,'2025-03-28 20:58:17','',' ',NULL),(1561,'varetas','varetas',3,3,NULL,NULL,'2025-03-28 20:58:17','',' ',NULL),(1562,'acrobata','acrobata',3,3,NULL,NULL,'2025-03-28 20:58:17','',' ',NULL),(1563,'espelhamento','espelhamento',3,3,NULL,NULL,'2025-03-28 20:58:17','',' ',NULL),(1564,'oiticica','oiticica',3,3,NULL,NULL,'2025-03-28 20:58:17','',' ',NULL),(1565,'auditiva','auditiva',7,7,NULL,NULL,'2025-03-28 20:58:17','',' ',NULL),(1567,'serrador','serrador',3,3,NULL,NULL,'2025-03-28 20:58:17','',' ',NULL),(1568,'medicamentos','medicamentos',3,3,NULL,NULL,'2025-03-28 20:58:17','',' ',NULL),(1569,'conves','convés',3,3,NULL,NULL,'2025-03-28 20:58:17','',' ',NULL),(1570,'caracterizacao','caracterização',3,3,NULL,NULL,'2025-03-28 20:58:17','',' ',NULL),(1571,'incubadora','incubadora',3,3,NULL,NULL,'2025-03-28 20:58:17','',' ',NULL),(1572,'opiniao','opinião',3,3,NULL,NULL,'2025-03-28 20:58:17','',' ',NULL),(1573,'obstetrico','obstétrico',7,7,NULL,NULL,'2025-03-28 20:58:17','',' ',NULL),(1574,'compressor','compressor',3,3,NULL,NULL,'2025-03-28 20:58:17','',' ',NULL),(1575,'placa','placa',3,3,NULL,NULL,'2025-03-28 20:58:17','',' ',NULL),(1576,'prensador','prensador',3,3,NULL,NULL,'2025-03-28 20:58:17','',' ',NULL),(1577,'cacique','cacique',3,3,NULL,NULL,'2025-03-28 20:58:17','',' ',NULL),(1578,'engenheiro','engenheiro',3,3,NULL,NULL,'2025-03-28 20:58:17','',' ',NULL),(1579,'alema','alemã',7,7,NULL,NULL,'2025-03-28 20:58:17','',' ',NULL),(1580,'criacao','criação',3,3,NULL,NULL,'2025-03-28 20:58:17','',' ',NULL),(1581,'climatizacao','climatização',3,3,NULL,NULL,'2025-03-28 20:58:17','',' ',NULL),(1582,'relevos','relevos',3,3,NULL,NULL,'2025-03-28 20:58:17','',' ',NULL),(1583,'basquete','basquete',3,3,NULL,NULL,'2025-03-28 20:58:17','',' ',NULL),(1584,'fibras','fibras',3,3,NULL,NULL,'2025-03-28 20:58:17','',' ',NULL),(1585,'controlados','controlados',1,1,NULL,NULL,'2025-03-28 20:58:17','',' ',NULL),(1586,'rameuse','rameuse',3,3,NULL,NULL,'2025-03-28 20:58:17','',' ',NULL),(1587,'uniao','união',3,3,NULL,NULL,'2025-03-28 20:58:17','',' ',NULL),(1588,'juridica','jurídica',7,7,NULL,NULL,'2025-03-28 20:58:18','',' ',NULL),(1589,'pneumatico','pneumático',7,7,NULL,NULL,'2025-03-28 20:58:18','',' ',NULL),(1590,'publicacoes','publicações',3,3,NULL,NULL,'2025-03-28 20:58:18','',' ',NULL),(1591,'agricola','agrícola',3,3,NULL,NULL,'2025-03-28 20:58:18','',' ',NULL),(1592,'espetaculos','espetáculos',3,3,NULL,NULL,'2025-03-28 20:58:18','',' ',NULL),(1593,'tear','tear',3,3,NULL,NULL,'2025-03-28 20:58:18','',' ',NULL),(1594,'tv','tv',3,3,NULL,NULL,'2025-03-28 20:58:18','',' ',NULL),(1595,'literaturas','literaturas',3,3,NULL,NULL,'2025-03-28 20:58:18','',' ',NULL),(1596,'diarista','diarista',7,7,NULL,NULL,'2025-03-28 20:58:18','',' ',NULL),(1597,'plasma','plasma',3,3,NULL,NULL,'2025-03-28 20:58:18','',' ',NULL),(1598,'selos','selos',3,3,NULL,NULL,'2025-03-28 20:58:18','',' ',NULL),(1599,'estivador','estivador',3,3,NULL,NULL,'2025-03-28 20:58:18','',' ',NULL),(1600,'drageador','drageador',3,3,NULL,NULL,'2025-03-28 20:58:18','',' ',NULL),(1601,'trefilacao','trefilação',3,3,NULL,NULL,'2025-03-28 20:58:18','',' ',NULL),(1602,'tiras','tiras',3,3,NULL,NULL,'2025-03-28 20:58:18','',' ',NULL),(1603,'caminhao','caminhão',3,3,NULL,NULL,'2025-03-28 20:58:18','',' ',NULL),(1604,'mensagens','mensagens',3,3,NULL,NULL,'2025-03-28 20:58:18','',' ',NULL),(1605,'medicina','medicina',3,3,NULL,NULL,'2025-03-28 20:58:18','',' ',NULL),(1607,'legumes','legumes',3,3,NULL,NULL,'2025-03-28 20:58:18','',' ',NULL),(1608,'informacoes','informações',3,3,NULL,NULL,'2025-03-28 20:58:18','',' ',NULL),(1609,'treinador','treinador',3,3,NULL,NULL,'2025-03-28 20:58:18','',' ',NULL),(1610,'seco','seco',7,7,NULL,NULL,'2025-03-28 20:58:18','',' ',NULL),(1611,'agencia','agência',3,3,NULL,NULL,'2025-03-28 20:58:18','',' ',NULL),(1612,'oxidador','oxidador',3,3,NULL,NULL,'2025-03-28 20:58:18','',' ',NULL),(1614,'sala','sala',3,3,NULL,NULL,'2025-03-28 20:58:18','',' ',NULL),(1615,'nautica','nautica',7,7,NULL,NULL,'2025-03-28 20:58:18','',' ',NULL),(1616,'tucum','tucum',3,3,NULL,NULL,'2025-03-28 20:58:18','',' ',NULL),(1617,'precisao','precisão',3,3,NULL,NULL,'2025-03-28 20:58:18','',' ',NULL),(1618,'fraldas','fraldas',3,3,NULL,NULL,'2025-03-28 20:58:18','',' ',NULL),(1619,'monotipista','monotipista',3,3,NULL,NULL,'2025-03-28 20:58:18','',' ',NULL),(1621,'pasteurizador','pasteurizador',3,3,NULL,NULL,'2025-03-28 20:58:18','',' ',NULL),(1622,'areas','áreas',3,3,NULL,NULL,'2025-03-28 20:58:18','',' ',NULL),(1623,'ferramentas','ferramentas',3,3,NULL,NULL,'2025-03-28 20:58:18','',' ',NULL),(1624,'radiologista','radiologista',7,7,NULL,NULL,'2025-03-28 20:58:18','',' ',NULL),(1625,'arquiteto','arquiteto',3,3,NULL,NULL,'2025-03-28 20:58:18','',' ',NULL),(1626,'medicos','médicos',7,7,NULL,NULL,'2025-03-28 20:58:18','',' ',NULL),(1627,'lubrificador','lubrificador',3,3,NULL,NULL,'2025-03-28 20:58:18','',' ',NULL),(1628,'carboquimica','carboquímica',3,3,NULL,NULL,'2025-03-28 20:58:18','',' ',NULL),(1629,'subtenente','subtenente',3,3,NULL,NULL,'2025-03-28 20:58:18','',' ',NULL),(1630,'tradicional','tradicional',7,7,NULL,NULL,'2025-03-28 20:58:18','',' ',NULL),(1631,'tratamentos','tratamentos',3,3,NULL,NULL,'2025-03-28 20:58:18','',' ',NULL),(1632,'psiquiatrico','psiquiátrico',7,7,NULL,NULL,'2025-03-28 20:58:18','',' ',NULL),(1633,'imagenologia','imagenologia',3,3,NULL,NULL,'2025-03-28 20:58:18','',' ',NULL),(1634,'ilustracoes','ilustrações',3,3,NULL,NULL,'2025-03-28 20:58:18','',' ',NULL),(1635,'tipografo','tipógrafo',3,3,NULL,NULL,'2025-03-28 20:58:18','',' ',NULL),(1636,'pedal','pedal',3,3,NULL,NULL,'2025-03-28 20:58:18','',' ',NULL),(1637,'auditor','auditor',3,3,NULL,NULL,'2025-03-28 20:58:18','',' ',NULL),(1638,'mecatronica','mecatrônica',3,3,NULL,NULL,'2025-03-28 20:58:18','',' ',NULL),(1639,'remotamente','remotamente',13,13,NULL,NULL,'2025-03-28 20:58:18','',' ',NULL),(1640,'cutelaria','cutelaria',3,3,NULL,NULL,'2025-03-28 20:58:18','',' ',NULL),(1641,'derivativos','derivativos',7,7,NULL,NULL,'2025-03-28 20:58:18','',' ',NULL),(1642,'telefonia','telefonia',3,3,NULL,NULL,'2025-03-28 20:58:18','',' ',NULL),(1643,'telhados','telhados',3,3,NULL,NULL,'2025-03-28 20:58:18','',' ',NULL),(1644,'concentracao','concentração',3,3,NULL,NULL,'2025-03-28 20:58:18','',' ',NULL),(1645,'cipos','cipós',3,3,NULL,NULL,'2025-03-28 20:58:18','',' ',NULL),(1646,'tecnicas','técnicas',3,3,NULL,NULL,'2025-03-28 20:58:18','',' ',NULL),(1647,'temperador','temperador',3,3,NULL,NULL,'2025-03-28 20:58:18','',' ',NULL),(1648,'etiquetagem','etiquetagem',3,3,NULL,NULL,'2025-03-28 20:58:18','',' ',NULL),(1649,'macaroqueira','maçaroqueira',3,3,NULL,NULL,'2025-03-28 20:58:18','',' ',NULL),(1650,'painel','painel',3,3,NULL,NULL,'2025-03-28 20:58:18','',' ',NULL),(1651,'entregador','entregador',3,3,NULL,NULL,'2025-03-28 20:58:18','',' ',NULL),(1652,'amonia','amônia',3,3,NULL,NULL,'2025-03-28 20:58:18','',' ',NULL),(1653,'nuclear','nuclear',7,7,NULL,NULL,'2025-03-28 20:58:18','',' ',NULL),(1654,'acai','açaí',3,3,NULL,NULL,'2025-03-28 20:58:18','',' ',NULL),(1655,'cana-de-acucar','cana-de-açúcar',3,3,NULL,NULL,'2025-03-28 20:58:18','',' ',NULL),(1656,'terrestre','terrestre',7,7,NULL,NULL,'2025-03-28 20:58:18','',' ',NULL),(1657,'aditivos','aditivos',3,3,NULL,NULL,'2025-03-28 20:58:18','',' ',NULL),(1658,'marinho','marinho',7,7,NULL,NULL,'2025-03-28 20:58:18','',' ',NULL),(1660,'musicologo','musicólogo',3,3,NULL,NULL,'2025-03-28 20:58:18','',' ',NULL),(1661,'sanitarista','sanitarista',7,7,NULL,NULL,'2025-03-28 20:58:18','',' ',NULL),(1662,'compositos','compósitos',3,3,NULL,NULL,'2025-03-28 20:58:18','',' ',NULL),(1663,'trancador','trançador',3,3,NULL,NULL,'2025-03-28 20:58:18','',' ',NULL),(1664,'planejamento','planejamento',3,3,NULL,NULL,'2025-03-28 20:58:18','',' ',NULL),(1665,'pista','pista',3,3,NULL,NULL,'2025-03-28 20:58:18','',' ',NULL),(1666,'defumador','defumador',3,3,NULL,NULL,'2025-03-28 20:58:18','',' ',NULL),(1667,'estaticas','estáticas',7,7,NULL,NULL,'2025-03-28 20:58:18','',' ',NULL),(1668,'primeiro','primeiro',7,7,NULL,NULL,'2025-03-28 20:58:18','',' ',NULL),(1669,'desenfornamento','desenfornamento',3,3,NULL,NULL,'2025-03-28 20:58:18','',' ',NULL),(1670,'urologista','urologista',7,7,NULL,NULL,'2025-03-28 20:58:18','',' ',NULL),(1671,'florestais','florestais',7,7,NULL,NULL,'2025-03-28 20:58:18','',' ',NULL),(1672,'subprocurador-geral','subprocurador-geral',3,3,NULL,NULL,'2025-03-28 20:58:18','',' ',NULL),(1673,'estomaterapeuta','estomaterapeuta',3,3,NULL,NULL,'2025-03-28 20:58:18','',' ',NULL),(1674,'cronoanalista','cronoanalista',3,3,NULL,NULL,'2025-03-28 20:58:18','',' ',NULL),(1675,'recobridora','recobridora',7,7,NULL,NULL,'2025-03-28 20:58:18','',' ',NULL),(1676,'fornos','fornos',3,3,NULL,NULL,'2025-03-28 20:58:18','',' ',NULL),(1677,'bambu','bambu',3,3,NULL,NULL,'2025-03-28 20:58:18','',' ',NULL),(1678,'dutos','dutos',3,3,NULL,NULL,'2025-03-28 20:58:18','',' ',NULL),(1679,'auto-escola','auto-escola',3,3,NULL,NULL,'2025-03-28 20:58:18','',' ',NULL),(1680,'serigrafico','serigráfico',7,7,NULL,NULL,'2025-03-28 20:58:18','',' ',NULL),(1681,'fermentador','fermentador',3,3,NULL,NULL,'2025-03-28 20:58:18','',' ',NULL),(1682,'tapecaria','tapeçaria',3,3,NULL,NULL,'2025-03-28 20:58:18','',' ',NULL),(1683,'costureira','costureira',3,3,NULL,NULL,'2025-03-28 20:58:18','',' ',NULL),(1684,'editorial','editorial',7,7,NULL,NULL,'2025-03-28 20:58:18','',' ',NULL),(1685,'orgao','órgão',3,3,NULL,NULL,'2025-03-28 20:58:18','',' ',NULL),(1686,'equinos','eqüinos',3,3,NULL,NULL,'2025-03-28 20:58:18','',' ',NULL),(1687,'teleprocessamento','teleprocessamento',3,3,NULL,NULL,'2025-03-28 20:58:18','',' ',NULL),(1688,'humanos','humanos',7,7,NULL,NULL,'2025-03-28 20:58:18','',' ',NULL),(1689,'revista','revista',3,3,NULL,NULL,'2025-03-28 20:58:18','',' ',NULL),(1690,'sucesso','sucesso',3,3,NULL,NULL,'2025-03-28 20:58:18','',' ',NULL),(1691,'aereas','aéreas',7,7,NULL,NULL,'2025-03-28 20:58:18','',' ',NULL),(1692,'eletromecanico','eletromecânico',3,3,NULL,NULL,'2025-03-28 20:58:18','',' ',NULL),(1693,'lucrativos','lucrativos',7,7,NULL,NULL,'2025-03-28 20:58:18','',' ',NULL),(1694,'cereais','cereais',3,3,NULL,NULL,'2025-03-28 20:58:18','',' ',NULL),(1695,'marcheteiro','marcheteiro',3,3,NULL,NULL,'2025-03-28 20:58:18','',' ',NULL),(1696,'municipal','municipal',7,7,NULL,NULL,'2025-03-28 20:58:18','',' ',NULL),(1697,'acaraje','acarajé',3,3,NULL,NULL,'2025-03-28 20:58:18','',' ',NULL),(1698,'homeopata','homeopata',7,7,NULL,NULL,'2025-03-28 20:58:18','',' ',NULL),(1699,'salgados','salgados',1,1,NULL,NULL,'2025-03-28 20:58:19','',' ',NULL),(1700,'aparas','aparas',3,3,NULL,NULL,'2025-03-28 20:58:19','',' ',NULL),(1701,'cristalizacao','cristalização',3,3,NULL,NULL,'2025-03-28 20:58:19','',' ',NULL),(1702,'ortoptista','ortoptista',3,3,NULL,NULL,'2025-03-28 20:58:19','',' ',NULL),(1703,'psicologo','psicólogo',3,3,NULL,NULL,'2025-03-28 20:58:19','',' ',NULL),(1704,'navais','navais',7,7,NULL,NULL,'2025-03-28 20:58:19','',' ',NULL),(1705,'exterior','exterior',7,7,NULL,NULL,'2025-03-28 20:58:19','',' ',NULL),(1706,'estomatologista','estomatologista',3,3,NULL,NULL,'2025-03-28 20:58:19','',' ',NULL),(1707,'agenciador','agenciador',3,3,NULL,NULL,'2025-03-28 20:58:19','',' ',NULL),(1708,'carbonizador','carbonizador',3,3,NULL,NULL,'2025-03-28 20:58:19','',' ',NULL),(1709,'sinalizacao','sinalização',3,3,NULL,NULL,'2025-03-28 20:58:19','',' ',NULL),(1710,'clinicas','clínicas',7,7,NULL,NULL,'2025-03-28 20:58:19','',' ',NULL),(1711,'espessador','espessador',3,3,NULL,NULL,'2025-03-28 20:58:19','',' ',NULL),(1712,'transbordo','transbordo',3,3,NULL,NULL,'2025-03-28 20:58:19','',' ',NULL),(1713,'transformacao','transformação',3,3,NULL,NULL,'2025-03-28 20:58:19','',' ',NULL),(1714,'bolsas','bolsas',3,3,NULL,NULL,'2025-03-28 20:58:19','',' ',NULL),(1715,'zincagem','zincagem',3,3,NULL,NULL,'2025-03-28 20:58:19','',' ',NULL),(1716,'tecnico','técnico',3,3,NULL,NULL,'2025-03-28 20:58:19','',' ',NULL),(1717,'manobrador','manobrador',3,3,NULL,NULL,'2025-03-28 20:58:19','',' ',NULL),(1718,'molduradora','molduradora',3,3,NULL,NULL,'2025-03-28 20:58:19','',' ',NULL),(1719,'masterizacao','masterização',3,3,NULL,NULL,'2025-03-28 20:58:19','',' ',NULL),(1720,'plasticas','plásticas',7,7,NULL,NULL,'2025-03-28 20:58:19','',' ',NULL),(1721,'defensor','defensor',3,3,NULL,NULL,'2025-03-28 20:58:19','',' ',NULL),(1722,'motocicletas','motocicletas',3,3,NULL,NULL,'2025-03-28 20:58:19','',' ',NULL),(1723,'turboalimentadores','turboalimentadores',3,3,NULL,NULL,'2025-03-28 20:58:19','',' ',NULL),(1724,'nautica','náutica',7,7,NULL,NULL,'2025-03-28 20:58:19','',' ',NULL),(1725,'instalador','instalador',3,3,NULL,NULL,'2025-03-28 20:58:19','',' ',NULL),(1726,'portos','portos',3,3,NULL,NULL,'2025-03-28 20:58:19','',' ',NULL),(1727,'encomenda','encomenda',3,3,NULL,NULL,'2025-03-28 20:58:19','',' ',NULL),(1728,'secretariais','secretariais',7,7,NULL,NULL,'2025-03-28 20:58:19','',' ',NULL),(1729,'psicanalista','psicanalista',3,3,NULL,NULL,'2025-03-28 20:58:19','',' ',NULL),(1730,'quelonios','quelônios',3,3,NULL,NULL,'2025-03-28 20:58:19','',' ',NULL),(1731,'p&d','p&d',3,3,NULL,NULL,'2025-03-28 20:58:19','',' ',NULL),(1732,'supermercado','supermercado',3,3,NULL,NULL,'2025-03-28 20:58:19','',' ',NULL),(1733,'desmonte','desmonte',3,3,NULL,NULL,'2025-03-28 20:58:19','',' ',NULL),(1734,'afinador','afinador',3,3,NULL,NULL,'2025-03-28 20:58:19','',' ',NULL),(1735,'tracao','tração',3,3,NULL,NULL,'2025-03-28 20:58:19','',' ',NULL),(1736,'servicos','serviços',3,3,NULL,NULL,'2025-03-28 20:58:19','',' ',NULL),(1737,'fiscal','fiscal',3,3,NULL,NULL,'2025-03-28 20:58:19','',' ',NULL),(1738,'musical','musical',7,7,NULL,NULL,'2025-03-28 20:58:19','',' ',NULL),(1739,'endocrinologista','endocrinologista',3,3,NULL,NULL,'2025-03-28 20:58:19','',' ',NULL),(1740,'passamaneiro','passamaneiro',3,3,NULL,NULL,'2025-03-28 20:58:19','',' ',NULL),(1741,'alambiqueiro','alambiqueiro',3,3,NULL,NULL,'2025-03-28 20:58:19','',' ',NULL),(1743,'agronomo','agrônomo',7,7,NULL,NULL,'2025-03-28 20:58:19','',' ',NULL),(1744,'neurologista','neurologista',7,7,NULL,NULL,'2025-03-28 20:58:19','',' ',NULL),(1745,'pessoas','pessoas',3,3,NULL,NULL,'2025-03-28 20:58:19','',' ',NULL),(1746,'didatica','didática',3,3,NULL,NULL,'2025-03-28 20:58:19','',' ',NULL),(1747,'fotonica','fotônica',3,3,NULL,NULL,'2025-03-28 20:58:19','',' ',NULL),(1748,'binadeira','binadeira',3,3,NULL,NULL,'2025-03-28 20:58:19','',' ',NULL),(1749,'metro','metrô',3,3,NULL,NULL,'2025-03-28 20:58:19','',' ',NULL),(1750,'toras','toras',3,3,NULL,NULL,'2025-03-28 20:58:19','',' ',NULL),(1751,'patio','pátio',3,3,NULL,NULL,'2025-03-28 20:58:19','',' ',NULL),(1752,'profissional','profissional',3,3,NULL,NULL,'2025-03-28 20:58:19','',' ',NULL),(1753,'musicoterapeuta','musicoterapeuta',3,3,NULL,NULL,'2025-03-28 20:58:19','',' ',NULL),(1754,'coqueificacao','coqueificação',3,3,NULL,NULL,'2025-03-28 20:58:19','',' ',NULL),(1755,'pirotecnico','pirotécnico',3,3,NULL,NULL,'2025-03-28 20:58:19','',' ',NULL),(1756,'designer','designer',3,3,NULL,NULL,'2025-03-28 20:58:19','',' ',NULL),(1757,'ortopedista','ortopedista',3,3,NULL,NULL,'2025-03-28 20:58:19','',' ',NULL),(1758,'inverno','inverno',3,3,NULL,NULL,'2025-03-28 20:58:19','',' ',NULL),(1760,'fotografia','fotografia',3,3,NULL,NULL,'2025-03-28 20:58:19','',' ',NULL),(1761,'oxigas','oxigás',3,3,NULL,NULL,'2025-03-28 20:58:19','',' ',NULL),(1762,'guia','guia',3,3,NULL,NULL,'2025-03-28 20:58:19','',' ',NULL),(1763,'robotica','robótica',7,7,NULL,NULL,'2025-03-28 20:58:19','',' ',NULL),(1764,'coronel','coronel',3,3,NULL,NULL,'2025-03-28 20:58:19','',' ',NULL),(1765,'traumatologista','traumatologista',3,3,NULL,NULL,'2025-03-28 20:58:19','',' ',NULL),(1766,'osteopata','osteopata',1,1,NULL,NULL,'2025-03-28 20:58:19','',' ',NULL),(1767,'sondador','sondador',3,3,NULL,NULL,'2025-03-28 20:58:19','',' ',NULL),(1768,'cafe','café',3,3,NULL,NULL,'2025-03-28 20:58:19','',' ',NULL),(1769,'cortinas','cortinas',3,3,NULL,NULL,'2025-03-28 20:58:19','',' ',NULL),(1770,'leasing','leasing',3,3,NULL,NULL,'2025-03-28 20:58:19','',' ',NULL),(1771,'eletricista','eletricista',7,7,NULL,NULL,'2025-03-28 20:58:19','',' ',NULL),(1772,'reversao','reversão',3,3,NULL,NULL,'2025-03-28 20:58:19','',' ',NULL),(1773,'domiciliar','domiciliar',7,7,NULL,NULL,'2025-03-28 20:58:19','',' ',NULL),(1775,'filatorio','filatório',3,3,NULL,NULL,'2025-03-28 20:58:19','',' ',NULL),(1776,'lavador','lavador',3,3,NULL,NULL,'2025-03-28 20:58:19','',' ',NULL),(1777,'centro','centro',3,3,NULL,NULL,'2025-03-28 20:58:19','',' ',NULL),(1778,'seca','seca',7,7,NULL,NULL,'2025-03-28 20:58:19','',' ',NULL),(1779,'torrador','torrador',3,3,NULL,NULL,'2025-03-28 20:58:19','',' ',NULL),(1781,'baixa','baixa',7,7,NULL,NULL,'2025-03-28 20:58:19','',' ',NULL),(1782,'entrada','entrada',3,3,NULL,NULL,'2025-03-28 20:58:19','',' ',NULL),(1783,'cristais','cristais',3,3,NULL,NULL,'2025-03-28 20:58:19','',' ',NULL),(1784,'instrumentador','instrumentador',3,3,NULL,NULL,'2025-03-28 20:58:19','',' ',NULL),(1785,'estoque','estoque',3,3,NULL,NULL,'2025-03-28 20:58:19','',' ',NULL),(1786,'forracoes','forrações',3,3,NULL,NULL,'2025-03-28 20:58:19','',' ',NULL),(1787,'ensaios','ensaios',3,3,NULL,NULL,'2025-03-28 20:58:19','',' ',NULL),(1788,'veicular','veicular',7,7,NULL,NULL,'2025-03-28 20:58:19','',' ',NULL),(1789,'desengrossadeira','desengrossadeira',7,7,NULL,NULL,'2025-03-28 20:58:19','',' ',NULL),(1790,'almoxarife','almoxarife',3,3,NULL,NULL,'2025-03-28 20:58:19','',' ',NULL),(1791,'carvao','carvão',3,3,NULL,NULL,'2025-03-28 20:58:19','',' ',NULL),(1792,'endoscopia','endoscopia',3,3,NULL,NULL,'2025-03-28 20:58:19','',' ',NULL),(1793,'filtro-prensa','filtro-prensa',3,3,NULL,NULL,'2025-03-28 20:58:19','',' ',NULL),(1794,'projetor','projetor',3,3,NULL,NULL,'2025-03-28 20:58:19','',' ',NULL),(1795,'ornamentais','ornamentais',7,7,NULL,NULL,'2025-03-28 20:58:19','',' ',NULL),(1796,'bioengenheiro','bioengenheiro',3,3,NULL,NULL,'2025-03-28 20:58:19','',' ',NULL),(1797,'tratorista','tratorista',3,3,NULL,NULL,'2025-03-28 20:58:19','',' ',NULL),(1798,'extrusor','extrusor',3,3,NULL,NULL,'2025-03-28 20:58:19','',' ',NULL),(1799,'turismo','turismo',7,7,NULL,NULL,'2025-03-28 20:58:19','',' ',NULL),(1801,'sargento','sargento',3,3,NULL,NULL,'2025-03-28 20:58:19','',' ',NULL),(1802,'apresentador','apresentador',3,3,NULL,NULL,'2025-03-28 20:58:19','',' ',NULL),(1803,'dancas','danças',3,3,NULL,NULL,'2025-03-28 20:58:19','',' ',NULL),(1804,'agropecuario','agropecuário',3,3,NULL,NULL,'2025-03-28 20:58:19','',' ',NULL),(1805,'judiciaria','judiciária',7,7,NULL,NULL,'2025-03-28 20:58:19','',' ',NULL),(1806,'cumim','cumim',3,3,NULL,NULL,'2025-03-28 20:58:19','',' ',NULL),(1807,'alinhador','alinhador',3,3,NULL,NULL,'2025-03-28 20:58:19','',' ',NULL),(1808,'secretaria','secretária',3,3,NULL,NULL,'2025-03-28 20:58:19','',' ',NULL),(1809,'tecnicas','técnicas',7,7,NULL,NULL,'2025-03-28 20:58:19','',' ',NULL),(1810,'materia-prima','matéria-prima',3,3,NULL,NULL,'2025-03-28 20:58:19','',' ',NULL),(1811,'organizacoes','organizações',3,3,NULL,NULL,'2025-03-28 20:58:19','',' ',NULL),(1812,'sinistros','sinistros',3,3,NULL,NULL,'2025-03-28 20:58:19','',' ',NULL),(1813,'revestidor','revestidor',3,3,NULL,NULL,'2025-03-28 20:58:19','',' ',NULL),(1814,'computacional','computacional',7,7,NULL,NULL,'2025-03-28 20:58:19','',' ',NULL),(1815,'popular','popular',7,7,NULL,NULL,'2025-03-28 20:58:20','',' ',NULL),(1816,'socorrista','socorrista',3,3,NULL,NULL,'2025-03-28 20:58:20','',' ',NULL),(1817,'diretor','diretor',3,3,NULL,NULL,'2025-03-28 20:58:20','',' ',NULL),(1818,'gravador','gravador',3,3,NULL,NULL,'2025-03-28 20:58:20','',' ',NULL),(1819,'funerarios','funerários',7,7,NULL,NULL,'2025-03-28 20:58:20','',' ',NULL),(1820,'manicure','manicure',3,3,NULL,NULL,'2025-03-28 20:58:20','',' ',NULL),(1821,'fisioterapia','fisioterapia',3,3,NULL,NULL,'2025-03-28 20:58:20','',' ',NULL),(1822,'politica','política',7,7,NULL,NULL,'2025-03-28 20:58:20','',' ',NULL),(1823,'germinacao','germinação',3,3,NULL,NULL,'2025-03-28 20:58:20','',' ',NULL),(1824,'calibracoes','calibrações',3,3,NULL,NULL,'2025-03-28 20:58:20','',' ',NULL),(1825,'usina','usina',3,3,NULL,NULL,'2025-03-28 20:58:20','',' ',NULL),(1826,'cenotecnico','cenotécnico',3,3,NULL,NULL,'2025-03-28 20:58:20','',' ',NULL),(1827,'oleos','óleos',3,3,NULL,NULL,'2025-03-28 20:58:20','',' ',NULL),(1828,'linguas','línguas',3,3,NULL,NULL,'2025-03-28 20:58:20','',' ',NULL),(1829,'suinocultura','suinocultura',3,3,NULL,NULL,'2025-03-28 20:58:20','',' ',NULL),(1830,'quimico','químico',7,7,NULL,NULL,'2025-03-28 20:58:20','',' ',NULL),(1831,'artificiais','artificiais',7,7,NULL,NULL,'2025-03-28 20:58:20','',' ',NULL),(1832,'servente','servente',3,3,NULL,NULL,'2025-03-28 20:58:20','',' ',NULL),(1833,'persianas','persianas',3,3,NULL,NULL,'2025-03-28 20:58:20','',' ',NULL),(1834,'pneumaticos','pneumáticos',3,3,NULL,NULL,'2025-03-28 20:58:20','',' ',NULL),(1835,'barista','barista',3,3,NULL,NULL,'2025-03-28 20:58:20','',' ',NULL),(1836,'teleatendente','teleatendente',3,3,NULL,NULL,'2025-03-28 20:58:20','',' ',NULL),(1837,'preto','preto',7,7,NULL,NULL,'2025-03-28 20:58:20','',' ',NULL),(1838,'particulas','partículas',3,3,NULL,NULL,'2025-03-28 20:58:20','',' ',NULL),(1839,'famaceuticos','famacêuticos',7,7,NULL,NULL,'2025-03-28 20:58:20','',' ',NULL),(1840,'citotecnico','citotécnico',3,3,NULL,NULL,'2025-03-28 20:58:20','',' ',NULL),(1841,'vestuario','vestuário',3,3,NULL,NULL,'2025-03-28 20:58:20','',' ',NULL),(1842,'hidrogeologo','hidrogeólogo',3,3,NULL,NULL,'2025-03-28 20:58:20','',' ',NULL),(1843,'alta','alta',7,7,NULL,NULL,'2025-03-28 20:58:20','',' ',NULL),(1844,'bamburista','bamburista',3,3,NULL,NULL,'2025-03-28 20:58:20','',' ',NULL),(1845,'petroquimica','petroquímica',3,3,NULL,NULL,'2025-03-28 20:58:20','',' ',NULL),(1846,'sopro','sopro',3,3,NULL,NULL,'2025-03-28 20:58:20','',' ',NULL),(1847,'penteadeira','penteadeira',3,3,NULL,NULL,'2025-03-28 20:58:20','',' ',NULL),(1849,'barragens','barragens',3,3,NULL,NULL,'2025-03-28 20:58:20','',' ',NULL),(1850,'vitrais','vitrais',3,3,NULL,NULL,'2025-03-28 20:58:20','',' ',NULL),(1851,'abertura','abertura',3,3,NULL,NULL,'2025-03-28 20:58:20','',' ',NULL),(1852,'supremo','supremo',3,3,NULL,NULL,'2025-03-28 20:58:20','',' ',NULL),(1853,'parafina','parafina',3,3,NULL,NULL,'2025-03-28 20:58:20','',' ',NULL),(1854,'arbitro','árbitro',3,3,NULL,NULL,'2025-03-28 20:58:20','',' ',NULL),(1856,'autor-roteirista','autor-roteirista',13,13,NULL,NULL,'2025-03-28 20:58:20','',' ',NULL),(1857,'operacoes','operações',3,3,NULL,NULL,'2025-03-28 20:58:20','',' ',NULL),(1858,'gusa','gusa',3,3,NULL,NULL,'2025-03-28 20:58:20','',' ',NULL),(1859,'moagem','moagem',3,3,NULL,NULL,'2025-03-28 20:58:20','',' ',NULL),(1860,'oftalmologista','oftalmologista',7,7,NULL,NULL,'2025-03-28 20:58:20','',' ',NULL),(1861,'eletricas','elétricas',7,7,NULL,NULL,'2025-03-28 20:58:20','',' ',NULL),(1862,'sistema','sistema',3,3,NULL,NULL,'2025-03-28 20:58:20','',' ',NULL),(1863,'rotativo','rotativo',7,7,NULL,NULL,'2025-03-28 20:58:20','',' ',NULL),(1864,'pecuaria','pecuária',7,7,NULL,NULL,'2025-03-28 20:58:20','',' ',NULL),(1865,'multimidia','multimídia',7,7,NULL,NULL,'2025-03-28 20:58:20','',' ',NULL),(1866,'rodoviario','rodoviário',7,7,NULL,NULL,'2025-03-28 20:58:20','',' ',NULL),(1868,'aromaticas','aromáticas',7,7,NULL,NULL,'2025-03-28 20:58:20','',' ',NULL),(1869,'textil','têxtil',7,7,NULL,NULL,'2025-03-28 20:58:20','',' ',NULL),(1870,'impermeabilizador','impermeabilizador',3,3,NULL,NULL,'2025-03-28 20:58:20','',' ',NULL),(1871,'fixa','fixa',7,7,NULL,NULL,'2025-03-28 20:58:20','',' ',NULL),(1872,'naval','naval',7,7,NULL,NULL,'2025-03-28 20:58:20','',' ',NULL),(1873,'mototaxista','mototaxista',3,3,NULL,NULL,'2025-03-28 20:58:20','',' ',NULL),(1874,'exploracao','exploração',3,3,NULL,NULL,'2025-03-28 20:58:20','',' ',NULL),(1875,'encefalografia','encefalografia',3,3,NULL,NULL,'2025-03-28 20:58:20','',' ',NULL),(1876,'sementes','sementes',3,3,NULL,NULL,'2025-03-28 20:58:20','',' ',NULL),(1877,'operador','operador',3,3,NULL,NULL,'2025-03-28 20:58:20','',' ',NULL),(1878,'motosserra','motosserra',3,3,NULL,NULL,'2025-03-28 20:58:20','',' ',NULL),(1879,'bulbos','bulbos',3,3,NULL,NULL,'2025-03-28 20:58:20','',' ',NULL),(1880,'filtrador','filtrador',3,3,NULL,NULL,'2025-03-28 20:58:20','',' ',NULL),(1881,'catador','catador',3,3,NULL,NULL,'2025-03-28 20:58:20','',' ',NULL),(1883,'moldador','moldador',3,3,NULL,NULL,'2025-03-28 20:58:20','',' ',NULL),(1884,'fluvial','fluvial',7,7,NULL,NULL,'2025-03-28 20:58:20','',' ',NULL),(1885,'britadeira','britadeira',3,3,NULL,NULL,'2025-03-28 20:58:20','',' ',NULL),(1886,'estatistica','estatística',3,3,NULL,NULL,'2025-03-28 20:58:20','',' ',NULL),(1887,'digestor','digestor',3,3,NULL,NULL,'2025-03-28 20:58:20','',' ',NULL),(1888,'caprinocultura','caprinocultura',3,3,NULL,NULL,'2025-03-28 20:58:20','',' ',NULL),(1889,'crus','crus',7,7,NULL,NULL,'2025-03-28 20:58:20','',' ',NULL),(1890,'dietetica','dietética',7,7,NULL,NULL,'2025-03-28 20:58:20','',' ',NULL),(1891,'patrao','patrão',3,3,NULL,NULL,'2025-03-28 20:58:20','',' ',NULL),(1893,'eletrico','elétrico',7,7,NULL,NULL,'2025-03-28 20:58:20','',' ',NULL),(1894,'fisico','físico',3,3,NULL,NULL,'2025-03-28 20:58:20','',' ',NULL),(1895,'ofsete','ofsete',3,3,NULL,NULL,'2025-03-28 20:58:20','',' ',NULL),(1896,'guincho','guincho',3,3,NULL,NULL,'2025-03-28 20:58:20','',' ',NULL),(1897,'humanas','humanas',7,7,NULL,NULL,'2025-03-28 20:58:20','',' ',NULL),(1898,'curtidos','curtidos',7,7,NULL,NULL,'2025-03-28 20:58:20','',' ',NULL),(1899,'soldado','soldado',3,3,NULL,NULL,'2025-03-28 20:58:20','',' ',NULL),(1900,'gerais','gerais',7,7,NULL,NULL,'2025-03-28 20:58:20','',' ',NULL),(1901,'misturador','misturador',3,3,NULL,NULL,'2025-03-28 20:58:20','',' ',NULL),(1902,'agronegocio','agronegócio',3,3,NULL,NULL,'2025-03-28 20:58:20','',' ',NULL),(1903,'bombas','bombas',3,3,NULL,NULL,'2025-03-28 20:58:20','',' ',NULL),(1904,'masseiro','masseiro',3,3,NULL,NULL,'2025-03-28 20:58:20','',' ',NULL),(1905,'hiperbarista','hiperbarista',1,1,NULL,NULL,'2025-03-28 20:58:20','',' ',NULL),(1906,'tambor','tambor',3,3,NULL,NULL,'2025-03-28 20:58:20','',' ',NULL),(1908,'pequi','pequi',3,3,NULL,NULL,'2025-03-28 20:58:20','',' ',NULL),(1909,'recozimento','recozimento',3,3,NULL,NULL,'2025-03-28 20:58:20','',' ',NULL),(1910,'superficies','superfícies',3,3,NULL,NULL,'2025-03-28 20:58:20','',' ',NULL),(1911,'mergulhador','mergulhador',3,3,NULL,NULL,'2025-03-28 20:58:20','',' ',NULL),(1912,'fins','fins',3,3,NULL,NULL,'2025-03-28 20:58:20','',' ',NULL),(1914,'vendas','vendas',3,3,NULL,NULL,'2025-03-28 20:58:20','',' ',NULL),(1915,'consultor','consultor',3,3,NULL,NULL,'2025-03-28 20:58:20','',' ',NULL),(1916,'cirurgico','cirurgíco',7,7,NULL,NULL,'2025-03-28 20:58:20','',' ',NULL),(1918,'eletroeletronicos','eletroeletrônicos',7,7,NULL,NULL,'2025-03-28 20:58:20','',' ',NULL),(1919,'rasteiras','rasteiras',7,7,NULL,NULL,'2025-03-28 20:58:20','',' ',NULL),(1921,'escoria','escória',3,3,NULL,NULL,'2025-03-28 20:58:20','',' ',NULL),(1922,'clicherista','clicherista',7,7,NULL,NULL,'2025-03-28 20:58:20','',' ',NULL),(1923,'enfardamento','enfardamento',3,3,NULL,NULL,'2025-03-28 20:58:20','',' ',NULL),(1924,'filtros','filtros',3,3,NULL,NULL,'2025-03-28 20:58:20','',' ',NULL),(1926,'pediatrico','pediátrico',7,7,NULL,NULL,'2025-03-28 20:58:20','',' ',NULL),(1927,'dentaria','dentária',7,7,NULL,NULL,'2025-03-28 20:58:20','',' ',NULL),(1928,'administrativo','administrativo',7,7,NULL,NULL,'2025-03-28 20:58:20','',' ',NULL),(1929,'imobilizacao','imobilização',3,3,NULL,NULL,'2025-03-28 20:58:20','',' ',NULL),(1930,'basculamento','basculamento',3,3,NULL,NULL,'2025-03-28 20:58:20','',' ',NULL),(1931,'conicaleira','conicaleira',3,3,NULL,NULL,'2025-03-28 20:58:20','',' ',NULL),(1932,'motor','motor',3,3,NULL,NULL,'2025-03-28 20:58:20','',' ',NULL),(1933,'pratica','prática',3,3,NULL,NULL,'2025-03-28 20:58:20','',' ',NULL),(1934,'margarina','margarina',3,3,NULL,NULL,'2025-03-28 20:58:20','',' ',NULL),(1935,'grandes','grandes',7,7,NULL,NULL,'2025-03-28 20:58:21','',' ',NULL),(1936,'porcelana','porcelana',7,7,NULL,NULL,'2025-03-28 20:58:21','',' ',NULL),(1937,'trabalhadores','trabalhadores',3,3,NULL,NULL,'2025-03-28 20:58:21','',' ',NULL),(1938,'cimento','cimento',3,3,NULL,NULL,'2025-03-28 20:58:21','',' ',NULL),(1939,'cotonetes','cotonetes',7,7,NULL,NULL,'2025-03-28 20:58:21','',' ',NULL),(1940,'cigarros','cigarros',3,3,NULL,NULL,'2025-03-28 20:58:21','',' ',NULL),(1941,'nao-ferrosos','não-ferrosos',7,7,NULL,NULL,'2025-03-28 20:58:21','',' ',NULL),(1942,'pratico','prático',7,7,NULL,NULL,'2025-03-28 20:58:21','',' ',NULL),(1943,'malva','malva',3,3,NULL,NULL,'2025-03-28 20:58:21','',' ',NULL),(1944,'turbocompressores','turbocompressores',3,3,NULL,NULL,'2025-03-28 20:58:21','',' ',NULL),(1945,'captacao','captação',3,3,NULL,NULL,'2025-03-28 20:58:21','',' ',NULL),(1946,'agronomicas','agronômicas',7,7,NULL,NULL,'2025-03-28 20:58:21','',' ',NULL),(1947,'continuo','contínuo',7,7,NULL,NULL,'2025-03-28 20:58:21','',' ',NULL),(1948,'mestre','mestre',7,7,NULL,NULL,'2025-03-28 20:58:21','',' ',NULL),(1949,'peneiras','peneiras',3,3,NULL,NULL,'2025-03-28 20:58:21','',' ',NULL),(1951,'marmorista','marmorista',3,3,NULL,NULL,'2025-03-28 20:58:21','',' ',NULL),(1952,'equilibrista','equilibrista',3,3,NULL,NULL,'2025-03-28 20:58:21','',' ',NULL),(1953,'metrologicos','metrológicos',7,7,NULL,NULL,'2025-03-28 20:58:21','',' ',NULL),(1954,'apagamento','apagamento',3,3,NULL,NULL,'2025-03-28 20:58:21','',' ',NULL),(1955,'estaleiros','estaleiros',3,3,NULL,NULL,'2025-03-28 20:58:21','',' ',NULL),(1956,'magarefe','magarefe',3,3,NULL,NULL,'2025-03-28 20:58:21','',' ',NULL),(1957,'combustiveis','combustíveis',3,3,NULL,NULL,'2025-03-28 20:58:21','',' ',NULL),(1958,'oleaginosas','oleaginosas',3,3,NULL,NULL,'2025-03-28 20:58:21','',' ',NULL),(1959,'terrestres','terrestres',7,7,NULL,NULL,'2025-03-28 20:58:21','',' ',NULL),(1960,'ortopedia','ortopedia',3,3,NULL,NULL,'2025-03-28 20:58:21','',' ',NULL),(1961,'brasador','brasador',3,3,NULL,NULL,'2025-03-28 20:58:21','',' ',NULL),(1962,'reciclavel','reciclável',7,7,NULL,NULL,'2025-03-28 20:58:21','',' ',NULL),(1963,'diagnostico','diagnóstico',3,3,NULL,NULL,'2025-03-28 20:58:21','',' ',NULL),(1964,'instrutor','instrutor',3,3,NULL,NULL,'2025-03-28 20:58:21','',' ',NULL),(1965,'ambiente','ambiente',7,7,NULL,NULL,'2025-03-28 20:58:21','',' ',NULL),(1966,'meteorologista','meteorologista',3,3,NULL,NULL,'2025-03-28 20:58:21','',' ',NULL),(1967,'atividades','atividades',3,3,NULL,NULL,'2025-03-28 20:58:21','',' ',NULL),(1968,'solos','solos',3,3,NULL,NULL,'2025-03-28 20:58:21','',' ',NULL),(1969,'dosimetrista','dosimetrista',3,3,NULL,NULL,'2025-03-28 20:58:21','',' ',NULL),(1970,'contorcionista','contorcionista',3,3,NULL,NULL,'2025-03-28 20:58:21','',' ',NULL),(1971,'hidraulico','hidráulico',7,7,NULL,NULL,'2025-03-28 20:58:21','',' ',NULL),(1972,'apicultor','apicultor',3,3,NULL,NULL,'2025-03-28 20:58:21','',' ',NULL),(1973,'texto','texto',3,3,NULL,NULL,'2025-03-28 20:58:21','',' ',NULL),(1974,'ouricuri','ouricuri',3,3,NULL,NULL,'2025-03-28 20:58:21','',' ',NULL),(1975,'mao-de-obra','mão-de-obra',3,3,NULL,NULL,'2025-03-28 20:58:21','',' ',NULL),(1976,'pedreiro','pedreiro',3,3,NULL,NULL,'2025-03-28 20:58:21','',' ',NULL),(1977,'abrasao','abrasão',3,3,NULL,NULL,'2025-03-28 20:58:21','',' ',NULL),(1978,'rocadeiras','roçadeiras',3,3,NULL,NULL,'2025-03-28 20:58:21','',' ',NULL),(1979,'trefilador','trefilador',3,3,NULL,NULL,'2025-03-28 20:58:21','',' ',NULL),(1980,'justica','justiça',3,3,NULL,NULL,'2025-03-28 20:58:21','',' ',NULL),(1981,'piercer','piercer',1,1,NULL,NULL,'2025-03-28 20:58:21','',' ',NULL),(1982,'armazenista','armazenista',3,3,NULL,NULL,'2025-03-28 20:58:21','',' ',NULL),(1983,'medica','médica',7,7,NULL,NULL,'2025-03-28 20:58:21','',' ',NULL),(1984,'economista','economista',3,3,NULL,NULL,'2025-03-28 20:58:21','',' ',NULL),(1985,'astronomo','astrônomo',3,3,NULL,NULL,'2025-03-28 20:58:21','',' ',NULL),(1986,'domesticos','domésticos',7,7,NULL,NULL,'2025-03-28 20:58:21','',' ',NULL),(1987,'professores','professores',3,3,NULL,NULL,'2025-03-28 20:58:21','',' ',NULL),(1988,'ginastica','ginástica',3,3,NULL,NULL,'2025-03-28 20:58:21','',' ',NULL),(1989,'optica','óptica',7,7,NULL,NULL,'2025-03-28 20:58:21','',' ',NULL),(1990,'segundo','segundo',5,5,NULL,NULL,'2025-03-28 20:58:21','',' ',NULL),(1991,'localizada','localizada',1,1,NULL,NULL,'2025-03-28 20:58:21','',' ',NULL),(1992,'quarto','quarto',3,3,NULL,NULL,'2025-03-28 20:58:21','',' ',NULL),(1993,'bomba','bomba',3,3,NULL,NULL,'2025-03-28 20:58:21','',' ',NULL),(1994,'usinar','usinar',1,1,NULL,NULL,'2025-03-28 20:58:21','',' ',NULL),(1995,'degustador','degustador',3,3,NULL,NULL,'2025-03-28 20:58:21','',' ',NULL),(1996,'aquatico','aquático',7,7,NULL,NULL,'2025-03-28 20:58:21','',' ',NULL),(1997,'triagem','triagem',3,3,NULL,NULL,'2025-03-28 20:58:21','',' ',NULL),(1998,'urbanista','urbanista',7,7,NULL,NULL,'2025-03-28 20:58:21','',' ',NULL),(1999,'guias','guias',3,3,NULL,NULL,'2025-03-28 20:58:21','',' ',NULL),(2000,'pilates','pilates',3,3,NULL,NULL,'2025-03-28 20:58:21','',' ',NULL),(2001,'maquinas-ferramentas','máquinas-ferramentas',3,3,NULL,NULL,'2025-03-28 20:58:21','',' ',NULL),(2002,'aerodromo','aeródromo',3,3,NULL,NULL,'2025-03-28 20:58:21','',' ',NULL),(2003,'trigo','trigo',3,3,NULL,NULL,'2025-03-28 20:58:21','',' ',NULL),(2004,'dentario','dentário',7,7,NULL,NULL,'2025-03-28 20:58:21','',' ',NULL),(2005,'lingotamento','lingotamento',3,3,NULL,NULL,'2025-03-28 20:58:21','',' ',NULL),(2006,'aquicultura','aqüicultura',3,3,NULL,NULL,'2025-03-28 20:58:21','',' ',NULL),(2007,'cozinheiro','cozinheiro',3,3,NULL,NULL,'2025-03-28 20:58:21','',' ',NULL),(2008,'precipitacao','precipitação',3,3,NULL,NULL,'2025-03-28 20:58:21','',' ',NULL),(2009,'envasamento','envasamento',3,3,NULL,NULL,'2025-03-28 20:58:21','',' ',NULL),(2010,'telefonicas','telefônicas',7,7,NULL,NULL,'2025-03-28 20:58:21','',' ',NULL),(2012,'caldeireiro','caldeireiro',3,3,NULL,NULL,'2025-03-28 20:58:21','',' ',NULL),(2013,'escrevente','escrevente',3,3,NULL,NULL,'2025-03-28 20:58:21','',' ',NULL),(2014,'quarta','quarta',7,7,NULL,NULL,'2025-03-28 20:58:21','',' ',NULL),(2015,'avicultura','avicultura',3,3,NULL,NULL,'2025-03-28 20:58:21','',' ',NULL),(2016,'agua','água',3,3,NULL,NULL,'2025-03-28 20:58:21','',' ',NULL),(2018,'aeronautica','aeronáutica',3,3,NULL,NULL,'2025-03-28 20:58:21','',' ',NULL),(2019,'pragas','pragas',3,3,NULL,NULL,'2025-03-28 20:58:21','',' ',NULL),(2020,'plastico','plástico',7,7,NULL,NULL,'2025-03-28 20:58:21','',' ',NULL),(2021,'pesca','pesca',3,3,NULL,NULL,'2025-03-28 20:58:21','',' ',NULL),(2022,'atuario','atuário',3,3,NULL,NULL,'2025-03-28 20:58:21','',' ',NULL),(2023,'reumatologista','reumatologista',7,7,NULL,NULL,'2025-03-28 20:58:21','',' ',NULL),(2024,'cronometrista','cronometrista',3,3,NULL,NULL,'2025-03-28 20:58:21','',' ',NULL),(2025,'operatrizes','operatrizes',7,7,NULL,NULL,'2025-03-28 20:58:21','',' ',NULL),(2026,'moco','moço',3,3,NULL,NULL,'2025-03-28 20:58:21','',' ',NULL),(2027,'artistico','artístico',7,7,NULL,NULL,'2025-03-28 20:58:21','',' ',NULL),(2028,'material','material',3,3,NULL,NULL,'2025-03-28 20:58:21','',' ',NULL),(2029,'destrocador','destroçador',3,3,NULL,NULL,'2025-03-28 20:58:21','',' ',NULL),(2030,'sociologia','sociologia',3,3,NULL,NULL,'2025-03-28 20:58:21','',' ',NULL),(2031,'jogos','jogos',3,3,NULL,NULL,'2025-03-28 20:58:21','',' ',NULL),(2032,'contramestre','contramestre',3,3,NULL,NULL,'2025-03-28 20:58:21','',' ',NULL),(2033,'ativos','ativos',7,7,NULL,NULL,'2025-03-28 20:58:21','',' ',NULL),(2034,'cilindros','cilindros',3,3,NULL,NULL,'2025-03-28 20:58:21','',' ',NULL),(2035,'maritimos','marítimos',7,7,NULL,NULL,'2025-03-28 20:58:21','',' ',NULL),(2036,'carnes','carnes',3,3,NULL,NULL,'2025-03-28 20:58:21','',' ',NULL),(2037,'cobre','cobre',3,3,NULL,NULL,'2025-03-28 20:58:21','',' ',NULL),(2038,'filosofo','filósofo',3,3,NULL,NULL,'2025-03-28 20:58:21','',' ',NULL),(2040,'copiadora','copiadora',7,7,NULL,NULL,'2025-03-28 20:58:21','',' ',NULL),(2041,'trepadeiras','trepadeiras',3,3,NULL,NULL,'2025-03-28 20:58:21','',' ',NULL),(2043,'conservacao','conservação',3,3,NULL,NULL,'2025-03-28 20:58:21','',' ',NULL),(2044,'anestesiologista','anestesiologista',7,7,NULL,NULL,'2025-03-28 20:58:21','',' ',NULL),(2045,'medicao','medição',3,3,NULL,NULL,'2025-03-28 20:58:21','',' ',NULL),(2046,'salao','salão',3,3,NULL,NULL,'2025-03-28 20:58:21','',' ',NULL),(2047,'veneno','veneno',3,3,NULL,NULL,'2025-03-28 20:58:21','',' ',NULL),(2048,'essencia','essência',3,3,NULL,NULL,'2025-03-28 20:58:21','',' ',NULL),(2049,'maitre','maître',3,3,NULL,NULL,'2025-03-28 20:58:21','',' ',NULL),(2051,'membro','membro',3,3,NULL,NULL,'2025-03-28 20:58:21','',' ',NULL),(2052,'borracheiro','borracheiro',3,3,NULL,NULL,'2025-03-28 20:58:21','',' ',NULL),(2053,'ponte','ponte',3,3,NULL,NULL,'2025-03-28 20:58:22','',' ',NULL),(2054,'desempenadeira','desempenadeira',3,3,NULL,NULL,'2025-03-28 20:58:22','',' ',NULL),(2055,'biscoitos','biscoitos',3,3,NULL,NULL,'2025-03-28 20:58:22','',' ',NULL),(2056,'produtor','produtor',3,3,NULL,NULL,'2025-03-28 20:58:22','',' ',NULL),(2057,'tecidos','tecidos',3,3,NULL,NULL,'2025-03-28 20:58:22','',' ',NULL),(2058,'portuario','portuário',7,7,NULL,NULL,'2025-03-28 20:58:22','',' ',NULL),(2059,'apontador','apontador',3,3,NULL,NULL,'2025-03-28 20:58:22','',' ',NULL),(2060,'salina','salina',3,3,NULL,NULL,'2025-03-28 20:58:22','',' ',NULL),(2061,'estruturas','estruturas',3,3,NULL,NULL,'2025-03-28 20:58:22','',' ',NULL),(2062,'propaganda','propaganda',3,3,NULL,NULL,'2025-03-28 20:58:22','',' ',NULL),(2063,'exportacao','exportação',3,3,NULL,NULL,'2025-03-28 20:58:22','',' ',NULL),(2064,'carregadeira','carregadeira',3,3,NULL,NULL,'2025-03-28 20:58:22','',' ',NULL),(2065,'concreto','concreto',7,7,NULL,NULL,'2025-03-28 20:58:22','',' ',NULL),(2066,'malabarista','malabarista',3,3,NULL,NULL,'2025-03-28 20:58:22','',' ',NULL),(2067,'aparelho','aparelho',3,3,NULL,NULL,'2025-03-28 20:58:22','',' ',NULL),(2068,'inteligencia','inteligência',3,3,NULL,NULL,'2025-03-28 20:58:22','',' ',NULL),(2069,'carpinteiro','carpinteiro',3,3,NULL,NULL,'2025-03-28 20:58:22','',' ',NULL),(2070,'liquidos','líquidos',3,3,NULL,NULL,'2025-03-28 20:58:22','',' ',NULL),(2071,'deputado','deputado',3,3,NULL,NULL,'2025-03-28 20:58:22','',' ',NULL),(2072,'moldagem','moldagem',3,3,NULL,NULL,'2025-03-28 20:58:22','',' ',NULL),(2073,'italiana','italiana',7,7,NULL,NULL,'2025-03-28 20:58:22','',' ',NULL),(2074,'centrifugadora','centrifugadora',3,3,NULL,NULL,'2025-03-28 20:58:22','',' ',NULL),(2075,'agropecuaria','agropecuária',7,7,NULL,NULL,'2025-03-28 20:58:22','',' ',NULL),(2077,'tijolos','tijolos',3,3,NULL,NULL,'2025-03-28 20:58:22','',' ',NULL),(2078,'substancias','substâncias',3,3,NULL,NULL,'2025-03-28 20:58:22','',' ',NULL),(2079,'aquicola','aqüícola',1,1,NULL,NULL,'2025-03-28 20:58:22','',' ',NULL),(2080,'arquitetura','arquitetura',3,3,NULL,NULL,'2025-03-28 20:58:22','',' ',NULL),(2082,'sonda','sonda',3,3,NULL,NULL,'2025-03-28 20:58:22','',' ',NULL),(2083,'equipamento','equipamento',3,3,NULL,NULL,'2025-03-28 20:58:22','',' ',NULL),(2084,'depuracao','depuração',3,3,NULL,NULL,'2025-03-28 20:58:22','',' ',NULL),(2085,'canteiro','canteiro',3,3,NULL,NULL,'2025-03-28 20:58:22','',' ',NULL),(2086,'pura','pura',7,7,NULL,NULL,'2025-03-28 20:58:22','',' ',NULL),(2087,'vegetais','vegetais',7,7,NULL,NULL,'2025-03-28 20:58:22','',' ',NULL),(2088,'limpeza','limpeza',3,3,NULL,NULL,'2025-03-28 20:58:22','',' ',NULL),(2089,'rebitador','rebitador',3,3,NULL,NULL,'2025-03-28 20:58:22','',' ',NULL),(2090,'cigarrilhas','cigarrilhas',3,3,NULL,NULL,'2025-03-28 20:58:22','',' ',NULL),(2091,'quimicas','químicas',7,7,NULL,NULL,'2025-03-28 20:58:22','',' ',NULL),(2092,'letreiros','letreiros',3,3,NULL,NULL,'2025-03-28 20:58:22','',' ',NULL),(2093,'perucas','perucas',3,3,NULL,NULL,'2025-03-28 20:58:22','',' ',NULL),(2094,'couro','couro',3,3,NULL,NULL,'2025-03-28 20:58:22','',' ',NULL),(2095,'bebidas','bebidas',3,3,NULL,NULL,'2025-03-28 20:58:22','',' ',NULL),(2096,'enfestador','enfestador',3,3,NULL,NULL,'2025-03-28 20:58:22','',' ',NULL),(2097,'cesteiro','cesteiro',3,3,NULL,NULL,'2025-03-28 20:58:22','',' ',NULL),(2098,'salgador','salgador',3,3,NULL,NULL,'2025-03-28 20:58:22','',' ',NULL),(2099,'outros','outros',9,9,NULL,NULL,'2025-03-28 20:58:22','',' ',NULL),(2100,'estoquista','estoquista',3,3,NULL,NULL,'2025-03-28 20:58:22','',' ',NULL),(2101,'grafica','gráfica',7,7,NULL,NULL,'2025-03-28 20:58:22','',' ',NULL),(2102,'empregado','empregado',3,3,NULL,NULL,'2025-03-28 20:58:22','',' ',NULL),(2103,'pedagogico','pedagógico',7,7,NULL,NULL,'2025-03-28 20:58:22','',' ',NULL),(2104,'eletricidade','eletricidade',3,3,NULL,NULL,'2025-03-28 20:58:22','',' ',NULL),(2105,'maquineta','maquineta',3,3,NULL,NULL,'2025-03-28 20:58:22','',' ',NULL),(2106,'jornaleiro','jornaleiro',3,3,NULL,NULL,'2025-03-28 20:58:22','',' ',NULL),(2107,'multipla','múltipla',7,7,NULL,NULL,'2025-03-28 20:58:22','',' ',NULL),(2108,'vinco','vinco',3,3,NULL,NULL,'2025-03-28 20:58:22','',' ',NULL),(2109,'laminados','laminados',3,3,NULL,NULL,'2025-03-28 20:58:22','',' ',NULL),(2110,'ativo','ativo',7,7,NULL,NULL,'2025-03-28 20:58:22','',' ',NULL),(2111,'andar','andar',1,1,NULL,NULL,'2025-03-28 20:58:22','',' ',NULL),(2113,'bloqueiro','bloqueiro',3,3,NULL,NULL,'2025-03-28 20:58:22','',' ',NULL),(2114,'secretariado','secretariado',3,3,NULL,NULL,'2025-03-28 20:58:22','',' ',NULL),(2115,'teleoperador','teleoperador',3,3,NULL,NULL,'2025-03-28 20:58:22','',' ',NULL),(2116,'pesquisa','pesquisa',3,3,NULL,NULL,'2025-03-28 20:58:22','',' ',NULL),(2117,'esteticista','esteticista',3,3,NULL,NULL,'2025-03-28 20:58:22','',' ',NULL),(2118,'autonomo','autônomo',7,7,NULL,NULL,'2025-03-28 20:58:22','',' ',NULL),(2119,'reaquecimento','reaquecimento',3,3,NULL,NULL,'2025-03-28 20:58:22','',' ',NULL),(2120,'bioterismo','bioterismo',3,3,NULL,NULL,'2025-03-28 20:58:22','',' ',NULL),(2122,'vinagreiro','vinagreiro',3,3,NULL,NULL,'2025-03-28 20:58:22','',' ',NULL),(2123,'anatomopatologista','anatomopatologista',7,7,NULL,NULL,'2025-03-28 20:58:22','',' ',NULL),(2124,'radioterapeuta','radioterapeuta',3,3,NULL,NULL,'2025-03-28 20:58:22','',' ',NULL),(2126,'papel','papel',3,3,NULL,NULL,'2025-03-28 20:58:22','',' ',NULL),(2127,'populares','populares',7,7,NULL,NULL,'2025-03-28 20:58:22','',' ',NULL),(2128,'utilidade','utilidade',3,3,NULL,NULL,'2025-03-28 20:58:22','',' ',NULL),(2129,'imediato','imediato',3,3,NULL,NULL,'2025-03-28 20:58:22','',' ',NULL),(2130,'panelas','panelas',3,3,NULL,NULL,'2025-03-28 20:58:22','',' ',NULL),(2131,'capitao','capitão',3,3,NULL,NULL,'2025-03-28 20:58:22','',' ',NULL),(2132,'prensista','prensista',1,1,NULL,NULL,'2025-03-28 20:58:22','',' ',NULL),(2133,'poeta','poeta',3,3,NULL,NULL,'2025-03-28 20:58:22','',' ',NULL),(2136,'yoga','yoga',3,3,NULL,NULL,'2025-03-28 20:58:22','',' ',NULL),(2137,'aeroviario','aeroviário',7,7,NULL,NULL,'2025-03-28 20:58:22','',' ',NULL),(2138,'distribuicao','distribuição',3,3,NULL,NULL,'2025-03-28 20:58:22','',' ',NULL),(2139,'copaiba','copaíba',3,3,NULL,NULL,'2025-03-28 20:58:22','',' ',NULL),(2140,'atomizador','atomizador',3,3,NULL,NULL,'2025-03-28 20:58:22','',' ',NULL),(2141,'carga','carga',3,3,NULL,NULL,'2025-03-28 20:58:22','',' ',NULL),(2142,'lideranca','liderança',3,3,NULL,NULL,'2025-03-28 20:58:22','',' ',NULL),(2143,'externo','externo',7,7,NULL,NULL,'2025-03-28 20:58:22','',' ',NULL),(2144,'carteiras','carteiras',3,3,NULL,NULL,'2025-03-28 20:58:22','',' ',NULL),(2145,'frias','frias',7,7,NULL,NULL,'2025-03-28 20:58:22','',' ',NULL),(2147,'automobilistica','automobilística',3,3,NULL,NULL,'2025-03-28 20:58:22','',' ',NULL),(2148,'piso','piso',3,3,NULL,NULL,'2025-03-28 20:58:22','',' ',NULL),(2149,'linho','linho',3,3,NULL,NULL,'2025-03-28 20:58:22','',' ',NULL),(2150,'mandibulas','mandíbulas',3,3,NULL,NULL,'2025-03-28 20:58:22','',' ',NULL),(2151,'geracao','geração',3,3,NULL,NULL,'2025-03-28 20:58:22','',' ',NULL),(2152,'luthier','luthier',3,3,NULL,NULL,'2025-03-28 20:58:22','',' ',NULL),(2153,'amarrador','amarrador',3,3,NULL,NULL,'2025-03-28 20:58:22','',' ',NULL),(2154,'graficos','gráficos',7,7,NULL,NULL,'2025-03-28 20:58:22','',' ',NULL),(2155,'movimento(bioernergetica','movimento(bioernergética',3,3,NULL,NULL,'2025-03-28 20:58:22','',' ',NULL),(2156,'imprensa','imprensa',3,3,NULL,NULL,'2025-03-28 20:58:22','',' ',NULL),(2157,'sangue','sangue',3,3,NULL,NULL,'2025-03-28 20:58:22','',' ',NULL),(2158,'microaspersao','microaspersão',3,3,NULL,NULL,'2025-03-28 20:58:22','',' ',NULL),(2160,'revelacao','revelação',3,3,NULL,NULL,'2025-03-28 20:58:22','',' ',NULL),(2161,'artes','artes',3,3,NULL,NULL,'2025-03-28 20:58:22','',' ',NULL),(2163,'ferrovias','ferrovias',3,3,NULL,NULL,'2025-03-28 20:58:22','',' ',NULL),(2164,'mensageiro','mensageiro',3,3,NULL,NULL,'2025-03-28 20:58:22','',' ',NULL),(2165,'mudas','mudas',3,3,NULL,NULL,'2025-03-28 20:58:22','',' ',NULL),(2166,'inspecao','inspeção',3,3,NULL,NULL,'2025-03-28 20:58:22','',' ',NULL),(2167,'critico','crítico',3,3,NULL,NULL,'2025-03-28 20:58:22','',' ',NULL),(2169,'embalagem','embalagem',3,3,NULL,NULL,'2025-03-28 20:58:22','',' ',NULL),(2170,'engenheiros','engenheiros',3,3,NULL,NULL,'2025-03-28 20:58:22','',' ',NULL),(2172,'apoio','apoio',3,3,NULL,NULL,'2025-03-28 20:58:23','',' ',NULL),(2173,'mantenedor','mantenedor',3,3,NULL,NULL,'2025-03-28 20:58:23','',' ',NULL),(2174,'quilombola','quilombola',7,7,NULL,NULL,'2025-03-28 20:58:23','',' ',NULL),(2175,'esportivos','esportivos',7,7,NULL,NULL,'2025-03-28 20:58:23','',' ',NULL),(2176,'concierge','concierge',3,3,NULL,NULL,'2025-03-28 20:58:23','',' ',NULL),(2177,'petroquimica','petroquímica',7,7,NULL,NULL,'2025-03-28 20:58:23','',' ',NULL),(2178,'geotecnia','geotecnia',3,3,NULL,NULL,'2025-03-28 20:58:23','',' ',NULL),(2179,'ocupacional','ocupacional',7,7,NULL,NULL,'2025-03-28 20:58:23','',' ',NULL),(2180,'digitador','digitador',3,3,NULL,NULL,'2025-03-28 20:58:23','',' ',NULL),(2181,'atendente','atendente',3,3,NULL,NULL,'2025-03-28 20:58:23','',' ',NULL),(2182,'linguistica','lingüística',3,3,NULL,NULL,'2025-03-28 20:58:23','',' ',NULL),(2183,'escadas','escadas',3,3,NULL,NULL,'2025-03-28 20:58:23','',' ',NULL),(2184,'frutos','frutos',3,3,NULL,NULL,'2025-03-28 20:58:23','',' ',NULL),(2185,'siris','siris',3,3,NULL,NULL,'2025-03-28 20:58:23','',' ',NULL),(2186,'instalacoes','instalações',3,3,NULL,NULL,'2025-03-28 20:58:23','',' ',NULL),(2187,'copiador','copiador',3,3,NULL,NULL,'2025-03-28 20:58:23','',' ',NULL),(2188,'ortopedista','ortopedista',7,7,NULL,NULL,'2025-03-28 20:58:23','',' ',NULL),(2189,'ourivesaria','ourivesaria',3,3,NULL,NULL,'2025-03-28 20:58:23','',' ',NULL),(2190,'confeccoes','confecções',3,3,NULL,NULL,'2025-03-28 20:58:23','',' ',NULL),(2191,'tecnicos','técnicos',3,3,NULL,NULL,'2025-03-28 20:58:23','',' ',NULL),(2192,'galvanizador','galvanizador',3,3,NULL,NULL,'2025-03-28 20:58:23','',' ',NULL),(2193,'metrologista','metrologista',3,3,NULL,NULL,'2025-03-28 20:58:23','',' ',NULL),(2194,'entrevistadores','entrevistadores',3,3,NULL,NULL,'2025-03-28 20:58:23','',' ',NULL),(2195,'quente','quente',7,7,NULL,NULL,'2025-03-28 20:58:23','',' ',NULL),(2196,'cordas','cordas',3,3,NULL,NULL,'2025-03-28 20:58:23','',' ',NULL),(2197,'bombeiro','bombeiro',7,7,NULL,NULL,'2025-03-28 20:58:23','',' ',NULL),(2199,'outras','outras',9,9,NULL,NULL,'2025-03-28 20:58:23','',' ',NULL),(2200,'deficiencia','deficiência',3,3,NULL,NULL,'2025-03-28 20:58:23','',' ',NULL),(2201,'metalurgica','metalúrgica',7,7,NULL,NULL,'2025-03-28 20:58:23','',' ',NULL),(2202,'copeiro','copeiro',3,3,NULL,NULL,'2025-03-28 20:58:23','',' ',NULL),(2203,'sapateiro','sapateiro',3,3,NULL,NULL,'2025-03-28 20:58:23','',' ',NULL),(2204,'eletromecanica','eletromecânica',7,7,NULL,NULL,'2025-03-28 20:58:23','',' ',NULL),(2205,'cartorio','cartório',3,3,NULL,NULL,'2025-03-28 20:58:23','',' ',NULL),(2206,'geral','geral',7,7,NULL,NULL,'2025-03-28 20:58:23','',' ',NULL),(2208,'seguros','seguros',3,3,NULL,NULL,'2025-03-28 20:58:23','',' ',NULL),(2209,'vernizes','vernizes',3,3,NULL,NULL,'2025-03-28 20:58:23','',' ',NULL),(2210,'som','som',3,3,NULL,NULL,'2025-03-28 20:58:23','',' ',NULL),(2211,'obras','obras',3,3,NULL,NULL,'2025-03-28 20:58:23','',' ',NULL),(2212,'escriturario','escriturário',3,3,NULL,NULL,'2025-03-28 20:58:23','',' ',NULL),(2213,'combustivel','combustível',3,3,NULL,NULL,'2025-03-28 20:58:23','',' ',NULL),(2214,'lider','líder',3,3,NULL,NULL,'2025-03-28 20:58:23','',' ',NULL),(2215,'vice-prefeito','vice-prefeito',3,3,NULL,NULL,'2025-03-28 20:58:23','',' ',NULL),(2216,'comutacao','comutação',3,3,NULL,NULL,'2025-03-28 20:58:23','',' ',NULL),(2217,'termica','térmica',3,3,NULL,NULL,'2025-03-28 20:58:23','',' ',NULL),(2218,'captador','captador',3,3,NULL,NULL,'2025-03-28 20:58:23','',' ',NULL),(2219,'circo','circo',3,3,NULL,NULL,'2025-03-28 20:58:23','',' ',NULL),(2220,'solidos','sólidos',7,7,NULL,NULL,'2025-03-28 20:58:23','',' ',NULL),(2221,'moveis','móveis',7,7,NULL,NULL,'2025-03-28 20:58:23','',' ',NULL),(2222,'manipulacao','manipulação',3,3,NULL,NULL,'2025-03-28 20:58:23','',' ',NULL),(2224,'adultos','adultos',3,3,NULL,NULL,'2025-03-28 20:58:23','',' ',NULL),(2225,'cacau','cacau',3,3,NULL,NULL,'2025-03-28 20:58:23','',' ',NULL),(2226,'andiroba','andiroba',7,7,NULL,NULL,'2025-03-28 20:58:23','',' ',NULL),(2227,'gesseiro','gesseiro',3,3,NULL,NULL,'2025-03-28 20:58:23','',' ',NULL),(2228,'atacadista','atacadista',7,7,NULL,NULL,'2025-03-28 20:58:23','',' ',NULL),(2229,'ficcao','ficção',3,3,NULL,NULL,'2025-03-28 20:58:23','',' ',NULL),(2230,'alimenticias','alimentícias',7,7,NULL,NULL,'2025-03-28 20:58:23','',' ',NULL),(2231,'treinamento','treinamento',3,3,NULL,NULL,'2025-03-28 20:58:23','',' ',NULL),(2232,'lustrador','lustrador',3,3,NULL,NULL,'2025-03-28 20:58:23','',' ',NULL),(2233,'temporomandibular','temporomandibular',7,7,NULL,NULL,'2025-03-28 20:58:23','',' ',NULL),(2234,'moenda','moenda',3,3,NULL,NULL,'2025-03-28 20:58:23','',' ',NULL),(2235,'tecido','tecido',3,3,NULL,NULL,'2025-03-28 20:58:23','',' ',NULL),(2236,'pedais','pedais',3,3,NULL,NULL,'2025-03-28 20:58:23','',' ',NULL),(2237,'ourives','ourives',3,3,NULL,NULL,'2025-03-28 20:58:23','',' ',NULL),(2238,'madeira','madeira',7,7,NULL,NULL,'2025-03-28 20:58:23','',' ',NULL),(2239,'emborrachados','emborrachados',1,1,NULL,NULL,'2025-03-28 20:58:23','',' ',NULL),(2240,'ajudante','ajudante',3,3,NULL,NULL,'2025-03-28 20:58:23','',' ',NULL),(2241,'dramaturgo','dramaturgo',3,3,NULL,NULL,'2025-03-28 20:58:23','',' ',NULL),(2242,'junco','junco',3,3,NULL,NULL,'2025-03-28 20:58:23','',' ',NULL),(2243,'processador','processador',3,3,NULL,NULL,'2025-03-28 20:58:23','',' ',NULL),(2245,'jornalismo','jornalismo',3,3,NULL,NULL,'2025-03-28 20:58:23','',' ',NULL),(2246,'reverbero','revérbero',3,3,NULL,NULL,'2025-03-28 20:58:23','',' ',NULL),(2247,'sociedade','sociedade',3,3,NULL,NULL,'2025-03-28 20:58:23','',' ',NULL),(2248,'vascular','vascular',7,7,NULL,NULL,'2025-03-28 20:58:23','',' ',NULL),(2249,'pipoqueiro','pipoqueiro',3,3,NULL,NULL,'2025-03-28 20:58:23','',' ',NULL),(2250,'continuista','continuista',3,3,NULL,NULL,'2025-03-28 20:58:23','',' ',NULL),(2251,'gotejamento','gotejamento',3,3,NULL,NULL,'2025-03-28 20:58:23','',' ',NULL),(2252,'taxidermista','taxidermista',3,3,NULL,NULL,'2025-03-28 20:58:23','',' ',NULL),(2253,'capitais','capitais',3,3,NULL,NULL,'2025-03-28 20:58:23','',' ',NULL),(2254,'financeiras','financeiras',7,7,NULL,NULL,'2025-03-28 20:58:23','',' ',NULL),(2255,'gastroenterologista','gastroenterologista',7,7,NULL,NULL,'2025-03-28 20:58:23','',' ',NULL),(2256,'estrangeiras','estrangeiras',7,7,NULL,NULL,'2025-03-28 20:58:23','',' ',NULL),(2257,'maquinista','maquinista',7,7,NULL,NULL,'2025-03-28 20:58:23','',' ',NULL),(2258,'documentos','documentos',3,3,NULL,NULL,'2025-03-28 20:58:23','',' ',NULL),(2259,'enfermeiros','enfermeiros',3,3,NULL,NULL,'2025-03-28 20:58:23','',' ',NULL),(2260,'jato','jato',3,3,NULL,NULL,'2025-03-28 20:58:23','',' ',NULL),(2261,'evaporador','evaporador',3,3,NULL,NULL,'2025-03-28 20:58:23','',' ',NULL),(2262,'siderurgia','siderurgia',3,3,NULL,NULL,'2025-03-28 20:58:23','',' ',NULL),(2263,'previdencia','previdência',3,3,NULL,NULL,'2025-03-28 20:58:23','',' ',NULL),(2264,'hidrossanitarias','hidrossanitárias',7,7,NULL,NULL,'2025-03-28 20:58:23','',' ',NULL),(2266,'executivo','executivo',3,3,NULL,NULL,'2025-03-28 20:58:23','',' ',NULL),(2267,'motricidade','motricidade',3,3,NULL,NULL,'2025-03-28 20:58:23','',' ',NULL),(2268,'juridicas','jurídicas',7,7,NULL,NULL,'2025-03-28 20:58:23','',' ',NULL),(2269,'promotor','promotor',3,3,NULL,NULL,'2025-03-28 20:58:23','',' ',NULL),(2270,'eletronico','eletrônico',7,7,NULL,NULL,'2025-03-28 20:58:23','',' ',NULL),(2271,'detalhista','detalhista',7,7,NULL,NULL,'2025-03-28 20:58:23','',' ',NULL),(2272,'bordar','bordar',1,1,NULL,NULL,'2025-03-28 20:58:23','',' ',NULL),(2273,'automatizada','automatizada',7,7,NULL,NULL,'2025-03-28 20:58:23','',' ',NULL),(2274,'redator','redator',3,3,NULL,NULL,'2025-03-28 20:58:23','',' ',NULL),(2275,'maritima','marítima',7,7,NULL,NULL,'2025-03-28 20:58:23','',' ',NULL),(2276,'mordomo','mordomo',3,3,NULL,NULL,'2025-03-28 20:58:23','',' ',NULL),(2277,'audiologia','audiologia',3,3,NULL,NULL,'2025-03-28 20:58:23','',' ',NULL),(2278,'farmacia','farmácia',3,3,NULL,NULL,'2025-03-28 20:58:23','',' ',NULL),(2279,'toldos','toldos',3,3,NULL,NULL,'2025-03-28 20:58:23','',' ',NULL),(2280,'especies','espécies',3,3,NULL,NULL,'2025-03-28 20:58:23','',' ',NULL),(2281,'dor','dor',3,3,NULL,NULL,'2025-03-28 20:58:24','',' ',NULL),(2282,'bateria','bateria',3,3,NULL,NULL,'2025-03-28 20:58:24','',' ',NULL),(2283,'centrais','centrais',3,3,NULL,NULL,'2025-03-28 20:58:24','',' ',NULL),(2284,'reporter','repórter',3,3,NULL,NULL,'2025-03-28 20:58:24','',' ',NULL),(2285,'subterraneos','subterrâneos',3,3,NULL,NULL,'2025-03-28 20:58:24','',' ',NULL),(2286,'private','private',3,3,NULL,NULL,'2025-03-28 20:58:24','',' ',NULL),(2287,'proeiro','proeiro',3,3,NULL,NULL,'2025-03-28 20:58:24','',' ',NULL),(2288,'editor','editor',3,3,NULL,NULL,'2025-03-28 20:58:24','',' ',NULL),(2289,'contas','contas',3,3,NULL,NULL,'2025-03-28 20:58:24','',' ',NULL),(2290,'cunicultor','cunicultor',3,3,NULL,NULL,'2025-03-28 20:58:24','',' ',NULL),(2291,'fonografica','fonográfica',7,7,NULL,NULL,'2025-03-28 20:58:24','',' ',NULL),(2292,'governamental','governamental',7,7,NULL,NULL,'2025-03-28 20:58:24','',' ',NULL),(2294,'ceramicos','cerâmicos',7,7,NULL,NULL,'2025-03-28 20:58:24','',' ',NULL),(2296,'sommelier','sommelier',3,3,NULL,NULL,'2025-03-28 20:58:24','',' ',NULL),(2297,'talos','talos',3,3,NULL,NULL,'2025-03-28 20:58:24','',' ',NULL),(2298,'detonador','detonador',3,3,NULL,NULL,'2025-03-28 20:58:24','',' ',NULL),(2299,'refinador','refinador',3,3,NULL,NULL,'2025-03-28 20:58:24','',' ',NULL),(2300,'resinas','resinas',3,3,NULL,NULL,'2025-03-28 20:58:24','',' ',NULL),(2301,'comentarista','comentarista',3,3,NULL,NULL,'2025-03-28 20:58:24','',' ',NULL),(2302,'circular','circular',7,7,NULL,NULL,'2025-03-28 20:58:24','',' ',NULL),(2303,'dentistica','dentística',3,3,NULL,NULL,'2025-03-28 20:58:24','',' ',NULL),(2304,'saneamento','saneamento',3,3,NULL,NULL,'2025-03-28 20:58:24','',' ',NULL),(2305,'biblioteconomia','biblioteconomia',3,3,NULL,NULL,'2025-03-28 20:58:24','',' ',NULL),(2306,'terapeuta','terapeuta',3,3,NULL,NULL,'2025-03-28 20:58:24','',' ',NULL),(2307,'carvoaria','carvoaria',3,3,NULL,NULL,'2025-03-28 20:58:24','',' ',NULL),(2308,'alto','alto',7,7,NULL,NULL,'2025-03-28 20:58:24','',' ',NULL),(2309,'moedas','moedas',3,3,NULL,NULL,'2025-03-28 20:58:24','',' ',NULL),(2310,'volei','vôlei',3,3,NULL,NULL,'2025-03-28 20:58:24','',' ',NULL),(2311,'executiva(o','executiva(o',3,3,NULL,NULL,'2025-03-28 20:58:24','',' ',NULL),(2312,'pano','pano',3,3,NULL,NULL,'2025-03-28 20:58:24','',' ',NULL),(2313,'politicas','políticas',3,3,NULL,NULL,'2025-03-28 20:58:24','',' ',NULL),(2314,'portaria','portaria',3,3,NULL,NULL,'2025-03-28 20:58:24','',' ',NULL),(2315,'mecanico','mecânico',7,7,NULL,NULL,'2025-03-28 20:58:24','',' ',NULL),(2316,'piacava','piaçava',1,1,NULL,NULL,'2025-03-28 20:58:24','',' ',NULL),(2317,'recepcionistas','recepcionistas',3,3,NULL,NULL,'2025-03-28 20:58:24','',' ',NULL),(2318,'entalhadeira','entalhadeira',3,3,NULL,NULL,'2025-03-28 20:58:24','',' ',NULL),(2319,'terra','terra',3,3,NULL,NULL,'2025-03-28 20:58:24','',' ',NULL),(2320,'metrologica','metrológica',7,7,NULL,NULL,'2025-03-28 20:58:24','',' ',NULL),(2321,'endodontista','endodontista',3,3,NULL,NULL,'2025-03-28 20:58:24','',' ',NULL),(2322,'renda','renda',3,3,NULL,NULL,'2025-03-28 20:58:24','',' ',NULL),(2323,'desenho','desenho',3,3,NULL,NULL,'2025-03-28 20:58:24','',' ',NULL),(2324,'retalhador','retalhador',3,3,NULL,NULL,'2025-03-28 20:58:24','',' ',NULL),(2325,'caprinos','caprinos',3,3,NULL,NULL,'2025-03-28 20:58:24','',' ',NULL),(2326,'visitador','visitador',3,3,NULL,NULL,'2025-03-28 20:58:24','',' ',NULL),(2327,'tanoeiro','tanoeiro',3,3,NULL,NULL,'2025-03-28 20:58:24','',' ',NULL),(2328,'gorduras','gorduras',3,3,NULL,NULL,'2025-03-28 20:58:24','',' ',NULL),(2329,'pizzaiolo','pizzaiolo',3,3,NULL,NULL,'2025-03-28 20:58:24','',' ',NULL),(2330,'acabamento','acabamento',3,3,NULL,NULL,'2025-03-28 20:58:24','',' ',NULL),(2331,'piloto','piloto',3,3,NULL,NULL,'2025-03-28 20:58:24','',' ',NULL),(2332,'coloproctologista','coloproctologista',7,7,NULL,NULL,'2025-03-28 20:58:24','',' ',NULL),(2333,'financeiro','financeiro',7,7,NULL,NULL,'2025-03-28 20:58:24','',' ',NULL),(2334,'clinica','clínica',7,7,NULL,NULL,'2025-03-28 20:58:24','',' ',NULL),(2335,'oceanografo','oceanógrafo',3,3,NULL,NULL,'2025-03-28 20:58:24','',' ',NULL),(2336,'cha','chá',3,3,NULL,NULL,'2025-03-28 20:58:24','',' ',NULL),(2337,'respiratoria','respiratória',7,7,NULL,NULL,'2025-03-28 20:58:24','',' ',NULL),(2338,'desamarrado','desamarrado',1,1,NULL,NULL,'2025-03-28 20:58:24','',' ',NULL),(2339,'modas','modas',3,3,NULL,NULL,'2025-03-28 20:58:24','',' ',NULL),(2340,'eletrotecnico','eletrotécnico',3,3,NULL,NULL,'2025-03-28 20:58:24','',' ',NULL),(2342,'tesoureiro','tesoureiro',3,3,NULL,NULL,'2025-03-28 20:58:24','',' ',NULL),(2343,'investimentos','investimentos',3,3,NULL,NULL,'2025-03-28 20:58:24','',' ',NULL),(2344,'tratador','tratador',3,3,NULL,NULL,'2025-03-28 20:58:24','',' ',NULL),(2345,'injetora','injetora',7,7,NULL,NULL,'2025-03-28 20:58:24','',' ',NULL),(2346,'militares','militares',3,3,NULL,NULL,'2025-03-28 20:58:24','',' ',NULL),(2347,'plataformista','plataformista',3,3,NULL,NULL,'2025-03-28 20:58:24','',' ',NULL),(2348,'utensilios','utensílios',3,3,NULL,NULL,'2025-03-28 20:58:24','',' ',NULL),(2349,'serigrafica','serigráfica',7,7,NULL,NULL,'2025-03-28 20:58:24','',' ',NULL),(2350,'solidos','sólidos',1,1,NULL,NULL,'2025-03-28 20:58:24','',' ',NULL),(2351,'tecelagem','tecelagem',3,3,NULL,NULL,'2025-03-28 20:58:24','',' ',NULL),(2352,'couros','couros',3,3,NULL,NULL,'2025-03-28 20:58:24','',' ',NULL),(2353,'malte','malte',3,3,NULL,NULL,'2025-03-28 20:58:24','',' ',NULL),(2354,'arroz','arroz',3,3,NULL,NULL,'2025-03-28 20:58:24','',' ',NULL),(2355,'mosaista','mosaísta',3,3,NULL,NULL,'2025-03-28 20:58:24','',' ',NULL),(2356,'agrimensor','agrimensor',7,7,NULL,NULL,'2025-03-28 20:58:24','',' ',NULL),(2357,'tipografico','tipográfico',7,7,NULL,NULL,'2025-03-28 20:58:24','',' ',NULL),(2358,'sisal','sisal',3,3,NULL,NULL,'2025-03-28 20:58:24','',' ',NULL),(2359,'cartografo','cartógrafo',7,7,NULL,NULL,'2025-03-28 20:58:24','',' ',NULL),(2360,'traumatologista','traumatologista',7,7,NULL,NULL,'2025-03-28 20:58:24','',' ',NULL),(2361,'fiacao','fiação',3,3,NULL,NULL,'2025-03-28 20:58:24','',' ',NULL),(2362,'doce','doce',7,7,NULL,NULL,'2025-03-28 20:58:24','',' ',NULL),(2363,'loteria','loteria',3,3,NULL,NULL,'2025-03-28 20:58:24','',' ',NULL),(2364,'relojoeiro','relojoeiro',3,3,NULL,NULL,'2025-03-28 20:58:24','',' ',NULL),(2365,'velas','velas',3,3,NULL,NULL,'2025-03-28 20:58:24','',' ',NULL),(2366,'preservacao','preservação',3,3,NULL,NULL,'2025-03-28 20:58:24','',' ',NULL),(2367,'mandriladora','mandriladora',3,3,NULL,NULL,'2025-03-28 20:58:24','',' ',NULL),(2368,'radio','rádio',3,3,NULL,NULL,'2025-03-28 20:58:24','',' ',NULL),(2369,'mineiro','mineiro',3,3,NULL,NULL,'2025-03-28 20:58:24','',' ',NULL),(2370,'engomadeira','engomadeira',3,3,NULL,NULL,'2025-03-28 20:58:24','',' ',NULL),(2371,'plano','plano',3,3,NULL,NULL,'2025-03-28 20:58:24','',' ',NULL),(2372,'calda','calda',3,3,NULL,NULL,'2025-03-28 20:58:24','',' ',NULL),(2373,'pequenas','pequenas',7,7,NULL,NULL,'2025-03-28 20:58:24','',' ',NULL),(2374,'assemelhadas','assemelhadas',1,1,NULL,NULL,'2025-03-28 20:58:24','',' ',NULL),(2375,'compensados','compensados',1,1,NULL,NULL,'2025-03-28 20:58:24','',' ',NULL),(2376,'raizes','raízes',3,3,NULL,NULL,'2025-03-28 20:58:24','',' ',NULL),(2377,'midias','mídias',3,3,NULL,NULL,'2025-03-28 20:58:24','',' ',NULL),(2378,'empilhadeira','empilhadeira',3,3,NULL,NULL,'2025-03-28 20:58:24','',' ',NULL),(2379,'avaliacao','avaliação',3,3,NULL,NULL,'2025-03-28 20:58:24','',' ',NULL),(2381,'credito','crédito',3,3,NULL,NULL,'2025-03-28 20:58:24','',' ',NULL),(2382,'produtoras','produtoras',3,3,NULL,NULL,'2025-03-28 20:58:24','',' ',NULL),(2383,'seguro','seguro',7,7,NULL,NULL,'2025-03-28 20:58:24','',' ',NULL),(2384,'sepultador','sepultador',3,3,NULL,NULL,'2025-03-28 20:58:24','',' ',NULL),(2385,'administrador','administrador',3,3,NULL,NULL,'2025-03-28 20:58:24','',' ',NULL),(2386,'linguagem','linguagem',3,3,NULL,NULL,'2025-03-28 20:58:24','',' ',NULL),(2387,'web','web',3,3,NULL,NULL,'2025-03-28 20:58:24','',' ',NULL),(2388,'trapezista','trapezista',3,3,NULL,NULL,'2025-03-28 20:58:24','',' ',NULL),(2389,' ',' ',3,3,NULL,NULL,'2025-03-28 20:58:24','',' ',NULL),(2390,'idosos','idosos',3,3,NULL,NULL,'2025-03-28 20:58:24','',' ',NULL),(2391,'vias','vias',3,3,NULL,NULL,'2025-03-28 20:58:24','',' ',NULL),(2392,'ceifadeira','ceifadeira',3,3,NULL,NULL,'2025-03-28 20:58:24','',' ',NULL),(2393,'cabeleireiro','cabeleireiro',3,3,NULL,NULL,'2025-03-28 20:58:24','',' ',NULL),(2394,'atletismo','atletismo',3,3,NULL,NULL,'2025-03-28 20:58:24','',' ',NULL),(2395,'pasta','pasta',3,3,NULL,NULL,'2025-03-28 20:58:24','',' ',NULL),(2396,'barbeiro','barbeiro',3,3,NULL,NULL,'2025-03-28 20:58:24','',' ',NULL),(2397,'prensista','prensista',3,3,NULL,NULL,'2025-03-28 20:58:24','',' ',NULL),(2398,'livro','livro',3,3,NULL,NULL,'2025-03-28 20:58:25','',' ',NULL),(2399,'forneiro','forneiro',3,3,NULL,NULL,'2025-03-28 20:58:25','',' ',NULL),(2400,'locutor','locutor',3,3,NULL,NULL,'2025-03-28 20:58:25','',' ',NULL),(2401,'fabricacao','fabricação',3,3,NULL,NULL,'2025-03-28 20:58:25','',' ',NULL),(2402,'pagar','pagar',1,1,NULL,NULL,'2025-03-28 20:58:25','',' ',NULL),(2403,'direitos','direitos',3,3,NULL,NULL,'2025-03-28 20:58:25','',' ',NULL),(2404,'salsicha','salsicha',3,3,NULL,NULL,'2025-03-28 20:58:25','',' ',NULL),(2405,'veterinario','veterinário',7,7,NULL,NULL,'2025-03-28 20:58:25','',' ',NULL),(2406,'registrador','registrador',3,3,NULL,NULL,'2025-03-28 20:58:25','',' ',NULL),(2407,'conselheiro','conselheiro',3,3,NULL,NULL,'2025-03-28 20:58:25','',' ',NULL),(2408,'protesista','protesista',3,3,NULL,NULL,'2025-03-28 20:58:25','',' ',NULL),(2409,'boneleiro','boneleiro',3,3,NULL,NULL,'2025-03-28 20:58:25','',' ',NULL),(2410,'energia','energia',3,3,NULL,NULL,'2025-03-28 20:58:25','',' ',NULL),(2411,'garrafas','garrafas',3,3,NULL,NULL,'2025-03-28 20:58:25','',' ',NULL),(2412,'compliance','compliance',3,3,NULL,NULL,'2025-03-28 20:58:25','',' ',NULL),(2413,'alimentador','alimentador',3,3,NULL,NULL,'2025-03-28 20:58:25','',' ',NULL),(2414,'via','via',3,3,NULL,NULL,'2025-03-28 20:58:25','',' ',NULL),(2415,'acessorios','acessórios',3,3,NULL,NULL,'2025-03-28 20:58:25','',' ',NULL),(2416,'decapador','decapador',3,3,NULL,NULL,'2025-03-28 20:58:25','',' ',NULL),(2417,'amendoim','amendoim',3,3,NULL,NULL,'2025-03-28 20:58:25','',' ',NULL),(2418,'ferrador','ferrador',3,3,NULL,NULL,'2025-03-28 20:58:25','',' ',NULL),(2419,'atendimento','atendimento',3,3,NULL,NULL,'2025-03-28 20:58:25','',' ',NULL),(2420,'valas','valas',3,3,NULL,NULL,'2025-03-28 20:58:25','',' ',NULL),(2422,'infantil','infantil',7,7,NULL,NULL,'2025-03-28 20:58:25','',' ',NULL),(2423,'vibradorista','vibradorista',3,3,NULL,NULL,'2025-03-28 20:58:25','',' ',NULL),(2426,'domicilio','domicílio',3,3,NULL,NULL,'2025-03-28 20:58:25','',' ',NULL),(2427,'convencionais','convencionais',7,7,NULL,NULL,'2025-03-28 20:58:25','',' ',NULL),(2428,'fase','fase',3,3,NULL,NULL,'2025-03-28 20:58:25','',' ',NULL),(2429,'revelador','revelador',3,3,NULL,NULL,'2025-03-28 20:58:25','',' ',NULL),(2430,'espacial','espacial',7,7,NULL,NULL,'2025-03-28 20:58:25','',' ',NULL),(2431,'mecanica','mecânica',3,3,NULL,NULL,'2025-03-28 20:58:25','',' ',NULL),(2432,'redacao','redação',3,3,NULL,NULL,'2025-03-28 20:58:25','',' ',NULL),(2433,'filologia','filologia',3,3,NULL,NULL,'2025-03-28 20:58:25','',' ',NULL),(2434,'economia','economia',3,3,NULL,NULL,'2025-03-28 20:58:25','',' ',NULL),(2435,'redutores','redutores',3,3,NULL,NULL,'2025-03-28 20:58:25','',' ',NULL),(2436,'acao','ação',3,3,NULL,NULL,'2025-03-28 20:58:25','',' ',NULL),(2437,'astronomia','astronomia',3,3,NULL,NULL,'2025-03-28 20:58:25','',' ',NULL),(2438,'cirurgico','cirúrgico',7,7,NULL,NULL,'2025-03-28 20:58:25','',' ',NULL),(2439,'religioso','religioso',7,7,NULL,NULL,'2025-03-28 20:58:25','',' ',NULL),(2440,'digitacao','digitação',3,3,NULL,NULL,'2025-03-28 20:58:25','',' ',NULL),(2441,'salva-vidas','salva-vidas',3,3,NULL,NULL,'2025-03-28 20:58:25','',' ',NULL),(2442,'joalheiro','joalheiro',3,3,NULL,NULL,'2025-03-28 20:58:25','',' ',NULL),(2443,'serigrafia','serigrafia',3,3,NULL,NULL,'2025-03-28 20:58:25','',' ',NULL),(2444,'espuladeira','espuladeira',3,3,NULL,NULL,'2025-03-28 20:58:25','',' ',NULL),(2445,'mineral','mineral',7,7,NULL,NULL,'2025-03-28 20:58:25','',' ',NULL),(2446,'civil','civil',7,7,NULL,NULL,'2025-03-28 20:58:25','',' ',NULL),(2447,'riscos','riscos',3,3,NULL,NULL,'2025-03-28 20:58:25','',' ',NULL),(2448,'prima','prima',7,7,NULL,NULL,'2025-03-28 20:58:25','',' ',NULL),(2449,'vaso','vaso',3,3,NULL,NULL,'2025-03-28 20:58:25','',' ',NULL),(2450,'delegado','delegado',3,3,NULL,NULL,'2025-03-28 20:58:25','',' ',NULL),(2451,'hulha','hulha',3,3,NULL,NULL,'2025-03-28 20:58:25','',' ',NULL),(2452,'institucionais','institucionais',7,7,NULL,NULL,'2025-03-28 20:58:25','',' ',NULL),(2453,'nutrologista','nutrologista',7,7,NULL,NULL,'2025-03-28 20:58:25','',' ',NULL),(2454,'mecanico','mecânico',3,3,NULL,NULL,'2025-03-28 20:58:25','',' ',NULL),(2456,'automatico','automático',7,7,NULL,NULL,'2025-03-28 20:58:25','',' ',NULL),(2457,'quatro','quatro',12,12,NULL,NULL,'2025-03-28 20:58:25','',' ',NULL),(2458,'gramineas','gramíneas',3,3,NULL,NULL,'2025-03-28 20:58:25','',' ',NULL),(2459,'sonorizacao','sonorização',3,3,NULL,NULL,'2025-03-28 20:58:25','',' ',NULL),(2460,'lingua','língua',3,3,NULL,NULL,'2025-03-28 20:58:25','',' ',NULL),(2461,'espetaculo','espetáculo',3,3,NULL,NULL,'2025-03-28 20:58:25','',' ',NULL),(2462,'emergencia','emergência',3,3,NULL,NULL,'2025-03-28 20:58:25','',' ',NULL),(2463,'bilheteiro','bilheteiro',3,3,NULL,NULL,'2025-03-28 20:58:25','',' ',NULL),(2464,'zero','zero',12,12,NULL,NULL,'2025-03-28 20:58:25','',' ',NULL),(2466,'marcador','marcador',3,3,NULL,NULL,'2025-03-28 20:58:25','',' ',NULL),(2467,'tres','três',12,12,NULL,NULL,'2025-03-28 20:58:25','',' ',NULL),(2468,'descarga','descarga',3,3,NULL,NULL,'2025-03-28 20:58:25','',' ',NULL),(2469,'cartoes','cartões',3,3,NULL,NULL,'2025-03-28 20:58:25','',' ',NULL),(2470,'equipe','equipe',3,3,NULL,NULL,'2025-03-28 20:58:25','',' ',NULL),(2471,'artesanal','artesanal',7,7,NULL,NULL,'2025-03-28 20:58:25','',' ',NULL),(2472,'medico-hospitalares','médico-hospitalares',7,7,NULL,NULL,'2025-03-28 20:58:25','',' ',NULL),(2473,'clinico','clinico',7,7,NULL,NULL,'2025-03-28 20:58:25','',' ',NULL),(2474,'flores','flores',3,3,NULL,NULL,'2025-03-28 20:58:25','',' ',NULL),(2475,'vazamento','vazamento',3,3,NULL,NULL,'2025-03-28 20:58:25','',' ',NULL),(2476,'branqueador','branqueador',3,3,NULL,NULL,'2025-03-28 20:58:25','',' ',NULL),(2477,'comandante','comandante',3,3,NULL,NULL,'2025-03-28 20:58:25','',' ',NULL),(2478,'ceramista','ceramista',3,3,NULL,NULL,'2025-03-28 20:58:25','',' ',NULL),(2479,'transportadoras','transportadoras',7,7,NULL,NULL,'2025-03-28 20:58:25','',' ',NULL),(2480,'cortadeira','cortadeira',3,3,NULL,NULL,'2025-03-28 20:58:25','',' ',NULL),(2481,'garantia','garantia',3,3,NULL,NULL,'2025-03-28 20:58:25','',' ',NULL),(2482,'vapor','vapor',3,3,NULL,NULL,'2025-03-28 20:58:25','',' ',NULL),(2483,'eletricista','eletricista',3,3,NULL,NULL,'2025-03-28 20:58:25','',' ',NULL),(2484,'cirurgiao-dentista','cirurgião-dentista',3,3,NULL,NULL,'2025-03-28 20:58:25','',' ',NULL),(2485,'portuguesa','portuguesa',7,7,NULL,NULL,'2025-03-28 20:58:25','',' ',NULL),(2486,'reducao','redução',3,3,NULL,NULL,'2025-03-28 20:58:25','',' ',NULL),(2487,'autarquico','autárquico',7,7,NULL,NULL,'2025-03-28 20:58:25','',' ',NULL),(2488,'antropologo','antropólogo',3,3,NULL,NULL,'2025-03-28 20:58:25','',' ',NULL),(2489,'malteiro','malteiro',3,3,NULL,NULL,'2025-03-28 20:58:25','',' ',NULL),(2490,'quiropraxista','quiropraxista',3,3,NULL,NULL,'2025-03-28 20:58:25','',' ',NULL),(2491,'foguista','foguista',3,3,NULL,NULL,'2025-03-28 20:58:25','',' ',NULL),(2494,'pedreiras','pedreiras',3,3,NULL,NULL,'2025-03-28 20:58:25','',' ',NULL),(2495,'tratores','tratores',3,3,NULL,NULL,'2025-03-28 20:58:25','',' ',NULL),(2496,'magico','mágico',7,7,NULL,NULL,'2025-03-28 20:58:25','',' ',NULL),(2497,'dessecador','dessecador',3,3,NULL,NULL,'2025-03-28 20:58:25','',' ',NULL),(2498,'turismologo','turismólogo',3,3,NULL,NULL,'2025-03-28 20:58:25','',' ',NULL),(2499,'superintendente','superintendente',3,3,NULL,NULL,'2025-03-28 20:58:25','',' ',NULL),(2501,'continuo','contínuo',3,3,NULL,NULL,'2025-03-28 20:58:25','',' ',NULL),(2502,'forno-poco','forno-poço',3,3,NULL,NULL,'2025-03-28 20:58:25','',' ',NULL),(2503,'esterilizador','esterilizador',3,3,NULL,NULL,'2025-03-28 20:58:25','',' ',NULL),(2504,'plantas','plantas',3,3,NULL,NULL,'2025-03-28 20:58:25','',' ',NULL),(2506,'charutos','charutos',3,3,NULL,NULL,'2025-03-28 20:58:25','',' ',NULL),(2507,'ajustador','ajustador',7,7,NULL,NULL,'2025-03-28 20:58:25','',' ',NULL),(2508,'roupas','roupas',3,3,NULL,NULL,'2025-03-28 20:58:25','',' ',NULL),(2509,'faturamento','faturamento',3,3,NULL,NULL,'2025-03-28 20:58:25','',' ',NULL),(2510,'bordatriz','bordatriz',7,7,NULL,NULL,'2025-03-28 20:58:25','',' ',NULL),(2511,'defesa','defesa',3,3,NULL,NULL,'2025-03-28 20:58:25','',' ',NULL),(2512,'rendas','rendas',3,3,NULL,NULL,'2025-03-28 20:58:25','',' ',NULL),(2513,'paisagista','paisagista',3,3,NULL,NULL,'2025-03-28 20:58:25','',' ',NULL),(2514,'patrimonio','patrimônio',3,3,NULL,NULL,'2025-03-28 20:58:25','',' ',NULL),(2515,'osteopata','osteopata',3,3,NULL,NULL,'2025-03-28 20:58:25','',' ',NULL),(2516,'cultura','cultura',3,3,NULL,NULL,'2025-03-28 20:58:25','',' ',NULL),(2517,'celulose','celulose',3,3,NULL,NULL,'2025-03-28 20:58:25','',' ',NULL),(2518,'operatrizes','operatrizes',3,3,NULL,NULL,'2025-03-28 20:58:25','',' ',NULL),(2519,'pivo','pivô',3,3,NULL,NULL,'2025-03-28 20:58:26','',' ',NULL),(2520,'seis','seis',12,12,NULL,NULL,'2025-03-28 20:58:26','',' ',NULL),(2522,'mexilhoes','mexilhões',3,3,NULL,NULL,'2025-03-28 20:58:26','',' ',NULL),(2523,'contratos','contratos',3,3,NULL,NULL,'2025-03-28 20:58:26','',' ',NULL),(2524,'vassoureiro','vassoureiro',3,3,NULL,NULL,'2025-03-28 20:58:26','',' ',NULL),(2525,'mao','mão',3,3,NULL,NULL,'2025-03-28 20:58:26','',' ',NULL),(2526,'visual','visual',7,7,NULL,NULL,'2025-03-28 20:58:26','',' ',NULL),(2527,'diesel','diesel',3,3,NULL,NULL,'2025-03-28 20:58:26','',' ',NULL),(2528,'reparacao','reparação',3,3,NULL,NULL,'2025-03-28 20:58:26','',' ',NULL),(2529,'reunideira','reunideira',3,3,NULL,NULL,'2025-03-28 20:58:26','',' ',NULL),(2531,'malhas','malhas',3,3,NULL,NULL,'2025-03-28 20:58:26','',' ',NULL),(2532,'acucar','açucar',3,3,NULL,NULL,'2025-03-28 20:58:26','',' ',NULL),(2533,'florestal','florestal',7,7,NULL,NULL,'2025-03-28 20:58:26','',' ',NULL),(2534,'management','management',3,3,NULL,NULL,'2025-03-28 20:58:26','',' ',NULL),(2535,'apicultura','apicultura',3,3,NULL,NULL,'2025-03-28 20:58:26','',' ',NULL),(2536,'fabrica','fábrica',3,3,NULL,NULL,'2025-03-28 20:58:26','',' ',NULL),(2537,'codificador','codificador',3,3,NULL,NULL,'2025-03-28 20:58:26','',' ',NULL),(2538,'fiscalizacao','fiscalização',3,3,NULL,NULL,'2025-03-28 20:58:26','',' ',NULL),(2539,'pontes','pontes',3,3,NULL,NULL,'2025-03-28 20:58:26','',' ',NULL),(2540,'viveirista','viveirista',3,3,NULL,NULL,'2025-03-28 20:58:26','',' ',NULL),(2541,'biologo','biólogo',3,3,NULL,NULL,'2025-03-28 20:58:26','',' ',NULL),(2542,'aquaviario','aquaviário',7,7,NULL,NULL,'2025-03-28 20:58:26','',' ',NULL),(2543,'policia','policia',3,3,NULL,NULL,'2025-03-28 20:58:26','',' ',NULL),(2544,'alunos','alunos',3,3,NULL,NULL,'2025-03-28 20:58:26','',' ',NULL),(2545,'mercados','mercados',3,3,NULL,NULL,'2025-03-28 20:58:26','',' ',NULL),(2546,'coletivos','coletivos',7,7,NULL,NULL,'2025-03-28 20:58:26','',' ',NULL),(2547,'mercadoria','mercadoria',3,3,NULL,NULL,'2025-03-28 20:58:26','',' ',NULL),(2548,'calcografica','calcográfica',7,7,NULL,NULL,'2025-03-28 20:58:26','',' ',NULL),(2549,'zootecnista','zootecnista',3,3,NULL,NULL,'2025-03-28 20:58:26','',' ',NULL),(2550,'encadernacao','encadernação',3,3,NULL,NULL,'2025-03-28 20:58:26','',' ',NULL),(2551,'hemoterapia','hemoterapia',3,3,NULL,NULL,'2025-03-28 20:58:26','',' ',NULL),(2552,'olericultura','olericultura',3,3,NULL,NULL,'2025-03-28 20:58:26','',' ',NULL),(2553,'complementares','complementares',7,7,NULL,NULL,'2025-03-28 20:58:26','',' ',NULL),(2554,'cores','cores',3,3,NULL,NULL,'2025-03-28 20:58:26','',' ',NULL),(2555,'banho','banho',3,3,NULL,NULL,'2025-03-28 20:58:26','',' ',NULL),(2556,'tribunal','tribunal',3,3,NULL,NULL,'2025-03-28 20:58:26','',' ',NULL),(2557,'esteireiro','esteireiro',3,3,NULL,NULL,'2025-03-28 20:58:26','',' ',NULL),(2558,'aberto','aberto',1,1,NULL,NULL,'2025-03-28 20:58:26','',' ',NULL),(2559,'disfuncao','disfunção',3,3,NULL,NULL,'2025-03-28 20:58:26','',' ',NULL),(2560,'extintor','extintor',3,3,NULL,NULL,'2025-03-28 20:58:26','',' ',NULL),(2561,'aparelhos','aparelhos',3,3,NULL,NULL,'2025-03-28 20:58:26','',' ',NULL),(2562,'aquicolas','aqüícolas',1,1,NULL,NULL,'2025-03-28 20:58:26','',' ',NULL),(2563,'palmilhas','palmilhas',3,3,NULL,NULL,'2025-03-28 20:58:26','',' ',NULL),(2564,'poceiro','poceiro',3,3,NULL,NULL,'2025-03-28 20:58:26','',' ',NULL),(2566,'metalico','metálico',7,7,NULL,NULL,'2025-03-28 20:58:26','',' ',NULL),(2568,'coqueria','coqueria',3,3,NULL,NULL,'2025-03-28 20:58:26','',' ',NULL),(2569,'abastecimento','abastecimento',3,3,NULL,NULL,'2025-03-28 20:58:26','',' ',NULL),(2570,'ergonomista','ergonomista',3,3,NULL,NULL,'2025-03-28 20:58:26','',' ',NULL),(2571,'ortodontista','ortodontista',7,7,NULL,NULL,'2025-03-28 20:58:26','',' ',NULL),(2572,'colchoeiro','colchoeiro',3,3,NULL,NULL,'2025-03-28 20:58:26','',' ',NULL),(2573,'gestor','gestor',3,3,NULL,NULL,'2025-03-28 20:58:26','',' ',NULL),(2574,'religiosa','religiosa',7,7,NULL,NULL,'2025-03-28 20:58:26','',' ',NULL),(2575,'taqueiro','taqueiro',3,3,NULL,NULL,'2025-03-28 20:58:26','',' ',NULL),(2576,'martelete','martelete',3,3,NULL,NULL,'2025-03-28 20:58:26','',' ',NULL),(2577,'historia','história',3,3,NULL,NULL,'2025-03-28 20:58:26','',' ',NULL),(2578,'profissional','profissional',7,7,NULL,NULL,'2025-03-28 20:58:26','',' ',NULL),(2579,'termoeletrica','termoelétrica',7,7,NULL,NULL,'2025-03-28 20:58:26','',' ',NULL),(2580,'oxicortador','oxicortador',3,3,NULL,NULL,'2025-03-28 20:58:26','',' ',NULL),(2581,'judo','judô',3,3,NULL,NULL,'2025-03-28 20:58:26','',' ',NULL),(2582,'saida','saída',3,3,NULL,NULL,'2025-03-28 20:58:26','',' ',NULL),(2583,'cultivo','cultivo',3,3,NULL,NULL,'2025-03-28 20:58:26','',' ',NULL),(2584,'ventilacao','ventilação',3,3,NULL,NULL,'2025-03-28 20:58:26','',' ',NULL),(2585,'aglomerados','aglomerados',3,3,NULL,NULL,'2025-03-28 20:58:26','',' ',NULL),(2586,'demolidor','demolidor',3,3,NULL,NULL,'2025-03-28 20:58:26','',' ',NULL),(2587,'ponte-rolante','ponte-rolante',3,3,NULL,NULL,'2025-03-28 20:58:26','',' ',NULL),(2588,'cortar','cortar',1,1,NULL,NULL,'2025-03-28 20:58:26','',' ',NULL),(2589,'rendeiro','rendeiro',7,7,NULL,NULL,'2025-03-28 20:58:26','',' ',NULL),(2590,'oral','oral',7,7,NULL,NULL,'2025-03-28 20:58:26','',' ',NULL),(2591,'polidor','polidor',3,3,NULL,NULL,'2025-03-28 20:58:26','',' ',NULL),(2592,'hematologista','hematologista',7,7,NULL,NULL,'2025-03-28 20:58:26','',' ',NULL),(2593,'autos','autos',3,3,NULL,NULL,'2025-03-28 20:58:26','',' ',NULL),(2594,'chaveiro','chaveiro',3,3,NULL,NULL,'2025-03-28 20:58:26','',' ',NULL),(2595,'urdideira','urdideira',3,3,NULL,NULL,'2025-03-28 20:58:26','',' ',NULL),(2596,'cartotecnicas','cartotécnicas',7,7,NULL,NULL,'2025-03-28 20:58:26','',' ',NULL),(2597,'balancas','balanças',3,3,NULL,NULL,'2025-03-28 20:58:26','',' ',NULL),(2598,'ressocializacao','ressocialização',3,3,NULL,NULL,'2025-03-28 20:58:26','',' ',NULL),(2599,'radar','radar',3,3,NULL,NULL,'2025-03-28 20:58:26','',' ',NULL),(2600,'implantodontista','implantodontista',3,3,NULL,NULL,'2025-03-28 20:58:26','',' ',NULL),(2601,'fundidor','fundidor',3,3,NULL,NULL,'2025-03-28 20:58:26','',' ',NULL),(2602,'disc','disc',3,3,NULL,NULL,'2025-03-28 20:58:26','',' ',NULL),(2603,'diversoes','diversões',3,3,NULL,NULL,'2025-03-28 20:58:26','',' ',NULL),(2604,'gravacao','gravação',3,3,NULL,NULL,'2025-03-28 20:58:26','',' ',NULL),(2605,'esquadrias','esquadrias',3,3,NULL,NULL,'2025-03-28 20:58:26','',' ',NULL),(2606,'vice-governador','vice-governador',3,3,NULL,NULL,'2025-03-28 20:58:26','',' ',NULL),(2607,'individual','individual',7,7,NULL,NULL,'2025-03-28 20:58:26','',' ',NULL),(2608,'frequencia','freqüência',3,3,NULL,NULL,'2025-03-28 20:58:26','',' ',NULL),(2609,'incendio','incêndio',3,3,NULL,NULL,'2025-03-28 20:58:26','',' ',NULL),(2610,'resseguros','resseguros',3,3,NULL,NULL,'2025-03-28 20:58:26','',' ',NULL),(2611,'financeiros','financeiros',3,3,NULL,NULL,'2025-03-28 20:58:26','',' ',NULL),(2612,'refratario','refratário',3,3,NULL,NULL,'2025-03-28 20:58:26','',' ',NULL),(2613,'multimodal','multimodal',7,7,NULL,NULL,'2025-03-28 20:58:26','',' ',NULL),(2614,'lavanderia','lavanderia',3,3,NULL,NULL,'2025-03-28 20:58:26','',' ',NULL),(2615,'bordados','bordados',3,3,NULL,NULL,'2025-03-28 20:58:26','',' ',NULL),(2616,'artistico','artistíco',7,7,NULL,NULL,'2025-03-28 20:58:26','',' ',NULL),(2617,'bicicletas','bicicletas',3,3,NULL,NULL,'2025-03-28 20:58:26','',' ',NULL),(2618,'equinos','eqüínos',3,3,NULL,NULL,'2025-03-28 20:58:26','',' ',NULL),(2619,'instalador-reparador','instalador-reparador',3,3,NULL,NULL,'2025-03-28 20:58:26','',' ',NULL),(2620,'imagem','imagem',3,3,NULL,NULL,'2025-03-28 20:58:26','',' ',NULL),(2621,'produtores','produtores',3,3,NULL,NULL,'2025-03-28 20:58:26','',' ',NULL),(2622,'hidrometros','hidrômetros',3,3,NULL,NULL,'2025-03-28 20:58:26','',' ',NULL),(2623,'nauticas','náuticas',7,7,NULL,NULL,'2025-03-28 20:58:26','',' ',NULL),(2624,'parques','parques',3,3,NULL,NULL,'2025-03-28 20:58:26','',' ',NULL),(2625,'geodesia','geodésia',3,3,NULL,NULL,'2025-03-28 20:58:26','',' ',NULL),(2626,'jockey','jockey',3,3,NULL,NULL,'2025-03-28 20:58:26','',' ',NULL),(2627,'cementador','cementador',3,3,NULL,NULL,'2025-03-28 20:58:26','',' ',NULL),(2628,'calceteiro','calceteiro',3,3,NULL,NULL,'2025-03-28 20:58:26','',' ',NULL),(2629,'influenciador','influenciador',3,3,NULL,NULL,'2025-03-28 20:58:26','',' ',NULL),(2630,'hotelaria','hotelaria',3,3,NULL,NULL,'2025-03-28 20:58:26','',' ',NULL),(2631,'pedagogicas','pedagógicas',7,7,NULL,NULL,'2025-03-28 20:58:26','',' ',NULL),(2632,'setor','setor',3,3,NULL,NULL,'2025-03-28 20:58:26','',' ',NULL),(2633,'liso','liso',7,7,NULL,NULL,'2025-03-28 20:58:26','',' ',NULL),(2634,'neurocirurgiao','neurocirurgião',3,3,NULL,NULL,'2025-03-28 20:58:26','',' ',NULL),(2635,'pescados','pescados',1,1,NULL,NULL,'2025-03-28 20:58:26','',' ',NULL),(2636,'necessidades','necessidades',3,3,NULL,NULL,'2025-03-28 20:58:26','',' ',NULL),(2637,'tatuador','tatuador',3,3,NULL,NULL,'2025-03-28 20:58:27','',' ',NULL),(2638,'caes-guia','cães-guia',3,3,NULL,NULL,'2025-03-28 20:58:27','',' ',NULL),(2639,'perfuratriz','perfuratriz',7,7,NULL,NULL,'2025-03-28 20:58:27','',' ',NULL),(2640,'jornalista','jornalista',3,3,NULL,NULL,'2025-03-28 20:58:27','',' ',NULL),(2644,'despachante','despachante',7,7,NULL,NULL,'2025-03-28 20:58:27','',' ',NULL),(2645,'cabo','cabo',3,3,NULL,NULL,'2025-03-28 20:58:27','',' ',NULL),(2646,'bancarios','bancários',7,7,NULL,NULL,'2025-03-28 20:58:27','',' ',NULL),(2647,'concurso','concurso',3,3,NULL,NULL,'2025-03-28 20:58:27','',' ',NULL),(2648,'papiloscopista','papiloscopista',3,3,NULL,NULL,'2025-03-28 20:58:27','',' ',NULL),(2649,'aplicativos','aplicativos',3,3,NULL,NULL,'2025-03-28 20:58:27','',' ',NULL),(2650,'metais','metais',3,3,NULL,NULL,'2025-03-28 20:58:27','',' ',NULL),(2651,'garagista','garagista',3,3,NULL,NULL,'2025-03-28 20:58:27','',' ',NULL),(2652,'programacao','programação',3,3,NULL,NULL,'2025-03-28 20:58:27','',' ',NULL),(2653,'documentalista','documentalista',3,3,NULL,NULL,'2025-03-28 20:58:27','',' ',NULL),(2654,'extrajudicial','extrajudicial',7,7,NULL,NULL,'2025-03-28 20:58:27','',' ',NULL),(2655,'agrimensura','agrimensura',3,3,NULL,NULL,'2025-03-28 20:58:27','',' ',NULL),(2656,'cirurgia','cirurgia',3,3,NULL,NULL,'2025-03-28 20:58:27','',' ',NULL),(2657,'semiotica','semiótica',3,3,NULL,NULL,'2025-03-28 20:58:27','',' ',NULL),(2658,'disfagia','disfagia',3,3,NULL,NULL,'2025-03-28 20:58:27','',' ',NULL),(2659,'leiautes','leiautes',3,3,NULL,NULL,'2025-03-28 20:58:27','',' ',NULL),(2660,'subaquaticos','subaquáticos',7,7,NULL,NULL,'2025-03-28 20:58:27','',' ',NULL),(2661,'bombeador','bombeador',3,3,NULL,NULL,'2025-03-28 20:58:27','',' ',NULL),(2662,'sabao','sabão',3,3,NULL,NULL,'2025-03-28 20:58:27','',' ',NULL),(2663,'coreografo','coreógrafo',3,3,NULL,NULL,'2025-03-28 20:58:27','',' ',NULL),(2664,'republica','república',3,3,NULL,NULL,'2025-03-28 20:58:27','',' ',NULL),(2665,'argila','argila',3,3,NULL,NULL,'2025-03-28 20:58:27','',' ',NULL),(2666,'polivalente','polivalente',7,7,NULL,NULL,'2025-03-28 20:58:27','',' ',NULL),(2668,'dermatologista','dermatologista',7,7,NULL,NULL,'2025-03-28 20:58:27','',' ',NULL),(2669,'coco-da-praia','coco-da-praia',3,3,NULL,NULL,'2025-03-28 20:58:27','',' ',NULL),(2670,'formas','fôrmas',3,3,NULL,NULL,'2025-03-28 20:58:27','',' ',NULL),(2671,'livros','livros',3,3,NULL,NULL,'2025-03-28 20:58:27','',' ',NULL),(2672,'tricoteiro','tricoteiro',1,1,NULL,NULL,'2025-03-28 20:58:27','',' ',NULL),(2673,'etiquetar','etiquetar',1,1,NULL,NULL,'2025-03-28 20:58:27','',' ',NULL),(2674,'serralheiro','serralheiro',3,3,NULL,NULL,'2025-03-28 20:58:27','',' ',NULL),(2675,'pediatra','pediatra',3,3,NULL,NULL,'2025-03-28 20:58:27','',' ',NULL),(2676,'hospitalar','hospitalar',7,7,NULL,NULL,'2025-03-28 20:58:27','',' ',NULL),(2677,'draga','draga',3,3,NULL,NULL,'2025-03-28 20:58:27','',' ',NULL),(2678,'recreio','recreio',7,7,NULL,NULL,'2025-03-28 20:58:27','',' ',NULL),(2679,'sob','sob',5,5,NULL,NULL,'2025-03-28 20:58:27','',' ',NULL),(2680,'passeio','passeio',3,3,NULL,NULL,'2025-03-28 20:58:27','',' ',NULL),(2681,'linhas','linhas',3,3,NULL,NULL,'2025-03-28 20:58:27','',' ',NULL),(2682,'decorador','decorador',3,3,NULL,NULL,'2025-03-28 20:58:27','',' ',NULL),(2683,'radioativos','radioativos',7,7,NULL,NULL,'2025-03-28 20:58:27','',' ',NULL),(2684,'derivados','derivados',3,3,NULL,NULL,'2025-03-28 20:58:27','',' ',NULL),(2685,'dobrar','dobrar',1,1,NULL,NULL,'2025-03-28 20:58:27','',' ',NULL),(2686,'publicidade','publicidade',3,3,NULL,NULL,'2025-03-28 20:58:27','',' ',NULL),(2687,'cabine','cabine',3,3,NULL,NULL,'2025-03-28 20:58:27','',' ',NULL),(2689,'sacolas','sacolas',3,3,NULL,NULL,'2025-03-28 20:58:27','',' ',NULL),(2690,'cilios','cílios',3,3,NULL,NULL,'2025-03-28 20:58:27','',' ',NULL),(2691,'escritorio','escritório',3,3,NULL,NULL,'2025-03-28 20:58:27','',' ',NULL),(2692,'contabil','contábil',7,7,NULL,NULL,'2025-03-28 20:58:27','',' ',NULL),(2693,'microcredito','microcrédito',3,3,NULL,NULL,'2025-03-28 20:58:27','',' ',NULL),(2694,'residencia','residência',3,3,NULL,NULL,'2025-03-28 20:58:27','',' ',NULL),(2695,'ciencia','ciência',3,3,NULL,NULL,'2025-03-28 20:58:27','',' ',NULL),(2696,'assistencia','assistência',3,3,NULL,NULL,'2025-03-28 20:58:27','',' ',NULL),(2697,'astrologo','astrólogo',3,3,NULL,NULL,'2025-03-28 20:58:27','',' ',NULL),(2699,'pincel','pincel',3,3,NULL,NULL,'2025-03-28 20:58:27','',' ',NULL),(2700,'sonoplasta','sonoplasta',3,3,NULL,NULL,'2025-03-28 20:58:27','',' ',NULL),(2701,'imersao','imersão',3,3,NULL,NULL,'2025-03-28 20:58:27','',' ',NULL),(2702,'camera','câmera',3,3,NULL,NULL,'2025-03-28 20:58:27','',' ',NULL),(2703,'sanitarista','sanitarista',3,3,NULL,NULL,'2025-03-28 20:58:27','',' ',NULL),(2704,'optometria','optometria',3,3,NULL,NULL,'2025-03-28 20:58:27','',' ',NULL),(2705,'sobrancelhas','sobrancelhas',3,3,NULL,NULL,'2025-03-28 20:58:27','',' ',NULL),(2706,'vendedor','vendedor',3,3,NULL,NULL,'2025-03-28 20:58:27','',' ',NULL),(2707,'leiga','leiga',7,7,NULL,NULL,'2025-03-28 20:58:27','',' ',NULL),(2708,'dentista','dentista',7,7,NULL,NULL,'2025-03-28 20:58:27','',' ',NULL),(2710,'distribuicoes','distribuições',3,3,NULL,NULL,'2025-03-28 20:58:27','',' ',NULL),(2711,'conservador-restaurador','conservador-restaurador',3,3,NULL,NULL,'2025-03-28 20:58:27','',' ',NULL),(2712,'taquigrafo','taquígrafo',3,3,NULL,NULL,'2025-03-28 20:58:27','',' ',NULL),(2713,'coletor','coletor',3,3,NULL,NULL,'2025-03-28 20:58:27','',' ',NULL),(2714,'trancador','trançador',1,1,NULL,NULL,'2025-03-28 20:58:27','',' ',NULL),(2715,'levantamento','levantamento',3,3,NULL,NULL,'2025-03-28 20:58:27','',' ',NULL),(2716,'publicitario','publicitário',3,3,NULL,NULL,'2025-03-28 20:58:27','',' ',NULL),(2717,'redes','redes',3,3,NULL,NULL,'2025-03-28 20:58:27','',' ',NULL),(2718,'naturais','naturais',7,7,NULL,NULL,'2025-03-28 20:58:27','',' ',NULL),(2719,'pracista','pracista',7,7,NULL,NULL,'2025-03-28 20:58:27','',' ',NULL),(2720,'caranguejos','caranguejos',3,3,NULL,NULL,'2025-03-28 20:58:27','',' ',NULL),(2721,'nautico','náutico',7,7,NULL,NULL,'2025-03-28 20:58:27','',' ',NULL),(2722,'minas','minas',3,3,NULL,NULL,'2025-03-28 20:58:27','',' ',NULL),(2723,'edificacoes','edificações',3,3,NULL,NULL,'2025-03-28 20:58:27','',' ',NULL),(2724,'imunologista','imunologista',7,7,NULL,NULL,'2025-03-28 20:58:27','',' ',NULL),(2725,'telefonistas','telefonistas',3,3,NULL,NULL,'2025-03-28 20:58:27','',' ',NULL),(2726,'tutelar','tutelar',7,7,NULL,NULL,'2025-03-28 20:58:27','',' ',NULL),(2729,'metalurgista','metalurgista',7,7,NULL,NULL,'2025-03-28 20:58:27','',' ',NULL),(2730,'sacos','sacos',3,3,NULL,NULL,'2025-03-28 20:58:27','',' ',NULL),(2731,'desportiva','desportiva',7,7,NULL,NULL,'2025-03-28 20:58:27','',' ',NULL),(2732,'irrigacao','irrigação',3,3,NULL,NULL,'2025-03-28 20:58:27','',' ',NULL),(2733,'arcadas','arcadas',1,1,NULL,NULL,'2025-03-28 20:58:27','',' ',NULL),(2734,'compactadora','compactadora',3,3,NULL,NULL,'2025-03-28 20:58:27','',' ',NULL),(2735,'ascensorista','ascensorista',3,3,NULL,NULL,'2025-03-28 20:58:27','',' ',NULL),(2736,'seringueiro','seringueiro',3,3,NULL,NULL,'2025-03-28 20:58:27','',' ',NULL),(2737,'eletroeletronica','eletroeletrônica',7,7,NULL,NULL,'2025-03-28 20:58:27','',' ',NULL),(2738,'interprete','intérprete',3,3,NULL,NULL,'2025-03-28 20:58:27','',' ',NULL),(2739,'prova','prova',3,3,NULL,NULL,'2025-03-28 20:58:27','',' ',NULL),(2740,'produtoras','produtoras',7,7,NULL,NULL,'2025-03-28 20:58:27','',' ',NULL),(2741,'oxigenio','oxigênio',3,3,NULL,NULL,'2025-03-28 20:58:27','',' ',NULL),(2742,'cabos','cabos',3,3,NULL,NULL,'2025-03-28 20:58:27','',' ',NULL),(2743,'torrista','torrista',3,3,NULL,NULL,'2025-03-28 20:58:27','',' ',NULL),(2744,'asininos','asininos',3,3,NULL,NULL,'2025-03-28 20:58:27','',' ',NULL),(2745,'la','lã',3,3,NULL,NULL,'2025-03-28 20:58:27','',' ',NULL),(2746,'esata','esata',3,3,NULL,NULL,'2025-03-28 20:58:27','',' ',NULL),(2747,'direito','direito',3,3,NULL,NULL,'2025-03-28 20:58:27','',' ',NULL),(2748,'prisional','prisional',7,7,NULL,NULL,'2025-03-28 20:58:27','',' ',NULL),(2749,'rodoviarios','rodoviários',7,7,NULL,NULL,'2025-03-28 20:58:27','',' ',NULL),(2750,'areia','areia',3,3,NULL,NULL,'2025-03-28 20:58:27','',' ',NULL),(2751,'achocolatados','achocolatados',1,1,NULL,NULL,'2025-03-28 20:58:27','',' ',NULL),(2752,'escritor','escritor',3,3,NULL,NULL,'2025-03-28 20:58:27','',' ',NULL),(2753,'patologia','patologia',3,3,NULL,NULL,'2025-03-28 20:58:27','',' ',NULL),(2754,'operacao','operação',3,3,NULL,NULL,'2025-03-28 20:58:27','',' ',NULL),(2755,'frentista','frentista',3,3,NULL,NULL,'2025-03-28 20:58:28','',' ',NULL),(2756,'secretaria(o','secretária(o',3,3,NULL,NULL,'2025-03-28 20:58:28','',' ',NULL),(2757,'cantor','cantor',7,7,NULL,NULL,'2025-03-28 20:58:28','',' ',NULL),(2758,'aciaria','aciaria',3,3,NULL,NULL,'2025-03-28 20:58:28','',' ',NULL),(2759,'tesoura','tesoura',3,3,NULL,NULL,'2025-03-28 20:58:28','',' ',NULL),(2760,'revisor','revisor',3,3,NULL,NULL,'2025-03-28 20:58:28','',' ',NULL),(2761,'girassol','girassol',3,3,NULL,NULL,'2025-03-28 20:58:28','',' ',NULL),(2762,'ministro','ministro',3,3,NULL,NULL,'2025-03-28 20:58:28','',' ',NULL),(2763,'perfuradora','perfuradora',7,7,NULL,NULL,'2025-03-28 20:58:28','',' ',NULL),(2764,'surdos','surdos',1,1,NULL,NULL,'2025-03-28 20:58:28','',' ',NULL),(2765,'lanchonete','lanchonete',3,3,NULL,NULL,'2025-03-28 20:58:28','',' ',NULL),(2766,'publicas','públicas',7,7,NULL,NULL,'2025-03-28 20:58:28','',' ',NULL),(2768,'alto-forno','alto-forno',3,3,NULL,NULL,'2025-03-28 20:58:28','',' ',NULL),(2770,'mental','mental',7,7,NULL,NULL,'2025-03-28 20:58:28','',' ',NULL),(2771,'microfonista','microfonista',3,3,NULL,NULL,'2025-03-28 20:58:28','',' ',NULL),(2772,'comercial','comercial',7,7,NULL,NULL,'2025-03-28 20:58:28','',' ',NULL),(2773,'raso','raso',7,7,NULL,NULL,'2025-03-28 20:58:28','',' ',NULL),(2774,'artefatos','artefatos',3,3,NULL,NULL,'2025-03-28 20:58:28','',' ',NULL),(2775,'prefeito','prefeito',3,3,NULL,NULL,'2025-03-28 20:58:28','',' ',NULL),(2776,'aprendizagem','aprendizagem',3,3,NULL,NULL,'2025-03-28 20:58:28','',' ',NULL),(2778,'coreografia','coreografia',3,3,NULL,NULL,'2025-03-28 20:58:28','',' ',NULL),(2779,'grafico','gráfico',7,7,NULL,NULL,'2025-03-28 20:58:28','',' ',NULL),(2780,'barman','barman',3,3,NULL,NULL,'2025-03-28 20:58:28','',' ',NULL),(2781,'instituicao','instituição',3,3,NULL,NULL,'2025-03-28 20:58:28','',' ',NULL),(2782,'controlador','controlador',3,3,NULL,NULL,'2025-03-28 20:58:28','',' ',NULL),(2784,'coletadores','coletadores',3,3,NULL,NULL,'2025-03-28 20:58:28','',' ',NULL),(2785,'metabologista','metabologista',7,7,NULL,NULL,'2025-03-28 20:58:28','',' ',NULL),(2786,'medico','médico',3,3,NULL,NULL,'2025-03-28 20:58:28','',' ',NULL),(2787,'facility','facility',3,3,NULL,NULL,'2025-03-28 20:58:28','',' ',NULL),(2788,'pneus','pneus',3,3,NULL,NULL,'2025-03-28 20:58:28','',' ',NULL),(2789,'cimenteira','cimenteira',3,3,NULL,NULL,'2025-03-28 20:58:28','',' ',NULL),(2790,'reparador','reparador',3,3,NULL,NULL,'2025-03-28 20:58:28','',' ',NULL),(2791,'isolantes','isolantes',3,3,NULL,NULL,'2025-03-28 20:58:28','',' ',NULL),(2792,'socioeducador','sócioeducador',3,3,NULL,NULL,'2025-03-28 20:58:28','',' ',NULL),(2793,'desidratador','desidratador',3,3,NULL,NULL,'2025-03-28 20:58:28','',' ',NULL),(2794,'modelo','modelo',3,3,NULL,NULL,'2025-03-28 20:58:28','',' ',NULL),(2795,'procurador','procurador',3,3,NULL,NULL,'2025-03-28 20:58:28','',' ',NULL),(2796,'preciosos','preciosos',7,7,NULL,NULL,'2025-03-28 20:58:28','',' ',NULL),(2797,'estrutura','estrutura',3,3,NULL,NULL,'2025-03-28 20:58:28','',' ',NULL),(2798,'explosivos','explosivos',7,7,NULL,NULL,'2025-03-28 20:58:28','',' ',NULL),(2799,'caseiro','caseiro',3,3,NULL,NULL,'2025-03-28 20:58:28','',' ',NULL),(2800,'processamento','processamento',3,3,NULL,NULL,'2025-03-28 20:58:28','',' ',NULL),(2802,'automoveis','automóveis',3,3,NULL,NULL,'2025-03-28 20:58:28','',' ',NULL),(2803,'calcados','calçados',3,3,NULL,NULL,'2025-03-28 20:58:28','',' ',NULL),(2804,'usinas','usinas',3,3,NULL,NULL,'2025-03-28 20:58:28','',' ',NULL),(2805,'ligador','ligador',3,3,NULL,NULL,'2025-03-28 20:58:28','',' ',NULL),(2806,'gomas','gomas',3,3,NULL,NULL,'2025-03-28 20:58:28','',' ',NULL),(2807,'calandrista','calandrista',3,3,NULL,NULL,'2025-03-28 20:58:28','',' ',NULL),(2808,'calandras','calandras',3,3,NULL,NULL,'2025-03-28 20:58:28','',' ',NULL),(2809,'interesse','interesse',3,3,NULL,NULL,'2025-03-28 20:58:28','',' ',NULL),(2810,'cordoalha','cordoalha',3,3,NULL,NULL,'2025-03-28 20:58:28','',' ',NULL),(2811,'detetive','detetive',3,3,NULL,NULL,'2025-03-28 20:58:28','',' ',NULL),(2812,'rampa','rampa',3,3,NULL,NULL,'2025-03-28 20:58:28','',' ',NULL),(2813,'fisiatra','fisiatra',3,3,NULL,NULL,'2025-03-28 20:58:28','',' ',NULL),(2814,'correios','correios',3,3,NULL,NULL,'2025-03-28 20:58:28','',' ',NULL),(2815,'aviacao','aviação',3,3,NULL,NULL,'2025-03-28 20:58:28','',' ',NULL),(2816,'hidraulicas','hidráulicas',7,7,NULL,NULL,'2025-03-28 20:58:28','',' ',NULL),(2817,'psicopedagogo','psicopedagogo',3,3,NULL,NULL,'2025-03-28 20:58:28','',' ',NULL),(2818,'usuario','usuário',3,3,NULL,NULL,'2025-03-28 20:58:28','',' ',NULL),(2819,'erva-mate','erva-mate',3,3,NULL,NULL,'2025-03-28 20:58:28','',' ',NULL),(2820,'chapeus','chapéus',3,3,NULL,NULL,'2025-03-28 20:58:28','',' ',NULL),(2821,'montagem','montagem',3,3,NULL,NULL,'2025-03-28 20:58:28','',' ',NULL),(2822,'cilindreiro','cilindreiro',3,3,NULL,NULL,'2025-03-28 20:58:28','',' ',NULL),(2823,'creditos','créditos',3,3,NULL,NULL,'2025-03-28 20:58:28','',' ',NULL),(2824,'rochas','rochas',3,3,NULL,NULL,'2025-03-28 20:58:28','',' ',NULL),(2825,'termicos','térmicos',7,7,NULL,NULL,'2025-03-28 20:58:28','',' ',NULL),(2827,'exceto','exceto',5,5,NULL,NULL,'2025-03-28 20:58:28','',' ',NULL),(2828,'gelador','gelador',3,3,NULL,NULL,'2025-03-28 20:58:28','',' ',NULL),(2829,'ouro','ouro',3,3,NULL,NULL,'2025-03-28 20:58:28','',' ',NULL),(2830,'doces','doces',3,3,NULL,NULL,'2025-03-28 20:58:28','',' ',NULL),(2831,'cubilo','cubilô',3,3,NULL,NULL,'2025-03-28 20:58:28','',' ',NULL),(2832,'surfassagista','surfassagista',3,3,NULL,NULL,'2025-03-28 20:58:28','',' ',NULL),(2833,'moldador','moldador',7,7,NULL,NULL,'2025-03-28 20:58:28','',' ',NULL),(2834,'identificacao','identificação',3,3,NULL,NULL,'2025-03-28 20:58:28','',' ',NULL),(2835,'escultor','escultor',3,3,NULL,NULL,'2025-03-28 20:58:28','',' ',NULL),(2836,'odontopediatra','odontopediatra',3,3,NULL,NULL,'2025-03-28 20:58:28','',' ',NULL),(2837,'parteira','parteira',3,3,NULL,NULL,'2025-03-28 20:58:28','',' ',NULL),(2838,'educador','educador',3,3,NULL,NULL,'2025-03-28 20:58:28','',' ',NULL),(2839,'mastologista','mastologista',7,7,NULL,NULL,'2025-03-28 20:58:28','',' ',NULL),(2841,'lavra','lavra',3,3,NULL,NULL,'2025-03-28 20:58:28','',' ',NULL),(2842,'professor','professor',3,3,NULL,NULL,'2025-03-28 20:58:28','',' ',NULL),(2843,'prensador','prensador',7,7,NULL,NULL,'2025-03-28 20:58:28','',' ',NULL),(2844,'acordeao','acordeão',3,3,NULL,NULL,'2025-03-28 20:58:28','',' ',NULL),(2845,'acustica','acústica',3,3,NULL,NULL,'2025-03-28 20:58:28','',' ',NULL),(2846,'ancora','âncora',3,3,NULL,NULL,'2025-03-28 20:58:28','',' ',NULL),(2848,'mediador','mediador',3,3,NULL,NULL,'2025-03-28 20:58:28','',' ',NULL),(2849,'humana','humana',7,7,NULL,NULL,'2025-03-28 20:58:28','',' ',NULL),(2850,'passadeira','passadeira',3,3,NULL,NULL,'2025-03-28 20:58:28','',' ',NULL),(2851,'crocheteiro','crocheteiro',7,7,NULL,NULL,'2025-03-28 20:58:28','',' ',NULL),(2852,'teologo','teólogo',3,3,NULL,NULL,'2025-03-28 20:58:28','',' ',NULL),(2853,'expedidor','expedidor',3,3,NULL,NULL,'2025-03-28 20:58:28','',' ',NULL),(2854,'tempera','têmpera',3,3,NULL,NULL,'2025-03-28 20:58:28','',' ',NULL),(2855,'rotogravura','rotogravura',3,3,NULL,NULL,'2025-03-28 20:58:28','',' ',NULL),(2856,'elasticas','elásticas',7,7,NULL,NULL,'2025-03-28 20:58:28','',' ',NULL),(2857,'trator','trator',3,3,NULL,NULL,'2025-03-28 20:58:28','',' ',NULL),(2859,'conversao','conversão',3,3,NULL,NULL,'2025-03-28 20:58:28','',' ',NULL),(2860,'aplicada','aplicada',1,1,NULL,NULL,'2025-03-28 20:58:28','',' ',NULL),(2861,'numerico','numérico',7,7,NULL,NULL,'2025-03-28 20:58:28','',' ',NULL),(2862,'aeronave','aeronave',3,3,NULL,NULL,'2025-03-28 20:58:28','',' ',NULL),(2863,'estampador','estampador',3,3,NULL,NULL,'2025-03-28 20:58:28','',' ',NULL),(2865,'tesouraria','tesouraria',3,3,NULL,NULL,'2025-03-28 20:58:28','',' ',NULL),(2866,'pacientes','pacientes',3,3,NULL,NULL,'2025-03-28 20:58:28','',' ',NULL),(2867,'time','time',3,3,NULL,NULL,'2025-03-28 20:58:28','',' ',NULL),(2868,'sinterizacao','sinterização',3,3,NULL,NULL,'2025-03-28 20:58:28','',' ',NULL),(2869,'roupa','roupa',3,3,NULL,NULL,'2025-03-28 20:58:28','',' ',NULL),(2870,'tempos','tempos',3,3,NULL,NULL,'2025-03-28 20:58:28','',' ',NULL),(2871,'mecanicas','mecânicas',7,7,NULL,NULL,'2025-03-28 20:58:28','',' ',NULL),(2872,'ludomotricista','ludomotricista',3,3,NULL,NULL,'2025-03-28 20:58:28','',' ',NULL),(2873,'inscricoes','inscrições',3,3,NULL,NULL,'2025-03-28 20:58:28','',' ',NULL),(2874,'rodoviario','rodoviário',3,3,NULL,NULL,'2025-03-28 20:58:28','',' ',NULL),(2877,'aplicador','aplicador',3,3,NULL,NULL,'2025-03-28 20:58:29','',' ',NULL),(2878,'avaliador','avaliador',3,3,NULL,NULL,'2025-03-28 20:58:29','',' ',NULL),(2879,'encarregado','encarregado',1,1,NULL,NULL,'2025-03-28 20:58:29','',' ',NULL),(2880,'zelador','zelador',3,3,NULL,NULL,'2025-03-28 20:58:29','',' ',NULL),(2881,'vice-presidente','vice-presidente',3,3,NULL,NULL,'2025-03-28 20:58:29','',' ',NULL),(2882,'processo','processo',3,3,NULL,NULL,'2025-03-28 20:58:29','',' ',NULL),(2883,'rami','rami',3,3,NULL,NULL,'2025-03-28 20:58:29','',' ',NULL),(2884,'dancarino','dançarino',3,3,NULL,NULL,'2025-03-28 20:58:29','',' ',NULL),(2885,'cimentador','cimentador',3,3,NULL,NULL,'2025-03-28 20:58:29','',' ',NULL),(2887,'dessulfuracao','dessulfuração',3,3,NULL,NULL,'2025-03-28 20:58:29','',' ',NULL),(2888,'soja','soja',3,3,NULL,NULL,'2025-03-28 20:58:29','',' ',NULL),(2889,'massoterapeuta','massoterapeuta',3,3,NULL,NULL,'2025-03-28 20:58:29','',' ',NULL),(2890,'protese','prótese',3,3,NULL,NULL,'2025-03-28 20:58:29','',' ',NULL),(2891,'receptivo','receptivo',7,7,NULL,NULL,'2025-03-28 20:58:29','',' ',NULL),(2892,'seleiro','seleiro',3,3,NULL,NULL,'2025-03-28 20:58:29','',' ',NULL),(2893,'afiador','afiador',7,7,NULL,NULL,'2025-03-28 20:58:29','',' ',NULL),(2894,'senhoras','senhoras',3,3,NULL,NULL,'2025-03-28 20:58:29','',' ',NULL),(2895,'vulcanizador','vulcanizador',3,3,NULL,NULL,'2025-03-28 20:58:29','',' ',NULL),(2896,'juridico','jurídico',7,7,NULL,NULL,'2025-03-28 20:58:29','',' ',NULL);

--
-- Table structure for table `tokens_imagens`
--

CREATE TABLE `tokens_imagens` (
  `id_chave_token_imagem` int NOT NULL AUTO_INCREMENT,
  `nome_token_imagem` varchar(500) COLLATE utf8mb4_general_ci DEFAULT NULL,
  `id_imagem` int DEFAULT NULL,
  `id_token` int DEFAULT NULL,
  PRIMARY KEY (`id_chave_token_imagem`),
  UNIQUE KEY `id_imagem` (`id_imagem`,`id_token`),
  KEY `token_imagem` (`id_token`),
  CONSTRAINT `imagem_token` FOREIGN KEY (`id_imagem`) REFERENCES `imagens` (`id_chave_imagem`),
  CONSTRAINT `token_imagem` FOREIGN KEY (`id_token`) REFERENCES `tokens` (`id_chave_token`)
) ENGINE=InnoDB AUTO_INCREMENT=285 DEFAULT CHARSET=utf8mb4 COLLATE=utf8mb4_general_ci;

--
-- Dumping data for table `tokens_imagens`
--

INSERT INTO `tokens_imagens` VALUES (1,'aventura#imagens_tokens/aventura_1c7735f88af6b8827792cbce194f4c1b270d4ef0.jpg',1,1040),(2,'viagem#imagens_tokens/trip_fdd91fbac0e5654a70026a229cc8a5d869157b24.jpg',2,1552),(3,'religioso#imagens_tokens/religious_fad93f7d2cc3240724f6930ce684e478a7a90216.jpg',3,2439),(4,'náutico#imagens_tokens/nautical_c8792eb3868a8f82b985917843be388f06622e78.jpg',4,2721),(5,'frentista#imagens_tokens/attendant_cca8bd9cc871c7d4a040b21724189e76e8c44950.jpg',5,2755),(6,'armazenagem#imagens_tokens/storage_3d48292e4d2714f11c2adf276b610971e068a519.jpg',6,1178),(7,'financeiros#imagens_tokens/financial_43d4991437f61db19aa26b581bd2d4f06d46b104.jpg',7,2611),(8,'computador#imagens_tokens/computer_c60266a8adad2f8ee67d793b4fd3fd0ffd73cc61.jpg',8,1505),(9,'robótica#imagens_tokens/robotics_891e0758a720ba896499299c80f27c7a8675b6e1.jpg',9,1763),(10,'pessoais#imagens_tokens/personal_db69db5fb56cc44b69cd510978cb3277ce3a4102.jpg',10,1187),(11,'eletrônica#imagens_tokens/electronics_1ed41f53f6e46bae8c539f14baf2af7e80028245.jpg',11,160),(12,'aplicativos#imagens_tokens/applications_f4ff7e7f60f047886f29f35616bb2d3bed19a304.jpg',12,2649),(13,'informática#imagens_tokens/computing_65f3926f9a2ac8dddf954ec9c400337795747524.jpg',13,168),(14,'jovens#imagens_tokens/young_people_29c0c885e926e40a3714373fd7c7efe33101747f.jpg',14,772),(15,'web#imagens_tokens/web_ca84d1343b96baa8137c943ed1860e522cacb238.jpg',15,2387),(16,'computadores#imagens_tokens/computers_dd708279cb3a8477c9ddb927e917a8087a0de08c.jpg',16,519),(17,'infraestrutura#imagens_tokens/infrastructure_35f8b7463f1ec7204834d4cb6d744d4ee823b40f.jpg',17,461),(19,'informações#imagens_tokens/information_83dd9d6af43f8cbee08acd981417321e144b776b.jpg',19,1608),(20,'trabalhadores#imagens_tokens/workers_f74e09031a1e20d78776723906eac9ecf0b3221d.jpg',20,1937),(21,'manual#imagens_tokens/manual_b363713a938afcd3c74603827fab79e935b2b09b.jpg',21,941),(22,'drenagem#imagens_tokens/drainage_104f3c72d9aa542f508fa4edef34268a896bb41b.jpg',22,573),(23,'corpo#imagens_tokens/body_02083f4579e08a612425c0c1a17ee47add783b94.jpg',23,718),(24,'idosos#imagens_tokens/elderly_eb229edafc79a2f7c5dbb524cc3af66a891af24c.jpg',24,2390),(25,'cães#imagens_tokens/dogs_cc90fda9b1a7483de0af0a2364167decfdb1d247.jpg',25,303),(26,'tradicional#imagens_tokens/traditional_c949c0afd96a975e562c67ecf419183401e50d2d.jpg',26,1630),(27,'hemoterapia#imagens_tokens/hemotherapy_4e217cf9dfc01b63c70583a5cbb09e0f9d3b3f67.jpg',27,2551),(28,'sangue#imagens_tokens/blood_c2c4a896be2b3ab15212fcb701156f10eb890eaf.jpg',28,2157),(29,'integrativas#imagens_tokens/integrative_b64e4bd873d65759cf73c2792e3f42681915bce2.jpg',29,1274),(30,'medicamentos#imagens_tokens/medicine_ea5eb8e27f6e7dd7f8af6d52a279a0325123ee57.jpg',30,1568),(31,'mental#imagens_tokens/mental_1fcbe512dcb815c1b3d30b482600e8cf02dbf0ed.jpg',31,2770),(32,'endemias#imagens_tokens/endemics_363bb39da7003260423946f6b0f213c188265804.jpg',32,452),(33,'dietética#imagens_tokens/dietary_a97ba51f55add3f9813ebe4d282eca8855c9d5d1.jpg',33,1890),(34,'incêndio#imagens_tokens/fire_1da8402449899ec1ba9c34c095dbb79d0585dcd7.jpg',34,2609),(35,'pães#imagens_tokens/bread_6ff291d8175b1d624892cd459444104fbd7ce87f.jpg',35,1427),(36,'coberturas#imagens_tokens/coverage_6dafbcf610e9f81897b65ee9142715ab2e793f9e.jpg',36,641),(37,'padeiro#imagens_tokens/baker_60ab90e1ecfb61c2d9705644cd062c458d7f3e5a.jpg',37,733),(38,'masseiro#imagens_tokens/masquerade_5e1b234561565b1352e4f3ca2f7920e07add740a.jpg',38,1904),(39,'confeitaria#imagens_tokens/confectionery_58e67dde4397f11ba4a7dfb1e2108e733ecfb935.jpg',39,360),(40,'bolsas#imagens_tokens/scholarship_bb2e84b075ab6939e8a74052ebebcccf991d2279.jpg',40,1714),(41,'sólidos#imagens_tokens/solids_58b8371eebdadb0b468db27a76d46ec69e2c6c67.jpg',41,2350),(42,'meio#imagens_tokens/quite_5898102702f118870028aae25a26f24e32303248.jpg',42,125),(43,'baixa#imagens_tokens/low_36a883e762d4a1748155c266a886e7dbb18edf8a.jpg',43,1781),(44,'libras#imagens_tokens/pounds_736137d4cd0b99af4788100afc6cdf4a4634283d.jpg',44,312),(45,'robótica#imagens_tokens/robotics_robótica_891e0758a720ba896499299c80f27c7a8675b6e1.jpg',45,1763),(46,'informática#imagens_tokens/computing_informática_65f3926f9a2ac8dddf954ec9c400337795747524.jpg',46,1193),(47,'web#imagens_tokens/web_web_ca84d1343b96baa8137c943ed1860e522cacb238.jpg',47,2387),(48,'informações#imagens_tokens/information_informações_83dd9d6af43f8cbee08acd981417321e144b776b.jpg',48,1608),(49,'manual#imagens_tokens/manual_manual_b363713a938afcd3c74603827fab79e935b2b09b.jpg',49,941),(50,'pães#imagens_tokens/bread_pães_6ff291d8175b1d624892cd459444104fbd7ce87f.jpg',50,1427),(51,'meio#imagens_tokens/quite_meio_5898102702f118870028aae25a26f24e32303248.jpg',51,127),(52,'baixa#imagens_tokens/low_baixa_36a883e762d4a1748155c266a886e7dbb18edf8a.jpg',52,1781),(53,'redação#imagens_tokens/essay_redação_3ed0f8fe4ed1f191812af70b1e1e6f3d5fa781ce.jpg',53,2432),(54,'textos#imagens_tokens/texts_textos_e876495d42c7394128a6d479d0cb749c43394f0b.jpg',54,1254),(55,'conflitos#imagens_tokens/conflict_conflitos_ae214513a0d21125291c9566dfdb0fcb1fdd1d2b.jpg',55,1374),(56,'seleção#imagens_tokens/selection_seleção_6f69eb7dc225b8813368952e1258e1420c05b811.jpg',56,306),(57,'recrutamento#imagens_tokens/recruitment_recrutamento_fedb98f755b64588aa7d247c33da3e1788df714b.jpg',57,1048),(58,'preços#imagens_tokens/prices_preços_d4036891c194493056568a8a6c7e0643ea30fd0c.jpg',58,575),(59,'extrusora#imagens_tokens/extruder_extrusora_2e7f00360d7493fa84a1d5588d78e8ffdd17aaa8.jpg',59,597),(60,'institucional#imagens_tokens/institutional_institucional_d1f8bde161f6b0908d075cf8b2ef1664e2e76824.jpg',60,585),(61,'encanador#imagens_tokens/plumber_encanador_56c06081f337c2e7154a9372d5dfacbaa0d3d73f.jpg',61,1316),(62,'empilhadeira#imagens_tokens/fork-lift_empilhadeira_ae0114a6720ee58cbddb8d14f96b79acb43f665e.jpg',62,2378),(63,'carregadeira#imagens_tokens/loader_carregadeira_c57e08af28c85e7fe987028f7986f0bb4573f663.jpg',63,1079),(64,'pá#imagens_tokens/town_pá_0cd0b19231db9a2b915e37ea2c366c9029cd9020.jpg',64,1214),(65,'escavadeira#imagens_tokens/excavator_escavadeira_a2a1833bba62ad316ed2651c8a1de7e89bd3f1ab.jpg',65,378),(66,'equipe#imagens_tokens/team_equipe_d25187dc137f35c88bc80ec8c3ffbdb17b5eb873.jpg',66,2470),(67,'betoneira#imagens_tokens/concrete_betoneira_aec5c8ead67a724bad5d84c927c123aafab21bdc.jpg',67,1285),(68,'calceteiro#imagens_tokens/paver_calceteiro_a29dbf65e1a4f8d83f8ffcb1162174f582d398d1.jpg',68,2628),(69,'geração#imagens_tokens/generation_geração_cd738ebdb108645f60e548461168d2e3327319b7.jpg',69,2151),(70,'gráficos#imagens_tokens/graphics_gráficos_85bf98024248834ce70f0d72b35cd868efc92bd8.jpg',70,2154),(71,'automotivo#imagens_tokens/automotive_automotivo_85d4344b1d1b0616496cf86d8d07f4c8a4b5a448.jpg',71,365),(72,'hidráulico#imagens_tokens/hydraulic_hidráulico_92d9efedcd9fc7ce102ad43610f59ba1802dc4a0.jpg',72,1971),(73,'abrir#imagens_tokens/open_abrir_5fc7e38bffe00ca46add89145464a2eaf759d5c2.jpg',73,1520),(74,'dimensional#imagens_tokens/dimensional_dimensional_28c19ce4e9ddc9168621f8ebb05a2a953c2dfd10.jpg',74,581),(75,'amostrador#imagens_tokens/sampler_amostrador_efbeab3653e74ae5e60c120ff4e849b54326a9e7.jpg',75,1469),(76,'editorial#imagens_tokens/editorial_editorial_980a8caf942ee5fa2b73fc3dd890e6e8530cbbee.jpg',76,1684),(77,'medida#imagens_tokens/measure_medida_0e43727e13db7503547fe6ff995f948399378a3b.jpg',77,1415),(78,'brinquedos#imagens_tokens/toys_brinquedos_a6cc5166736463611274a73ba6bb165c79ef71ef.jpg',78,1471),(79,'embalagem#imagens_tokens/packaging_embalagem_8f3d75921992f46611714588e6ec00450ed9dcb6.jpg',79,2169),(80,'rotativa#imagens_tokens/rotary_rotativa_bb7b8090aeeb4c7a0c1f308919e796e073da8724.jpg',80,569),(81,'serralheiro#imagens_tokens/locksmith_serralheiro_e66fcef327a3d8e4bd9af7a7645981537e85a289.jpg',81,2674),(82,'estamparia#imagens_tokens/stamping_estamparia_ba9ca0228aefd32c568fb449a1dce3489842520e.jpg',82,1319),(83,'fotovoltaicos#imagens_tokens/photovoltaic_fotovoltaicos_d8416957d80c7c9d7b7a0891b546904e0aec6146.jpg',83,375),(84,'motor#imagens_tokens/motor_motor_32405e889a51a69c470ad00213c68b016a41dde7.jpg',84,1932),(85,'turbinas#imagens_tokens/turbines_turbinas_8603986565d38133cec703d9a0206905f3409f2e.jpg',85,359),(86,'inspeção#imagens_tokens/inspection_inspeção_90f9b69fcbf8f390ac4d5e5928546de9006014a9.jpg',86,2166),(87,'entrada#imagens_tokens/Prohibited_entrada_030b0ae19645cebcafa08da86990acdcc49854a7.jpg',87,1782),(88,'quadro#imagens_tokens/quadro_quadro_d5d5d8e1890870a5eda433b744830c2d5eb6dfcc.jpg',88,1332),(89,'metrologista#imagens_tokens/metrologic_metrologista_b2b6c3aa9d600e750983c3d982bc57ff4ec120fc.jpg',89,2193),(90,'metrologia#imagens_tokens/metrology_metrologia_baae817c136f40aeceef34400d1cc977fb473579.jpg',90,839),(91,'centrais#imagens_tokens/central_centrais_233ec5bda5fa468329234788b4ee61711ea3041e.jpg',91,2283),(92,'biscoitos#imagens_tokens/cookies_biscoitos_d2bd354967d6da5d68c9540c90a6352e927c88c6.jpg',92,2055),(93,'gesseiro#imagens_tokens/goster_gesseiro_ed82811824635c7b28a3edf98ffa680df44a9cfe.jpg',93,2227),(94,'esquadrias#imagens_tokens/frames_esquadrias_e7d679448a726df93a0ecc139508c9d3ef48b980.jpg',94,2605),(95,'marceneiro#imagens_tokens/cabinetmaker_marceneiro_7f59ecbeb68bffbc2adf320f700bcefce34301ac.jpg',95,257),(96,'hidráulicas#imagens_tokens/hydraulic_hidráulicas_92d9efedcd9fc7ce102ad43610f59ba1802dc4a0.jpg',96,2816),(97,'madeira#imagens_tokens/madeira_madeira_fcb937ea16af048d952bee608e6cd5be91d4405e.jpg',97,2238),(98,'automóveis#imagens_tokens/cars_automóveis_e1952705cc0e6ec262d611301793720f7bfe5669.jpg',98,2802),(99,'automobilística#imagens_tokens/automotive_automobilística_85d4344b1d1b0616496cf86d8d07f4c8a4b5a448.jpg',99,2147),(100,'filologia#imagens_tokens/philology_filologia_781d7f603e7bf3919fab2e1c3645e985ae62d802.jpg',100,2433),(101,'necessidades#imagens_tokens/needs_necessidades_edb0489b235f5f39706cfdbe6ca5a79435293140.jpg',101,2636),(102,'leiturista#imagens_tokens/leiturist_leiturista_9a025a3fea673272d14377ec3c19fa1cdb53ddad.jpg',102,819),(103,'crítica#imagens_tokens/criticism_crítica_2b5d72ee84c833326e9e326cd2ed1a3324770505.jpg',103,834),(104,'pescados#imagens_tokens/Fish_pescados_3030e8ec7633ec1a524bb246aee7dbda6fb3e4bc.jpg',104,613),(105,'respiratória#imagens_tokens/respiratory_respiratória_c05733e0be9041c3f8c03d6caf32f4ab3e9059ec.jpg',105,2337),(106,'geotecnia#imagens_tokens/Geotechnics_geotecnia_c2e879123161bcf6148bb3a52953feb0df456dca.jpg',106,2178),(107,'feirante#imagens_tokens/marketer_feirante_3f9be4af84a702af596c0abf5a9ac11f366c7215.jpg',107,959),(108,'comparada#imagens_tokens/comparative_comparada_e08949f733cc7793349fb261091c4e525148cc51.jpg',108,1188),(109,'vôlei#imagens_tokens/volleyball_vôlei_9c758f06878ddd2938cc6021bcda9518223f76d0.jpg',109,2310),(110,'administrativo-#imagens_tokens/administrative-_administrativo-_7d89db4ad1f32bce3b76563234d2259389fdf18e.jpg',110,566),(111,'laboratorista#imagens_tokens/Laboratory_laboratorista_e376f958024af9bc1015ed3b2f229b1dbbc783e8.jpg',111,1410),(112,'neonatologista#imagens_tokens/neonatologist_neonatologista_12dae987239256761c1f6452066f96088d7dc922.jpg',112,464),(113,'turismólogo#imagens_tokens/turismologist_turismólogo_7e71d297704d15b8f05e99487676458d07bb9578.jpg',113,2498),(114,'esotérico#imagens_tokens/esoteric_esotérico_c9ff86d6b10e4ad5c92695a39dfb106131138d8d.jpg',114,242),(115,'cerzidor#imagens_tokens/cerzidor_cerzidor_5a888f0b2356fc11e6947d28c195efba57b652df.jpg',115,1493),(116,'viadutos#imagens_tokens/viaducts_viadutos_1febba43fc127f480afcfffd278b303d2b7d0dea.jpg',116,420),(117,'adultos#imagens_tokens/adult_adultos_82aef589a6ef88ac58636b7f6257b0959c20c3b4.jpg',117,2224),(118,'mariscos#imagens_tokens/seafood_mariscos_6386a42908c37e32bae8b444a2006a9413d19712.jpg',118,228),(119,'impermeabilizante#imagens_tokens/waterproof_impermeabilizante_07453f9a57f866be70510a23aa86d5eca244f786.jpg',119,1102),(120,'acarajé#imagens_tokens/Shrimp_bean_ball_acarajé_a27232f248fed5cef6ff8504c854bcad66d07032.jpg',120,1697),(121,'grandes#imagens_tokens/large_grandes_5296d5cced2aa1cf19afd9cf498d89f0d85481f2.jpg',121,1935),(122,'influenciador#imagens_tokens/influencer_influenciador_85fde0b48ab99b013c1c7fa0368294138f7db8a8.jpg',122,2629),(123,'teleprocessamento#imagens_tokens/Teleprocessing_teleprocessamento_5c7cf53da9bbd87d41954e462e37a06c792674a1.jpg',123,1687),(124,'osteopata#imagens_tokens/osteopath_osteopata_0cdce0f75b7a233288faa407b7c88ed2593c2df2.jpg',124,2515),(125,'parteira#imagens_tokens/midwife_parteira_b2f3e1167949b5ee9c5b25b3894cbc542f7878c7.jpg',125,2837),(126,'reunideira#imagens_tokens/gathering_reunideira_db79236c28b8d8c2ea0ee16e91051834b20b6391.jpg',126,2529),(127,'seringueiro#imagens_tokens/rubber_tree_seringueiro_6314839ec1964ca62cbbb3d0fae2de54c6151507.jpg',127,2736),(128,'arrumador#imagens_tokens/usher_arrumador_58a7a5322b5d38ba50fe953e10bd1955000d1884.jpg',128,1370),(129,'laticínios#imagens_tokens/dairy_laticínios_886f1e878d9ae9e43fffece04fb6bff01cd8c43d.jpg',129,1250),(130,'tipográfico#imagens_tokens/typographic_tipográfico_c091bec6f8321034b5d6b087dbc60b3a273b4db8.jpg',130,2357),(131,'continuista#imagens_tokens/continuous_continuista_d0e1717b31fb0e2d1d85d831840fd38fbbdeae8a.jpg',131,2250),(132,'cartotécnicas#imagens_tokens/Cartotechnics_cartotécnicas_b065372d5112d7cf606e47c0e5a2d7c6022ddaf9.jpg',132,2596),(133,'vinagreiro#imagens_tokens/vinegar_vinagreiro_b7f621d0d5fec620cd3bf5da9f66cee092100f6e.jpg',133,2122),(134,'óptica#imagens_tokens/optical_óptica_d93622b7f691e90fed4addc25177ec29a4433f33.jpg',134,1989),(135,'subterrâneos#imagens_tokens/underground_subterrâneos_105b8a8cee2f93bee562ff14be929f5db4ae24ea.jpg',135,2285),(136,'recepcionistas#imagens_tokens/receptionists_recepcionistas_86000988e71641210c65e4a00326fb00538603dc.jpg',136,2317),(137,'rodoviário#imagens_tokens/road_rodoviário_4adfa5797f24993434537980c24b2db55ebecee5.jpg',137,2874),(138,'afiador#imagens_tokens/sharpener_afiador_58c8074b5c6cbf7f3ff9eea2121e6f0a598c6b9c.jpg',138,2893),(139,'aeronave#imagens_tokens/aircraft_aeronave_fe7110fa2c82ee4f973ac38b8694d3943e6c85b2.jpg',139,2862),(140,'cirurgíco#imagens_tokens/surgical_cirurgíco_2217938c2d826955770515dc5ee030754b6abbbe.jpg',140,1916),(141,'buriti#imagens_tokens/buriti_buriti_c6dfd16842a19d5630fb47a81a9e578277cfa1d0.jpg',141,722),(142,'metalúrgica#imagens_tokens/metallurgical_metalúrgica_2a00da4b95ed9f50e1546335b85c9e786c3464f5.jpg',142,2201),(143,'ortoptista#imagens_tokens/orthopic_ortoptista_46d2972f33c2abf5fa27a7655a19478622d8b351.jpg',143,1702),(144,'subprodutos#imagens_tokens/by_-products_subprodutos_6d2c13ad2c414962bf9f35e25e585b0db190db26.jpg',144,1446),(145,'martelete#imagens_tokens/martelete_martelete_e29d6ae7dcf0cabbd44afb828795552640de2406.jpg',145,2576),(146,'espacial#imagens_tokens/spatial_espacial_60fbc9c597d12d3240d7d66b3608b410b7a11aa3.jpg',146,2430),(147,'salina#imagens_tokens/salina_salina_d191b0e5b568526d663c2404fdcc4706a676731d.jpg',147,2060),(148,'veículo#imagens_tokens/vehicle_veículo_0b0591061c39a45540c7e3e5ebf1cbe4bc15a295.jpg',148,449),(149,'rádio-chamada#imagens_tokens/rabid_rádio-chamada_d676baf16bfb51897f5f72a45af403fd5ff290c3.jpg',149,835),(150,'legista#imagens_tokens/cork_legista_e92dae8be39ebbe35de333fe34ddd93487c94e5a.jpg',150,1357),(151,'maquinista#imagens_tokens/driver_maquinista_fdda0c46f953c1a45bdc520849be1e4edf4e228c.jpg',151,2257),(152,'inverno#imagens_tokens/winter_inverno_1ef41af4175fe164bf14a260fdf226218961c106.jpg',152,1758),(153,'mandriladora#imagens_tokens/Mandrianidora_mandriladora_b2d76c0773147da201a02ea16d99c54c487aee2a.jpg',153,2367),(154,'placa#imagens_tokens/plate_placa_9012c45d7bd54d45993199c9c2089f7746b9ce67.jpg',154,1575),(155,'clínica#imagens_tokens/clinic_clínica_cdaaa12922c06f8fc0b262e949468467d689e400.jpg',155,314),(156,'andiroba#imagens_tokens/andiroba_andiroba_46b69f73a10a6df1916fee71d0c753b04fa245c9.jpg',156,2226),(157,'lâmina#imagens_tokens/blade_lâmina_067cb2b4d11bea7491255dacecc3a42a97530354.jpg',157,985),(158,'especializado#imagens_tokens/specialized_especializado_e66c06b6e1fedb592462394f85f87b8f1d5230e7.jpg',158,1379),(159,'abastecimento#imagens_tokens/supply_abastecimento_076df7153a50d682d35d71ca96c22b96d031c9a8.jpg',159,2569),(160,'município#imagens_tokens/municipality_município_a04a7ce8038e107e1c111f4a505f2eb95ab2bd4e.jpg',160,671),(161,'leite#imagens_tokens/leite_leite_beb967c081ee9ed1e238c103f562221d923ef6af.jpg',161,794),(162,'desgaseificação#imagens_tokens/tear_desgaseificação_57c16e02da2f792dd99adebb6fd4c984b25dcbb0.jpg',162,1307),(163,'mãe#imagens_tokens/mother_mãe_5116e40694ac48f654cb7b6816177e0e717237c6.jpg',163,658),(164,'calcográfico#imagens_tokens/Calcográfico_calcográfico_d9af89d0c1ecb5d7c6cabb4c934028527e8a2c91.jpg',164,1010),(165,'funerário#imagens_tokens/funeral_funerário_68187d3ec9d255d7b263970cb5678a912ca4aed7.jpg',165,399),(166,'farmacêuticos#imagens_tokens/pharmacists_farmacêuticos_0aa69313a0f292bd75babe48b9b9a18c41706c45.jpg',166,1519),(167,'maquineta#imagens_tokens/mate_maquineta_e1a465e4d3e649d94aafd48152f08885a10bb6cd.jpg',167,2105),(168,'casqueador#imagens_tokens/Casqueler_casqueador_bee84d3fc4f4035ef82dfc849652c79aa1704921.jpg',168,1190),(169,'protesista#imagens_tokens/from_protester_protesista_ad8f10acff0bce84e3ea96a52d90fa590ba2bdb4.jpg',169,2408),(170,'pneumáticos#imagens_tokens/tires_pneumáticos_c410a09a769667e0642200a9956eef55ff51b114.jpg',170,1834),(171,'piercer#imagens_tokens/piercer_piercer_d690cb13668fe45d799389e248c96ed004811bde.jpg',171,1981),(172,'numerólogo#imagens_tokens/numbers_numerólogo_138c2f842c35db223491846d3de000d70639488c.jpg',172,1302),(173,'tricoteiro#imagens_tokens/tricker_tricoteiro_f2e64a289454d2b1e275c7d11dedf8341793f7b1.jpg',173,1325),(174,'parques#imagens_tokens/parks_parques_718bbce8d673b1b0c8992950c917e0f6295eea04.jpg',174,2624),(175,'quarto#imagens_tokens/quarto_quarto_ad25d1cfa461a9c87d370cd24c43b69f729a7b85.jpg',175,1992),(176,'metrológicos#imagens_tokens/Metrological_metrológicos_bb5118a294de32238eb81d83993829e7e881a44f.jpg',176,1953),(177,'bioterismo#imagens_tokens/bioterismo_bioterismo_e5a2c5388b16c4602716fee96ba9173df68959a3.jpg',177,2120),(178,'zincagem#imagens_tokens/zincagem_zincagem_1b9a6e5501aab1a4ec95b6e950a3ae3d0c6a5ab4.jpg',178,1715),(179,'entalhador#imagens_tokens/carving_entalhador_4cf2aef0c6d6996c6805e614a1fbec385d1edc3a.jpg',179,1547),(180,'rotativa#imagens_tokens/rotary_rotativa_bb7b8090aeeb4c7a0c1f308919e796e073da8724.jpg',80,1199),(181,'guias#imagens_tokens/guides_guias_428b02c7707886612c3761eb5a15e9bb81e3f2ba.jpg',181,1999),(182,'ferrador#imagens_tokens/fair_ferrador_187770cf5af2d3469ab41bc3cb1a5c052fc2099f.jpg',182,2418),(183,'osteopata#imagens_tokens/osteopath_osteopata_0cdce0f75b7a233288faa407b7c88ed2593c2df2.jpg',124,1766),(184,'cevada#imagens_tokens/barley_cevada_f2c9bd9fdbd280341ad3188dca65864de1ff846d.jpg',184,938),(185,'microcrédito#imagens_tokens/microcredit_microcrédito_700580048dd9d64df232bea96796c7e9809413a3.jpg',185,2693),(186,'engenheiros#imagens_tokens/engineers_engenheiros_7e5afd8471f0b7eaba606d62f264ffd5f93d68de.jpg',186,2170),(187,'radioativos#imagens_tokens/radioactive_radioativos_022e8c523ceda45ce1cf094878dca399409cf46c.jpg',187,2683),(188,'paisagista#imagens_tokens/landscape_paisagista_0a2f2cd978d1f218d44169609e8ff621917fee24.jpg',188,2513),(189,'cimenteira#imagens_tokens/cement_cimenteira_c1f4699759140507f7574e94bfd4f5d7d24f69c5.jpg',189,2789),(190,'cilindrar#imagens_tokens/Cilinders_cilindrar_3ce52300ec5e2df74ca107cb0bae0dc29065668a.jpg',190,408),(191,'mate#imagens_tokens/mate_mate_e1a465e4d3e649d94aafd48152f08885a10bb6cd.jpg',191,630),(192,'leigo#imagens_tokens/lay_leigo_b455d3853f3b89b158551ef8b1d373c8060163e2.jpg',192,1008),(193,'protético#imagens_tokens/prosthetic_protético_3451c8208526a66d164eab5f326dbf0019efdfdb.jpg',193,440),(194,'letreiros#imagens_tokens/signs_letreiros_4144efcbafe680d406c920ce69363bda14801185.jpg',194,2092),(195,'sacolas#imagens_tokens/bag_sacolas_9b4e473e4de7949c4ab8e441a7faa5e2b295b469.jpg',195,2689),(196,'autos#imagens_tokens/autos_autos_9e9518a14387f2d81a367cbf3a0697f8a20408b2.jpg',196,2593),(197,'sacristão#imagens_tokens/sexton_sacristão_314d9c401c4f49408a48390ea72eab9737268f85.jpg',197,1497),(198,'piano#imagens_tokens/piano_piano_5c07d1e47b9d61946abd1eb7ee23fc6848f02136.jpg',198,880),(199,'geógrafo#imagens_tokens/geographer_geógrafo_400239ffe65cdc7080e87e51df5e7c2f92603e76.jpg',199,385),(200,'teólogo#imagens_tokens/theologian_teólogo_69b1c4c93495e03c2bcdcb6f9ed93bf2fcbbe676.jpg',200,2852),(201,'banca#imagens_tokens/bank_banca_bdd240c8fe7174e6ac1cfdd5282de76eb7ad6815.jpg',201,313),(202,'laços#imagens_tokens/ties_laços_a758358b101b15b4f14afe3f2129321bb3613006.jpg',202,1061),(203,'tutelar#imagens_tokens/tutelary_tutelar_2b206932831e57edcf32deb95e52c4a537fd56da.jpg',203,2726),(204,'conservador#imagens_tokens/conservative_conservador_42dc7e4f3f947f5d643bab39c90cba57235724b1.jpg',204,565),(205,'cordoalha#imagens_tokens/Cordoalha_cordoalha_5acdbbd12b8c78a4763fdafa0526db23e9b8a53d.jpg',205,2810),(206,'remotamente#imagens_tokens/remotely_remotamente_89833ceca672f7c9d10ddaeaf1b39755c5c00416.jpg',206,1639),(207,'metrovias#imagens_tokens/metrovias_metrovias_6a654b8ad824d0a3499f0b54745ebd309cf75959.jpg',207,895),(208,'jóquei#imagens_tokens/jockey_jóquei_190ad71c99439848bc5cd3eb40bdd763d796f83d.jpg',208,779),(209,'aqüícolas#imagens_tokens/aquaculture_aqüícolas_12b587fc26b2306d70ae3bb8d19652e55063dfc9.jpg',209,2562),(210,'dependente#imagens_tokens/dependent_dependente_a840f1e3432e96c42c24c02a3e2f5208a9e072fd.jpg',210,886),(211,'coco-da-baía#imagens_tokens/coconut_coco-da-baía_211c11406ca48883e1a5a089a25191d7a30b1588.jpg',211,732),(212,'pedicure#imagens_tokens/pedicure_pedicure_7fe019e1826152f4b23f920a710466120be0f915.jpg',212,1432),(213,'partículas#imagens_tokens/particles_partículas_1160d8839cf94b01f58c45d803bc7d73d3f8c8c2.jpg',213,1838),(214,'biotecnologista#imagens_tokens/biotecnologista_biotecnologista_90242bdc68d5890836a9390f83e2bc94fe29fab5.jpg',214,1345),(215,'autoadesivo#imagens_tokens/self_-adhesive_autoadesivo_68b957162dde6caf75f7416da62bde49b427bcca.jpg',215,914),(216,'ceramista#imagens_tokens/ceramist_ceramista_4579d93dd11057c6e4201eb2960fa5466410a1f3.jpg',216,1296),(217,'encomenda#imagens_tokens/order_encomenda_cce55e4309a753985bdd21919395fdc17daa11e4.jpg',217,1727),(218,'cronoanalista#imagens_tokens/chronoanalist_cronoanalista_f8caa7d4dd757016082f1d09b4285b28a016d104.jpg',218,1674),(219,'anestesiologista#imagens_tokens/anesthesiologist_anestesiologista_557cc2d79c7996418ef956c836e117f946a8729e.jpg',219,2044),(220,'imagenologia#imagens_tokens/imageryology_imagenologia_cfdf70c237541868bdc8b2d982134e9c5bc2f380.jpg',220,1633),(221,'apicultura#imagens_tokens/beekeeping_apicultura_952c73b79c5f090b01ba391334279e873927af6f.jpg',221,2535),(222,'dj#imagens_tokens/dj_dj_10099878e72cf7e0ee4aa0cbce77aa8d5e6825f3.jpg',222,884),(223,'trapezista#imagens_tokens/trapeze_artist_trapezista_e16731c0f25057a2c92c7e4e7760b222fc2d04c4.jpg',223,2388),(224,'fundidas#imagens_tokens/molten_fundidas_de74487386877d02dd27487ef50239e70b4738ef.jpg',224,911),(225,'rodoferroviária#imagens_tokens/rally_rodoferroviária_027fabe407c9a9845abc94aa624f1743375f0fa1.jpg',225,752),(226,'taquígrafo#imagens_tokens/stenographer_taquígrafo_58123402ed824e9adcc8b3781122b43f89b39921.jpg',226,2712),(227,'regente#imagens_tokens/regent_regente_507adca30851f969c62414e2db19c298d45ad677.jpg',227,221),(228,'sexo#imagens_tokens/sex_sexo_68bb04bd54b8f6c530695e0b77de298276a0511d.jpg',228,572),(229,'sexador#imagens_tokens/sexual_sexador_3cc97fd9bfd8edeee6b0585f99fcd4ecfbb000a6.jpg',229,1060),(230,'abrasivos#imagens_tokens/abrasives_abrasivos_ca08521588f1301afeb7f6b6ec18c464f67719d7.jpg',230,1131),(231,'apagamento#imagens_tokens/deletion_apagamento_013e5670c034345cdd064d1132b95dd1b6bea040.jpg',231,1954),(232,'tratador#imagens_tokens/carrier_tratador_12cb5b79d6a26ec4dceea5d89911e767f8fed718.jpg',232,2344),(233,'celofane#imagens_tokens/cellophane_celofane_bc6aa1375012da00af7b4c240205674821f55fe3.jpg',233,1053),(234,'naturólogo#imagens_tokens/naturalogo_naturólogo_6a77c281fbe17183ccdf3282c850d495761459b7.jpg',234,241),(235,'investidores#imagens_tokens/investors_investidores_5f855adaa7c5490ccb88b9cf9549aad8fdb1e4da.jpg',235,229),(236,'sericicultura#imagens_tokens/sericicultura_sericicultura_560927a7d60a2c0788b4f639a490ce972adefcaa.jpg',236,1475),(237,'bacaba#imagens_tokens/flat_bacaba_b9c7b42de27fde88448357eef801bbafbf848468.jpg',237,1346),(238,'incubadora#imagens_tokens/incubator_incubadora_4387251f35f381867e88ba0f60b9f54560067841.jpg',238,1571),(239,'esterilizador#imagens_tokens/sterilizer_esterilizador_cf10eebc6f3a05ab15dab1344167a71b39150ee9.jpg',239,2503),(240,'melado#imagens_tokens/molasses_melado_bb292df9268f05cb9cbbc5e0c13cc1b13aca34dc.jpg',240,1055),(241,'cristalização#imagens_tokens/crystallization_cristalização_55da0e25a007ae0906f693455526c8cceb8ad434.jpg',241,1701),(242,'ajustador#imagens_tokens/adjuster_ajustador_ff49696047e9626eff5c47259e27b24cf41931ef.jpg',242,2507),(243,'cementador#imagens_tokens/centered_cementador_11fe77faa9a0025579a62b0fd317976849e47f4b.jpg',243,2627),(244,'lavadeiro#imagens_tokens/laundromat_lavadeiro_77976794ba9878fc1a0228826418cdd2283140bc.jpg',244,1107),(245,'desamarrado#imagens_tokens/untied_desamarrado_9622e27308e2f0d057bc23730e8c555949f6f96a.jpg',245,2338),(246,'médicos#imagens_tokens/doctors_médicos_36a00b17d9b233c0fb82f9a6d8cf6eda1c1498aa.jpg',246,1068),(247,'maître#imagens_tokens/maître_maître_1082c7ce0df48b5f7d6d65ae5676ee6ee58f93b9.jpg',247,2049),(248,'relevos#imagens_tokens/relief_relevos_60cba265e73991a3e388b0ebda6516ad54bec32d.jpg',248,1582),(249,'ortopedista#imagens_tokens/orthopedist_ortopedista_23f1458aefe550bddc9a23efefc907ea83152948.jpg',249,2188),(250,'matrizes#imagens_tokens/matrices_matrizes_cebd95d917358ffff2a41be08cc4518416dabca7.jpg',250,1503),(251,'criatórios#imagens_tokens/creative_criatórios_df0b6c410fc70ceeb16c10880a3d0a573ca26631.jpg',251,1279),(252,'comentarista#imagens_tokens/commentator_comentarista_068f0a684521b89c2e2e5b5ba8c8312fabe279e2.jpg',252,2301),(253,'escória#imagens_tokens/slag_escória_b9766249ea771f62b07ba32a9a6bc632092fa592.jpg',253,1921),(254,'diarista#imagens_tokens/diarist_diarista_da4f5eb01d60a1e0d69743b76b8eebd98dd9fc27.jpg',254,1596),(255,'oxidador#imagens_tokens/oxidader_oxidador_63f66cf00969f5a68ef2736fda2f08c80ee0930d.jpg',255,1612),(256,'biodança#imagens_tokens/biodance_biodança_bff653b5ab264930f93789daf852abf3e58b3833.jpg',256,305),(257,'malabarista#imagens_tokens/juggler_malabarista_85d1c55629d9c2f01968b6e4cd10961182b61afc.jpg',257,2066),(258,'marmorista#imagens_tokens/marble_marmorista_334851b6547be0d129bf69f984668cfbd70d4da2.jpg',258,1951),(259,'acabados#imagens_tokens/finishes_acabados_c42423489263b24cf2697521c1cd10d873b91e88.jpg',259,281),(260,'impregnador#imagens_tokens/impregnator_impregnador_eeb8d5034c45d647bbdc3d0c69cb073e708f0b56.jpg',260,332),(261,'carvoeiro#imagens_tokens/carvoeiro_carvoeiro_884d2367b25c4f47496096fcad410a7c2af1d89e.jpg',261,196),(262,'experience#imagens_tokens/experience_experience_f96da029a6daa4321d73225f5e2ccda25f55816b.jpg',262,373),(263,'hidrogeólogo#imagens_tokens/Hydrogeologist_hidrogeólogo_f2c0920d64da3636b3c33402ce98b33ae7e0ced5.jpg',263,1842),(264,'sapateiro#imagens_tokens/shoemaker_sapateiro_13a8a196d93553fe0f6228c3322f6b06e1af5673.jpg',264,2203),(265,'caseiro#imagens_tokens/homemade_caseiro_921c62dd27628ba2c6561d72695a8b131f5d9840.jpg',265,2799),(266,'ecojóias#imagens_tokens/ecojóias_ecojóias_e1df16251708d8906eb0d64bd1ab69db31f86147.jpg',266,1324),(267,'combustível#imagens_tokens/fuel_combustível_43505540e7e80bf56cba95e6ce9f0370aea6ce6d.jpg',267,634),(268,'tipógrafo#imagens_tokens/typographer_tipógrafo_9e24141bc364e06cc55bbfeb76d4f528c73292b6.jpg',268,1635),(269,'popular#imagens_tokens/popular_popular_99d637374f51ab8f607c22b55440ea3666d3fc47.jpg',269,1815),(270,'ponte#imagens_tokens/ponte_ponte_498d8ebb596e143a1ccc342007d8f5bf68cba672.jpg',270,2053),(271,'teórico#imagens_tokens/theoretical_teórico_caa34d083a02ed1b4831a1f84d1b8f0df9459185.jpg',271,1362),(272,'adestrador#imagens_tokens/coach_adestrador_c63c8ec7f6e2308874076f269e863af55d2cc22e.jpg',272,210),(273,'barracas#imagens_tokens/stalls_barracas_cf6b576e3cc5e17477b5aa7e73737837944e7eb2.jpg',273,1004),(274,'geneticista#imagens_tokens/geneticist_geneticista_6371e3cfe3374465cd079eb3c129a76e20fb8645.jpg',274,1030),(275,'cobre#imagens_tokens/copper_cobre_9c5c72058db17d14a6e41ff3ecac2fe6fd30f679.jpg',275,2037),(276,'oxicortador#imagens_tokens/oxygoner_oxicortador_626adf76489c126bf02f978c1c8aad56b553400d.jpg',276,2580),(277,'profissonal#imagens_tokens/profile_profissonal_5d45a009b0383b5b3064b9820c18530333c910f9.jpg',277,1023),(278,'caminhoneiro#imagens_tokens/trucker_caminhoneiro_20bc29ecd343677c10c927c2fc110d8da5fdc3b7.jpg',278,787),(279,'combustíveis#imagens_tokens/fuels_combustíveis_7427777a09bebc7de3415910114643c3e6cc0740.jpg',279,1957),(280,'endodontista#imagens_tokens/Endodontist_endodontista_61d86216c54e095330a0fa3e1bde016b04e0e657.jpg',280,2321),(281,'cristais#imagens_tokens/crystals_cristais_fc26524b25e7ff15f4ab29f115293f6078533b2a.jpg',281,1783),(282,'moldador#imagens_tokens/molder_moldador_279f8ac2f88a39e0d25a76f3621247163b5ea83e.jpg',282,2833),(283,'comutação#imagens_tokens/commutation_comutação_88671fa519ed5e8eb100f1b0277cc825a955a1d3.jpg',283,2216),(284,'acordeão#imagens_tokens/accordion_acordeão_d1391a0e8e22d496ae3d94776ac66dfbab6be272.jpg',284,2844);

--
-- Table structure for table `tokens_ocupacoes`
--

CREATE TABLE `tokens_ocupacoes` (
  `id_chave_token_ocupacao` int NOT NULL AUTO_INCREMENT,
  `id_token` int DEFAULT NULL,
  `id_ocupacao` int DEFAULT NULL,
  `conta` int DEFAULT NULL,
  PRIMARY KEY (`id_chave_token_ocupacao`),
  UNIQUE KEY `id_token` (`id_token`,`id_ocupacao`),
  KEY `fk_ocupacao_token` (`id_ocupacao`),
  CONSTRAINT `fk_ocupacao_token` FOREIGN KEY (`id_ocupacao`) REFERENCES `ocupacoes` (`id_chave_ocupacao`),
  CONSTRAINT `fk_token_ocupacao` FOREIGN KEY (`id_token`) REFERENCES `tokens` (`id_chave_token`)
) ENGINE=InnoDB AUTO_INCREMENT=1908 DEFAULT CHARSET=utf8mb4 COLLATE=utf8mb4_general_ci;

--
-- Dumping data for table `tokens_ocupacoes`
--

INSERT INTO `tokens_ocupacoes` VALUES (1,37,1828,1),(2,37,1209,1),(3,32,2559,1),(4,5,569,1),(5,37,2094,1),(6,32,2145,1),(7,32,2671,1),(8,1716,955,1),(9,32,2237,1),(10,18,871,1),(11,1716,860,1),(12,183,556,1),(13,32,1564,1),(14,6,196,1),(15,61,955,1),(16,163,161,1),(17,32,2294,1),(18,37,1355,1),(19,32,1834,1),(20,32,2443,1),(21,32,1209,1),(22,37,663,1),(23,32,2010,1),(24,13,2136,1),(25,37,2703,1),(26,37,2041,1),(27,93,958,1),(28,1716,902,1),(29,183,1055,1),(30,32,210,1),(31,18,1842,1),(32,77,117,1),(33,1716,983,1),(34,124,486,1),(35,1120,2374,1),(36,13,353,1),(37,32,1756,1),(38,37,1963,1),(39,1716,1180,1),(40,13,70,1),(41,117,2429,1),(42,37,289,1),(43,37,264,1),(44,32,2082,1),(45,32,2106,1),(46,32,916,1),(47,37,2348,1),(48,1287,465,1),(49,18,327,1),(50,1716,1161,1),(51,163,1148,1),(52,1716,876,1),(53,72,1507,1),(54,37,871,1),(55,4,56,1),(56,32,2261,1),(57,1716,1030,1),(58,72,1451,1),(59,32,2502,1),(60,37,2324,1),(61,192,956,1),(62,92,979,1),(63,32,2635,1),(64,192,181,1),(65,37,2279,1),(66,56,2029,1),(67,32,1395,1),(68,192,567,1),(69,37,2183,1),(70,141,2690,1),(71,118,413,1),(72,37,1628,1),(73,37,2511,1),(74,32,2279,1),(75,32,2069,1),(76,32,264,1),(77,124,1008,1),(78,32,2699,1),(79,71,1146,1),(80,184,580,1),(81,32,2111,1),(82,1716,862,1),(83,145,1150,1),(84,37,2119,1),(85,37,2497,1),(86,141,2638,1),(87,155,404,1),(88,20,2377,1),(89,32,1221,1),(90,18,1569,1),(91,32,2130,1),(92,37,1847,1),(93,1716,2668,1),(94,37,2450,1),(95,32,1095,1),(96,1716,1153,1),(97,32,1352,1),(98,32,2103,1),(99,1716,947,1),(100,32,183,1),(101,18,1887,1),(102,141,2653,1),(103,37,2040,1),(104,72,1144,1),(105,141,2601,1),(106,77,649,1),(107,37,1796,1),(108,32,2289,1),(109,37,2296,1),(110,32,2083,1),(111,37,2309,1),(112,141,2642,1),(113,184,634,1),(114,107,1212,1),(115,37,1675,1),(116,32,966,1),(117,1193,204,1),(118,32,2397,1),(119,1716,986,1),(120,139,2408,1),(121,32,1200,1),(122,32,1640,1),(123,141,2674,1),(124,37,2609,1),(125,117,2431,1),(126,32,2380,1),(127,37,2502,1),(128,32,301,1),(129,1716,1038,1),(130,37,235,1),(131,164,955,1),(132,72,1447,1),(133,13,75,1),(134,1716,869,1),(135,18,2245,1),(136,37,961,1),(137,32,2393,1),(138,1,2001,1),(139,37,1380,1),(140,107,1213,1),(141,1737,1767,1),(142,32,2425,1),(143,155,98,1),(144,18,1979,1),(145,37,2004,1),(146,145,392,1),(147,93,957,1),(148,18,2079,1),(149,1716,858,1),(150,76,635,1),(151,163,900,1),(152,32,2198,1),(153,32,2698,1),(154,32,881,1),(155,32,2004,1),(156,177,1177,1),(157,32,2501,1),(158,141,2637,1),(159,1,2003,1),(160,92,975,1),(161,141,2654,1),(162,37,2667,1),(163,141,2628,1),(164,37,756,1),(165,32,1852,1),(166,13,68,1),(167,96,705,1),(168,72,1146,1),(169,32,2571,1),(170,20,2300,1),(171,37,951,1),(172,37,1492,1),(173,37,2406,1),(174,37,662,1),(175,32,1728,1),(176,1716,966,1),(177,157,148,1),(178,93,974,1),(179,32,2423,1),(180,126,330,1),(181,37,2237,1),(182,192,1200,1),(183,32,1561,1),(184,37,754,1),(185,145,394,1),(186,1716,1154,1),(187,37,967,1),(188,37,1381,1),(189,4,745,1),(190,93,973,1),(191,18,2171,1),(192,70,1277,1),(193,32,2704,1),(194,32,2603,1),(195,7,630,1),(196,139,2407,1),(197,32,2687,1),(198,37,1833,1),(199,141,2644,1),(200,141,2649,1),(201,124,1142,1),(202,13,69,1),(203,37,1787,1),(204,37,1883,1),(205,1716,1111,1),(206,13,121,1),(207,163,627,1),(208,32,2267,1),(209,37,2380,1),(210,32,1673,1),(211,14,214,1),(212,32,1782,1),(213,18,1356,1),(214,18,2657,1),(215,13,2432,1),(216,37,1307,1),(217,32,967,1),(218,37,2638,1),(219,141,2636,1),(220,32,2116,1),(221,72,1452,1),(222,37,2465,1),(223,1716,1011,1),(224,1716,894,1),(225,1716,1000,1),(226,145,393,1),(227,145,400,1),(228,141,918,1),(229,149,1739,1),(230,32,136,1),(231,137,1815,1),(232,1716,897,1),(233,85,1112,1),(234,32,2510,1),(235,145,755,1),(236,37,579,1),(237,93,977,1),(238,32,2110,1),(239,37,1189,1),(240,32,911,1),(241,184,628,1),(242,32,900,1),(243,37,343,1),(244,1120,326,1),(245,32,2702,1),(246,145,856,1),(247,1,2004,1),(248,76,720,1),(249,1716,884,1),(250,37,2070,1),(251,1716,1135,1),(252,34,1468,1),(253,183,558,1),(254,92,978,1),(255,18,2673,1),(256,37,104,1),(257,37,1753,1),(258,32,754,1),(259,37,2217,1),(260,37,210,1),(261,37,136,1),(262,108,1207,1),(263,93,972,1),(264,32,1948,1),(265,37,576,1),(266,141,2639,1),(267,37,294,1),(268,37,810,1),(269,844,1358,1),(270,37,257,1),(271,85,1113,1),(272,32,2269,1),(273,32,342,1),(274,145,397,1),(275,13,871,1),(276,37,928,1),(277,37,2269,1),(278,93,962,1),(279,2,77,1),(280,37,1066,1),(281,37,1333,1),(282,37,1673,1),(283,1716,857,1),(284,32,2118,1),(285,184,653,1),(286,32,1827,1),(287,32,2107,1),(288,145,1151,1),(289,13,1459,1),(290,141,2645,1),(291,37,1774,1),(292,13,348,1),(293,37,2080,1),(294,32,2186,1),(295,157,2684,1),(296,32,2194,1),(297,37,1221,1),(298,183,547,1),(299,18,2653,1),(300,13,1630,1),(301,32,1787,1),(302,61,176,1),(303,37,2340,1),(304,32,2002,1),(305,18,1941,1),(306,32,2201,1),(307,37,342,1),(308,1716,941,1),(309,37,2433,1),(310,32,810,1),(311,37,2519,1),(312,37,2602,1),(313,18,1479,1),(314,184,551,1),(315,1716,768,1),(316,37,1849,1),(317,32,2337,1),(318,37,329,1),(319,37,2047,1),(320,145,387,1),(321,96,199,1),(322,93,964,1),(323,32,1520,1),(324,124,1009,1),(325,13,1947,1),(326,37,2225,1),(327,18,1642,1),(328,32,576,1),(329,141,2677,1),(330,32,1674,1),(331,32,1932,1),(332,56,243,1),(333,1716,916,1),(334,37,1876,1),(335,37,2445,1),(336,1716,1110,1),(337,32,2602,1),(338,32,578,1),(339,56,186,1),(340,37,901,1),(341,164,181,1),(342,37,2410,1),(343,93,835,1),(344,37,2314,1),(345,32,2057,1),(346,7,553,1),(347,32,2262,1),(348,125,330,1),(349,37,339,1),(350,1716,915,1),(351,106,811,1),(352,37,948,1),(353,32,2667,1),(354,37,723,1),(355,37,2049,1),(356,18,906,1),(357,32,2050,1),(358,41,255,1),(359,56,1757,1),(360,32,741,1),(361,32,2070,1),(362,125,205,1),(363,108,1201,1),(364,37,2204,1),(365,72,1454,1),(366,141,2663,1),(367,5,2678,1),(368,32,1307,1),(369,95,2283,1),(370,37,258,1),(371,164,1338,1),(372,37,291,1),(373,37,1815,1),(374,37,2003,1),(375,32,1835,1),(376,92,1207,1),(377,1716,1036,1),(378,155,686,1),(379,7,542,1),(380,2204,2678,1),(381,192,961,1),(382,32,2543,1),(383,1716,1282,1),(384,37,2661,1),(385,32,734,1),(386,13,823,1),(387,18,2514,1),(388,32,2609,1),(389,145,398,1),(390,32,1828,1),(391,1716,908,1),(392,32,2295,1),(393,124,110,1),(394,1716,912,1),(395,37,2447,1),(396,32,2046,1),(397,37,252,1),(398,32,2428,1),(399,37,254,1),(400,37,1756,1),(401,37,1485,1),(402,2,1398,1),(403,117,208,1),(404,1716,871,1),(405,184,596,1),(406,37,1867,1),(407,32,1675,1),(408,32,1322,1),(409,37,2430,1),(410,124,1007,1),(411,1799,1401,1),(412,18,2564,1),(413,37,1610,1),(414,91,2251,1),(415,37,2304,1),(416,32,2333,1),(417,37,2088,1),(418,5,703,1),(419,32,1867,1),(420,32,2381,1),(421,37,2274,1),(422,2,1174,1),(423,72,1303,1),(424,157,1516,1),(425,32,901,1),(426,32,2451,1),(427,1716,995,1),(428,160,314,1),(429,37,1884,1),(430,37,881,1),(431,32,259,1),(432,95,2278,1),(433,1716,1050,1),(434,1716,855,1),(435,1716,462,1),(436,125,281,1),(437,1716,1283,1),(438,1716,874,1),(439,37,916,1),(440,32,748,1),(441,1716,864,1),(442,1,2005,1),(443,37,2130,1),(444,844,1359,1),(445,141,2630,1),(446,164,178,1),(447,1716,872,1),(448,192,1198,1),(449,37,297,1),(450,118,384,1),(451,1716,929,1),(452,32,1961,1),(453,37,1942,1),(454,37,88,1),(455,1716,859,1),(456,37,1093,1),(457,32,338,1),(458,37,2543,1),(459,32,290,1),(460,37,1811,1),(461,37,2396,1),(462,18,2582,1),(463,37,296,1),(464,13,2520,1),(465,32,1977,1),(466,32,2273,1),(467,32,1831,1),(468,32,943,1),(469,37,1846,1),(470,56,240,1),(471,95,2285,1),(472,141,2691,1),(473,37,1937,1),(474,37,2336,1),(475,124,415,1),(476,96,1141,1),(477,61,181,1),(478,32,1232,1),(479,163,246,1),(480,184,542,1),(481,37,2524,1),(482,37,1788,1),(483,192,969,1),(484,1716,920,1),(485,37,844,1),(486,141,2632,1),(487,37,1763,1),(488,37,641,1),(489,13,119,1),(490,1716,1280,1),(491,192,1368,1),(492,141,919,1),(493,18,2228,1),(494,37,2090,1),(495,37,1561,1),(496,18,892,1),(497,37,2235,1),(498,1716,1272,1),(499,37,2542,1),(500,141,2647,1),(501,18,2643,1),(502,18,1843,1),(503,10,897,1),(504,192,1044,1),(505,844,1546,1),(506,37,149,1),(507,37,1776,1),(508,14,210,1),(509,32,1333,1),(510,37,1793,1),(511,18,1742,1),(512,32,2407,1),(513,37,1782,1),(514,72,1104,1),(515,32,660,1),(516,32,835,1),(517,37,748,1),(518,32,2023,1),(519,1716,1113,1),(520,1716,1021,1),(521,32,1785,1),(522,32,2247,1),(523,192,965,1),(524,2075,1625,1),(525,183,553,1),(526,37,2195,1),(527,9,552,1),(528,32,2352,1),(529,56,2684,1),(530,1,2013,1),(531,124,1012,1),(532,101,853,1),(533,37,738,1),(534,126,281,1),(535,145,57,1),(536,93,834,1),(537,93,956,1),(538,32,2052,1),(539,37,1778,1),(540,124,1338,1),(541,32,1817,1),(542,37,2115,1),(543,184,626,1),(544,37,337,1),(545,37,1200,1),(546,77,709,1),(547,184,599,1),(548,32,1092,1),(549,56,1755,1),(550,37,2686,1),(551,37,1346,1),(552,32,2042,1),(553,32,573,1),(554,141,2680,1),(555,72,2345,1),(556,32,580,1),(557,184,544,1),(558,184,641,1),(559,37,2431,1),(560,192,695,1),(561,141,2689,1),(562,32,2482,1),(563,32,2665,1),(564,139,1195,1),(565,37,2392,1),(566,32,749,1),(567,93,961,1),(568,32,261,1),(569,2,1399,1),(570,32,1234,1),(571,37,944,1),(572,37,2112,1),(573,61,179,1),(574,18,1740,1),(575,5,2677,1),(576,32,1786,1),(577,37,2654,1),(578,5,834,1),(579,32,2014,1),(580,32,951,1),(581,32,2053,1),(582,37,2207,1),(583,37,1829,1),(584,37,2116,1),(585,37,1945,1),(586,32,2616,1),(587,37,2260,1),(588,32,897,1),(589,124,1358,1),(590,37,2145,1),(591,18,2621,1),(592,18,2180,1),(593,1716,988,1),(594,32,928,1),(595,126,205,1),(596,32,1355,1),(597,37,2035,1),(598,32,2712,1),(599,37,1106,1),(600,32,2463,1),(601,61,951,1),(602,32,1802,1),(603,32,104,1),(604,1716,914,1),(605,32,2309,1),(606,37,2496,1),(607,118,2537,1),(608,37,2058,1),(609,32,2325,1),(610,85,638,1),(611,32,1227,1),(612,37,1395,1),(613,18,973,1),(614,37,1520,1),(615,70,349,1),(616,13,1761,1),(617,37,1111,1),(618,32,2339,1),(619,141,2625,1),(620,13,2616,1),(621,32,1882,1),(622,32,252,1),(623,32,2498,1),(624,32,1847,1),(625,32,1963,1),(626,32,1066,1),(627,37,2702,1),(628,32,1007,1),(629,32,2710,1),(630,37,1728,1),(631,145,401,1),(632,13,71,1),(633,13,2360,1),(634,37,2713,1),(635,14,273,1),(636,37,341,1),(637,124,377,1),(638,32,1851,1),(639,137,2629,1),(640,18,72,1),(641,1716,1077,1),(642,32,1628,1),(643,1716,1123,1),(644,13,124,1),(645,32,874,1),(646,37,1083,1),(647,187,1225,1),(648,37,859,1),(649,32,917,1),(650,93,970,1),(651,57,245,1),(652,141,307,1),(653,37,2220,1),(654,1716,971,1),(655,37,2015,1),(656,1716,1201,1),(657,32,2349,1),(658,32,859,1),(659,183,1056,1),(660,37,2023,1),(661,18,2231,1),(662,1716,1020,1),(663,57,104,1),(664,37,1882,1),(665,32,88,1),(666,157,740,1),(667,32,156,1),(668,183,557,1),(669,1716,877,1),(670,32,2006,1),(671,18,1916,1),(672,124,1017,1),(673,1716,1203,1),(674,37,2395,1),(675,37,2334,1),(676,141,2681,1),(677,32,2429,1),(678,32,2533,1),(679,37,574,1),(680,37,578,1),(681,32,2296,1),(682,32,257,1),(683,37,145,1),(684,5,321,1),(685,37,834,1),(686,32,2447,1),(687,4,153,1),(688,37,1642,1),(689,32,1610,1),(690,1716,2433,1),(691,1716,942,1),(692,1716,991,1),(693,1716,463,1),(694,141,2650,1),(695,32,2511,1),(696,1716,987,1),(697,139,349,1),(698,32,2530,1),(699,32,832,1),(700,183,548,1),(701,32,2479,1),(702,18,2176,1),(703,37,2425,1),(704,1716,918,1),(705,78,118,1),(706,18,1583,1),(707,37,2704,1),(708,145,388,1),(709,18,1743,1),(710,164,182,1),(711,145,1153,1),(712,1716,993,1),(713,1716,883,1),(714,37,253,1),(715,124,1447,1),(716,37,2385,1),(717,37,2142,1),(718,37,2281,1),(719,37,262,1),(720,32,2373,1),(721,1716,900,1),(722,14,212,1),(723,32,1189,1),(724,37,1322,1),(725,32,781,1),(726,662,311,1),(727,32,1339,1),(728,18,2627,1),(729,32,293,1),(730,32,1110,1),(731,37,2665,1),(732,124,1016,1),(733,32,2084,1),(734,164,951,1),(735,37,2349,1),(736,37,2379,1),(737,1716,899,1),(738,37,1842,1),(739,61,250,1),(740,1737,766,1),(741,37,1932,1),(742,32,2304,1),(743,32,1093,1),(744,192,1131,1),(745,93,832,1),(746,155,424,1),(747,145,386,1),(748,41,574,1),(749,93,959,1),(750,37,74,1),(751,18,2113,1),(752,139,1289,1),(753,32,2209,1),(754,37,1960,1),(755,141,936,1),(756,32,2204,1),(757,184,552,1),(758,5,858,1),(759,72,1095,1),(760,32,2113,1),(761,37,2601,1),(762,18,2232,1),(763,1716,926,1),(764,1716,924,1),(765,37,2209,1),(766,1716,946,1),(767,37,2582,1),(768,37,2069,1),(769,184,560,1),(770,18,1917,1),(771,37,1396,1),(772,32,960,1),(773,37,1827,1),(774,32,2396,1),(775,37,1352,1),(776,32,1864,1),(777,139,196,1),(778,37,2423,1),(779,1716,922,1),(780,57,177,1),(781,1716,885,1),(782,18,1833,1),(783,37,2390,1),(784,32,1829,1),(785,1716,1151,1),(786,32,579,1),(787,37,2387,1),(788,37,1212,1),(789,37,2326,1),(790,18,1641,1),(791,37,536,1),(792,32,255,1),(793,72,358,1),(794,37,2295,1),(795,32,1979,1),(796,1716,925,1),(797,32,1858,1),(798,18,1381,1),(799,18,1954,1),(800,145,855,1),(801,32,2136,1),(802,137,566,1),(803,1716,898,1),(804,32,2245,1),(805,139,2443,1),(806,13,1948,1),(807,184,640,1),(808,37,292,1),(809,1716,896,1),(810,32,1970,1),(811,37,1676,1),(812,32,1199,1),(813,37,2013,1),(814,1716,1112,1),(815,1716,895,1),(816,61,103,1),(817,72,1142,1),(818,32,1639,1),(819,1716,1152,1),(820,145,2401,1),(821,164,244,1),(822,32,1947,1),(823,37,2451,1),(824,141,2643,1),(825,145,399,1),(826,32,1485,1),(827,32,341,1),(828,184,539,1),(829,141,1273,1),(830,95,980,1),(831,37,1764,1),(832,89,2251,1),(833,184,541,1),(834,1716,893,1),(835,2075,68,1),(836,37,1858,1),(837,37,1816,1),(838,184,636,1),(839,37,2393,1),(840,141,2635,1),(841,141,2655,1),(842,184,558,1),(843,32,1842,1),(844,184,546,1),(845,37,2084,1),(846,1716,1047,1),(847,32,2260,1),(848,32,1888,1),(849,32,535,1),(850,32,2041,1),(851,32,2188,1),(852,145,952,1),(853,37,1128,1),(854,13,122,1),(855,37,1095,1),(856,37,1979,1),(857,37,1283,1),(858,137,2620,1),(859,13,1272,1),(860,61,567,1),(861,1716,1174,1),(862,37,1870,1),(863,32,1780,1),(864,184,633,1),(865,32,2009,1),(866,37,1612,1),(867,56,1207,1),(868,157,1126,1),(869,37,1802,1),(870,13,123,1),(871,183,552,1),(872,37,298,1),(873,37,1777,1),(874,32,263,1),(875,32,2282,1),(876,163,2022,1),(877,18,2290,1),(878,37,2603,1),(879,32,1939,1),(880,37,1852,1),(881,18,2194,1),(882,124,465,1),(883,32,1960,1),(884,71,1144,1),(885,126,561,1),(886,32,2036,1),(887,1716,873,1),(888,1716,1128,1),(889,37,2176,1),(890,32,1351,1),(891,37,741,1),(892,37,733,1),(893,18,2378,1),(894,32,2306,1),(895,32,1815,1),(896,32,961,1),(897,184,573,1),(898,1716,1040,1),(899,32,726,1),(900,37,749,1),(901,37,2397,1),(902,32,1993,1),(903,37,2110,1),(904,32,912,1),(905,184,635,1),(906,37,912,1),(907,1716,917,1),(908,32,2324,1),(909,37,2103,1),(910,41,546,1),(911,126,869,1),(912,13,2278,1),(913,1120,214,1),(914,1716,867,1),(915,184,624,1),(916,9,578,1),(917,32,343,1),(918,124,111,1),(919,32,2432,1),(920,32,944,1),(921,192,973,1),(922,77,115,1),(923,141,1275,1),(924,1965,376,1),(925,844,1356,1),(926,37,1234,1),(927,32,289,1),(928,184,559,1),(929,37,1946,1),(930,32,2230,1),(931,92,977,1),(932,37,295,1),(933,32,1275,1),(934,93,975,1),(935,37,1834,1),(936,32,2686,1),(937,145,406,1),(938,184,629,1),(939,32,1394,1),(940,184,556,1),(941,96,280,1),(942,76,1477,1),(943,57,184,1),(944,1716,863,1),(945,37,2475,1),(946,184,623,1),(947,1737,1394,1),(948,5,267,1),(949,41,573,1),(950,32,2207,1),(951,184,554,1),(952,32,1816,1),(953,37,1961,1),(954,1716,866,1),(955,32,1397,1),(956,72,1114,1),(957,37,2053,1),(958,18,2270,1),(959,13,331,1),(960,141,2662,1),(961,93,979,1),(962,32,2220,1),(963,139,741,1),(964,13,891,1),(965,93,963,1),(966,18,1915,1),(967,32,2128,1),(968,37,2432,1),(969,37,911,1),(970,37,2391,1),(971,157,350,1),(972,37,1397,1),(973,37,2616,1),(974,37,734,1),(975,1287,586,1),(976,20,2301,1),(977,6,247,1),(978,95,2192,1),(979,47,263,1),(980,37,2694,1),(981,32,2109,1),(982,120,2520,1),(983,124,1010,1),(984,1716,1032,1),(985,32,1028,1),(986,157,180,1),(987,118,1047,1),(988,37,299,1),(989,1716,1183,1),(990,37,2339,1),(991,32,1612,1),(992,37,2333,1),(993,13,2376,1),(994,155,663,1),(995,37,338,1),(996,32,1942,1),(997,18,1543,1),(998,32,258,1),(999,56,2625,1),(1000,32,2390,1),(1001,32,1106,1),(1002,141,2634,1),(1003,124,1451,1),(1004,32,537,1),(1005,124,1439,1),(1006,32,1876,1),(1007,32,2313,1),(1008,18,2223,1),(1009,32,2709,1),(1010,184,537,1),(1011,1716,968,1),(1012,1287,644,1),(1013,37,2547,1),(1014,141,894,1),(1015,117,2432,1),(1016,37,2009,1),(1017,18,1717,1),(1018,18,2431,1),(1019,37,2081,1),(1020,37,2010,1),(1021,37,2082,1),(1022,37,2271,1),(1023,37,1848,1),(1024,37,970,1),(1025,18,1212,1),(1026,37,2564,1),(1027,32,2697,1),(1028,32,1941,1),(1029,13,72,1),(1030,1716,769,1),(1031,93,966,1),(1032,37,1948,1),(1033,141,2646,1),(1034,32,1934,1),(1035,32,340,1),(1036,18,2430,1),(1037,164,103,1),(1038,32,256,1),(1039,32,948,1),(1040,37,2056,1),(1041,157,765,1),(1042,141,2648,1),(1043,18,2177,1),(1044,32,2400,1),(1045,18,2466,1),(1046,32,661,1),(1047,844,1360,1),(1048,37,2530,1),(1049,71,1145,1),(1050,32,2108,1),(1051,32,2391,1),(1052,32,2496,1),(1053,77,654,1),(1054,37,902,1),(1055,37,1817,1),(1056,18,2022,1),(1057,32,2367,1),(1058,32,67,1),(1059,32,2431,1),(1060,32,1212,1),(1061,192,371,1),(1062,32,1937,1),(1063,183,560,1),(1064,18,2429,1),(1065,32,2694,1),(1066,6,198,1),(1067,183,549,1),(1068,37,2400,1),(1069,155,350,1),(1070,155,444,1),(1071,32,2176,1),(1072,37,2006,1),(1073,10,798,1),(1074,9,206,1),(1075,1716,1010,1),(1076,37,535,1),(1077,1737,770,1),(1078,141,896,1),(1079,32,145,1),(1080,192,964,1),(1081,1716,943,1),(1082,145,56,1),(1083,1716,1202,1),(1084,184,627,1),(1085,145,395,1),(1086,184,575,1),(1087,1716,913,1),(1088,32,659,1),(1089,37,580,1),(1090,18,2224,1),(1091,141,2656,1),(1092,141,2678,1),(1093,1716,967,1),(1094,37,1564,1),(1095,184,571,1),(1096,1716,1001,1),(1097,37,1232,1),(1098,1716,992,1),(1099,61,182,1),(1100,72,1010,1),(1101,2,1400,1),(1102,32,1945,1),(1103,13,741,1),(1104,37,1007,1),(1105,1716,1109,1),(1106,1716,1018,1),(1107,127,361,1),(1108,1716,1273,1),(1109,184,545,1),(1110,184,553,1),(1111,32,1453,1),(1112,139,869,1),(1113,32,291,1),(1114,18,2356,1),(1115,37,1780,1),(1116,10,966,1),(1117,141,2692,1),(1118,85,1102,1),(1119,37,2498,1),(1120,32,462,1),(1121,32,1836,1),(1122,117,2433,1),(1123,18,1922,1),(1124,32,2542,1),(1125,155,52,1),(1126,145,1117,1),(1127,32,2661,1),(1128,32,2411,1),(1129,141,2657,1),(1130,77,598,1),(1131,37,1754,1),(1132,37,968,1),(1133,18,1739,1),(1134,32,1250,1),(1135,37,575,1),(1136,32,575,1),(1137,56,2204,1),(1138,37,2645,1),(1139,145,36,1),(1140,32,297,1),(1141,70,1279,1),(1142,139,2400,1),(1143,107,1219,1),(1144,184,630,1),(1145,32,771,1),(1146,32,968,1),(1147,32,1611,1),(1148,72,1157,1),(1149,18,2089,1),(1150,184,557,1),(1151,32,2524,1),(1152,141,105,1),(1153,32,2547,1),(1154,145,407,1),(1155,37,2428,1),(1156,184,540,1),(1157,85,144,1),(1158,1716,944,1),(1159,183,551,1),(1160,18,2291,1),(1161,37,2698,1),(1162,32,2647,1),(1163,32,902,1),(1164,32,2467,1),(1165,125,869,1),(1166,1716,1206,1),(1167,5,1706,1),(1168,37,1975,1),(1169,37,67,1),(1170,184,574,1),(1171,1716,1008,1),(1172,141,2651,1),(1173,32,2040,1),(1174,32,2395,1),(1175,1716,1149,1),(1176,37,622,1),(1177,141,2675,1),(1178,164,179,1),(1179,32,2290,1),(1180,32,1709,1),(1181,184,631,1),(1182,37,2381,1),(1183,37,2407,1),(1184,32,972,1),(1185,37,255,1),(1186,18,758,1),(1187,108,1206,1),(1188,1716,1046,1),(1189,32,2080,1),(1190,124,408,1),(1191,37,2267,1),(1192,187,1241,1),(1193,32,253,1),(1194,1716,910,1),(1195,18,1811,1),(1196,32,970,1),(1197,32,1754,1),(1198,163,312,1),(1199,1716,904,1),(1200,81,757,1),(1201,1716,856,1),(1202,72,1176,1),(1203,1716,901,1),(1204,1716,951,1),(1205,145,172,1),(1206,1,2002,1),(1207,32,2142,1),(1208,37,256,1),(1209,32,1099,1),(1210,10,211,1),(1211,157,354,1),(1212,155,1002,1),(1213,32,2226,1),(1214,32,1833,1),(1215,57,183,1),(1216,14,213,1),(1217,32,1396,1),(1218,1716,994,1),(1219,37,950,1),(1220,183,554,1),(1221,18,2012,1),(1222,70,1144,1),(1223,1716,1160,1),(1224,18,2441,1),(1225,32,834,1),(1226,1716,905,1),(1227,141,906,1),(1228,18,2040,1),(1229,37,293,1),(1230,32,337,1),(1231,93,968,1),(1232,18,2227,1),(1233,164,250,1),(1234,183,555,1),(1235,32,1774,1),(1236,37,1709,1),(1237,37,2188,1),(1238,37,831,1),(1239,192,962,1),(1240,10,896,1),(1241,77,599,1),(1242,37,1677,1),(1243,37,2306,1),(1244,141,2673,1),(1245,662,976,1),(1246,124,1478,1),(1247,32,1492,1),(1248,1716,927,1),(1249,32,910,1),(1250,56,1756,1),(1251,155,764,1),(1252,32,254,1),(1253,37,573,1),(1254,32,1753,1),(1255,76,1460,1),(1256,145,1154,1),(1257,72,1491,1),(1258,37,183,1),(1259,32,663,1),(1260,93,965,1),(1261,37,1393,1),(1262,32,1111,1),(1263,18,866,1),(1264,37,2452,1),(1265,37,2001,1),(1266,1716,1150,1),(1267,18,2236,1),(1268,1716,762,1),(1269,192,1140,1),(1270,1737,1524,1),(1271,37,2109,1),(1272,37,1110,1),(1273,157,2682,1),(1274,56,918,1),(1275,37,537,1),(1276,32,2003,1),(1277,37,1641,1),(1278,37,2313,1),(1279,117,2430,1),(1280,37,2050,1),(1281,37,2571,1),(1282,145,404,1),(1283,37,2325,1),(1284,32,1381,1),(1285,141,914,1),(1286,37,2136,1),(1287,13,946,1),(1288,61,249,1),(1289,32,622,1),(1290,32,1096,1),(1291,34,524,1),(1292,1716,1003,1),(1293,13,2135,1),(1294,32,2347,1),(1295,37,2046,1),(1296,32,1946,1),(1297,13,120,1),(1298,32,327,1),(1299,1716,903,1),(1300,37,2501,1),(1301,18,1489,1),(1302,76,763,1),(1303,155,485,1),(1304,32,2446,1),(1305,37,290,1),(1306,5,1697,1),(1307,32,2001,1),(1308,37,781,1),(1309,18,2470,1),(1310,37,2411,1),(1311,14,209,1),(1312,1716,960,1),(1313,37,265,1),(1314,141,897,1),(1315,1716,1126,1),(1316,37,2128,1),(1317,124,218,1),(1318,139,1096,1),(1319,32,2340,1),(1320,32,1676,1),(1321,141,2658,1),(1322,32,300,1),(1323,155,47,1),(1324,141,2629,1),(1325,1716,1031,1),(1326,32,2410,1),(1327,145,390,1),(1328,18,2615,1),(1329,32,2162,1),(1330,37,1790,1),(1331,139,1280,1),(1332,32,2638,1),(1333,37,1082,1),(1334,37,2448,1),(1335,37,2201,1),(1336,183,550,1),(1337,155,690,1),(1338,37,903,1),(1339,92,974,1),(1340,1716,888,1),(1341,5,416,1),(1342,76,1461,1),(1343,5,1411,1),(1344,37,2273,1),(1345,37,1970,1),(1346,32,2090,1),(1347,37,751,1),(1348,77,448,1),(1349,145,396,1),(1350,37,2688,1),(1351,18,1397,1),(1352,37,962,1),(1353,18,1582,1),(1354,32,1999,1),(1355,32,1840,1),(1356,184,625,1),(1357,1716,1127,1),(1358,57,1284,1),(1359,1716,1182,1),(1360,18,2397,1),(1361,37,972,1),(1362,37,1939,1),(1363,32,2582,1),(1364,93,967,1),(1365,32,2195,1),(1366,32,1128,1),(1367,4,182,1),(1368,37,2026,1),(1369,141,2640,1),(1370,37,320,1),(1371,1716,919,1),(1372,18,2011,1),(1373,32,296,1),(1374,61,178,1),(1375,32,1811,1),(1376,1287,541,1),(1377,32,1642,1),(1378,32,326,1),(1379,32,2135,1),(1380,1716,1016,1),(1381,141,2660,1),(1382,56,2682,1),(1383,37,2588,1),(1384,37,2025,1),(1385,32,1796,1),(1386,32,2115,1),(1387,37,2007,1),(1388,32,2450,1),(1389,124,453,1),(1390,145,1554,1),(1391,124,1014,1),(1392,32,329,1),(1393,141,1276,1),(1394,141,2679,1),(1395,37,156,1),(1396,107,1198,1),(1397,184,598,1),(1398,32,831,1),(1399,37,2057,1),(1400,32,1788,1),(1401,92,980,1),(1402,32,1777,1),(1403,37,1640,1),(1404,32,2385,1),(1405,32,320,1),(1406,32,1613,1),(1407,37,2482,1),(1408,37,300,1),(1409,37,2289,1),(1410,37,900,1),(1411,157,2683,1),(1412,164,249,1),(1413,184,642,1),(1414,184,555,1),(1415,1737,1099,1),(1416,137,2007,1),(1417,72,1141,1),(1418,57,1054,1),(1419,32,2281,1),(1420,18,2565,1),(1421,37,1840,1),(1422,56,1996,1),(1423,32,2389,1),(1424,32,662,1),(1425,108,1203,1),(1426,72,1461,1),(1427,184,572,1),(1428,37,2149,1),(1429,1716,990,1),(1430,41,207,1),(1431,184,538,1),(1432,37,326,1),(1433,37,2247,1),(1434,37,2697,1),(1435,32,2406,1),(1436,37,891,1),(1437,37,2710,1),(1438,32,2217,1),(1439,32,1380,1),(1440,32,298,1),(1441,184,585,1),(1442,37,2162,1),(1443,1737,1105,1),(1444,37,1394,1),(1445,14,582,1),(1446,56,1198,1),(1447,32,2268,1),(1448,92,1204,1),(1449,4,112,1),(1450,32,577,1),(1451,1716,887,1),(1452,32,2056,1),(1453,32,2336,1),(1454,18,213,1),(1455,117,579,1),(1456,145,50,1),(1457,18,2169,1),(1458,1287,755,1),(1459,37,959,1),(1460,1716,989,1),(1461,56,247,1),(1462,1716,921,1),(1463,1287,550,1),(1464,70,1278,1),(1465,32,2058,1),(1466,37,330,1),(1467,124,431,1),(1468,37,1843,1),(1469,155,716,1),(1470,1716,861,1),(1471,37,2533,1),(1472,37,832,1),(1473,37,2000,1),(1474,37,2479,1),(1475,32,292,1),(1476,2,133,1),(1477,56,245,1),(1478,155,684,1),(1479,117,559,1),(1480,32,2375,1),(1481,37,1786,1),(1482,37,1941,1),(1483,1716,909,1),(1484,37,2113,1),(1485,32,2703,1),(1486,145,171,1),(1487,37,2375,1),(1488,37,2245,1),(1489,37,2052,1),(1490,1716,865,1),(1491,1716,1284,1),(1492,32,2348,1),(1493,157,244,1),(1494,37,2559,1),(1495,32,903,1),(1496,81,165,1),(1497,32,235,1),(1498,37,301,1),(1499,141,893,1),(1500,192,970,1),(1501,37,2446,1),(1502,124,403,1),(1503,37,2367,1),(1504,37,1999,1),(1505,32,2000,1),(1506,32,2149,1),(1507,141,2659,1),(1508,32,738,1),(1509,32,641,1),(1510,32,777,1),(1511,37,259,1),(1512,5,835,1),(1513,1716,1019,1),(1514,37,2186,1),(1515,37,2036,1),(1516,37,949,1),(1517,18,1864,1),(1518,32,969,1),(1519,141,2627,1),(1520,37,910,1),(1521,37,2294,1),(1522,2204,2601,1),(1523,37,340,1),(1524,139,906,1),(1525,37,2268,1),(1526,37,2261,1),(1527,32,756,1),(1528,1716,2664,1),(1529,37,943,1),(1530,1716,1029,1),(1531,155,354,1),(1532,145,391,1),(1533,2204,2680,1),(1534,72,1508,1),(1535,37,2014,1),(1536,32,1763,1),(1537,32,2049,1),(1538,32,260,1),(1539,32,1843,1),(1540,18,2620,1),(1541,37,969,1),(1542,18,2688,1),(1543,1716,959,1),(1544,32,1984,1),(1545,18,2190,1),(1546,37,2671,1),(1547,32,295,1),(1548,32,538,1),(1549,13,2279,1),(1550,32,536,1),(1551,37,2108,1),(1552,37,1934,1),(1553,37,835,1),(1554,32,2035,1),(1555,32,2519,1),(1556,37,1947,1),(1557,32,574,1),(1558,141,1441,1),(1559,37,1851,1),(1560,183,559,1),(1561,32,1776,1),(1562,37,2042,1),(1563,184,549,1),(1564,32,2235,1),(1565,18,967,1),(1566,141,1444,1),(1567,37,1864,1),(1568,37,960,1),(1569,32,2564,1),(1570,32,2013,1),(1571,145,51,1),(1572,184,587,1),(1573,32,2497,1),(1574,37,1339,1),(1575,32,2445,1),(1576,18,2235,1),(1577,164,180,1),(1578,1716,1049,1),(1579,32,959,1),(1580,73,857,1),(1581,37,2699,1),(1582,32,2334,1),(1583,1716,1274,1),(1584,184,586,1),(1585,32,339,1),(1586,95,2291,1),(1587,1716,939,1),(1588,187,827,1),(1589,32,2119,1),(1590,37,2337,1),(1591,18,1914,1),(1592,1716,1048,1),(1593,32,2326,1),(1594,37,1227,1),(1595,184,579,1),(1596,1716,875,1),(1597,32,1849,1),(1598,18,1902,1),(1599,37,1984,1),(1600,37,2198,1),(1601,37,2111,1),(1602,32,723,1),(1603,32,2341,1),(1604,37,661,1),(1605,145,402,1),(1606,32,2183,1),(1607,18,2626,1),(1608,37,327,1),(1609,18,2519,1),(1610,72,1516,1),(1611,32,2271,1),(1612,32,2275,1),(1613,32,1846,1),(1614,72,1522,1),(1615,32,2007,1),(1616,32,265,1),(1617,32,2654,1),(1618,145,405,1),(1619,37,874,1),(1620,37,2500,1),(1621,37,1611,1),(1622,32,1677,1),(1623,37,1351,1),(1624,1716,1205,1),(1625,139,934,1),(1626,37,2275,1),(1627,37,2290,1),(1628,18,2433,1),(1629,32,1393,1),(1630,5,1966,1),(1631,61,210,1),(1632,5,832,1),(1633,18,2141,1),(1634,37,2635,1),(1635,32,2588,1),(1636,93,978,1),(1637,141,185,1),(1638,118,2533,1),(1639,32,1283,1),(1640,37,1674,1),(1641,32,1346,1),(1642,30,33,1),(1643,37,1099,1),(1644,32,1838,1),(1645,32,2645,1),(1646,14,211,1),(1647,37,1977,1),(1648,141,2626,1),(1649,2221,1169,1),(1650,145,389,1),(1651,13,76,1),(1652,37,753,1),(1653,1716,950,1),(1654,32,2392,1),(1655,18,2117,1),(1656,1716,1184,1),(1657,37,966,1),(1658,184,1055,1),(1659,32,2200,1),(1660,37,1639,1),(1661,32,2601,1),(1662,139,2378,1),(1663,32,2379,1),(1664,32,949,1),(1665,32,1790,1),(1666,32,2478,1),(1667,184,548,1),(1668,77,116,1),(1669,37,2352,1),(1670,32,2452,1),(1671,37,2463,1),(1672,37,1250,1),(1673,37,897,1),(1674,93,976,1),(1675,37,1096,1),(1676,32,2430,1),(1677,72,1511,1),(1678,32,2278,1),(1679,37,2389,1),(1680,141,899,1),(1681,184,600,1),(1682,93,969,1),(1683,18,1635,1),(1684,37,1831,1),(1685,37,1993,1),(1686,1716,940,1),(1687,18,2432,1),(1688,37,2282,1),(1689,1716,1194,1),(1690,37,2200,1),(1691,18,2114,1),(1692,37,2712,1),(1693,93,960,1),(1694,72,765,1),(1695,18,2516,1),(1696,32,1082,1),(1697,37,2106,1),(1698,37,2262,1),(1699,37,1836,1),(1700,32,2088,1),(1701,32,2112,1),(1702,76,627,1),(1703,32,753,1),(1704,37,1092,1),(1705,141,2641,1),(1706,1716,928,1),(1707,20,268,1),(1708,32,962,1),(1709,37,917,1),(1710,108,1202,1),(1711,18,1482,1),(1712,125,561,1),(1713,32,2236,1),(1714,32,2500,1),(1715,18,1380,1),(1716,1716,1134,1),(1717,37,660,1),(1718,18,2167,1),(1719,37,2709,1),(1720,37,2347,1),(1721,18,2603,1),(1722,32,2688,1),(1723,32,74,1),(1724,1716,945,1),(1725,141,305,1),(1726,1716,870,1),(1727,37,1453,1),(1728,32,330,1),(1729,184,550,1),(1730,1716,1045,1),(1731,37,2135,1),(1732,163,2027,1),(1733,37,2687,1),(1734,1716,985,1),(1735,37,659,1),(1736,37,2341,1),(1737,32,733,1),(1738,32,2026,1),(1739,32,950,1),(1740,37,538,1),(1741,32,299,1),(1742,192,562,1),(1743,32,871,1),(1744,56,1194,1),(1745,37,2107,1),(1746,18,2120,1),(1747,37,2219,1),(1748,18,2616,1),(1749,141,2022,1),(1750,184,1057,1),(1751,41,557,1),(1752,184,576,1),(1753,32,2387,1),(1754,37,2118,1),(1755,141,309,1),(1756,37,1065,1),(1757,184,577,1),(1758,18,2355,1),(1759,1716,907,1),(1760,37,2002,1),(1761,37,2443,1),(1762,37,577,1),(1763,32,2713,1),(1764,32,2225,1),(1765,13,817,1),(1766,37,1613,1),(1767,145,1152,1),(1768,118,2581,1),(1769,141,2631,1),(1770,32,844,1),(1771,32,2475,1),(1772,6,855,1),(1773,37,2236,1),(1774,18,2602,1),(1775,184,597,1),(1776,32,2433,1),(1777,145,2025,1),(1778,18,2695,1),(1779,18,2618,1),(1780,139,1881,1),(1781,32,262,1),(1782,141,1978,1),(1783,32,2448,1),(1784,184,1058,1),(1785,72,1145,1),(1786,183,1053,1),(1787,37,2278,1),(1788,5,2434,1),(1789,37,2510,1),(1790,37,2083,1),(1791,32,1884,1),(1792,37,328,1),(1793,18,2289,1),(1794,32,1793,1),(1795,32,891,1),(1796,192,972,1),(1797,37,2429,1),(1798,13,2374,1),(1799,37,2647,1),(1800,37,2467,1),(1801,18,910,1),(1802,37,1888,1),(1803,72,1147,1),(1804,18,2024,1),(1805,1716,1035,1),(1806,32,149,1),(1807,1,2009,1),(1808,2,1175,1),(1809,32,2640,1),(1810,32,1883,1),(1811,37,263,1),(1812,32,328,1),(1813,184,1056,1),(1814,1,2023,1),(1815,32,2314,1),(1816,141,2664,1),(1817,32,2465,1),(1818,184,578,1),(1819,32,1848,1),(1820,37,777,1),(1821,32,2219,1),(1822,18,2488,1),(1823,32,2047,1),(1824,32,2094,1),(1825,192,1078,1),(1826,32,2274,1),(1827,56,2683,1),(1828,1716,938,1),(1829,168,899,1),(1830,1716,1278,1),(1831,1716,984,1),(1832,18,2015,1),(1833,192,963,1),(1834,32,1083,1),(1835,5,2670,1),(1836,37,771,1),(1837,1716,2663,1),(1838,32,1641,1),(1839,56,2685,1),(1840,18,2425,1),(1841,1716,1075,1),(1842,175,1177,1),(1843,141,2668,1),(1844,18,1490,1),(1845,13,2572,1),(1846,37,1275,1),(1847,1716,1012,1),(1848,118,385,1),(1849,57,1283,1),(1850,37,2373,1),(1851,32,1065,1),(1852,1716,1002,1),(1853,72,1139,1),(1854,37,1199,1),(1855,5,198,1),(1856,18,2678,1),(1857,37,2478,1),(1858,56,951,1),(1859,76,1379,1),(1860,155,1126,1),(1861,157,149,1),(1862,184,543,1),(1863,1716,911,1),(1864,37,261,1),(1865,18,2502,1),(1866,13,1327,1),(1867,37,2226,1),(1868,1,2010,1),(1869,37,2194,1),(1870,155,1006,1),(1871,125,376,1),(1872,37,2230,1),(1873,93,971,1),(1874,844,1357,1),(1875,37,1785,1),(1876,32,1975,1),(1877,13,816,1),(1878,37,1838,1),(1879,32,751,1),(1880,76,714,1),(1881,32,971,1),(1882,32,2081,1),(1883,184,547,1),(1884,32,2025,1),(1885,1716,2662,1),(1886,32,1764,1),(1887,13,77,1),(1888,157,2685,1),(1889,18,2515,1),(1890,164,176,1),(1891,37,971,1),(1892,18,1557,1),(1893,56,177,1),(1894,1716,886,1),(1895,1737,767,1),(1896,37,260,1),(1897,32,1870,1),(1898,32,294,1),(1899,37,2640,1),(1900,118,2538,1),(1901,5,353,1),(1902,32,2015,1),(1903,1716,868,1),(1904,37,1835,1),(1905,32,1778,1),(1906,72,1140,1),(1907,37,462,1);

--
-- Table structure for table `tokens_relevantes`
--

CREATE TABLE `tokens_relevantes` (
  `id_chave_token_relevante` int NOT NULL AUTO_INCREMENT,
  `ids_referencias` text COLLATE utf8mb4_general_ci,
  `nomes_referencias` text COLLATE utf8mb4_general_ci,
  `nome_token` varchar(255) CHARACTER SET utf8mb4 COLLATE utf8mb4_bin DEFAULT NULL,
  `acentuada` varchar(255) CHARACTER SET utf8mb4 COLLATE utf8mb4_bin DEFAULT NULL,
  `id_tipo_token` int DEFAULT NULL,
  `id_tipo_token_spaCy` int DEFAULT NULL,
  `id_token` int DEFAULT NULL,
  `conta` int DEFAULT NULL,
  `origem` varchar(50) COLLATE utf8mb4_general_ci DEFAULT NULL,
  PRIMARY KEY (`id_chave_token_relevante`)
) ENGINE=InnoDB DEFAULT CHARSET=utf8mb4 COLLATE=utf8mb4_general_ci;

--
-- Dumping data for table `tokens_relevantes`
--



